This is the mail archive of the
gcc-testresults@gcc.gnu.org
mailing list for the GCC project.
Results for 7.0.1 20170428 (prerelease) (GCC) testsuite on powerpc64le-unknown-linux-gnu (POWER8)
- From: Segher Boessenkool <segher at kernel dot crashing dot org>
- To: gcc-testresults at gcc dot gnu dot org
- Date: Fri, 28 Apr 2017 21:30:42 +0000
- Subject: Results for 7.0.1 20170428 (prerelease) (GCC) testsuite on powerpc64le-unknown-linux-gnu (POWER8)
- Authentication-results: sourceware.org; auth=none
This is gcc-7.0.1-RC-20170428 on a POWER8.
LAST_UPDATED: Obtained from SVN: branches/gcc-7-branch revision 247368
=== acats tests ===
=== acats Summary ===
# of expected passes 2320
# of unexpected failures 0
Native configuration is powerpc64le-unknown-linux-gnu
=== gcc tests ===
Running target unix
XPASS: gcc.dg/Wtrampolines.c standard descriptors (test for warnings, line 31)
FAIL: gcc.dg/sms-4.c scan-rtl-dump-times sms "SMS succeeded" 1
FAIL: gcc.dg/ipa/iinline-attr.c scan-ipa-dump inline "hooray[^\\\\n]*inline copy in test"
FAIL: gcc.dg/simulate-thread/atomic-other-short.c -O0 -g thread simulation test
FAIL: gcc.dg/simulate-thread/atomic-other-short.c -O2 -g thread simulation test
FAIL: gcc.dg/simulate-thread/atomic-other-short.c -O3 -g thread simulation test
XPASS: gcc.dg/tree-ssa/ssa-dom-cse-2.c scan-tree-dump optimized "return 28;"
WARNING: ThreadSanitizer: data race (pid=80530)
WARNING: ThreadSanitizer: data race (pid=81863)
FAIL: c-c++-common/tsan/race_on_mutex.c -O0 output pattern test, is ==================
FAIL: c-c++-common/tsan/race_on_mutex.c -O2 output pattern test, is ==================
XPASS: gcc.dg/vect/vect-24.c -flto -ffat-lto-objects scan-tree-dump-times vect "vectorized 3 loops" 1
XPASS: gcc.dg/vect/vect-24.c scan-tree-dump-times vect "vectorized 3 loops" 1
XPASS: gcc.target/powerpc/20050603-3.c scan-assembler-not \\\\mrlwinm
XPASS: gcc.target/powerpc/20050603-3.c scan-assembler-times \\\\mrl[wd]imi 1
FAIL: gcc.target/powerpc/bool3-p7.c scan-assembler-not [ \\t]xxlnor
FAIL: gcc.target/powerpc/bool3-p8.c scan-assembler-not [ \\t]xxlnor
FAIL: gcc.target/powerpc/p9-vpermr.c (test for excess errors)
=== gcc Summary ===
# of expected passes 109231
# of unexpected failures 10
# of unexpected successes 6
# of expected failures 358
# of unsupported tests 2623
/home/segher/build/gcc-7-rc2/gcc/xgcc version 7.0.1 20170428 (prerelease) (GCC)
=== gfortran tests ===
Running target unix
FAIL: gfortran.dg/ieee/large_2.f90 -O0 execution test
FAIL: gfortran.dg/ieee/large_2.f90 -O1 execution test
FAIL: gfortran.dg/ieee/large_2.f90 -O2 execution test
FAIL: gfortran.dg/ieee/large_2.f90 -O3 -fomit-frame-pointer -funroll-loops -fpeel-loops -ftracer -finline-functions execution test
FAIL: gfortran.dg/ieee/large_2.f90 -O3 -g execution test
FAIL: gfortran.dg/ieee/large_2.f90 -Os execution test
=== gfortran Summary ===
# of expected passes 44836
# of unexpected failures 6
# of expected failures 96
# of unsupported tests 95
/home/segher/build/gcc-7-rc2/gcc/testsuite/gfortran/../../gfortran version 7.0.1 20170428 (prerelease) (GCC)
=== g++ tests ===
Running target unix
WARNING: ThreadSanitizer: data race (pid=11893)
WARNING: ThreadSanitizer: data race (pid=8957)
FAIL: c-c++-common/tsan/race_on_mutex.c -O0 output pattern test, is ==================
FAIL: c-c++-common/tsan/race_on_mutex.c -O2 output pattern test, is ==================
=== g++ Summary ===
# of expected passes 110578
# of unexpected failures 2
# of expected failures 377
# of unsupported tests 4579
/home/segher/build/gcc-7-rc2/gcc/testsuite/g++/../../xg++ version 7.0.1 20170428 (prerelease) (GCC)
=== gnat tests ===
Running target unix
FAIL: gnat.dg/unchecked_convert5.adb execution test
FAIL: gnat.dg/unchecked_convert6.adb execution test
=== gnat Summary ===
# of expected passes 2540
# of unexpected failures 2
# of expected failures 24
# of unsupported tests 19
/home/segher/build/gcc-7-rc2/gcc/gnatmake version 7.0.1 20170428 (prerelease)
=== go tests ===
Running target unix
FAIL: go.test/test/ken/cplx2.go execution, -O2 -g
=== go Summary ===
# of expected passes 7249
# of unexpected failures 1
# of expected failures 1
# of untested testcases 7
# of unsupported tests 3
/home/segher/build/gcc-7-rc2/gcc/testsuite/go/../../gccgo version 7.0.1 20170428 (prerelease) (GCC)
=== obj-c++ tests ===
Running target unix
=== obj-c++ Summary ===
# of expected passes 1451
# of expected failures 10
# of unsupported tests 77
/home/segher/build/gcc-7-rc2/gcc/testsuite/obj-c++/../../xg++ version 7.0.1 20170428 (prerelease) (GCC)
=== objc tests ===
Running target unix
=== objc Summary ===
# of expected passes 2803
# of unsupported tests 68
/home/segher/build/gcc-7-rc2/gcc/xgcc version 7.0.1 20170428 (prerelease) (GCC)
=== libatomic tests ===
Running target unix
=== libatomic Summary ===
# of expected passes 54
=== libffi tests ===
Running target unix
=== libffi Summary ===
# of expected passes 1934
# of unsupported tests 28
=== libgo tests ===
Running target unix
=== libgo Summary ===
# of expected passes 145
/home/segher/build/gcc-7-rc2/./gcc/gccgo version 7.0.1 20170428 (prerelease) (GCC)
=== libgomp tests ===
Running target unix
=== libgomp Summary ===
# of expected passes 5020
# of unsupported tests 379
=== libitm tests ===
Running target unix
=== libitm Summary ===
# of expected passes 42
# of expected failures 3
# of unsupported tests 1
=== libstdc++ tests ===
Running target unix
=== libstdc++ Summary ===
# of expected passes 11672
# of expected failures 66
# of unsupported tests 395
Compiler version: 7.0.1 20170428 (prerelease) (GCC)
Platform: powerpc64le-unknown-linux-gnu
configure flags: --prefix=/home/segher/tot --enable-languages=all,ada,go,obj-c++