This is the mail archive of the
gcc-testresults@gcc.gnu.org
mailing list for the GCC project.
Results for 8.0.0 20170425 (experimental) [master revision 112e1c2:95dffe7:83e4d5c3551142efae3f19f69c8a2eae51188b48] (Cavium Inc. (Build 1415)) testsuite on aarch64-unknown-linux-gnu
- From: jenkins at cavium dot com
- To: gcc-testresults at gcc dot gnu dot org
- Date: Tue, 25 Apr 2017 11:01:27 -0700
- Subject: Results for 8.0.0 20170425 (experimental) [master revision 112e1c2:95dffe7:83e4d5c3551142efae3f19f69c8a2eae51188b48] (Cavium Inc. (Build 1415)) testsuite on aarch64-unknown-linux-gnu
- Authentication-results: sourceware.org; auth=none
LAST_UPDATED: Tue Apr 25 15:23:15 UTC 2017 (revision 112e1c2:95dffe7:83e4d5c3551142efae3f19f69c8a2eae51188b48)
Native configuration is aarch64-unknown-linux-gnu
=== libatomic tests ===
Running target unix
=== libatomic Summary ===
# of expected passes 54
=== libffi tests ===
Running target unix
=== libffi Summary ===
# of expected passes 2214
=== libgo tests ===
Running target unix
=== libgo Summary ===
# of expected passes 145
/data1/jenkins/workspace/BuildThunderX_native_gcc_upstream/objdir/./gcc/gccgo version 8.0.0 20170425 (experimental) [master revision 112e1c2:95dffe7:83e4d5c3551142efae3f19f69c8a2eae51188b48] (Cavium Inc. (Build 1415))
=== libgomp tests ===
Running target unix
=== libgomp Summary ===
# of expected passes 5018
# of unsupported tests 380
=== libitm tests ===
Running target unix
=== libitm Summary ===
# of expected passes 42
# of expected failures 3
# of unsupported tests 1
=== libstdc++ tests ===
Running target unix
FAIL: 27_io/manipulators/extended/get_money/char/1.cc execution test
=== libstdc++ Summary ===
# of expected passes 11340
# of unexpected failures 1
# of expected failures 66
# of unsupported tests 556
=== gcc tests ===
Running target unix
FAIL: c-c++-common/ubsan/overflow-mul-4.c -O0 output pattern test
FAIL: c-c++-common/ubsan/overflow-mul-4.c -O2 output pattern test
FAIL: c-c++-common/ubsan/overflow-mul-4.c -O2 -flto -fuse-linker-plugin -fno-fat-lto-objects output pattern test
FAIL: c-c++-common/ubsan/overflow-mul-4.c -O3 -g output pattern test
FAIL: c-c++-common/ubsan/overflow-mul-4.c -Os output pattern test
FAIL: gcc.target/aarch64/vect-abs-compile.c scan-assembler abs\\\\tv[0-9]+.16b
FAIL: gcc.target/aarch64/vect-abs-compile.c scan-assembler abs\\\\tv[0-9]+.8h
=== gcc Summary ===
# of expected passes 112391
# of unexpected failures 7
# of expected failures 317
# of unsupported tests 3163
/data1/jenkins/workspace/BuildThunderX_native_gcc_upstream/objdir/gcc/xgcc version 8.0.0 20170425 (experimental) [master revision 112e1c2:95dffe7:83e4d5c3551142efae3f19f69c8a2eae51188b48] (Cavium Inc. (Build 1415))
=== gfortran tests ===
Running target unix
=== gfortran Summary ===
# of expected passes 44266
# of expected failures 85
# of unsupported tests 75
/data1/jenkins/workspace/BuildThunderX_native_gcc_upstream/objdir/gcc/testsuite/gfortran/../../gfortran version 8.0.0 20170425 (experimental) [master revision 112e1c2:95dffe7:83e4d5c3551142efae3f19f69c8a2eae51188b48] (Cavium Inc. (Build 1415))
=== g++ tests ===
Running target unix
FAIL: c-c++-common/ubsan/overflow-mul-4.c -O0 output pattern test
FAIL: c-c++-common/ubsan/overflow-mul-4.c -O2 output pattern test
FAIL: c-c++-common/ubsan/overflow-mul-4.c -O3 -fomit-frame-pointer -funroll-loops -fpeel-loops -ftracer -finline-functions output pattern test
FAIL: c-c++-common/ubsan/overflow-mul-4.c -O3 -g output pattern test
=== g++ Summary ===
# of expected passes 108523
# of unexpected failures 4
# of expected failures 380
# of unsupported tests 4704
/data1/jenkins/workspace/BuildThunderX_native_gcc_upstream/objdir/gcc/testsuite/g++/../../xg++ version 8.0.0 20170425 (experimental) [master revision 112e1c2:95dffe7:83e4d5c3551142efae3f19f69c8a2eae51188b48] (Cavium Inc. (Build 1415))
=== go tests ===
Running target unix
FAIL: go.test/test/ken/cplx2.go execution, -O2 -g
=== go Summary ===
# of expected passes 7243
# of unexpected failures 1
# of expected failures 1
# of untested testcases 10
# of unsupported tests 3
/data1/jenkins/workspace/BuildThunderX_native_gcc_upstream/objdir/gcc/testsuite/go/../../gccgo version 8.0.0 20170425 (experimental) [master revision 112e1c2:95dffe7:83e4d5c3551142efae3f19f69c8a2eae51188b48] (Cavium Inc. (Build 1415))
Compiler version: 8.0.0 20170425 (experimental) [master revision 112e1c2:95dffe7:83e4d5c3551142efae3f19f69c8a2eae51188b48] (Cavium Inc. (Build 1415))
Platform: aarch64-unknown-linux-gnu
configure flags: --prefix=/data1/jenkins/workspace/BuildThunderX_native_gcc_upstream/objdir/../tools --enable-languages=c,c++,fortran,go --disable-werror --with-sysroot=/ --enable-plugins --enable-gnu-indirect-function --with-pkgversion='Cavium Inc. (Build 1415)'