This is the mail archive of the
gcc-testresults@gcc.gnu.org
mailing list for the GCC project.
Results for 8.0.0 20170420 (experimental) [master revision aefec09:2ce615d:eb4691e114f0de1a95817bdbd8b91fc611cc9ebd] (Cavium Inc. (Build 1395)) testsuite on aarch64-unknown-linux-gnu
- From: Jenkins <jenkins at cavium dot com>
- To: gcc-testresults at gcc dot gnu dot org
- Date: Thu, 20 Apr 2017 13:18:51 -0700
- Subject: Results for 8.0.0 20170420 (experimental) [master revision aefec09:2ce615d:eb4691e114f0de1a95817bdbd8b91fc611cc9ebd] (Cavium Inc. (Build 1395)) testsuite on aarch64-unknown-linux-gnu
- Authentication-results: sourceware.org; auth=none
LAST_UPDATED: Thu Apr 20 16:23:12 UTC 2017 (revision aefec09:2ce615d:eb4691e114f0de1a95817bdbd8b91fc611cc9ebd)
Native configuration is aarch64-unknown-linux-gnu
=== libatomic tests ===
Running target unix
=== libatomic Summary ===
# of expected passes 54
=== libffi tests ===
Running target unix
=== libffi Summary ===
# of expected passes 2214
=== libgo tests ===
Running target unix
=== libgo Summary ===
# of expected passes 145
/home/jenkins/workspace/BuildThunderX_native_gcc_upstream/objdir/./gcc/gccgo version 8.0.0 20170420 (experimental) [master revision aefec09:2ce615d:eb4691e114f0de1a95817bdbd8b91fc611cc9ebd] (Cavium Inc. (Build 1395))
=== libgomp tests ===
Running target unix
=== libgomp Summary ===
# of expected passes 5016
# of unsupported tests 380
=== libitm tests ===
Running target unix
=== libitm Summary ===
# of expected passes 42
# of expected failures 3
# of unsupported tests 1
=== libstdc++ tests ===
Running target unix
FAIL: 27_io/manipulators/extended/get_money/char/1.cc execution test
=== libstdc++ Summary ===
# of expected passes 11337
# of unexpected failures 1
# of expected failures 66
# of unsupported tests 556
=== gcc tests ===
Running target unix
FAIL: c-c++-common/ubsan/float-cast-overflow-1.c -Os output pattern test
FAIL: c-c++-common/ubsan/overflow-mul-4.c -O0 output pattern test
FAIL: c-c++-common/ubsan/overflow-mul-4.c -O1 output pattern test
FAIL: c-c++-common/ubsan/overflow-mul-4.c -O2 -flto -fuse-linker-plugin -fno-fat-lto-objects output pattern test
FAIL: c-c++-common/ubsan/overflow-mul-4.c -O3 -fomit-frame-pointer -funroll-loops -fpeel-loops -ftracer -finline-functions output pattern test
FAIL: c-c++-common/ubsan/overflow-mul-4.c -Os output pattern test
FAIL: gcc.target/aarch64/vect-abs-compile.c scan-assembler abs\\\\tv[0-9]+.16b
FAIL: gcc.target/aarch64/vect-abs-compile.c scan-assembler abs\\\\tv[0-9]+.8h
=== gcc Summary ===
# of expected passes 112351
# of unexpected failures 8
# of expected failures 316
# of unsupported tests 3162
/home/jenkins/workspace/BuildThunderX_native_gcc_upstream/objdir/gcc/xgcc version 8.0.0 20170420 (experimental) [master revision aefec09:2ce615d:eb4691e114f0de1a95817bdbd8b91fc611cc9ebd] (Cavium Inc. (Build 1395))
=== gfortran tests ===
Running target unix
=== gfortran Summary ===
# of expected passes 44253
# of expected failures 85
# of unsupported tests 75
/home/jenkins/workspace/BuildThunderX_native_gcc_upstream/objdir/gcc/testsuite/gfortran/../../gfortran version 8.0.0 20170420 (experimental) [master revision aefec09:2ce615d:eb4691e114f0de1a95817bdbd8b91fc611cc9ebd] (Cavium Inc. (Build 1395))
=== g++ tests ===
Running target unix
FAIL: c-c++-common/ubsan/float-cast-overflow-1.c -O0 output pattern test
FAIL: c-c++-common/ubsan/float-cast-overflow-1.c -O2 -flto -fuse-linker-plugin -fno-fat-lto-objects output pattern test
FAIL: c-c++-common/ubsan/overflow-mul-4.c -O1 output pattern test
FAIL: c-c++-common/ubsan/overflow-mul-4.c -O2 -flto -fno-use-linker-plugin -flto-partition=none output pattern test
FAIL: c-c++-common/ubsan/overflow-mul-4.c -O3 -fomit-frame-pointer -funroll-loops -fpeel-loops -ftracer -finline-functions output pattern test
=== g++ Summary ===
# of expected passes 108332
# of unexpected failures 5
# of expected failures 380
# of unsupported tests 4698
/home/jenkins/workspace/BuildThunderX_native_gcc_upstream/objdir/gcc/testsuite/g++/../../xg++ version 8.0.0 20170420 (experimental) [master revision aefec09:2ce615d:eb4691e114f0de1a95817bdbd8b91fc611cc9ebd] (Cavium Inc. (Build 1395))
=== go tests ===
Running target unix
FAIL: go.test/test/ken/cplx2.go execution, -O2 -g
=== go Summary ===
# of expected passes 7243
# of unexpected failures 1
# of expected failures 1
# of untested testcases 10
# of unsupported tests 3
/home/jenkins/workspace/BuildThunderX_native_gcc_upstream/objdir/gcc/testsuite/go/../../gccgo version 8.0.0 20170420 (experimental) [master revision aefec09:2ce615d:eb4691e114f0de1a95817bdbd8b91fc611cc9ebd] (Cavium Inc. (Build 1395))
Compiler version: 8.0.0 20170420 (experimental) [master revision aefec09:2ce615d:eb4691e114f0de1a95817bdbd8b91fc611cc9ebd] (Cavium Inc. (Build 1395))
Platform: aarch64-unknown-linux-gnu
configure flags: --prefix=/home/jenkins/workspace/BuildThunderX_native_gcc_upstream/objdir/../tools --enable-languages=c,c++,fortran,go --disable-werror --with-sysroot=/ --enable-plugins --enable-gnu-indirect-function --with-pkgversion='Cavium Inc. (Build 1395)'