This is the mail archive of the
gcc-testresults@gcc.gnu.org
mailing list for the GCC project.
Results for 6.3.1 20170107 (GCC) testsuite on x86_64-pc-linux-gnu
- From: Tim Prince <tprince818 dot tp at gmail dot com>
- To: gcc-testresults at gcc dot gnu dot org
- Date: Wed, 19 Apr 2017 07:20:49 -0400
- Subject: Results for 6.3.1 20170107 (GCC) testsuite on x86_64-pc-linux-gnu
- Authentication-results: sourceware.org; auth=none
Native configuration is x86_64-pc-linux-gnu
=== gcc tests ===
Running target unix
FAIL: gcc.c-torture/compile/limits-exprparen.c -O0 (internal compiler
error)
....
FAIL: gcc.target/i386/testround-1.c (test for excess errors)
=== gcc Summary ===
# of expected passes 116011
# of unexpected failures 542
# of unexpected successes 22
# of expected failures 321
# of unresolved testcases 2
# of unsupported tests 2287
/mnt/c/Users/tim/gnu/gcc6/wsl/gcc/xgcc version 6.3.1 20170107 (GCC)
=== gfortran tests ===
Running target unix
FAIL: gfortran.dg/elemental_dependency_4.f90 -O0 execution test
FAIL: gfortran.dg/internal_dummy_2.f08 -O0 execution test
FAIL: gfortran.dg/internal_dummy_2.f08 -O1 execution test
FAIL: gfortran.dg/internal_dummy_2.f08 -O2 execution test
FAIL: gfortran.dg/internal_dummy_2.f08 -O3 -fomit-frame-pointer
-funroll-loops -fpeel-loops -ftracer -finline-functions execution test
FAIL: gfortran.dg/internal_dummy_2.f08 -O3 -g execution test
FAIL: gfortran.dg/internal_dummy_2.f08 -Os execution test
FAIL: gfortran.dg/internal_dummy_3.f08 -O0 execution test
FAIL: gfortran.dg/internal_dummy_3.f08 -O1 execution test
FAIL: gfortran.dg/internal_dummy_3.f08 -O2 execution test
FAIL: gfortran.dg/internal_dummy_3.f08 -O3 -fomit-frame-pointer
-funroll-loops -fpeel-loops -ftracer -finline-functions execution test
FAIL: gfortran.dg/internal_dummy_3.f08 -O3 -g execution test
FAIL: gfortran.dg/internal_dummy_3.f08 -Os execution test
FAIL: gfortran.dg/internal_dummy_4.f08 -O0 execution test
FAIL: gfortran.dg/norm2_3.f90 -O0 execution test
FAIL: gfortran.dg/norm2_3.f90 -O1 execution test
FAIL: gfortran.dg/norm2_3.f90 -O2 execution test
FAIL: gfortran.dg/norm2_3.f90 -O3 -fomit-frame-pointer -funroll-loops
-fpeel-loops -ftracer -finline-functions execution test
FAIL: gfortran.dg/norm2_3.f90 -O3 -g execution test
FAIL: gfortran.dg/norm2_3.f90 -Os execution test
FAIL: gfortran.dg/pointer_check_1.f90 -O0 output pattern test, is
FAIL: gfortran.dg/pointer_check_2.f90 -O0 output pattern test, is
FAIL: gfortran.dg/pointer_check_3.f90 -O0 output pattern test, is
FAIL: gfortran.dg/pointer_check_4.f90 -O0 output pattern test, is
FAIL: gfortran.dg/proc_ptr_18.f90 -O0 execution test
FAIL: gfortran.dg/proc_ptr_19.f90 -O0 execution test
FAIL: gfortran.dg/proc_ptr_20.f90 -O0 execution test
FAIL: gfortran.dg/proc_ptr_21.f90 -O0 execution test
FAIL: gfortran.dg/proc_ptr_23.f90 -O0 execution test
FAIL: gfortran.dg/proc_ptr_25.f90 -O0 execution test
FAIL: gfortran.dg/proc_ptr_47.f90 -O0 execution test
FAIL: gfortran.dg/proc_ptr_48.f90 -O0 execution test
FAIL: gfortran.dg/proc_ptr_5.f90 -O0 execution test
FAIL: gfortran.dg/proc_ptr_7.f90 -O0 execution test
FAIL: gfortran.dg/proc_ptr_comp_1.f90 -O0 execution test
FAIL: gfortran.dg/proc_ptr_comp_11.f90 -O0 execution test
FAIL: gfortran.dg/proc_ptr_comp_13.f90 -O0 execution test
FAIL: gfortran.dg/proc_ptr_comp_14.f90 -O0 execution test
FAIL: gfortran.dg/proc_ptr_comp_18.f90 -O0 execution test
FAIL: gfortran.dg/proc_ptr_comp_19.f90 -O0 execution test
FAIL: gfortran.dg/proc_ptr_comp_2.f90 -O0 execution test
FAIL: gfortran.dg/proc_ptr_comp_29.f90 -O0 execution test
FAIL: gfortran.dg/proc_ptr_comp_34.f90 -O0 execution test
FAIL: gfortran.dg/proc_ptr_comp_5.f90 -O0 execution test
FAIL: gfortran.dg/proc_ptr_comp_8.f90 -O0 execution test
FAIL: gfortran.dg/proc_ptr_comp_9.f90 -O0 execution test
FAIL: gfortran.dg/proc_ptr_comp_pass_3.f90 -O0 execution test
FAIL: gfortran.dg/proc_ptr_result_7.f90 -O0 execution test
FAIL: gfortran.dg/stat_1.f90 -O0 execution test
FAIL: gfortran.dg/stat_1.f90 -O1 execution test
FAIL: gfortran.dg/stat_1.f90 -O2 execution test
FAIL: gfortran.dg/stat_1.f90 -O3 -fomit-frame-pointer -funroll-loops
-fpeel-loops -ftracer -finline-functions execution test
FAIL: gfortran.dg/stat_1.f90 -O3 -g execution test
FAIL: gfortran.dg/stat_1.f90 -Os execution test
FAIL: gfortran.dg/stat_2.f90 -O0 execution test
FAIL: gfortran.dg/stat_2.f90 -O1 execution test
FAIL: gfortran.dg/stat_2.f90 -O2 execution test
FAIL: gfortran.dg/stat_2.f90 -O3 -fomit-frame-pointer -funroll-loops
-fpeel-loops -ftracer -finline-functions execution test
FAIL: gfortran.dg/stat_2.f90 -O3 -g execution test
FAIL: gfortran.dg/stat_2.f90 -Os execution test
FAIL: gfortran.dg/structure_constructor_11.f90 -O0 execution test
FAIL: gfortran.dg/structure_constructor_11.f90 -O1 execution test
FAIL: gfortran.dg/structure_constructor_11.f90 -O2 execution test
FAIL: gfortran.dg/structure_constructor_11.f90 -O3
-fomit-frame-pointer -funroll-loops -fpeel-loops -ftracer
-finline-functions execution test
FAIL: gfortran.dg/structure_constructor_11.f90 -O3 -g execution test
FAIL: gfortran.dg/structure_constructor_11.f90 -Os execution test
WARNING: program timed out.
FAIL: gfortran.dg/t_editing.f -O3 -g (test for excess errors)
WARNING: program timed out.
FAIL: gfortran.dg/transfer_array_intrinsic_2.f90 -O3 -g (test for
excess errors)
UNRESOLVED: gfortran.dg/transfer_array_intrinsic_2.f90 -O3 -g
compilation failed to produce executable
WARNING: program timed out.
FAIL: gfortran.dg/transfer_intrinsic_3.f90 -O1 (test for excess errors)
UNRESOLVED: gfortran.dg/transfer_intrinsic_3.f90 -O1 compilation
failed to produce executable
FAIL: gfortran.dg/unlimited_polymorphic_19.f90 -O0 execution test
FAIL: gfortran.dg/widechar_3.f90 -O (test for errors, line 100)
FAIL: gfortran.dg/widechar_3.f90 -O (test for errors, line 102)
FAIL: gfortran.dg/widechar_3.f90 -O (test for errors, line 104)
FAIL: gfortran.dg/widechar_3.f90 -O (test for errors, line 106)
FAIL: gfortran.dg/widechar_3.f90 -O (test for errors, line 108)
FAIL: gfortran.dg/widechar_3.f90 -O (test for errors, line 110)
FAIL: gfortran.dg/widechar_3.f90 -O (test for excess errors)
FAIL: gfortran.dg/goacc/enter-exit-data.f95 -O (test for errors,
line 83)
FAIL: gfortran.dg/goacc/enter-exit-data.f95 -O (test for errors,
line 84)
FAIL: gfortran.dg/goacc/enter-exit-data.f95 -O (test for errors,
line 85)
FAIL: gfortran.dg/goacc/enter-exit-data.f95 -O (test for errors,
line 86)
FAIL: gfortran.dg/goacc/sie.f95 -O (test for errors, line 242)
FAIL: gfortran.dg/goacc/sie.f95 -O (test for errors, line 245)
FAIL: gfortran.dg/goacc/sie.f95 -O (test for errors, line 248)
FAIL: gfortran.dg/goacc/sie.f95 -O (test for excess errors)
FAIL: gfortran.dg/ieee/large_1.f90 -O0 execution test
FAIL: gfortran.dg/ieee/large_2.f90 -O0 execution test
FAIL: gfortran.dg/ieee/large_2.f90 -O1 execution test
FAIL: gfortran.dg/ieee/large_2.f90 -O2 execution test
FAIL: gfortran.dg/ieee/large_2.f90 -O3 -fomit-frame-pointer
-funroll-loops -fpeel-loops -ftracer -finline-functions execution test
FAIL: gfortran.dg/ieee/large_2.f90 -O3 -g execution test
FAIL: gfortran.dg/ieee/large_2.f90 -Os execution test
=== gfortran Summary ===
# of expected passes 42684
# of unexpected failures 92
# of expected failures 68
# of unresolved testcases 2
# of unsupported tests 70
/mnt/c/Users/tim/gnu/gcc6/wsl/gcc/testsuite/gfortran/../../gfortran
version 6.3.1 20170107 (GCC)
=== g++ tests ===
Running target unix
FAIL: c-c++-common/asan/asan-interface-1.c -O0 execution test
....
FAIL: c-c++-common/ubsan/float-cast-overflow-7.c -O2 -flto
-fuse-linker-plugin -fno-fat-lto-objects execution test
=== g++ Summary ===
# of expected passes 104403
# of unexpected failures 307
# of unexpected successes 2
# of expected failures 318
# of unsupported tests 3819
/mnt/c/Users/tim/gnu/gcc6/wsl/gcc/testsuite/g++/../../xg++ version 6.3.1
20170107 (GCC)
=== libatomic tests ===
Running target unix
=== libatomic Summary ===
# of expected passes 54
=== libgomp tests ===
Running target unix
FAIL: libgomp.c/pr52547.c execution test
=== libgomp Summary ===
# of expected passes 5105
# of unexpected failures 1
# of unsupported tests 271
=== libstdc++ tests ===
Running target unix
=== libstdc++ Summary ===
Compiler version: 6.3.1 20170107 (GCC)
Platform: x86_64-pc-linux-gnu
configure flags: --disable-multilib --enable-languages='c c++ fortran'
--prefix=/usr/local/gcc6