This is the mail archive of the
gcc-testresults@gcc.gnu.org
mailing list for the GCC project.
Results for 7.0.1 20170407 (experimental) [trunk revision 246757] (GCC) testsuite on sparcv9-sun-solaris2.11
- From: Rainer Orth <ro at CeBiTec dot Uni-Bielefeld dot DE>
- To: gcc-testresults at gcc dot gnu dot org
- Date: Sun, 9 Apr 2017 08:40:31 +0200 (MEST)
- Subject: Results for 7.0.1 20170407 (experimental) [trunk revision 246757] (GCC) testsuite on sparcv9-sun-solaris2.11
- Authentication-results: sourceware.org; auth=none
LAST_UPDATED: Fri Apr 7 09:01:56 UTC 2017 (revision 246757)
=== acats tests ===
=== acats Summary ===
# of expected passes 2320
# of unexpected failures 0
Native configuration is sparcv9-sun-solaris2.11
=== g++ tests ===
Running target unix
=== g++ Summary for unix ===
# of expected passes 105059
# of expected failures 391
# of unsupported tests 4497
Running target unix/-m32
=== g++ Summary for unix/-m32 ===
# of expected passes 103177
# of expected failures 391
# of unsupported tests 4525
=== g++ Summary ===
# of expected passes 208236
# of expected failures 782
# of unsupported tests 9022
/var/gcc/regression/trunk/11-gcc-gas-64/build/gcc/testsuite/g++/../../xg++ version 7.0.1 20170407 (experimental) [trunk revision 246757] (GCC)
=== gcc tests ===
Running target unix
XPASS: gcc.dg/pr78768.c -Wformat-overflow (test for warnings, line 11)
FAIL: gcc.dg/visibility-22.c execution test
FAIL: gcc.dg/plugin/must-tail-call-1.c -fplugin=./must_tail_call_plugin.so (test for excess errors)
FAIL: gcc.dg/vect/vect-bswap32.c (test for excess errors)
=== gcc Summary for unix ===
# of expected passes 100198
# of unexpected failures 3
# of unexpected successes 1
# of expected failures 390
# of unsupported tests 2400
Running target unix/-m32
XPASS: gcc.dg/pr78768.c -Wformat-overflow (test for warnings, line 11)
FAIL: gcc.dg/visibility-22.c execution test
FAIL: gcc.dg/plugin/must-tail-call-1.c -fplugin=./must_tail_call_plugin.so (test for excess errors)
FAIL: gcc.dg/simulate-thread/atomic-other-int.c -O2 -g thread simulation test
FAIL: gcc.dg/simulate-thread/atomic-other-int.c -O3 -g thread simulation test
FAIL: gcc.dg/simulate-thread/speculative-store-4.c -O0 -g thread simulation test
FAIL: gcc.dg/simulate-thread/speculative-store.c -O0 -g thread simulation test
=== gcc Summary for unix/-m32 ===
# of expected passes 99144
# of unexpected failures 6
# of unexpected successes 1
# of expected failures 405
# of unsupported tests 2602
=== gcc Summary ===
# of expected passes 199342
# of unexpected failures 9
# of unexpected successes 2
# of expected failures 795
# of unsupported tests 5002
/var/gcc/regression/trunk/11-gcc-gas-64/build/gcc/xgcc version 7.0.1 20170407 (experimental) [trunk revision 246757] (GCC)
=== gfortran tests ===
Running target unix
FAIL: gfortran.dg/dtio_26.f03 -O0 execution test
FAIL: gfortran.dg/dtio_26.f03 -O1 execution test
FAIL: gfortran.dg/dtio_26.f03 -O2 execution test
FAIL: gfortran.dg/dtio_26.f03 -O3 -fomit-frame-pointer -funroll-loops -fpeel-loops -ftracer -finline-functions execution test
FAIL: gfortran.dg/dtio_26.f03 -O3 -g execution test
FAIL: gfortran.dg/dtio_26.f03 -Os execution test
=== gfortran Summary for unix ===
# of expected passes 44842
# of unexpected failures 6
# of expected failures 90
# of unsupported tests 122
Running target unix/-m32
=== gfortran Summary for unix/-m32 ===
# of expected passes 44601
# of expected failures 90
# of unsupported tests 243
=== gfortran Summary ===
# of expected passes 89443
# of unexpected failures 6
# of expected failures 180
# of unsupported tests 365
/var/gcc/regression/trunk/11-gcc-gas-64/build/gcc/testsuite/gfortran/../../gfortran version 7.0.1 20170407 (experimental) [trunk revision 246757] (GCC)
=== gnat tests ===
Running target unix
=== gnat Summary for unix ===
# of expected passes 2535
# of expected failures 24
# of unsupported tests 23
Running target unix/-m32
=== gnat Summary for unix/-m32 ===
# of expected passes 2535
# of expected failures 24
# of unsupported tests 23
=== gnat Summary ===
# of expected passes 5070
# of expected failures 48
# of unsupported tests 46
/var/gcc/regression/trunk/11-gcc-gas-64/build/gcc/gnatmake version 7.0.1 20170407 (experimental) [trunk revision 246757]
=== go tests ===
Running target unix
=== go Summary for unix ===
# of expected passes 7242
# of expected failures 1
# of untested testcases 11
# of unsupported tests 3
Running target unix/-m32
=== go Summary for unix/-m32 ===
# of expected passes 7362
# of expected failures 1
# of untested testcases 11
# of unsupported tests 3
=== go Summary ===
# of expected passes 14604
# of expected failures 2
# of untested testcases 22
# of unsupported tests 6
=== obj-c++ tests ===
Running target unix/-m32
=== obj-c++ Summary for unix/-m32 ===
# of expected passes 1459
# of expected failures 2
# of unsupported tests 77
Running target unix
=== obj-c++ Summary for unix ===
# of expected passes 1451
# of expected failures 10
# of unsupported tests 77
=== obj-c++ Summary ===
# of expected passes 2910
# of expected failures 12
# of unsupported tests 154
/var/gcc/regression/trunk/11-gcc-gas-64/build/gcc/testsuite/obj-c++/../../xg++ version 7.0.1 20170407 (experimental) [trunk revision 246757] (GCC)
=== objc tests ===
Running target unix
=== objc Summary for unix ===
# of expected passes 2803
# of unsupported tests 68
Running target unix/-m32
=== objc Summary for unix/-m32 ===
# of expected passes 2803
# of unsupported tests 68
=== objc Summary ===
# of expected passes 5606
# of unsupported tests 136
/var/gcc/regression/trunk/11-gcc-gas-64/build/gcc/xgcc version 7.0.1 20170407 (experimental) [trunk revision 246757] (GCC)
=== libatomic tests ===
Running target unix/-m32
=== libatomic Summary for unix/-m32 ===
# of expected passes 44
# of unsupported tests 5
Running target unix
=== libatomic Summary for unix ===
# of expected passes 54
=== libatomic Summary ===
# of expected passes 98
# of unsupported tests 5
=== libffi tests ===
Running target unix/-m32
=== libffi Summary for unix/-m32 ===
# of expected passes 2214
Running target unix
=== libffi Summary for unix ===
# of expected passes 2214
=== libffi Summary ===
# of expected passes 4428
=== libgo tests ===
Running target unix
FAIL: net
FAIL: go/build
FAIL: os/signal
=== libgo Summary for unix ===
# of expected passes 143
# of unexpected failures 3
Running target unix/-m32
FAIL: net
FAIL: go/build
FAIL: net/http
FAIL: os/signal
=== libgo Summary for unix/-m32 ===
# of expected passes 142
# of unexpected failures 4
=== libgo Summary ===
# of expected passes 285
# of unexpected failures 7
=== libgomp tests ===
Running target unix/-m32
=== libgomp Summary for unix/-m32 ===
# of expected passes 5056
# of unsupported tests 382
Running target unix
FAIL: libgomp.oacc-c/../libgomp.oacc-c-c++-common/parallel-reduction.c -DACC_DEVICE_TYPE_host=1 -DACC_MEM_SHARED=1 -O2 (test for excess errors)
=== libgomp Summary for unix ===
# of expected passes 5055
# of unexpected failures 1
# of unsupported tests 382
=== libgomp Summary ===
# of expected passes 10111
# of unexpected failures 1
# of unsupported tests 764
=== libitm tests ===
Running target unix/-m32
=== libitm Summary for unix/-m32 ===
# of expected passes 42
# of expected failures 3
# of unsupported tests 1
Running target unix
=== libitm Summary for unix ===
# of expected passes 42
# of expected failures 3
# of unsupported tests 1
=== libitm Summary ===
# of expected passes 84
# of expected failures 6
# of unsupported tests 2
=== libstdc++ tests ===
Running target unix
=== libstdc++ Summary for unix ===
# of expected passes 10791
# of expected failures 66
# of unsupported tests 636
Running target unix/-m32
=== libstdc++ Summary for unix/-m32 ===
# of expected passes 10791
# of expected failures 66
# of unsupported tests 636
=== libstdc++ Summary ===
# of expected passes 21582
# of expected failures 132
# of unsupported tests 1272
Compiler version: 7.0.1 20170407 (experimental) [trunk revision 246757] (GCC)
Platform: sparcv9-sun-solaris2.11
configure flags: --prefix=/vol/gcc --target=sparcv9-sun-solaris2.11 --enable-objc-gc --with-target-bdw-gc-include=/vol/gcc/include --with-target-bdw-gc-lib=/vol/gcc/lib/sparcv9,sparcv8plus=/vol/gcc/lib --enable-libmudflap --with-as=/vol/gcc/bin/sparcv9/gas-2.28 --with-gnu-as --with-gmp-include=/vol/gcc/include --with-gmp-lib=/vol/gcc/lib/sparcv9 --with-mpfr-include=/vol/gcc/include --with-mpfr-lib=/vol/gcc/lib/sparcv9 --with-mpc-include=/vol/gcc/include --with-mpc-lib=/vol/gcc/lib/sparcv9 --enable-languages=all,ada,obj-c++,go --with-isl-include=/vol/gcc/include --with-isl-lib=/vol/gcc/lib/sparcv9 --build=sparcv9-sun-solaris2.11 --host=sparcv9-sun-solaris2.11
BOOT_CFLAGS=-g -O2