This is the mail archive of the
gcc-testresults@gcc.gnu.org
mailing list for the GCC project.
Results for 6.3.1 20170331 [gcc-6-branch revision 246603] (GCC) testsuite on sparc-sun-solaris2.11
- From: Rainer Orth <ro at CeBiTec dot Uni-Bielefeld dot DE>
- To: gcc-testresults at gcc dot gnu dot org
- Date: Sat, 1 Apr 2017 08:54:40 +0200 (MEST)
- Subject: Results for 6.3.1 20170331 [gcc-6-branch revision 246603] (GCC) testsuite on sparc-sun-solaris2.11
- Authentication-results: sourceware.org; auth=none
LAST_UPDATED: Fri Mar 31 08:58:41 UTC 2017 (revision 246603)
=== acats tests ===
FAIL: c371001
=== acats Summary ===
# of expected passes 2319
# of unexpected failures 1
Native configuration is sparc-sun-solaris2.11
=== g++ tests ===
Running target unix
=== g++ Summary for unix ===
# of expected passes 93568
# of expected failures 323
# of unsupported tests 4046
Running target unix/-m64
=== g++ Summary for unix/-m64 ===
# of expected passes 95440
# of expected failures 323
# of unsupported tests 4023
=== g++ Summary ===
# of expected passes 189008
# of expected failures 646
# of unsupported tests 8069
/var/gcc/regression/gcc-6-branch/11-gcc/build/gcc/testsuite/g++/../../xg++ version 6.3.1 20170331 [gcc-6-branch revision 246603] (GCC)
=== gcc tests ===
Running target unix
FAIL: gcc.dg/visibility-22.c execution test
FAIL: gcc.dg/simulate-thread/atomic-other-int.c -O2 -g thread simulation test
FAIL: gcc.dg/simulate-thread/atomic-other-int.c -O3 -g thread simulation test
FAIL: gcc.dg/simulate-thread/speculative-store-4.c -O0 -g thread simulation test
FAIL: gcc.dg/simulate-thread/speculative-store-4.c -O2 -g thread simulation test
FAIL: gcc.dg/simulate-thread/speculative-store-4.c -O3 -g thread simulation test
FAIL: gcc.dg/simulate-thread/speculative-store.c -O0 -g thread simulation test
WARNING: profopt.exp does not support dg-error
FAIL: gcc.dg/vect/pr71264.c -flto -ffat-lto-objects scan-tree-dump vect "vectorized 1 loops in function"
FAIL: gcc.dg/vect/pr71264.c scan-tree-dump vect "vectorized 1 loops in function"
=== gcc Summary for unix ===
# of expected passes 88777
# of unexpected failures 9
# of expected failures 346
# of unsupported tests 2182
Running target unix/-m64
FAIL: gcc.dg/visibility-22.c execution test
WARNING: profopt.exp does not support dg-error
FAIL: gcc.dg/vect/pr71264.c -flto -ffat-lto-objects scan-tree-dump vect "vectorized 1 loops in function"
FAIL: gcc.dg/vect/pr71264.c scan-tree-dump vect "vectorized 1 loops in function"
=== gcc Summary for unix/-m64 ===
# of expected passes 89763
# of unexpected failures 3
# of expected failures 334
# of unsupported tests 2006
=== gcc Summary ===
# of expected passes 178540
# of unexpected failures 12
# of expected failures 680
# of unsupported tests 4188
/var/gcc/regression/gcc-6-branch/11-gcc/build/gcc/xgcc version 6.3.1 20170331 [gcc-6-branch revision 246603] (GCC)
=== gfortran tests ===
Running target unix
=== gfortran Summary for unix ===
# of expected passes 42573
# of expected failures 80
# of unsupported tests 229
Running target unix/-m64
=== gfortran Summary for unix/-m64 ===
# of expected passes 42820
# of expected failures 80
# of unsupported tests 108
=== gfortran Summary ===
# of expected passes 85393
# of expected failures 160
# of unsupported tests 337
/var/gcc/regression/gcc-6-branch/11-gcc/build/gcc/testsuite/gfortran/../../gfortran version 6.3.1 20170331 [gcc-6-branch revision 246603] (GCC)
=== gnat tests ===
Running target unix
FAIL: gnat.dg/sso/p1.adb -O0 (test for excess errors)
=== gnat Summary for unix ===
# of expected passes 2493
# of unexpected failures 1
# of expected failures 22
# of unsupported tests 21
Running target unix/-m64
=== gnat Summary for unix/-m64 ===
# of expected passes 2494
# of expected failures 22
# of unsupported tests 21
=== gnat Summary ===
# of expected passes 4987
# of unexpected failures 1
# of expected failures 44
# of unsupported tests 42
/var/gcc/regression/gcc-6-branch/11-gcc/build/gcc/gnatmake version 6.3.1 20170331 [gcc-6-branch revision 246603]
=== go tests ===
Running target unix
FAIL: go.test/test/fixedbugs/issue4562.go execution, -O2 -g
FAIL: go.test/test/nil.go execution, -O2 -g
=== go Summary for unix ===
# of expected passes 7361
# of unexpected failures 2
# of expected failures 1
# of untested testcases 11
# of unsupported tests 3
Running target unix/-m64
FAIL: go.test/test/fixedbugs/issue4562.go execution, -O2 -g
FAIL: go.test/test/nil.go execution, -O2 -g
=== go Summary for unix/-m64 ===
# of expected passes 7241
# of unexpected failures 2
# of expected failures 1
# of untested testcases 11
# of unsupported tests 3
=== go Summary ===
# of expected passes 14602
# of unexpected failures 4
# of expected failures 2
# of untested testcases 22
# of unsupported tests 6
=== obj-c++ tests ===
Running target unix
=== obj-c++ Summary for unix ===
# of expected passes 1454
# of expected failures 2
# of unsupported tests 77
Running target unix/-m64
=== obj-c++ Summary for unix/-m64 ===
# of expected passes 1446
# of expected failures 10
# of unsupported tests 77
=== obj-c++ Summary ===
# of expected passes 2900
# of expected failures 12
# of unsupported tests 154
/var/gcc/regression/gcc-6-branch/11-gcc/build/gcc/testsuite/obj-c++/../../xg++ version 6.3.1 20170331 [gcc-6-branch revision 246603] (GCC)
=== objc tests ===
Running target unix
=== objc Summary for unix ===
# of expected passes 2789
# of unsupported tests 68
Running target unix/-m64
=== objc Summary for unix/-m64 ===
# of expected passes 2789
# of unsupported tests 68
=== objc Summary ===
# of expected passes 5578
# of unsupported tests 136
/var/gcc/regression/gcc-6-branch/11-gcc/build/gcc/xgcc version 6.3.1 20170331 [gcc-6-branch revision 246603] (GCC)
=== boehm-gc tests ===
Running target unix
=== boehm-gc Summary for unix ===
# of expected passes 12
# of unsupported tests 1
Running target unix/-m64
=== boehm-gc Summary for unix/-m64 ===
# of expected passes 12
# of unsupported tests 1
=== boehm-gc Summary ===
# of expected passes 24
# of unsupported tests 2
=== libatomic tests ===
Running target unix
=== libatomic Summary for unix ===
# of expected passes 44
# of unsupported tests 5
Running target unix/-m64
=== libatomic Summary for unix/-m64 ===
# of expected passes 54
=== libatomic Summary ===
# of expected passes 98
# of unsupported tests 5
=== libffi tests ===
Running target unix
=== libffi Summary for unix ===
# of expected passes 2214
Running target unix/-m64
FAIL: libffi.complex/many_complex_double.c -W -Wall -Wno-psabi -O3 (test for excess errors)
=== libffi Summary for unix/-m64 ===
# of expected passes 2213
# of unexpected failures 1
=== libffi Summary ===
# of expected passes 4427
# of unexpected failures 1
=== libgo tests ===
Running target unix
FAIL: reflect
FAIL: go/build
=== libgo Summary for unix ===
# of expected passes 132
# of unexpected failures 2
Running target unix/-m64
FAIL: go/build
=== libgo Summary for unix/-m64 ===
# of expected passes 133
# of unexpected failures 1
=== libgo Summary ===
# of expected passes 265
# of unexpected failures 3
=== libgomp tests ===
Running target unix
=== libgomp Summary for unix ===
# of expected passes 5052
# of unsupported tests 322
Running target unix/-m64
=== libgomp Summary for unix/-m64 ===
# of expected passes 5052
# of unsupported tests 322
=== libgomp Summary ===
# of expected passes 10104
# of unsupported tests 644
=== libitm tests ===
Running target unix
=== libitm Summary for unix ===
# of expected passes 42
# of expected failures 3
# of unsupported tests 1
Running target unix/-m64
=== libitm Summary for unix/-m64 ===
# of expected passes 42
# of expected failures 3
# of unsupported tests 1
=== libitm Summary ===
# of expected passes 84
# of expected failures 6
# of unsupported tests 2
=== libjava tests ===
Running target unix
FAIL: Thread_Interrupt -O3 -findirect-dispatch compilation from source
=== libjava Summary for unix ===
# of expected passes 2579
# of unexpected failures 1
# of expected failures 4
# of untested testcases 2
Running target unix/-m64
=== libjava Summary for unix/-m64 ===
# of expected passes 2582
# of expected failures 4
=== libjava Summary ===
# of expected passes 5161
# of unexpected failures 1
# of expected failures 8
# of untested testcases 2
=== libstdc++ tests ===
Running target unix
=== libstdc++ Summary for unix ===
# of expected passes 10169
# of expected failures 67
# of unsupported tests 625
Running target unix/-m64
FAIL: 23_containers/unordered_map/insert/24061-map.cc (test for excess errors)
FAIL: 23_containers/unordered_multiset/modifiers/emplace.cc (test for excess errors)
=== libstdc++ Summary for unix/-m64 ===
# of expected passes 10167
# of unexpected failures 2
# of expected failures 67
# of unsupported tests 625
=== libstdc++ Summary ===
# of expected passes 20336
# of unexpected failures 2
# of expected failures 134
# of unsupported tests 1250
Compiler version: 6.3.1 20170331 [gcc-6-branch revision 246603] (GCC)
Platform: sparc-sun-solaris2.11
configure flags: --prefix=/vol/gcc --target=sparc-sun-solaris2.11 --enable-objc-gc --enable-libmudflap --with-as=/usr/ccs/bin/as --without-gnu-as --with-gmp-include=/vol/gcc/include --with-gmp-lib=/vol/gcc/lib --with-mpfr-include=/vol/gcc/include --with-mpfr-lib=/vol/gcc/lib --with-mpc-include=/vol/gcc/include --with-mpc-lib=/vol/gcc/lib --enable-languages=all,ada,obj-c++,go --with-isl-include=/vol/gcc/include --with-isl-lib=/vol/gcc/lib --build=sparc-sun-solaris2.11 --host=sparc-sun-solaris2.11
BOOT_CFLAGS=-g -O2