This is the mail archive of the
gcc-testresults@gcc.gnu.org
mailing list for the GCC project.
Results for 7.0.1 20170329 (experimental) [master revision 9c09830:8e4f21e:fa6012cbeaf825fa9f36c3f2128ab66eca5e534f] (Cavium Inc. (Build 1316)) testsuite on aarch64-unknown-linux-gnu
- From: Jenkins <jenkins at cavium dot com>
- To: gcc-testresults at gcc dot gnu dot org
- Date: Wed, 29 Mar 2017 10:58:58 -0700
- Subject: Results for 7.0.1 20170329 (experimental) [master revision 9c09830:8e4f21e:fa6012cbeaf825fa9f36c3f2128ab66eca5e534f] (Cavium Inc. (Build 1316)) testsuite on aarch64-unknown-linux-gnu
- Authentication-results: sourceware.org; auth=none
LAST_UPDATED: Wed Mar 29 15:23:21 UTC 2017 (revision 9c09830:8e4f21e:fa6012cbeaf825fa9f36c3f2128ab66eca5e534f)
Native configuration is aarch64-unknown-linux-gnu
=== libatomic tests ===
Running target unix
=== libatomic Summary ===
# of expected passes 54
=== libffi tests ===
Running target unix
=== libffi Summary ===
# of expected passes 2214
=== libgo tests ===
Running target unix
=== libgo Summary ===
# of expected passes 145
/home/jenkins/workspace/BuildThunderX_native_gcc_upstream/objdir/./gcc/gccgo version 7.0.1 20170329 (experimental) [master revision 9c09830:8e4f21e:fa6012cbeaf825fa9f36c3f2128ab66eca5e534f] (Cavium Inc. (Build 1316))
=== libgomp tests ===
Running target unix
=== libgomp Summary ===
# of expected passes 5014
# of unsupported tests 380
=== libitm tests ===
Running target unix
=== libitm Summary ===
# of expected passes 42
# of expected failures 3
# of unsupported tests 1
=== libstdc++ tests ===
Running target unix
FAIL: 27_io/manipulators/extended/get_money/char/1.cc execution test
=== libstdc++ Summary ===
# of expected passes 11328
# of unexpected failures 1
# of expected failures 66
# of unsupported tests 556
=== gcc tests ===
Running target unix
FAIL: c-c++-common/ubsan/overflow-mul-4.c -O1 output pattern test
FAIL: c-c++-common/ubsan/overflow-mul-4.c -O3 -g output pattern test
FAIL: c-c++-common/ubsan/overflow-mul-4.c -Os output pattern test
FAIL: gcc.target/aarch64/vect-abs-compile.c scan-assembler abs\\\\tv[0-9]+.16b
FAIL: gcc.target/aarch64/vect-abs-compile.c scan-assembler abs\\\\tv[0-9]+.8h
=== gcc Summary ===
# of expected passes 111987
# of unexpected failures 5
# of expected failures 316
# of unsupported tests 3148
/home/jenkins/workspace/BuildThunderX_native_gcc_upstream/objdir/gcc/xgcc version 7.0.1 20170329 (experimental) [master revision 9c09830:8e4f21e:fa6012cbeaf825fa9f36c3f2128ab66eca5e534f] (Cavium Inc. (Build 1316))
=== gfortran tests ===
Running target unix
=== gfortran Summary ===
# of expected passes 44192
# of expected failures 85
# of unsupported tests 68
/home/jenkins/workspace/BuildThunderX_native_gcc_upstream/objdir/gcc/testsuite/gfortran/../../gfortran version 7.0.1 20170329 (experimental) [master revision 9c09830:8e4f21e:fa6012cbeaf825fa9f36c3f2128ab66eca5e534f] (Cavium Inc. (Build 1316))
=== g++ tests ===
Running target unix
FAIL: c-c++-common/ubsan/overflow-mul-4.c -Os output pattern test
=== g++ Summary ===
# of expected passes 108039
# of unexpected failures 1
# of expected failures 380
# of unsupported tests 4668
/home/jenkins/workspace/BuildThunderX_native_gcc_upstream/objdir/gcc/testsuite/g++/../../xg++ version 7.0.1 20170329 (experimental) [master revision 9c09830:8e4f21e:fa6012cbeaf825fa9f36c3f2128ab66eca5e534f] (Cavium Inc. (Build 1316))
=== go tests ===
Running target unix
FAIL: go.test/test/ken/cplx2.go execution, -O2 -g
=== go Summary ===
# of expected passes 7243
# of unexpected failures 1
# of expected failures 1
# of untested testcases 10
# of unsupported tests 3
/home/jenkins/workspace/BuildThunderX_native_gcc_upstream/objdir/gcc/testsuite/go/../../gccgo version 7.0.1 20170329 (experimental) [master revision 9c09830:8e4f21e:fa6012cbeaf825fa9f36c3f2128ab66eca5e534f] (Cavium Inc. (Build 1316))
Compiler version: 7.0.1 20170329 (experimental) [master revision 9c09830:8e4f21e:fa6012cbeaf825fa9f36c3f2128ab66eca5e534f] (Cavium Inc. (Build 1316))
Platform: aarch64-unknown-linux-gnu
configure flags: --prefix=/home/jenkins/workspace/BuildThunderX_native_gcc_upstream/objdir/../tools --enable-languages=c,c++,fortran,go --disable-werror --with-sysroot=/ --enable-plugins --enable-gnu-indirect-function --with-pkgversion='Cavium Inc. (Build 1316)'