This is the mail archive of the
gcc-testresults@gcc.gnu.org
mailing list for the GCC project.
Results for 7.0.1 20170320 (experimental) [master revision 2446dba:0070c57:b49b5511f391c1b1259e4066dac31b8e5b774ece] (Cavium Inc. (Build 1280)) testsuite on aarch64-unknown-linux-gnu
- From: jenkins at cavium dot com
- To: gcc-testresults at gcc dot gnu dot org
- Date: Mon, 20 Mar 2017 17:16:49 -0700
- Subject: Results for 7.0.1 20170320 (experimental) [master revision 2446dba:0070c57:b49b5511f391c1b1259e4066dac31b8e5b774ece] (Cavium Inc. (Build 1280)) testsuite on aarch64-unknown-linux-gnu
- Authentication-results: sourceware.org; auth=none
LAST_UPDATED: Mon Mar 20 22:23:25 UTC 2017 (revision 2446dba:0070c57:b49b5511f391c1b1259e4066dac31b8e5b774ece)
Native configuration is aarch64-unknown-linux-gnu
=== libatomic tests ===
Running target unix
=== libatomic Summary ===
# of expected passes 54
=== libffi tests ===
Running target unix
=== libffi Summary ===
# of expected passes 2214
=== libgo tests ===
Running target unix
=== libgo Summary ===
# of expected passes 145
/data1/jenkins/workspace/BuildThunderX_native_gcc_upstream/objdir/./gcc/gccgo version 7.0.1 20170320 (experimental) [master revision 2446dba:0070c57:b49b5511f391c1b1259e4066dac31b8e5b774ece] (Cavium Inc. (Build 1280))
=== libgomp tests ===
Running target unix
=== libgomp Summary ===
# of expected passes 5010
# of unsupported tests 380
=== libitm tests ===
Running target unix
=== libitm Summary ===
# of expected passes 42
# of expected failures 3
# of unsupported tests 1
=== libstdc++ tests ===
Running target unix
FAIL: 27_io/manipulators/extended/get_money/char/1.cc execution test
=== libstdc++ Summary ===
# of expected passes 11305
# of unexpected failures 1
# of expected failures 66
# of unsupported tests 556
=== gcc tests ===
Running target unix
FAIL: c-c++-common/ubsan/overflow-mul-4.c -O2 output pattern test
FAIL: c-c++-common/ubsan/overflow-mul-4.c -O2 -flto -fno-use-linker-plugin -flto-partition=none output pattern test
FAIL: c-c++-common/ubsan/overflow-mul-4.c -O2 -flto -fuse-linker-plugin -fno-fat-lto-objects output pattern test
FAIL: c-c++-common/ubsan/overflow-mul-4.c -O3 -g output pattern test
FAIL: gcc.target/aarch64/tst_5.c scan-assembler tst\\t(x|w)[0-9]+,[ \\t]*255
FAIL: gcc.target/aarch64/tst_5.c scan-assembler tst\\t(x|w)[0-9]+,[ \\t]*65535
FAIL: gcc.target/aarch64/tst_6.c scan-assembler tst\\t(x|w)[0-9]+,[ \\t]*65535
FAIL: gcc.target/aarch64/vect-abs-compile.c scan-assembler abs\\\\tv[0-9]+.16b
FAIL: gcc.target/aarch64/vect-abs-compile.c scan-assembler abs\\\\tv[0-9]+.8h
=== gcc Summary ===
# of expected passes 111891
# of unexpected failures 9
# of expected failures 316
# of unsupported tests 3145
/data1/jenkins/workspace/BuildThunderX_native_gcc_upstream/objdir/gcc/xgcc version 7.0.1 20170320 (experimental) [master revision 2446dba:0070c57:b49b5511f391c1b1259e4066dac31b8e5b774ece] (Cavium Inc. (Build 1280))
=== gfortran tests ===
Running target unix
=== gfortran Summary ===
# of expected passes 44156
# of expected failures 85
# of unsupported tests 68
/data1/jenkins/workspace/BuildThunderX_native_gcc_upstream/objdir/gcc/testsuite/gfortran/../../gfortran version 7.0.1 20170320 (experimental) [master revision 2446dba:0070c57:b49b5511f391c1b1259e4066dac31b8e5b774ece] (Cavium Inc. (Build 1280))
=== g++ tests ===
Running target unix
FAIL: c-c++-common/ubsan/overflow-mul-4.c -O0 output pattern test
FAIL: c-c++-common/ubsan/overflow-mul-4.c -O1 output pattern test
FAIL: c-c++-common/ubsan/overflow-mul-4.c -O2 output pattern test
FAIL: c-c++-common/ubsan/overflow-mul-4.c -O2 -flto -fno-use-linker-plugin -flto-partition=none output pattern test
FAIL: c-c++-common/ubsan/overflow-mul-4.c -O2 -flto -fuse-linker-plugin -fno-fat-lto-objects output pattern test
FAIL: c-c++-common/ubsan/overflow-mul-4.c -O3 -fomit-frame-pointer -funroll-loops -fpeel-loops -ftracer -finline-functions output pattern test
FAIL: c-c++-common/ubsan/overflow-mul-4.c -O3 -g output pattern test
FAIL: c-c++-common/ubsan/overflow-mul-4.c -Os output pattern test
=== g++ Summary ===
# of expected passes 107928
# of unexpected failures 8
# of expected failures 374
# of unsupported tests 4654
/data1/jenkins/workspace/BuildThunderX_native_gcc_upstream/objdir/gcc/testsuite/g++/../../xg++ version 7.0.1 20170320 (experimental) [master revision 2446dba:0070c57:b49b5511f391c1b1259e4066dac31b8e5b774ece] (Cavium Inc. (Build 1280))
=== go tests ===
Running target unix
FAIL: go.test/test/ken/cplx2.go execution, -O2 -g
=== go Summary ===
# of expected passes 7243
# of unexpected failures 1
# of expected failures 1
# of untested testcases 10
# of unsupported tests 3
/data1/jenkins/workspace/BuildThunderX_native_gcc_upstream/objdir/gcc/testsuite/go/../../gccgo version 7.0.1 20170320 (experimental) [master revision 2446dba:0070c57:b49b5511f391c1b1259e4066dac31b8e5b774ece] (Cavium Inc. (Build 1280))
Compiler version: 7.0.1 20170320 (experimental) [master revision 2446dba:0070c57:b49b5511f391c1b1259e4066dac31b8e5b774ece] (Cavium Inc. (Build 1280))
Platform: aarch64-unknown-linux-gnu
configure flags: --prefix=/data1/jenkins/workspace/BuildThunderX_native_gcc_upstream/objdir/../tools --enable-languages=c,c++,fortran,go --disable-werror --with-sysroot=/ --enable-plugins --enable-gnu-indirect-function --with-pkgversion='Cavium Inc. (Build 1280)'