This is the mail archive of the
gcc-testresults@gcc.gnu.org
mailing list for the GCC project.
Results for 7.0.1 20170317 (experimental) (gcc trunk r246229 mips64el o32 n32 n64) testsuite on mips64el-unknown-linux-gnu
- From: paul dot hua dot gm at gmail dot com
- To: gcc-testresults at gcc dot gnu dot org
- Date: Sat, 18 Mar 2017 09:18:02 +0800
- Subject: Results for 7.0.1 20170317 (experimental) (gcc trunk r246229 mips64el o32 n32 n64) testsuite on mips64el-unknown-linux-gnu
- Authentication-results: sourceware.org; auth=none
Native configuration is mips64el-unknown-linux-gnu
=== gcc tests ===
Running target unix
FAIL: gcc.dg/attr-ifunc-1.c execution test
FAIL: gcc.dg/attr-ifunc-3.c execution test
FAIL: gcc.dg/attr-ifunc-4.c (test for excess errors)
UNRESOLVED: gcc.dg/attr-ifunc-4.c compilation failed to produce executable
FAIL: gcc.dg/attr-ifunc-5.c execution test
FAIL: gcc.dg/gimplefe-26.c (internal compiler error)
FAIL: gcc.dg/gimplefe-26.c (test for excess errors)
FAIL: gcc.dg/localalias.c execution test
FAIL: gcc.dg/pic-2.c (test for excess errors)
FAIL: gcc.dg/pic-3.c (test for excess errors)
FAIL: gcc.dg/pic-4.c (test for excess errors)
FAIL: gcc.dg/pie-2.c (test for excess errors)
FAIL: gcc.dg/pie-3.c (test for excess errors)
FAIL: gcc.dg/pie-4.c (test for excess errors)
FAIL: gcc.dg/uninit-19.c (test for warnings, line 23)
FAIL: gcc.dg/uninit-19.c (test for excess errors)
XPASS: gcc.dg/guality/example.c -O0 execution test
XPASS: gcc.dg/guality/example.c -O1 execution test
XPASS: gcc.dg/guality/guality.c -O0 execution test
XPASS: gcc.dg/guality/guality.c -O1 execution test
XPASS: gcc.dg/guality/guality.c -O2 execution test
XPASS: gcc.dg/guality/guality.c -O2 -flto -fno-use-linker-plugin -flto-partition=none execution test
XPASS: gcc.dg/guality/guality.c -O3 -g execution test
XPASS: gcc.dg/guality/guality.c -Os execution test
XPASS: gcc.dg/guality/inline-params.c -O2 execution test
XPASS: gcc.dg/guality/inline-params.c -O2 -flto -fno-use-linker-plugin -flto-partition=none execution test
XPASS: gcc.dg/guality/inline-params.c -O3 -g execution test
XPASS: gcc.dg/guality/inline-params.c -Os execution test
XPASS: gcc.dg/guality/pr41353-1.c -O0 line 28 j == 28 + 37
FAIL: gcc.dg/guality/pr41616-1.c -O2 -flto -fuse-linker-plugin -fno-fat-lto-objects execution test
FAIL: gcc.dg/guality/pr43051-1.c -O3 -fomit-frame-pointer -funroll-loops -fpeel-loops -ftracer -finline-functions line 35 v == 1
FAIL: gcc.dg/guality/pr43051-1.c -O3 -fomit-frame-pointer -funroll-loops -fpeel-loops -ftracer -finline-functions line 40 v == 1
FAIL: gcc.dg/guality/pr43051-1.c -Os line 40 v == 1
FAIL: gcc.dg/guality/pr45882.c -O1 line 16 b == 7
FAIL: gcc.dg/guality/pr45882.c -O1 line 16 c == 11
FAIL: gcc.dg/guality/pr45882.c -O1 line 16 d == 112
FAIL: gcc.dg/guality/pr45882.c -O1 line 16 e == 142
FAIL: gcc.dg/guality/pr45882.c -O2 line 16 b == 7
FAIL: gcc.dg/guality/pr45882.c -O2 line 16 c == 11
FAIL: gcc.dg/guality/pr45882.c -O2 line 16 d == 112
FAIL: gcc.dg/guality/pr45882.c -O2 line 16 e == 142
FAIL: gcc.dg/guality/pr45882.c -O2 -flto -fno-use-linker-plugin -flto-partition=none line 16 b == 7
FAIL: gcc.dg/guality/pr45882.c -O2 -flto -fno-use-linker-plugin -flto-partition=none line 16 c == 11
FAIL: gcc.dg/guality/pr45882.c -O2 -flto -fno-use-linker-plugin -flto-partition=none line 16 d == 112
FAIL: gcc.dg/guality/pr45882.c -O2 -flto -fno-use-linker-plugin -flto-partition=none line 16 e == 142
FAIL: gcc.dg/guality/pr45882.c -O2 -flto -fuse-linker-plugin -fno-fat-lto-objects line 16 b == 7
FAIL: gcc.dg/guality/pr45882.c -O2 -flto -fuse-linker-plugin -fno-fat-lto-objects line 16 c == 11
FAIL: gcc.dg/guality/pr45882.c -O2 -flto -fuse-linker-plugin -fno-fat-lto-objects line 16 d == 112
FAIL: gcc.dg/guality/pr45882.c -O2 -flto -fuse-linker-plugin -fno-fat-lto-objects line 16 e == 142
FAIL: gcc.dg/guality/pr45882.c -O3 -g line 16 b == 7
FAIL: gcc.dg/guality/pr45882.c -O3 -g line 16 c == 11
FAIL: gcc.dg/guality/pr45882.c -O3 -g line 16 d == 112
FAIL: gcc.dg/guality/pr45882.c -O3 -g line 16 e == 142
FAIL: gcc.dg/guality/pr45882.c -Os line 16 b == 7
FAIL: gcc.dg/guality/pr45882.c -Os line 16 c == 11
FAIL: gcc.dg/guality/pr45882.c -Os line 16 d == 112
FAIL: gcc.dg/guality/pr45882.c -Os line 16 e == 142
FAIL: gcc.dg/guality/pr54200.c -Os line 20 z == 3
FAIL: gcc.dg/guality/pr54519-1.c -O1 line 20 x == 36
FAIL: gcc.dg/guality/pr54519-1.c -O1 line 20 y == 25
FAIL: gcc.dg/guality/pr54519-1.c -O1 line 23 x == 98
FAIL: gcc.dg/guality/pr54519-1.c -O1 line 23 y == 117
FAIL: gcc.dg/guality/pr54519-1.c -O2 line 20 x == 36
FAIL: gcc.dg/guality/pr54519-1.c -O2 line 23 x == 98
FAIL: gcc.dg/guality/pr54519-1.c -O2 -flto -fno-use-linker-plugin -flto-partition=none line 20 x == 36
FAIL: gcc.dg/guality/pr54519-1.c -O2 -flto -fno-use-linker-plugin -flto-partition=none line 20 y == 25
FAIL: gcc.dg/guality/pr54519-1.c -O2 -flto -fno-use-linker-plugin -flto-partition=none line 20 z == 6
FAIL: gcc.dg/guality/pr54519-1.c -O2 -flto -fno-use-linker-plugin -flto-partition=none line 23 x == 98
FAIL: gcc.dg/guality/pr54519-1.c -O2 -flto -fno-use-linker-plugin -flto-partition=none line 23 y == 117
FAIL: gcc.dg/guality/pr54519-1.c -O2 -flto -fno-use-linker-plugin -flto-partition=none line 23 z == 8
FAIL: gcc.dg/guality/pr54519-1.c -Os line 20 x == 36
FAIL: gcc.dg/guality/pr54519-1.c -Os line 23 x == 98
FAIL: gcc.dg/guality/pr54519-2.c -O1 line 17 x == 6
FAIL: gcc.dg/guality/pr54519-2.c -O2 line 17 x == 6
FAIL: gcc.dg/guality/pr54519-2.c -O2 -flto -fno-use-linker-plugin -flto-partition=none line 17 x == 6
FAIL: gcc.dg/guality/pr54519-2.c -O2 -flto -fno-use-linker-plugin -flto-partition=none line 17 y == 25
FAIL: gcc.dg/guality/pr54519-2.c -O2 -flto -fuse-linker-plugin -fno-fat-lto-objects line 17 y == 25
FAIL: gcc.dg/guality/pr54519-3.c -O2 -flto -fno-use-linker-plugin -flto-partition=none line 20 y == 25
FAIL: gcc.dg/guality/pr54519-3.c -O2 -flto -fno-use-linker-plugin -flto-partition=none line 20 z == 6
FAIL: gcc.dg/guality/pr54519-3.c -O2 -flto -fno-use-linker-plugin -flto-partition=none line 23 y == 117
FAIL: gcc.dg/guality/pr54519-3.c -O2 -flto -fno-use-linker-plugin -flto-partition=none line 23 z == 8
FAIL: gcc.dg/guality/pr54519-3.c -O2 -flto -fuse-linker-plugin -fno-fat-lto-objects line 20 y == 25
FAIL: gcc.dg/guality/pr54519-3.c -O2 -flto -fuse-linker-plugin -fno-fat-lto-objects line 20 z == 6
FAIL: gcc.dg/guality/pr54519-3.c -O2 -flto -fuse-linker-plugin -fno-fat-lto-objects line 23 y == 117
FAIL: gcc.dg/guality/pr54519-3.c -O2 -flto -fuse-linker-plugin -fno-fat-lto-objects line 23 z == 8
FAIL: gcc.dg/guality/pr54519-4.c -O2 -flto -fno-use-linker-plugin -flto-partition=none line 17 y == 25
FAIL: gcc.dg/guality/pr54519-4.c -O2 -flto -fuse-linker-plugin -fno-fat-lto-objects line 17 y == 25
FAIL: gcc.dg/guality/pr54519-5.c -O1 line 17 x == 6
FAIL: gcc.dg/guality/pr54519-5.c -O1 line 17 y == 25
FAIL: gcc.dg/guality/pr54519-5.c -O2 line 17 y == 25
FAIL: gcc.dg/guality/pr54519-5.c -O2 -flto -fno-use-linker-plugin -flto-partition=none line 17 y == 25
FAIL: gcc.dg/guality/pr54519-5.c -O2 -flto -fuse-linker-plugin -fno-fat-lto-objects line 17 y == 25
FAIL: gcc.dg/guality/pr54519-5.c -Os line 17 y == 25
FAIL: gcc.dg/guality/pr54551.c -O1 line 18 a == 4
FAIL: gcc.dg/guality/pr54693-2.c -O1 line 21 y == 20 - 2 * i
FAIL: gcc.dg/guality/pr54693-2.c -O2 line 21 x == 10 - i
FAIL: gcc.dg/guality/pr54693-2.c -O2 line 21 y == 20 - 2 * i
FAIL: gcc.dg/guality/pr54693-2.c -O2 line 21 z == 30 - 3 * i
FAIL: gcc.dg/guality/pr54693-2.c -O2 -flto -fno-use-linker-plugin -flto-partition=none line 21 x == 10 - i
FAIL: gcc.dg/guality/pr54693-2.c -O2 -flto -fno-use-linker-plugin -flto-partition=none line 21 y == 20 - 2 * i
FAIL: gcc.dg/guality/pr54693-2.c -O2 -flto -fno-use-linker-plugin -flto-partition=none line 21 z == 30 - 3 * i
FAIL: gcc.dg/guality/pr54693-2.c -O2 -flto -fuse-linker-plugin -fno-fat-lto-objects line 21 y == 20 - 2 * i
FAIL: gcc.dg/guality/pr54693-2.c -O2 -flto -fuse-linker-plugin -fno-fat-lto-objects line 21 z == 30 - 3 * i
FAIL: gcc.dg/guality/pr54693-2.c -O3 -fomit-frame-pointer -funroll-loops -fpeel-loops -ftracer -finline-functions line 21 x == 10 - i
FAIL: gcc.dg/guality/pr54693-2.c -O3 -fomit-frame-pointer -funroll-loops -fpeel-loops -ftracer -finline-functions line 21 y == 20 - 2 * i
FAIL: gcc.dg/guality/pr54693-2.c -O3 -fomit-frame-pointer -funroll-loops -fpeel-loops -ftracer -finline-functions line 21 z == 30 - 3 * i
FAIL: gcc.dg/guality/pr54693-2.c -O3 -g line 21 x == 10 - i
FAIL: gcc.dg/guality/pr54693-2.c -O3 -g line 21 y == 20 - 2 * i
FAIL: gcc.dg/guality/pr54693-2.c -O3 -g line 21 z == 30 - 3 * i
FAIL: gcc.dg/guality/pr54693.c -O2 line 22 i == c - 48
FAIL: gcc.dg/guality/pr54693.c -O2 -flto -fno-use-linker-plugin -flto-partition=none line 22 i == c - 48
FAIL: gcc.dg/guality/pr54693.c -O2 -flto -fuse-linker-plugin -fno-fat-lto-objects line 22 i == c - 48
FAIL: gcc.dg/guality/pr54693.c -O3 -fomit-frame-pointer -funroll-loops -fpeel-loops -ftracer -finline-functions line 22 i == c - 48
FAIL: gcc.dg/guality/pr54693.c -O3 -g line 22 i == c - 48
FAIL: gcc.dg/guality/pr56154-2.c -O1 line pr56154-2.c:30 x == 28
FAIL: gcc.dg/guality/pr56154-2.c -O2 line pr56154-2.c:30 x == 28
FAIL: gcc.dg/guality/pr56154-2.c -O3 -g line pr56154-2.c:30 x == 28
FAIL: gcc.dg/guality/pr56154-2.c -Os line pr56154-2.c:30 x == 28
FAIL: gcc.dg/guality/pr56154-3.c -O1 line pr56154-3.c:22 x == 28
FAIL: gcc.dg/guality/pr58791-2.c -O2 -flto -fno-use-linker-plugin -flto-partition=none line pr58791-2.c:27 d & 1 == 1
FAIL: gcc.dg/guality/pr68860-1.c -O2 -flto -fno-use-linker-plugin -flto-partition=none line 14 arg1 == 1
FAIL: gcc.dg/guality/pr68860-1.c -O2 -flto -fno-use-linker-plugin -flto-partition=none line 14 arg2 == 2
FAIL: gcc.dg/guality/pr68860-1.c -O2 -flto -fno-use-linker-plugin -flto-partition=none line 14 arg3 == 3
FAIL: gcc.dg/guality/pr68860-1.c -O2 -flto -fno-use-linker-plugin -flto-partition=none line 14 arg4 == 4
FAIL: gcc.dg/guality/pr68860-1.c -O2 -flto -fno-use-linker-plugin -flto-partition=none line 14 arg5 == 5
FAIL: gcc.dg/guality/pr68860-1.c -O2 -flto -fno-use-linker-plugin -flto-partition=none line 14 arg6 == 6
FAIL: gcc.dg/guality/pr68860-1.c -O2 -flto -fno-use-linker-plugin -flto-partition=none line 16 arg1 == 1
FAIL: gcc.dg/guality/pr68860-1.c -O2 -flto -fno-use-linker-plugin -flto-partition=none line 16 arg2 == 2
FAIL: gcc.dg/guality/pr68860-1.c -O2 -flto -fno-use-linker-plugin -flto-partition=none line 16 arg3 == 3
FAIL: gcc.dg/guality/pr68860-1.c -O2 -flto -fno-use-linker-plugin -flto-partition=none line 16 arg4 == 4
FAIL: gcc.dg/guality/pr68860-1.c -O2 -flto -fno-use-linker-plugin -flto-partition=none line 16 arg5 == 5
FAIL: gcc.dg/guality/pr68860-1.c -O2 -flto -fno-use-linker-plugin -flto-partition=none line 16 arg6 == 6
FAIL: gcc.dg/guality/pr68860-1.c -O2 -flto -fuse-linker-plugin -fno-fat-lto-objects line 14 arg1 == 1
FAIL: gcc.dg/guality/pr68860-1.c -O2 -flto -fuse-linker-plugin -fno-fat-lto-objects line 14 arg2 == 2
FAIL: gcc.dg/guality/pr68860-1.c -O2 -flto -fuse-linker-plugin -fno-fat-lto-objects line 14 arg3 == 3
FAIL: gcc.dg/guality/pr68860-1.c -O2 -flto -fuse-linker-plugin -fno-fat-lto-objects line 14 arg4 == 4
FAIL: gcc.dg/guality/pr68860-1.c -O2 -flto -fuse-linker-plugin -fno-fat-lto-objects line 14 arg5 == 5
FAIL: gcc.dg/guality/pr68860-1.c -O2 -flto -fuse-linker-plugin -fno-fat-lto-objects line 14 arg6 == 6
FAIL: gcc.dg/guality/pr68860-1.c -O2 -flto -fuse-linker-plugin -fno-fat-lto-objects line 16 arg1 == 1
FAIL: gcc.dg/guality/pr68860-1.c -O2 -flto -fuse-linker-plugin -fno-fat-lto-objects line 16 arg2 == 2
FAIL: gcc.dg/guality/pr68860-1.c -O2 -flto -fuse-linker-plugin -fno-fat-lto-objects line 16 arg3 == 3
FAIL: gcc.dg/guality/pr68860-1.c -O2 -flto -fuse-linker-plugin -fno-fat-lto-objects line 16 arg4 == 4
FAIL: gcc.dg/guality/pr68860-1.c -O2 -flto -fuse-linker-plugin -fno-fat-lto-objects line 16 arg5 == 5
FAIL: gcc.dg/guality/pr68860-1.c -O2 -flto -fuse-linker-plugin -fno-fat-lto-objects line 16 arg6 == 6
FAIL: gcc.dg/guality/sra-1.c -O1 line 43 a.i == 4
FAIL: gcc.dg/guality/sra-1.c -O2 line 43 a.i == 4
FAIL: gcc.dg/guality/sra-1.c -O2 -flto -fno-use-linker-plugin -flto-partition=none line 43 a.i == 4
FAIL: gcc.dg/guality/sra-1.c -O2 -flto -fuse-linker-plugin -fno-fat-lto-objects line 43 a.i == 4
FAIL: gcc.dg/guality/sra-1.c -O3 -g line 43 a.i == 4
FAIL: gcc.dg/guality/sra-1.c -Os line 43 a.i == 4
FAIL: gcc.dg/guality/vla-1.c -O1 line 17 sizeof (a) == 6
FAIL: gcc.dg/guality/vla-1.c -O1 line 24 i == 5
FAIL: gcc.dg/guality/vla-1.c -O1 line 24 sizeof (a) == 17 * sizeof (short)
FAIL: gcc.dg/guality/vla-1.c -O2 line 17 sizeof (a) == 6
FAIL: gcc.dg/guality/vla-1.c -O2 line 24 sizeof (a) == 17 * sizeof (short)
FAIL: gcc.dg/guality/vla-1.c -O2 -flto -fno-use-linker-plugin -flto-partition=none line 17 sizeof (a) == 6
FAIL: gcc.dg/guality/vla-1.c -O2 -flto -fno-use-linker-plugin -flto-partition=none line 24 sizeof (a) == 17 * sizeof (short)
FAIL: gcc.dg/guality/vla-1.c -O2 -flto -fuse-linker-plugin -fno-fat-lto-objects line 17 sizeof (a) == 6
FAIL: gcc.dg/guality/vla-1.c -O2 -flto -fuse-linker-plugin -fno-fat-lto-objects line 24 sizeof (a) == 17 * sizeof (short)
FAIL: gcc.dg/guality/vla-1.c -O3 -g line 17 sizeof (a) == 6
FAIL: gcc.dg/guality/vla-1.c -O3 -g line 24 sizeof (a) == 17 * sizeof (short)
FAIL: gcc.dg/guality/vla-1.c -Os line 17 sizeof (a) == 6
FAIL: gcc.dg/guality/vla-1.c -Os line 24 sizeof (a) == 17 * sizeof (short)
FAIL: gcc.dg/ipa/iinline-attr.c scan-ipa-dump inline "hooray[^\\\\n]*inline copy in test"
FAIL: gcc.dg/torture/c99-contract-1.c -O1 execution test
FAIL: gcc.dg/torture/c99-contract-1.c -O2 execution test
FAIL: gcc.dg/torture/c99-contract-1.c -O2 -flto -fno-use-linker-plugin -flto-partition=none execution test
FAIL: gcc.dg/torture/c99-contract-1.c -O2 -flto -fuse-linker-plugin -fno-fat-lto-objects execution test
FAIL: gcc.dg/torture/c99-contract-1.c -O3 -g execution test
FAIL: gcc.dg/torture/c99-contract-1.c -Os execution test
FAIL: gcc.dg/tree-ssa/ssa-dom-cse-2.c scan-tree-dump optimized "return 28;"
FAIL: gcc.dg/vect/vect-strided-shift-1.c -mpaired-single scan-tree-dump-times vect "vectorized 1 loops in function" 1
FAIL: gcc.dg/vect/vect-strided-shift-1.c -flto -ffat-lto-objects -mpaired-single scan-tree-dump-times vect "vectorized 1 loops in function" 1
FAIL: gcc.target/mips/branch-cost-2.c -Os scan-assembler \\t(movz|movn)\\t
FAIL: gcc.target/mips/branch-cost-2.c -Os scan-assembler-not \\t(bne|beq)\\t
FAIL: gcc.target/mips/data-sym-pool.c -O0 scan-assembler \\tlw\\t\\\\\$[0-9]+,(.L([0-9]+))\\n.*\\t\\\\.type\\t(__pool_frob_\\\\2), @object\\n\\\\3:\\n\\t\\\\.align\\t2\\n\\\\1:\\n\\t\\\\.word\\t305419896\\n\\t\\\\.type\\t(__pend_frob_\\\\2), @function\\n\\\\4:\\n\\t\\\\.insn\\n
XPASS: gcc.target/mips/dspr2-MULT.c -O2 scan-assembler \\\\\$ac1
XPASS: gcc.target/mips/dspr2-MULT.c -O2 -flto -fno-use-linker-plugin -flto-partition=none scan-assembler \\\\\$ac1
XPASS: gcc.target/mips/dspr2-MULT.c -O2 -flto -fuse-linker-plugin -fno-fat-lto-objects scan-assembler \\\\\$ac1
XPASS: gcc.target/mips/dspr2-MULT.c -O3 -g scan-assembler \\\\\$ac1
XPASS: gcc.target/mips/dspr2-MULTU.c -O2 scan-assembler \\\\\$ac1
XPASS: gcc.target/mips/dspr2-MULTU.c -O2 -flto -fno-use-linker-plugin -flto-partition=none scan-assembler \\\\\$ac1
XPASS: gcc.target/mips/dspr2-MULTU.c -O2 -flto -fuse-linker-plugin -fno-fat-lto-objects scan-assembler \\\\\$ac1
XPASS: gcc.target/mips/dspr2-MULTU.c -O3 -g scan-assembler \\\\\$ac1
FAIL: gcc.target/mips/insn-pseudo-4.c -O0 scan-assembler \\tlw\\t(\\\\\$[0-9]+),(.L[0-9]+)\\n.*\\tbeqz\\t\\\\1,(.L[0-9]+)\\n.*\\n\\\\3:\\n\\t\\\\.insn\\n(?:.L[0-9]+ = \\\\.\\n)?\\t\\\\.type\\t__pool_unreachable_[0-9]+, @object\\n__pool_unreachable_[0-9]+:\\n\\t\\\\.align\\t2\\n\\\\2:\\n\\t\\\\.word\\t305419896\\n
FAIL: gcc.target/mips/madd-7.c -O2 scan-assembler \\tmadd\\t
FAIL: gcc.target/mips/madd-7.c -O2 scan-assembler-not \\tmul\\t
FAIL: gcc.target/mips/madd-7.c -O2 -flto -fno-use-linker-plugin -flto-partition=none scan-assembler \\tmadd\\t
FAIL: gcc.target/mips/madd-7.c -O2 -flto -fno-use-linker-plugin -flto-partition=none scan-assembler-not \\tmul\\t
FAIL: gcc.target/mips/madd-7.c -O2 -flto -fuse-linker-plugin -fno-fat-lto-objects scan-assembler \\tmadd\\t
FAIL: gcc.target/mips/madd-7.c -O2 -flto -fuse-linker-plugin -fno-fat-lto-objects scan-assembler-not \\tmul\\t
FAIL: gcc.target/mips/madd-7.c -O3 -g scan-assembler \\tmadd\\t
FAIL: gcc.target/mips/madd-7.c -O3 -g scan-assembler-not \\tmul\\t
FAIL: gcc.target/mips/mips-3d-1.c -O0 (test for excess errors)
FAIL: gcc.target/mips/mips-3d-1.c -O1 (test for excess errors)
FAIL: gcc.target/mips/mips-3d-1.c -O2 (test for excess errors)
FAIL: gcc.target/mips/mips-3d-1.c -O2 -flto -fno-use-linker-plugin -flto-partition=none (test for excess errors)
FAIL: gcc.target/mips/mips-3d-1.c -O2 -flto -fuse-linker-plugin -fno-fat-lto-objects (test for excess errors)
FAIL: gcc.target/mips/mips-3d-1.c -O3 -fomit-frame-pointer -funroll-loops -fpeel-loops -ftracer -finline-functions (test for excess errors)
FAIL: gcc.target/mips/mips-3d-1.c -O3 -g (test for excess errors)
FAIL: gcc.target/mips/mips-3d-1.c -Os (test for excess errors)
FAIL: gcc.target/mips/mips-3d-2.c -O0 (test for excess errors)
FAIL: gcc.target/mips/mips-3d-2.c -O1 (test for excess errors)
FAIL: gcc.target/mips/mips-3d-2.c -O2 (test for excess errors)
FAIL: gcc.target/mips/mips-3d-2.c -O2 -flto -fno-use-linker-plugin -flto-partition=none (test for excess errors)
FAIL: gcc.target/mips/mips-3d-2.c -O2 -flto -fuse-linker-plugin -fno-fat-lto-objects (test for excess errors)
FAIL: gcc.target/mips/mips-3d-2.c -O3 -fomit-frame-pointer -funroll-loops -fpeel-loops -ftracer -finline-functions (test for excess errors)
FAIL: gcc.target/mips/mips-3d-2.c -O3 -g (test for excess errors)
FAIL: gcc.target/mips/mips-3d-2.c -Os (test for excess errors)
FAIL: gcc.target/mips/mips-3d-3.c -O0 (test for excess errors)
FAIL: gcc.target/mips/mips-3d-3.c -O1 (test for excess errors)
FAIL: gcc.target/mips/mips-3d-3.c -O2 (test for excess errors)
FAIL: gcc.target/mips/mips-3d-3.c -O2 -flto -fno-use-linker-plugin -flto-partition=none (test for excess errors)
FAIL: gcc.target/mips/mips-3d-3.c -O2 -flto -fuse-linker-plugin -fno-fat-lto-objects (test for excess errors)
FAIL: gcc.target/mips/mips-3d-3.c -O3 -fomit-frame-pointer -funroll-loops -fpeel-loops -ftracer -finline-functions (test for excess errors)
FAIL: gcc.target/mips/mips-3d-3.c -O3 -g (test for excess errors)
FAIL: gcc.target/mips/mips-3d-3.c -Os (test for excess errors)
FAIL: gcc.target/mips/mips-3d-4.c -O0 (test for excess errors)
FAIL: gcc.target/mips/mips-3d-4.c -O1 (test for excess errors)
FAIL: gcc.target/mips/mips-3d-4.c -O2 (test for excess errors)
FAIL: gcc.target/mips/mips-3d-4.c -O2 -flto -fno-use-linker-plugin -flto-partition=none (test for excess errors)
FAIL: gcc.target/mips/mips-3d-4.c -O2 -flto -fuse-linker-plugin -fno-fat-lto-objects (test for excess errors)
FAIL: gcc.target/mips/mips-3d-4.c -O3 -fomit-frame-pointer -funroll-loops -fpeel-loops -ftracer -finline-functions (test for excess errors)
FAIL: gcc.target/mips/mips-3d-4.c -O3 -g (test for excess errors)
FAIL: gcc.target/mips/mips-3d-4.c -Os (test for excess errors)
FAIL: gcc.target/mips/mips-3d-5.c -O0 (test for excess errors)
FAIL: gcc.target/mips/mips-3d-5.c -O1 (test for excess errors)
FAIL: gcc.target/mips/mips-3d-5.c -O2 (test for excess errors)
FAIL: gcc.target/mips/mips-3d-5.c -O2 -flto -fno-use-linker-plugin -flto-partition=none (test for excess errors)
FAIL: gcc.target/mips/mips-3d-5.c -O2 -flto -fuse-linker-plugin -fno-fat-lto-objects (test for excess errors)
FAIL: gcc.target/mips/mips-3d-5.c -O3 -fomit-frame-pointer -funroll-loops -fpeel-loops -ftracer -finline-functions (test for excess errors)
FAIL: gcc.target/mips/mips-3d-5.c -O3 -g (test for excess errors)
FAIL: gcc.target/mips/mips-3d-5.c -Os (test for excess errors)
FAIL: gcc.target/mips/mips-3d-6.c -O0 (test for excess errors)
FAIL: gcc.target/mips/mips-3d-6.c -O1 (test for excess errors)
FAIL: gcc.target/mips/mips-3d-6.c -O2 (test for excess errors)
FAIL: gcc.target/mips/mips-3d-6.c -O2 -flto -fno-use-linker-plugin -flto-partition=none (test for excess errors)
FAIL: gcc.target/mips/mips-3d-6.c -O2 -flto -fuse-linker-plugin -fno-fat-lto-objects (test for excess errors)
FAIL: gcc.target/mips/mips-3d-6.c -O3 -fomit-frame-pointer -funroll-loops -fpeel-loops -ftracer -finline-functions (test for excess errors)
FAIL: gcc.target/mips/mips-3d-6.c -O3 -g (test for excess errors)
FAIL: gcc.target/mips/mips-3d-6.c -Os (test for excess errors)
FAIL: gcc.target/mips/mips-3d-7.c -O0 (test for excess errors)
FAIL: gcc.target/mips/mips-3d-7.c -O1 (test for excess errors)
FAIL: gcc.target/mips/mips-3d-7.c -O2 (test for excess errors)
FAIL: gcc.target/mips/mips-3d-7.c -O2 -flto -fno-use-linker-plugin -flto-partition=none (test for excess errors)
FAIL: gcc.target/mips/mips-3d-7.c -O2 -flto -fuse-linker-plugin -fno-fat-lto-objects (test for excess errors)
FAIL: gcc.target/mips/mips-3d-7.c -O3 -fomit-frame-pointer -funroll-loops -fpeel-loops -ftracer -finline-functions (test for excess errors)
FAIL: gcc.target/mips/mips-3d-7.c -O3 -g (test for excess errors)
FAIL: gcc.target/mips/mips-3d-7.c -Os (test for excess errors)
FAIL: gcc.target/mips/mips-3d-8.c -O0 (test for excess errors)
FAIL: gcc.target/mips/mips-3d-8.c -O1 (test for excess errors)
FAIL: gcc.target/mips/mips-3d-8.c -O2 (test for excess errors)
FAIL: gcc.target/mips/mips-3d-8.c -O2 -flto -fno-use-linker-plugin -flto-partition=none (test for excess errors)
FAIL: gcc.target/mips/mips-3d-8.c -O2 -flto -fuse-linker-plugin -fno-fat-lto-objects (test for excess errors)
FAIL: gcc.target/mips/mips-3d-8.c -O3 -fomit-frame-pointer -funroll-loops -fpeel-loops -ftracer -finline-functions (test for excess errors)
FAIL: gcc.target/mips/mips-3d-8.c -O3 -g (test for excess errors)
FAIL: gcc.target/mips/mips-3d-8.c -Os (test for excess errors)
FAIL: gcc.target/mips/mips-3d-9.c -O0 (test for excess errors)
FAIL: gcc.target/mips/mips-3d-9.c -O1 (test for excess errors)
FAIL: gcc.target/mips/mips-3d-9.c -O2 (test for excess errors)
FAIL: gcc.target/mips/mips-3d-9.c -O2 -flto -fno-use-linker-plugin -flto-partition=none (test for excess errors)
FAIL: gcc.target/mips/mips-3d-9.c -O2 -flto -fuse-linker-plugin -fno-fat-lto-objects (test for excess errors)
FAIL: gcc.target/mips/mips-3d-9.c -O3 -fomit-frame-pointer -funroll-loops -fpeel-loops -ftracer -finline-functions (test for excess errors)
FAIL: gcc.target/mips/mips-3d-9.c -O3 -g (test for excess errors)
FAIL: gcc.target/mips/mips-3d-9.c -Os (test for excess errors)
FAIL: gcc.target/mips/mips-ps-1.c -O0 (test for excess errors)
UNRESOLVED: gcc.target/mips/mips-ps-1.c -O0 compilation failed to produce executable
FAIL: gcc.target/mips/mips-ps-1.c -O1 (test for excess errors)
UNRESOLVED: gcc.target/mips/mips-ps-1.c -O1 compilation failed to produce executable
FAIL: gcc.target/mips/mips-ps-1.c -O2 (test for excess errors)
UNRESOLVED: gcc.target/mips/mips-ps-1.c -O2 compilation failed to produce executable
FAIL: gcc.target/mips/mips-ps-1.c -O2 -flto -fno-use-linker-plugin -flto-partition=none (test for excess errors)
UNRESOLVED: gcc.target/mips/mips-ps-1.c -O2 -flto -fno-use-linker-plugin -flto-partition=none compilation failed to produce executable
FAIL: gcc.target/mips/mips-ps-1.c -O2 -flto -fuse-linker-plugin -fno-fat-lto-objects (test for excess errors)
UNRESOLVED: gcc.target/mips/mips-ps-1.c -O2 -flto -fuse-linker-plugin -fno-fat-lto-objects compilation failed to produce executable
FAIL: gcc.target/mips/mips-ps-1.c -O3 -fomit-frame-pointer -funroll-loops -fpeel-loops -ftracer -finline-functions (test for excess errors)
UNRESOLVED: gcc.target/mips/mips-ps-1.c -O3 -fomit-frame-pointer -funroll-loops -fpeel-loops -ftracer -finline-functions compilation failed to produce executable
FAIL: gcc.target/mips/mips-ps-1.c -O3 -g (test for excess errors)
UNRESOLVED: gcc.target/mips/mips-ps-1.c -O3 -g compilation failed to produce executable
FAIL: gcc.target/mips/mips-ps-1.c -Os (test for excess errors)
UNRESOLVED: gcc.target/mips/mips-ps-1.c -Os compilation failed to produce executable
FAIL: gcc.target/mips/mips-ps-2.c -O0 (test for excess errors)
UNRESOLVED: gcc.target/mips/mips-ps-2.c -O0 compilation failed to produce executable
FAIL: gcc.target/mips/mips-ps-2.c -O1 (test for excess errors)
UNRESOLVED: gcc.target/mips/mips-ps-2.c -O1 compilation failed to produce executable
FAIL: gcc.target/mips/mips-ps-2.c -O2 (test for excess errors)
UNRESOLVED: gcc.target/mips/mips-ps-2.c -O2 compilation failed to produce executable
FAIL: gcc.target/mips/mips-ps-2.c -O2 -flto -fno-use-linker-plugin -flto-partition=none (test for excess errors)
UNRESOLVED: gcc.target/mips/mips-ps-2.c -O2 -flto -fno-use-linker-plugin -flto-partition=none compilation failed to produce executable
FAIL: gcc.target/mips/mips-ps-2.c -O2 -flto -fuse-linker-plugin -fno-fat-lto-objects (test for excess errors)
UNRESOLVED: gcc.target/mips/mips-ps-2.c -O2 -flto -fuse-linker-plugin -fno-fat-lto-objects compilation failed to produce executable
FAIL: gcc.target/mips/mips-ps-2.c -O3 -fomit-frame-pointer -funroll-loops -fpeel-loops -ftracer -finline-functions (test for excess errors)
UNRESOLVED: gcc.target/mips/mips-ps-2.c -O3 -fomit-frame-pointer -funroll-loops -fpeel-loops -ftracer -finline-functions compilation failed to produce executable
FAIL: gcc.target/mips/mips-ps-2.c -O3 -g (test for excess errors)
UNRESOLVED: gcc.target/mips/mips-ps-2.c -O3 -g compilation failed to produce executable
FAIL: gcc.target/mips/mips-ps-2.c -Os (test for excess errors)
UNRESOLVED: gcc.target/mips/mips-ps-2.c -Os compilation failed to produce executable
FAIL: gcc.target/mips/mips-ps-3.c -O0 (test for excess errors)
UNRESOLVED: gcc.target/mips/mips-ps-3.c -O0 compilation failed to produce executable
FAIL: gcc.target/mips/mips-ps-3.c -O1 (test for excess errors)
UNRESOLVED: gcc.target/mips/mips-ps-3.c -O1 compilation failed to produce executable
FAIL: gcc.target/mips/mips-ps-3.c -O2 (test for excess errors)
UNRESOLVED: gcc.target/mips/mips-ps-3.c -O2 compilation failed to produce executable
FAIL: gcc.target/mips/mips-ps-3.c -O2 -flto -fno-use-linker-plugin -flto-partition=none (test for excess errors)
UNRESOLVED: gcc.target/mips/mips-ps-3.c -O2 -flto -fno-use-linker-plugin -flto-partition=none compilation failed to produce executable
FAIL: gcc.target/mips/mips-ps-3.c -O2 -flto -fuse-linker-plugin -fno-fat-lto-objects (test for excess errors)
UNRESOLVED: gcc.target/mips/mips-ps-3.c -O2 -flto -fuse-linker-plugin -fno-fat-lto-objects compilation failed to produce executable
FAIL: gcc.target/mips/mips-ps-3.c -O3 -fomit-frame-pointer -funroll-loops -fpeel-loops -ftracer -finline-functions (test for excess errors)
UNRESOLVED: gcc.target/mips/mips-ps-3.c -O3 -fomit-frame-pointer -funroll-loops -fpeel-loops -ftracer -finline-functions compilation failed to produce executable
FAIL: gcc.target/mips/mips-ps-3.c -O3 -g (test for excess errors)
UNRESOLVED: gcc.target/mips/mips-ps-3.c -O3 -g compilation failed to produce executable
FAIL: gcc.target/mips/mips-ps-3.c -Os (test for excess errors)
UNRESOLVED: gcc.target/mips/mips-ps-3.c -Os compilation failed to produce executable
FAIL: gcc.target/mips/mips-ps-4.c -O0 (test for excess errors)
UNRESOLVED: gcc.target/mips/mips-ps-4.c -O0 compilation failed to produce executable
FAIL: gcc.target/mips/mips-ps-4.c -O1 (test for excess errors)
UNRESOLVED: gcc.target/mips/mips-ps-4.c -O1 compilation failed to produce executable
FAIL: gcc.target/mips/mips-ps-4.c -O2 (test for excess errors)
UNRESOLVED: gcc.target/mips/mips-ps-4.c -O2 compilation failed to produce executable
FAIL: gcc.target/mips/mips-ps-4.c -O2 -flto -fno-use-linker-plugin -flto-partition=none (test for excess errors)
UNRESOLVED: gcc.target/mips/mips-ps-4.c -O2 -flto -fno-use-linker-plugin -flto-partition=none compilation failed to produce executable
FAIL: gcc.target/mips/mips-ps-4.c -O2 -flto -fuse-linker-plugin -fno-fat-lto-objects (test for excess errors)
UNRESOLVED: gcc.target/mips/mips-ps-4.c -O2 -flto -fuse-linker-plugin -fno-fat-lto-objects compilation failed to produce executable
FAIL: gcc.target/mips/mips-ps-4.c -O3 -fomit-frame-pointer -funroll-loops -fpeel-loops -ftracer -finline-functions (test for excess errors)
UNRESOLVED: gcc.target/mips/mips-ps-4.c -O3 -fomit-frame-pointer -funroll-loops -fpeel-loops -ftracer -finline-functions compilation failed to produce executable
FAIL: gcc.target/mips/mips-ps-4.c -O3 -g (test for excess errors)
UNRESOLVED: gcc.target/mips/mips-ps-4.c -O3 -g compilation failed to produce executable
FAIL: gcc.target/mips/mips-ps-4.c -Os (test for excess errors)
UNRESOLVED: gcc.target/mips/mips-ps-4.c -Os compilation failed to produce executable
FAIL: gcc.target/mips/mips-ps-6.c -O0 (test for excess errors)
UNRESOLVED: gcc.target/mips/mips-ps-6.c -O0 compilation failed to produce executable
FAIL: gcc.target/mips/mips-ps-6.c -O1 (test for excess errors)
UNRESOLVED: gcc.target/mips/mips-ps-6.c -O1 compilation failed to produce executable
FAIL: gcc.target/mips/mips-ps-6.c -O2 (test for excess errors)
UNRESOLVED: gcc.target/mips/mips-ps-6.c -O2 compilation failed to produce executable
FAIL: gcc.target/mips/mips-ps-6.c -O2 -flto -fno-use-linker-plugin -flto-partition=none (test for excess errors)
UNRESOLVED: gcc.target/mips/mips-ps-6.c -O2 -flto -fno-use-linker-plugin -flto-partition=none compilation failed to produce executable
FAIL: gcc.target/mips/mips-ps-6.c -O2 -flto -fuse-linker-plugin -fno-fat-lto-objects (test for excess errors)
UNRESOLVED: gcc.target/mips/mips-ps-6.c -O2 -flto -fuse-linker-plugin -fno-fat-lto-objects compilation failed to produce executable
FAIL: gcc.target/mips/mips-ps-6.c -O3 -fomit-frame-pointer -funroll-loops -fpeel-loops -ftracer -finline-functions (test for excess errors)
UNRESOLVED: gcc.target/mips/mips-ps-6.c -O3 -fomit-frame-pointer -funroll-loops -fpeel-loops -ftracer -finline-functions compilation failed to produce executable
FAIL: gcc.target/mips/mips-ps-6.c -O3 -g (test for excess errors)
UNRESOLVED: gcc.target/mips/mips-ps-6.c -O3 -g compilation failed to produce executable
FAIL: gcc.target/mips/mips-ps-6.c -Os (test for excess errors)
UNRESOLVED: gcc.target/mips/mips-ps-6.c -Os compilation failed to produce executable
FAIL: gcc.target/mips/mips32-dsp-run.c -O0 execution test
FAIL: gcc.target/mips/mips32-dsp-run.c -O1 execution test
FAIL: gcc.target/mips/mips32-dsp-run.c -O2 execution test
FAIL: gcc.target/mips/mips32-dsp-run.c -O2 -flto -fno-use-linker-plugin -flto-partition=none execution test
FAIL: gcc.target/mips/mips32-dsp-run.c -O2 -flto -fuse-linker-plugin -fno-fat-lto-objects execution test
FAIL: gcc.target/mips/mips32-dsp-run.c -O3 -fomit-frame-pointer -funroll-loops -fpeel-loops -ftracer -finline-functions execution test
FAIL: gcc.target/mips/mips32-dsp-run.c -O3 -g execution test
FAIL: gcc.target/mips/mips32-dsp-run.c -Os execution test
FAIL: gcc.target/mips/msub-7.c -O2 scan-assembler \\tmsub\\t
FAIL: gcc.target/mips/msub-7.c -O2 scan-assembler-not \\tmul\\t
FAIL: gcc.target/mips/msub-7.c -O2 -flto -fno-use-linker-plugin -flto-partition=none scan-assembler \\tmsub\\t
FAIL: gcc.target/mips/msub-7.c -O2 -flto -fno-use-linker-plugin -flto-partition=none scan-assembler-not \\tmul\\t
FAIL: gcc.target/mips/msub-7.c -O2 -flto -fuse-linker-plugin -fno-fat-lto-objects scan-assembler \\tmsub\\t
FAIL: gcc.target/mips/msub-7.c -O2 -flto -fuse-linker-plugin -fno-fat-lto-objects scan-assembler-not \\tmul\\t
FAIL: gcc.target/mips/msub-7.c -O3 -g scan-assembler \\tmsub\\t
FAIL: gcc.target/mips/msub-7.c -O3 -g scan-assembler-not \\tmul\\t
FAIL: gcc.target/mips/save-restore-3.c -O0 scan-assembler \\tsave\\t\\\\\$4-\\\\\$6,
=== gcc Summary ===
# of expected passes 118163
# of unexpected failures 300
# of unexpected successes 21
# of expected failures 256
# of unresolved testcases 41
# of unsupported tests 3644
/home/xuchenghua/GCC/test/gcc-r246229_obj/gcc/xgcc version 7.0.1 20170317 (experimental) (gcc trunk r246229 mips64el o32 n32 n64)
=== gfortran tests ===
Running target unix
FAIL: gfortran.dg/bind_c_array_params_2.f90 -O scan-assembler-times [ \\t][\$,_0-9]*myBindC 1
FAIL: gfortran.dg/coarray_lib_this_image_1.f90 -O scan-tree-dump-times original "myucobound =[^\\n\\r]* parm...dim\\\\[1\\\\].lbound \\\\+ [^\\n\\r]*_gfortran_caf_num_images \\\\(0, -1\\\\).? \\\\+ -?[0-9]+\\\\);" 1
FAIL: gfortran.dg/coarray_lib_this_image_2.f90 -O scan-tree-dump-times original "myucobound =[^\\n\\r]* parm...dim\\\\[1\\\\].lbound \\\\+ [^\\n\\r]*_gfortran_caf_num_images \\\\(0, -1\\\\).? \\\\+ -?[0-9]+\\\\);" 1
=== gfortran Summary ===
# of expected passes 44677
# of unexpected failures 3
# of expected failures 78
# of unsupported tests 106
/home/xuchenghua/GCC/test/gcc-r246229_obj/gcc/testsuite/gfortran/../../gfortran version 7.0.1 20170317 (experimental) (gcc trunk r246229 mips64el o32 n32 n64)
=== g++ tests ===
Running target unix
FAIL: g++.dg/ext/attr-ifunc-1.C -std=gnu++11 execution test
FAIL: g++.dg/ext/attr-ifunc-1.C -std=gnu++14 execution test
FAIL: g++.dg/ext/attr-ifunc-1.C -std=gnu++98 execution test
FAIL: g++.dg/ext/attr-ifunc-2.C -std=gnu++11 execution test
FAIL: g++.dg/ext/attr-ifunc-2.C -std=gnu++14 execution test
FAIL: g++.dg/ext/attr-ifunc-2.C -std=gnu++98 execution test
FAIL: g++.dg/ext/attr-ifunc-3.C -std=gnu++11 (test for excess errors)
UNRESOLVED: g++.dg/ext/attr-ifunc-3.C -std=gnu++11 compilation failed to produce executable
FAIL: g++.dg/ext/attr-ifunc-3.C -std=gnu++14 (test for excess errors)
UNRESOLVED: g++.dg/ext/attr-ifunc-3.C -std=gnu++14 compilation failed to produce executable
FAIL: g++.dg/ext/attr-ifunc-3.C -std=gnu++98 (test for excess errors)
UNRESOLVED: g++.dg/ext/attr-ifunc-3.C -std=gnu++98 compilation failed to produce executable
FAIL: g++.dg/ext/attr-ifunc-4.C -std=gnu++11 (test for excess errors)
UNRESOLVED: g++.dg/ext/attr-ifunc-4.C -std=gnu++11 compilation failed to produce executable
FAIL: g++.dg/ext/attr-ifunc-4.C -std=gnu++14 (test for excess errors)
UNRESOLVED: g++.dg/ext/attr-ifunc-4.C -std=gnu++14 compilation failed to produce executable
FAIL: g++.dg/ext/attr-ifunc-4.C -std=gnu++98 (test for excess errors)
UNRESOLVED: g++.dg/ext/attr-ifunc-4.C -std=gnu++98 compilation failed to produce executable
FAIL: g++.dg/tree-prof/pr57451.C compilation, -fprofile-use -D_PROFILE_USE (internal compiler error)
UNRESOLVED: g++.dg/tree-prof/pr57451.C execution, -fprofile-use -D_PROFILE_USE
=== g++ Summary ===
# of expected passes 102632
# of unexpected failures 13
# of expected failures 373
# of unresolved testcases 7
# of unsupported tests 4422
/home/xuchenghua/GCC/test/gcc-r246229_obj/gcc/testsuite/g++/../../xg++ version 7.0.1 20170317 (experimental) (gcc trunk r246229 mips64el o32 n32 n64)
=== libatomic tests ===
Running target unix
=== libatomic Summary ===
# of expected passes 54
=== libgomp tests ===
Running target unix
=== libgomp Summary ===
# of expected passes 5010
# of unsupported tests 380
=== libstdc++ tests ===
Running target unix
FAIL: libstdc++-abi/abi_check
FAIL: experimental/filesystem/operations/last_write_time.cc execution test
FAIL: ext/special_functions/hyperg/check_value.cc execution test
FAIL: special_functions/02_assoc_legendre/check_value.cc execution test
=== libstdc++ Summary ===
# of expected passes 11799
# of unexpected failures 4
# of expected failures 66
# of unsupported tests 279
Compiler version: 7.0.1 20170317 (experimental) (gcc trunk r246229 mips64el o32 n32 n64)
Platform: mips64el-unknown-linux-gnu
configure flags: --prefix=/home/xuchenghua/toolchain/gcc-trunk-r246229 --enable-bootstrap --enable-shared --enable-threads=posix --enable-checking=release --enable-multilib--with-system-zlib --enable-__cxa_atexit --disable-libunwind-exceptions --enable-gnu-unique-object --enable-linker-build-id --enable-languages=c,c++,fortran --enable-plugin --enable-initfini-array --disable-libgcj --with-arch=mips64r2 --with-abi=64 --with-multilib-list=32,n32,64 --enable-gnu-indirect-function --with-long-double-128 --build=mips64el-unknown-linux --target=mips64el-unknown-linux --with-pkgversion='gcc trunk r246229 mips64el o32 n32 n64' --disable-werror