This is the mail archive of the
gcc-testresults@gcc.gnu.org
mailing list for the GCC project.
Results for 5.4.1 20170224 [gcc-5-branch revision 245693] (GCC) testsuite on i386-pc-solaris2.12
- From: Rainer Orth <ro at CeBiTec dot Uni-Bielefeld dot DE>
- To: gcc-testresults at gcc dot gnu dot org
- Date: Sat, 25 Feb 2017 15:37:41 +0100 (MET)
- Subject: Results for 5.4.1 20170224 [gcc-5-branch revision 245693] (GCC) testsuite on i386-pc-solaris2.12
- Authentication-results: sourceware.org; auth=none
LAST_UPDATED: Fri Feb 24 10:37:05 UTC 2017 (revision 245693)
=== acats tests ===
=== acats Summary ===
# of expected passes 2320
# of unexpected failures 0
Native configuration is i386-pc-solaris2.12
=== g++ tests ===
Running target unix
=== g++ Summary for unix ===
# of expected passes 85717
# of expected failures 288
# of unsupported tests 3441
Running target unix/-m64
=== g++ Summary for unix/-m64 ===
# of expected passes 87038
# of expected failures 288
# of unsupported tests 3712
=== g++ Summary ===
# of expected passes 172755
# of expected failures 576
# of unsupported tests 7153
/var/gcc/regression/gcc-5-branch/12-gcc-gas/build/gcc/testsuite/g++/../../xg++ version 5.4.1 20170224 [gcc-5-branch revision 245693] (GCC)
=== gcc tests ===
Running target unix
=== gcc Summary for unix ===
# of expected passes 110120
# of expected failures 282
# of unsupported tests 1561
Running target unix/-m64
=== gcc Summary for unix/-m64 ===
# of expected passes 111178
# of expected failures 281
# of unsupported tests 1712
=== gcc Summary ===
# of expected passes 221298
# of expected failures 563
# of unsupported tests 3273
/var/gcc/regression/gcc-5-branch/12-gcc-gas/build/gcc/xgcc version 5.4.1 20170224 [gcc-5-branch revision 245693] (GCC)
=== gfortran tests ===
Running target unix
FAIL: gfortran.dg/coarray/event_2.f90 -fcoarray=lib -O2 -lcaf_single -latomic execution test
FAIL: gfortran.dg/derived_constructor_comps_6.f90 -O0 execution test
FAIL: gfortran.dg/derived_constructor_comps_6.f90 -O1 execution test
=== gfortran Summary for unix ===
# of expected passes 49712
# of unexpected failures 3
# of expected failures 80
# of unsupported tests 218
Running target unix/-m64
=== gfortran Summary for unix/-m64 ===
# of expected passes 50002
# of expected failures 80
# of unsupported tests 80
=== gfortran Summary ===
# of expected passes 99714
# of unexpected failures 3
# of expected failures 160
# of unsupported tests 298
/var/gcc/regression/gcc-5-branch/12-gcc-gas/build/gcc/testsuite/gfortran/../../gfortran version 5.4.1 20170224 [gcc-5-branch revision 245693] (GCC)
=== gnat tests ===
Running target unix
=== gnat Summary for unix ===
# of expected passes 1339
# of expected failures 20
# of unsupported tests 7
Running target unix/-m64
=== gnat Summary for unix/-m64 ===
# of expected passes 1339
# of expected failures 20
# of unsupported tests 7
=== gnat Summary ===
# of expected passes 2678
# of expected failures 40
# of unsupported tests 14
/var/gcc/regression/gcc-5-branch/12-gcc-gas/build/gcc/gnatmake version 5.4.1 20170224 [gcc-5-branch revision 245693]
=== go tests ===
Running target unix
=== go Summary for unix ===
# of expected passes 7363
# of expected failures 1
# of untested testcases 10
# of unsupported tests 2
Running target unix/-m64
=== go Summary for unix/-m64 ===
# of expected passes 7244
# of expected failures 1
# of untested testcases 10
# of unsupported tests 1
=== go Summary ===
# of expected passes 14607
# of expected failures 2
# of untested testcases 20
# of unsupported tests 3
=== obj-c++ tests ===
Running target unix
=== obj-c++ Summary for unix ===
# of expected passes 1453
# of expected failures 2
# of unsupported tests 86
Running target unix/-m64
=== obj-c++ Summary for unix/-m64 ===
# of expected passes 1445
# of expected failures 10
# of unsupported tests 86
=== obj-c++ Summary ===
# of expected passes 2898
# of expected failures 12
# of unsupported tests 172
/var/gcc/regression/gcc-5-branch/12-gcc-gas/build/gcc/testsuite/obj-c++/../../xg++ version 5.4.1 20170224 [gcc-5-branch revision 245693] (GCC)
=== objc tests ===
Running target unix
=== objc Summary for unix ===
# of expected passes 3010
# of expected failures 6
# of unsupported tests 74
Running target unix/-m64
=== objc Summary for unix/-m64 ===
# of expected passes 3010
# of expected failures 6
# of unsupported tests 74
=== objc Summary ===
# of expected passes 6020
# of expected failures 12
# of unsupported tests 148
/var/gcc/regression/gcc-5-branch/12-gcc-gas/build/gcc/xgcc version 5.4.1 20170224 [gcc-5-branch revision 245693] (GCC)
=== boehm-gc tests ===
Running target unix
=== boehm-gc Summary for unix ===
# of expected passes 12
# of unsupported tests 1
Running target unix/-m64
=== boehm-gc Summary for unix/-m64 ===
# of expected passes 12
# of unsupported tests 1
=== boehm-gc Summary ===
# of expected passes 24
# of unsupported tests 2
=== libatomic tests ===
Running target unix
=== libatomic Summary for unix ===
# of expected passes 44
# of unsupported tests 5
Running target unix/-m64
=== libatomic Summary for unix/-m64 ===
# of expected passes 54
=== libatomic Summary ===
# of expected passes 98
# of unsupported tests 5
=== libffi tests ===
Running target unix
=== libffi Summary for unix ===
# of expected passes 2799
Running target unix/-m64
=== libffi Summary for unix/-m64 ===
# of expected passes 2214
=== libffi Summary ===
# of expected passes 5013
=== libgo tests ===
Running target unix
=== libgo Summary for unix ===
# of expected passes 124
Running target unix/-m64
FAIL: runtime
=== libgo Summary for unix/-m64 ===
# of expected passes 123
# of unexpected failures 1
=== libgo Summary ===
# of expected passes 247
# of unexpected failures 1
/var/gcc/regression/gcc-5-branch/12-gcc-gas/build/./gcc/gccgo version 5.4.1 20170224 [gcc-5-branch revision 245693] (GCC)
=== libgomp tests ===
Running target unix
=== libgomp Summary for unix ===
# of expected passes 5937
# of unsupported tests 265
Running target unix/-m64
=== libgomp Summary for unix/-m64 ===
# of expected passes 5937
# of unsupported tests 265
=== libgomp Summary ===
# of expected passes 11874
# of unsupported tests 530
=== libitm tests ===
Running target unix
=== libitm Summary for unix ===
# of expected passes 26
# of expected failures 3
# of unsupported tests 1
Running target unix/-m64
=== libitm Summary for unix/-m64 ===
# of expected passes 26
# of expected failures 3
# of unsupported tests 1
=== libitm Summary ===
# of expected passes 52
# of expected failures 6
# of unsupported tests 2
=== libjava tests ===
Running target unix
=== libjava Summary for unix ===
# of expected passes 2582
# of expected failures 4
Running target unix/-m64
=== libjava Summary for unix/-m64 ===
# of expected passes 2582
# of expected failures 4
=== libjava Summary ===
# of expected passes 5164
# of expected failures 8
=== libstdc++ tests ===
Running target unix
FAIL: 17_intro/headers/c++200x/operator_names.cc (test for excess errors)
FAIL: tr1/8_c_compatibility/cmath/51083.cc (test for excess errors)
WARNING: tr1/8_c_compatibility/cmath/51083.cc compilation failed to produce executable
FAIL: tr1/headers/c++200x/complex.cc (test for excess errors)
=== libstdc++ Summary for unix ===
# of expected passes 9620
# of unexpected failures 3
# of expected failures 66
# of unsupported tests 604
Running target unix/-m64
FAIL: 17_intro/headers/c++200x/operator_names.cc (test for excess errors)
FAIL: tr1/8_c_compatibility/cmath/51083.cc (test for excess errors)
WARNING: tr1/8_c_compatibility/cmath/51083.cc compilation failed to produce executable
FAIL: tr1/headers/c++200x/complex.cc (test for excess errors)
=== libstdc++ Summary for unix/-m64 ===
# of expected passes 9620
# of unexpected failures 3
# of expected failures 66
# of unsupported tests 604
=== libstdc++ Summary ===
# of expected passes 19240
# of unexpected failures 6
# of expected failures 132
# of unsupported tests 1208
Compiler version: 5.4.1 20170224 [gcc-5-branch revision 245693] (GCC)
Platform: i386-pc-solaris2.12
configure flags: --prefix=/vol/gcc --target=i386-pc-solaris2.12 --enable-objc-gc --with-as=/vol/gcc/bin/gas-2.27 --with-gnu-as --with-gmp-include=/vol/gcc/include --with-gmp-lib=/vol/gcc/lib --with-mpfr-include=/vol/gcc/include --with-mpfr-lib=/vol/gcc/lib --with-mpc-include=/vol/gcc/include --with-mpc-lib=/vol/gcc/lib --enable-languages=all,ada,obj-c++,go --with-isl-include=/vol/gcc/include --with-isl-lib=/vol/gcc/lib --build=i386-pc-solaris2.12 --host=i386-pc-solaris2.12
BOOT_CFLAGS=-g -O2