This is the mail archive of the
gcc-testresults@gcc.gnu.org
mailing list for the GCC project.
Results for 5.4.1 20170217 [gcc-5-branch revision 245522] (GCC) testsuite on sparc-sun-solaris2.12
- From: Rainer Orth <ro at CeBiTec dot Uni-Bielefeld dot DE>
- To: gcc-testresults at gcc dot gnu dot org
- Date: Sat, 18 Feb 2017 10:46:01 +0100 (MET)
- Subject: Results for 5.4.1 20170217 [gcc-5-branch revision 245522] (GCC) testsuite on sparc-sun-solaris2.12
- Authentication-results: sourceware.org; auth=none
LAST_UPDATED: Fri Feb 17 09:04:37 UTC 2017 (revision 245522)
=== acats tests ===
=== acats Summary ===
# of expected passes 2320
# of unexpected failures 0
Native configuration is sparc-sun-solaris2.12
=== g++ tests ===
Running target unix
=== g++ Summary for unix ===
# of expected passes 82417
# of expected failures 291
# of unsupported tests 3902
Running target unix/-m64
=== g++ Summary for unix/-m64 ===
# of expected passes 84289
# of expected failures 291
# of unsupported tests 3879
=== g++ Summary ===
# of expected passes 166706
# of expected failures 582
# of unsupported tests 7781
/var/gcc/regression/gcc-5-branch/12-gcc/build/gcc/testsuite/g++/../../xg++ version 5.4.1 20170217 [gcc-5-branch revision 245522] (GCC)
=== gcc tests ===
Running target unix
FAIL: gcc.dg/simulate-thread/atomic-other-int.c -O2 -g thread simulation test
FAIL: gcc.dg/simulate-thread/atomic-other-int.c -O3 -g thread simulation test
FAIL: gcc.dg/simulate-thread/speculative-store-4.c -O0 -g thread simulation test
FAIL: gcc.dg/simulate-thread/speculative-store-4.c -O2 -g thread simulation test
FAIL: gcc.dg/simulate-thread/speculative-store-4.c -O3 -g thread simulation test
FAIL: gcc.dg/simulate-thread/speculative-store.c -O0 -g thread simulation test
FAIL: gcc.dg/torture/stackalign/builtin-apply-3.c -Os execution test
FAIL: gcc.dg/torture/stackalign/builtin-apply-3.c -Os -fpic execution test
FAIL: gcc.dg/torture/stackalign/builtin-apply-4.c -Os execution test
FAIL: gcc.dg/torture/stackalign/builtin-apply-4.c -Os -fpic execution test
=== gcc Summary for unix ===
# of expected passes 91415
# of unexpected failures 10
# of expected failures 344
# of unsupported tests 2162
Running target unix/-m64
=== gcc Summary for unix/-m64 ===
# of expected passes 92332
# of expected failures 333
# of unsupported tests 2030
=== gcc Summary ===
# of expected passes 183747
# of unexpected failures 10
# of expected failures 677
# of unsupported tests 4192
/var/gcc/regression/gcc-5-branch/12-gcc/build/gcc/xgcc version 5.4.1 20170217 [gcc-5-branch revision 245522] (GCC)
=== gfortran tests ===
Running target unix
FAIL: gfortran.dg/coarray/event_2.f90 -fcoarray=lib -O2 -lcaf_single -latomic execution test
=== gfortran Summary for unix ===
# of expected passes 49598
# of unexpected failures 1
# of expected failures 82
# of unsupported tests 275
Running target unix/-m64
=== gfortran Summary for unix/-m64 ===
# of expected passes 49926
# of expected failures 82
# of unsupported tests 114
=== gfortran Summary ===
# of expected passes 99524
# of unexpected failures 1
# of expected failures 164
# of unsupported tests 389
/var/gcc/regression/gcc-5-branch/12-gcc/build/gcc/testsuite/gfortran/../../gfortran version 5.4.1 20170217 [gcc-5-branch revision 245522] (GCC)
=== gnat tests ===
Running target unix
=== gnat Summary for unix ===
# of expected passes 1313
# of expected failures 20
# of unsupported tests 19
Running target unix/-m64
=== gnat Summary for unix/-m64 ===
# of expected passes 1313
# of expected failures 20
# of unsupported tests 19
=== gnat Summary ===
# of expected passes 2626
# of expected failures 40
# of unsupported tests 38
/var/gcc/regression/gcc-5-branch/12-gcc/build/gcc/gnatmake version 5.4.1 20170217 [gcc-5-branch revision 245522]
=== go tests ===
Running target unix
FAIL: go.test/test/fixedbugs/issue4562.go execution, -O2 -g
FAIL: go.test/test/nil.go execution, -O2 -g
=== go Summary for unix ===
# of expected passes 7358
# of unexpected failures 2
# of expected failures 1
# of untested testcases 11
# of unsupported tests 3
Running target unix/-m64
FAIL: go.test/test/fixedbugs/issue4562.go execution, -O2 -g
FAIL: go.test/test/nil.go execution, -O2 -g
=== go Summary for unix/-m64 ===
# of expected passes 7238
# of unexpected failures 2
# of expected failures 1
# of untested testcases 11
# of unsupported tests 3
=== go Summary ===
# of expected passes 14596
# of unexpected failures 4
# of expected failures 2
# of untested testcases 22
# of unsupported tests 6
=== obj-c++ tests ===
Running target unix
=== obj-c++ Summary for unix ===
# of expected passes 1453
# of expected failures 2
# of unsupported tests 86
Running target unix/-m64
=== obj-c++ Summary for unix/-m64 ===
# of expected passes 1445
# of expected failures 10
# of unsupported tests 86
=== obj-c++ Summary ===
# of expected passes 2898
# of expected failures 12
# of unsupported tests 172
/var/gcc/regression/gcc-5-branch/12-gcc/build/gcc/testsuite/obj-c++/../../xg++ version 5.4.1 20170217 [gcc-5-branch revision 245522] (GCC)
=== objc tests ===
Running target unix
=== objc Summary for unix ===
# of expected passes 3016
# of unsupported tests 74
Running target unix/-m64
=== objc Summary for unix/-m64 ===
# of expected passes 3016
# of unsupported tests 74
=== objc Summary ===
# of expected passes 6032
# of unsupported tests 148
/var/gcc/regression/gcc-5-branch/12-gcc/build/gcc/xgcc version 5.4.1 20170217 [gcc-5-branch revision 245522] (GCC)
=== boehm-gc tests ===
Running target unix
=== boehm-gc Summary for unix ===
# of expected passes 12
# of unsupported tests 1
Running target unix/-m64
=== boehm-gc Summary for unix/-m64 ===
# of expected passes 12
# of unsupported tests 1
=== boehm-gc Summary ===
# of expected passes 24
# of unsupported tests 2
=== libatomic tests ===
Running target unix
=== libatomic Summary for unix ===
# of expected passes 44
# of unsupported tests 5
Running target unix/-m64
=== libatomic Summary for unix/-m64 ===
# of expected passes 54
=== libatomic Summary ===
# of expected passes 98
# of unsupported tests 5
=== libffi tests ===
Running target unix
=== libffi Summary for unix ===
# of expected passes 2214
Running target unix/-m64
=== libffi Summary for unix/-m64 ===
# of expected passes 2214
=== libffi Summary ===
# of expected passes 4428
=== libgo tests ===
Running target unix
FAIL: reflect
FAIL: runtime
FAIL: runtime/pprof
FAIL: sync/atomic
=== libgo Summary for unix ===
# of expected passes 120
# of unexpected failures 4
Running target unix/-m64
FAIL: runtime
FAIL: encoding/json
FAIL: runtime/pprof
=== libgo Summary for unix/-m64 ===
# of expected passes 121
# of unexpected failures 3
=== libgo Summary ===
# of expected passes 241
# of unexpected failures 7
/var/gcc/regression/gcc-5-branch/12-gcc/build/./gcc/gccgo version 5.4.1 20170217 [gcc-5-branch revision 245522] (GCC)
=== libgomp tests ===
Running target unix
=== libgomp Summary for unix ===
# of expected passes 5871
# of unsupported tests 298
Running target unix/-m64
=== libgomp Summary for unix/-m64 ===
# of expected passes 5871
# of unsupported tests 298
=== libgomp Summary ===
# of expected passes 11742
# of unsupported tests 596
=== libitm tests ===
Running target unix
=== libitm Summary for unix ===
# of expected passes 26
# of expected failures 3
# of unsupported tests 1
Running target unix/-m64
=== libitm Summary for unix/-m64 ===
# of expected passes 26
# of expected failures 3
# of unsupported tests 1
=== libitm Summary ===
# of expected passes 52
# of expected failures 6
# of unsupported tests 2
=== libjava tests ===
Running target unix
FAIL: Array_3 -O3 -findirect-dispatch execution - source compiled test
FAIL: Throw_3 -O3 -findirect-dispatch execution - source compiled test
FAIL: pr83 -O3 -findirect-dispatch output - source compiled test
=== libjava Summary for unix ===
# of expected passes 2577
# of unexpected failures 3
# of expected failures 4
# of untested testcases 2
Running target unix/-m64
=== libjava Summary for unix/-m64 ===
# of expected passes 2582
# of expected failures 4
=== libjava Summary ===
# of expected passes 5159
# of unexpected failures 3
# of expected failures 8
# of untested testcases 2
=== libstdc++ tests ===
Running target unix
FAIL: 17_intro/headers/c++200x/operator_names.cc (test for excess errors)
FAIL: tr1/8_c_compatibility/cmath/51083.cc (test for excess errors)
WARNING: tr1/8_c_compatibility/cmath/51083.cc compilation failed to produce executable
FAIL: tr1/headers/c++200x/complex.cc (test for excess errors)
=== libstdc++ Summary for unix ===
# of expected passes 9599
# of unexpected failures 3
# of expected failures 66
# of unsupported tests 614
Running target unix/-m64
FAIL: 17_intro/headers/c++200x/operator_names.cc (test for excess errors)
FAIL: tr1/8_c_compatibility/cmath/51083.cc (test for excess errors)
WARNING: tr1/8_c_compatibility/cmath/51083.cc compilation failed to produce executable
FAIL: tr1/headers/c++200x/complex.cc (test for excess errors)
=== libstdc++ Summary for unix/-m64 ===
# of expected passes 9599
# of unexpected failures 3
# of expected failures 66
# of unsupported tests 614
=== libstdc++ Summary ===
# of expected passes 19198
# of unexpected failures 6
# of expected failures 132
# of unsupported tests 1228
Compiler version: 5.4.1 20170217 [gcc-5-branch revision 245522] (GCC)
Platform: sparc-sun-solaris2.12
configure flags: --prefix=/vol/gcc --target=sparc-sun-solaris2.12 --enable-objc-gc --with-as=/usr/ccs/bin/as --without-gnu-as --with-gmp-include=/vol/gcc/include --with-gmp-lib=/vol/gcc/lib --with-mpfr-include=/vol/gcc/include --with-mpfr-lib=/vol/gcc/lib --with-mpc-include=/vol/gcc/include --with-mpc-lib=/vol/gcc/lib --enable-languages=all,ada,obj-c++,go --with-isl-include=/vol/gcc/include --with-isl-lib=/vol/gcc/lib --build=sparc-sun-solaris2.12 --host=sparc-sun-solaris2.12
BOOT_CFLAGS=-g -O2