This is the mail archive of the
gcc-testresults@gcc.gnu.org
mailing list for the GCC project.
Results for 7.0.1 20170208 (experimental) [trunk revision 245265] (GCC) testsuite on x86_64-apple-darwin16.4.0
- From: fx@einstein.local (FX)
- To: gcc-testresults at gcc dot gnu dot org
- Date: Wed, 8 Feb 2017 09:22:17 +0100 (CET)
- Subject: Results for 7.0.1 20170208 (experimental) [trunk revision 245265] (GCC) testsuite on x86_64-apple-darwin16.4.0
- Authentication-results: sourceware.org; auth=none
LAST_UPDATED: Wed Feb 8 01:00:08 UTC 2017 (revision 245265)
Native configuration is x86_64-apple-darwin16.4.0
=== g++ tests ===
Running target unix/-m32
FAIL: c-c++-common/asan/global-overflow-1.c -O0 output pattern test
FAIL: c-c++-common/asan/global-overflow-1.c -O1 output pattern test
FAIL: c-c++-common/asan/global-overflow-1.c -O2 output pattern test
FAIL: c-c++-common/asan/global-overflow-1.c -O2 -flto output pattern test
FAIL: c-c++-common/asan/global-overflow-1.c -O2 -flto -flto-partition=none output pattern test
FAIL: c-c++-common/asan/global-overflow-1.c -O3 -g output pattern test
FAIL: c-c++-common/asan/global-overflow-1.c -Os output pattern test
FAIL: c-c++-common/asan/heap-overflow-1.c -O0 output pattern test
FAIL: c-c++-common/asan/heap-overflow-1.c -O1 output pattern test
FAIL: c-c++-common/asan/heap-overflow-1.c -O2 output pattern test
FAIL: c-c++-common/asan/heap-overflow-1.c -O2 -flto output pattern test
FAIL: c-c++-common/asan/heap-overflow-1.c -O2 -flto -flto-partition=none output pattern test
FAIL: c-c++-common/asan/heap-overflow-1.c -O3 -g output pattern test
FAIL: c-c++-common/asan/heap-overflow-1.c -Os output pattern test
FAIL: c-c++-common/asan/misalign-1.c -O2 output pattern test
FAIL: c-c++-common/asan/misalign-1.c -O2 -flto output pattern test
FAIL: c-c++-common/asan/misalign-1.c -O2 -flto -flto-partition=none output pattern test
FAIL: c-c++-common/asan/misalign-2.c -O2 output pattern test
FAIL: c-c++-common/asan/misalign-2.c -O2 -flto output pattern test
FAIL: c-c++-common/asan/misalign-2.c -O2 -flto -flto-partition=none output pattern test
FAIL: c-c++-common/asan/null-deref-1.c -O0 output pattern test
FAIL: c-c++-common/asan/null-deref-1.c -O1 output pattern test
FAIL: c-c++-common/asan/null-deref-1.c -O2 output pattern test
FAIL: c-c++-common/asan/null-deref-1.c -O2 -flto output pattern test
FAIL: c-c++-common/asan/null-deref-1.c -O2 -flto -flto-partition=none output pattern test
FAIL: c-c++-common/asan/null-deref-1.c -O3 -g output pattern test
FAIL: c-c++-common/asan/null-deref-1.c -Os output pattern test
FAIL: c-c++-common/asan/pr70541.c -O0 output pattern test
FAIL: c-c++-common/asan/stack-overflow-1.c -O0 output pattern test
FAIL: c-c++-common/asan/stack-overflow-1.c -O1 output pattern test
FAIL: c-c++-common/asan/stack-overflow-1.c -O2 output pattern test
FAIL: c-c++-common/asan/stack-overflow-1.c -O2 -flto output pattern test
FAIL: c-c++-common/asan/stack-overflow-1.c -O2 -flto -flto-partition=none output pattern test
FAIL: c-c++-common/asan/stack-overflow-1.c -O3 -g output pattern test
FAIL: c-c++-common/asan/stack-overflow-1.c -Os output pattern test
FAIL: c-c++-common/asan/strlen-overflow-1.c -O0 output pattern test
FAIL: c-c++-common/asan/strlen-overflow-1.c -O1 output pattern test
FAIL: c-c++-common/asan/strlen-overflow-1.c -O2 output pattern test
FAIL: c-c++-common/asan/strlen-overflow-1.c -O3 -g output pattern test
FAIL: c-c++-common/asan/strlen-overflow-1.c -Os output pattern test
FAIL: c-c++-common/asan/strncpy-overflow-1.c -O0 output pattern test
FAIL: c-c++-common/asan/strncpy-overflow-1.c -O1 output pattern test
FAIL: c-c++-common/asan/strncpy-overflow-1.c -O2 output pattern test
FAIL: c-c++-common/asan/strncpy-overflow-1.c -O2 -flto output pattern test
FAIL: c-c++-common/asan/strncpy-overflow-1.c -O2 -flto -flto-partition=none output pattern test
FAIL: c-c++-common/asan/strncpy-overflow-1.c -O3 -g output pattern test
FAIL: c-c++-common/asan/strncpy-overflow-1.c -Os output pattern test
FAIL: c-c++-common/asan/use-after-free-1.c -O0 output pattern test
FAIL: c-c++-common/asan/use-after-free-1.c -O1 output pattern test
FAIL: c-c++-common/asan/use-after-free-1.c -O2 output pattern test
FAIL: c-c++-common/asan/use-after-free-1.c -O2 -flto output pattern test
FAIL: c-c++-common/asan/use-after-free-1.c -O2 -flto -flto-partition=none output pattern test
FAIL: c-c++-common/asan/use-after-free-1.c -O3 -g output pattern test
FAIL: c-c++-common/asan/use-after-free-1.c -Os output pattern test
FAIL: g++.dg/asan/large-func-test-1.C -O0 output pattern test
FAIL: g++.dg/asan/large-func-test-1.C -O1 output pattern test
FAIL: g++.dg/asan/large-func-test-1.C -O2 output pattern test
FAIL: g++.dg/asan/large-func-test-1.C -O2 -flto output pattern test
FAIL: g++.dg/asan/large-func-test-1.C -O2 -flto -flto-partition=none output pattern test
FAIL: g++.dg/asan/large-func-test-1.C -O3 -g output pattern test
FAIL: g++.dg/asan/large-func-test-1.C -Os output pattern test
FAIL: g++.dg/cpp1y/udlit-char-template.C -std=c++14 (test for excess errors)
FAIL: g++.dg/ext/sync-4.C -std=gnu++11 execution test
FAIL: g++.dg/ext/sync-4.C -std=gnu++14 execution test
FAIL: g++.dg/ext/sync-4.C -std=gnu++98 execution test
FAIL: g++.dg/ipa/pr67056.C scan-ipa-dump cp "Speculative outer type:struct CompositeClass"
FAIL: g++.dg/pr71694.C -std=gnu++11 scan-assembler-not movl
FAIL: g++.dg/pr71694.C -std=gnu++14 scan-assembler-not movl
FAIL: g++.dg/pr71694.C -std=gnu++98 scan-assembler-not movl
WARNING: program timed out
FAIL: g++.dg/gcov/pr16855.C -std=gnu++11 gcov: 2 failures in line counts, 0 in branch percentages, 0 in return percentages, 0 in intermediate format
FAIL: g++.dg/gcov/pr16855.C -std=gnu++11 line 21: is #####:should be 1
FAIL: g++.dg/gcov/pr16855.C -std=gnu++11 line 45: is #####:should be 1
FAIL: g++.dg/gcov/pr16855.C -std=gnu++14 gcov: 2 failures in line counts, 0 in branch percentages, 0 in return percentages, 0 in intermediate format
FAIL: g++.dg/gcov/pr16855.C -std=gnu++14 line 21: is #####:should be 1
FAIL: g++.dg/gcov/pr16855.C -std=gnu++14 line 45: is #####:should be 1
FAIL: g++.dg/gcov/pr16855.C -std=gnu++98 gcov: 2 failures in line counts, 0 in branch percentages, 0 in return percentages, 0 in intermediate format
FAIL: g++.dg/gcov/pr16855.C -std=gnu++98 line 21: is #####:should be 1
FAIL: g++.dg/gcov/pr16855.C -std=gnu++98 line 45: is #####:should be 1
UNRESOLVED: g++.dg/lto/pr65276 cp_lto_pr65276_0.o-cp_lto_pr65276_1.o execute -flto -O0 -std=c++11
FAIL: g++.dg/lto/pr65276 cp_lto_pr65276_0.o-cp_lto_pr65276_1.o link, -flto -O0 -std=c++11
UNRESOLVED: g++.dg/lto/pr65549 cp_lto_pr65549_0.o-cp_lto_pr65549_0.o execute -std=gnu++14 -flto -g -O2 -fno-inline -flto-partition=max
FAIL: g++.dg/lto/pr65549 cp_lto_pr65549_0.o-cp_lto_pr65549_0.o link, -std=gnu++14 -flto -g -O2 -fno-inline -flto-partition=max
FAIL: g++.dg/plugin/dumb-plugin-test-1.C -fplugin=./dumb_plugin.so (test for warnings, line 10)
FAIL: g++.dg/plugin/dumb-plugin-test-1.C -fplugin=./dumb_plugin.so (test for warnings, line 14)
FAIL: g++.dg/plugin/dumb-plugin-test-1.C -fplugin=./dumb_plugin.so (test for warnings, line 18)
FAIL: g++.dg/plugin/dumb-plugin-test-1.C -fplugin=./dumb_plugin.so (test for warnings, line 19)
FAIL: g++.dg/plugin/dumb-plugin-test-1.C -fplugin=./dumb_plugin.so (test for warnings, line 24)
FAIL: g++.dg/plugin/dumb-plugin-test-1.C -fplugin=./dumb_plugin.so (test for warnings, line 50)
FAIL: g++.dg/plugin/dumb-plugin-test-1.C -fplugin=./dumb_plugin.so (test for warnings, line 50)
FAIL: g++.dg/plugin/dumb-plugin-test-1.C -fplugin=./dumb_plugin.so (test for warnings, line 50)
FAIL: g++.dg/plugin/dumb-plugin-test-1.C -fplugin=./dumb_plugin.so (test for excess errors)
FAIL: g++.dg/plugin/self-assign-test-1.C -fplugin=./selfassign.so (test for warnings, line 10)
FAIL: g++.dg/plugin/self-assign-test-1.C -fplugin=./selfassign.so (test for warnings, line 13)
FAIL: g++.dg/plugin/self-assign-test-1.C -fplugin=./selfassign.so (test for warnings, line 26)
FAIL: g++.dg/plugin/self-assign-test-1.C -fplugin=./selfassign.so (test for warnings, line 27)
FAIL: g++.dg/plugin/self-assign-test-1.C -fplugin=./selfassign.so (test for warnings, line 33)
FAIL: g++.dg/plugin/self-assign-test-1.C -fplugin=./selfassign.so (test for warnings, line 34)
FAIL: g++.dg/plugin/self-assign-test-1.C -fplugin=./selfassign.so (test for warnings, line 40)
FAIL: g++.dg/plugin/self-assign-test-1.C -fplugin=./selfassign.so (test for warnings, line 41)
FAIL: g++.dg/plugin/self-assign-test-1.C -fplugin=./selfassign.so (test for warnings, line 42)
FAIL: g++.dg/plugin/self-assign-test-1.C -fplugin=./selfassign.so (test for warnings, line 43)
FAIL: g++.dg/plugin/self-assign-test-1.C -fplugin=./selfassign.so (test for warnings, line 44)
FAIL: g++.dg/plugin/self-assign-test-1.C -fplugin=./selfassign.so (test for warnings, line 46)
FAIL: g++.dg/plugin/self-assign-test-1.C -fplugin=./selfassign.so (test for excess errors)
FAIL: g++.dg/plugin/self-assign-test-2.C -fplugin=./selfassign.so (test for warnings, line 10)
FAIL: g++.dg/plugin/self-assign-test-2.C -fplugin=./selfassign.so (test for warnings, line 13)
FAIL: g++.dg/plugin/self-assign-test-2.C -fplugin=./selfassign.so (test for warnings, line 26)
FAIL: g++.dg/plugin/self-assign-test-2.C -fplugin=./selfassign.so (test for warnings, line 27)
FAIL: g++.dg/plugin/self-assign-test-2.C -fplugin=./selfassign.so (test for warnings, line 33)
FAIL: g++.dg/plugin/self-assign-test-2.C -fplugin=./selfassign.so (test for warnings, line 34)
FAIL: g++.dg/plugin/self-assign-test-2.C -fplugin=./selfassign.so (test for warnings, line 40)
FAIL: g++.dg/plugin/self-assign-test-2.C -fplugin=./selfassign.so (test for warnings, line 41)
FAIL: g++.dg/plugin/self-assign-test-2.C -fplugin=./selfassign.so (test for warnings, line 42)
FAIL: g++.dg/plugin/self-assign-test-2.C -fplugin=./selfassign.so (test for warnings, line 46)
FAIL: g++.dg/plugin/self-assign-test-2.C -fplugin=./selfassign.so (test for excess errors)
FAIL: g++.dg/plugin/self-assign-test-3.C -fplugin=./selfassign.so (test for excess errors)
FAIL: g++.dg/tls/pr77285-2.C -std=c++11 scan-assembler _ZTH4var1B3tag
FAIL: g++.dg/tls/pr77285-2.C -std=c++14 scan-assembler _ZTH4var1B3tag
FAIL: g++.dg/tree-prof/pr57451.C compilation, -fprofile-generate -D_PROFILE_GENERATE
UNRESOLVED: g++.dg/tree-prof/pr57451.C compilation, -fprofile-use -D_PROFILE_USE
UNRESOLVED: g++.dg/tree-prof/pr57451.C execution, -fprofile-generate -D_PROFILE_GENERATE
UNRESOLVED: g++.dg/tree-prof/pr57451.C execution, -fprofile-use -D_PROFILE_USE
FAIL: g++.dg/tree-prof/pr63581.C compilation, -fprofile-generate -D_PROFILE_GENERATE
UNRESOLVED: g++.dg/tree-prof/pr63581.C compilation, -fprofile-use -D_PROFILE_USE
UNRESOLVED: g++.dg/tree-prof/pr63581.C execution, -fprofile-generate -D_PROFILE_GENERATE
UNRESOLVED: g++.dg/tree-prof/pr63581.C execution, -fprofile-use -D_PROFILE_USE
=== g++ Summary for unix/-m32 ===
# of expected passes 106984
# of unexpected failures 118
# of expected failures 386
# of unresolved testcases 8
# of unsupported tests 4350
Running target unix/-m64
FAIL: c-c++-common/asan/global-overflow-1.c -O0 output pattern test
FAIL: c-c++-common/asan/global-overflow-1.c -O1 output pattern test
FAIL: c-c++-common/asan/global-overflow-1.c -O2 output pattern test
FAIL: c-c++-common/asan/global-overflow-1.c -O2 -flto output pattern test
FAIL: c-c++-common/asan/global-overflow-1.c -O2 -flto -flto-partition=none output pattern test
FAIL: c-c++-common/asan/global-overflow-1.c -O3 -g output pattern test
FAIL: c-c++-common/asan/global-overflow-1.c -Os output pattern test
FAIL: c-c++-common/asan/heap-overflow-1.c -O0 output pattern test
FAIL: c-c++-common/asan/heap-overflow-1.c -O1 output pattern test
FAIL: c-c++-common/asan/heap-overflow-1.c -O2 output pattern test
FAIL: c-c++-common/asan/heap-overflow-1.c -O2 -flto output pattern test
FAIL: c-c++-common/asan/heap-overflow-1.c -O2 -flto -flto-partition=none output pattern test
FAIL: c-c++-common/asan/heap-overflow-1.c -O3 -g output pattern test
FAIL: c-c++-common/asan/heap-overflow-1.c -Os output pattern test
FAIL: c-c++-common/asan/misalign-1.c -O2 output pattern test
FAIL: c-c++-common/asan/misalign-1.c -O2 -flto output pattern test
FAIL: c-c++-common/asan/misalign-1.c -O2 -flto -flto-partition=none output pattern test
FAIL: c-c++-common/asan/misalign-2.c -O2 output pattern test
FAIL: c-c++-common/asan/misalign-2.c -O2 -flto output pattern test
FAIL: c-c++-common/asan/misalign-2.c -O2 -flto -flto-partition=none output pattern test
FAIL: c-c++-common/asan/null-deref-1.c -O0 output pattern test
FAIL: c-c++-common/asan/null-deref-1.c -O1 output pattern test
FAIL: c-c++-common/asan/null-deref-1.c -O2 output pattern test
FAIL: c-c++-common/asan/null-deref-1.c -O2 -flto output pattern test
FAIL: c-c++-common/asan/null-deref-1.c -O2 -flto -flto-partition=none output pattern test
FAIL: c-c++-common/asan/null-deref-1.c -O3 -g output pattern test
FAIL: c-c++-common/asan/null-deref-1.c -Os output pattern test
FAIL: c-c++-common/asan/pr70541.c -O0 output pattern test
FAIL: c-c++-common/asan/stack-overflow-1.c -O0 output pattern test
FAIL: c-c++-common/asan/stack-overflow-1.c -O1 output pattern test
FAIL: c-c++-common/asan/stack-overflow-1.c -O2 output pattern test
FAIL: c-c++-common/asan/stack-overflow-1.c -O2 -flto output pattern test
FAIL: c-c++-common/asan/stack-overflow-1.c -O2 -flto -flto-partition=none output pattern test
FAIL: c-c++-common/asan/stack-overflow-1.c -O3 -g output pattern test
FAIL: c-c++-common/asan/stack-overflow-1.c -Os output pattern test
FAIL: c-c++-common/asan/strlen-overflow-1.c -O0 output pattern test
FAIL: c-c++-common/asan/strlen-overflow-1.c -O1 output pattern test
FAIL: c-c++-common/asan/strlen-overflow-1.c -O2 output pattern test
FAIL: c-c++-common/asan/strlen-overflow-1.c -O3 -g output pattern test
FAIL: c-c++-common/asan/strlen-overflow-1.c -Os output pattern test
FAIL: c-c++-common/asan/strncpy-overflow-1.c -O0 output pattern test
FAIL: c-c++-common/asan/strncpy-overflow-1.c -O1 output pattern test
FAIL: c-c++-common/asan/strncpy-overflow-1.c -O2 output pattern test
FAIL: c-c++-common/asan/strncpy-overflow-1.c -O2 -flto output pattern test
FAIL: c-c++-common/asan/strncpy-overflow-1.c -O2 -flto -flto-partition=none output pattern test
FAIL: c-c++-common/asan/strncpy-overflow-1.c -O3 -g output pattern test
FAIL: c-c++-common/asan/strncpy-overflow-1.c -Os output pattern test
FAIL: c-c++-common/asan/use-after-free-1.c -O0 output pattern test
FAIL: c-c++-common/asan/use-after-free-1.c -O1 output pattern test
FAIL: c-c++-common/asan/use-after-free-1.c -O2 output pattern test
FAIL: c-c++-common/asan/use-after-free-1.c -O2 -flto output pattern test
FAIL: c-c++-common/asan/use-after-free-1.c -O2 -flto -flto-partition=none output pattern test
FAIL: c-c++-common/asan/use-after-free-1.c -O3 -g output pattern test
FAIL: c-c++-common/asan/use-after-free-1.c -Os output pattern test
FAIL: g++.dg/asan/large-func-test-1.C -O0 output pattern test
FAIL: g++.dg/asan/large-func-test-1.C -O1 output pattern test
FAIL: g++.dg/asan/large-func-test-1.C -O2 output pattern test
FAIL: g++.dg/asan/large-func-test-1.C -O2 -flto output pattern test
FAIL: g++.dg/asan/large-func-test-1.C -O2 -flto -flto-partition=none output pattern test
FAIL: g++.dg/asan/large-func-test-1.C -O3 -g output pattern test
FAIL: g++.dg/asan/large-func-test-1.C -Os output pattern test
FAIL: g++.dg/ext/sync-4.C -std=gnu++11 execution test
FAIL: g++.dg/ext/sync-4.C -std=gnu++14 execution test
FAIL: g++.dg/ext/sync-4.C -std=gnu++98 execution test
FAIL: g++.dg/ipa/pr67056.C scan-ipa-dump cp "Speculative outer type:struct CompositeClass"
FAIL: g++.dg/gcov/pr16855.C -std=gnu++11 gcov: 2 failures in line counts, 0 in branch percentages, 0 in return percentages, 0 in intermediate format
FAIL: g++.dg/gcov/pr16855.C -std=gnu++11 line 21: is #####:should be 1
FAIL: g++.dg/gcov/pr16855.C -std=gnu++11 line 45: is #####:should be 1
FAIL: g++.dg/gcov/pr16855.C -std=gnu++14 gcov: 2 failures in line counts, 0 in branch percentages, 0 in return percentages, 0 in intermediate format
FAIL: g++.dg/gcov/pr16855.C -std=gnu++14 line 21: is #####:should be 1
FAIL: g++.dg/gcov/pr16855.C -std=gnu++14 line 45: is #####:should be 1
FAIL: g++.dg/gcov/pr16855.C -std=gnu++98 gcov: 2 failures in line counts, 0 in branch percentages, 0 in return percentages, 0 in intermediate format
FAIL: g++.dg/gcov/pr16855.C -std=gnu++98 line 21: is #####:should be 1
FAIL: g++.dg/gcov/pr16855.C -std=gnu++98 line 45: is #####:should be 1
UNRESOLVED: g++.dg/lto/pr65276 cp_lto_pr65276_0.o-cp_lto_pr65276_1.o execute -flto -O0 -std=c++11
FAIL: g++.dg/lto/pr65276 cp_lto_pr65276_0.o-cp_lto_pr65276_1.o link, -flto -O0 -std=c++11
UNRESOLVED: g++.dg/lto/pr65549 cp_lto_pr65549_0.o-cp_lto_pr65549_0.o execute -std=gnu++14 -flto -g -O2 -fno-inline -flto-partition=max
FAIL: g++.dg/lto/pr65549 cp_lto_pr65549_0.o-cp_lto_pr65549_0.o link, -std=gnu++14 -flto -g -O2 -fno-inline -flto-partition=max
FAIL: g++.dg/tls/pr77285-2.C -std=c++11 scan-assembler _ZTH4var1B3tag
FAIL: g++.dg/tls/pr77285-2.C -std=c++14 scan-assembler _ZTH4var1B3tag
FAIL: g++.dg/tree-prof/pr57451.C compilation, -fprofile-generate -D_PROFILE_GENERATE
UNRESOLVED: g++.dg/tree-prof/pr57451.C compilation, -fprofile-use -D_PROFILE_USE
UNRESOLVED: g++.dg/tree-prof/pr57451.C execution, -fprofile-generate -D_PROFILE_GENERATE
UNRESOLVED: g++.dg/tree-prof/pr57451.C execution, -fprofile-use -D_PROFILE_USE
FAIL: g++.dg/tree-prof/pr63581.C compilation, -fprofile-generate -D_PROFILE_GENERATE
UNRESOLVED: g++.dg/tree-prof/pr63581.C compilation, -fprofile-use -D_PROFILE_USE
UNRESOLVED: g++.dg/tree-prof/pr63581.C execution, -fprofile-generate -D_PROFILE_GENERATE
UNRESOLVED: g++.dg/tree-prof/pr63581.C execution, -fprofile-use -D_PROFILE_USE
=== g++ Summary for unix/-m64 ===
# of expected passes 108424
# of unexpected failures 80
# of expected failures 386
# of unresolved testcases 8
# of unsupported tests 4560
=== g++ Summary ===
# of expected passes 215408
# of unexpected failures 198
# of expected failures 772
# of unresolved testcases 16
# of unsupported tests 8910
/Users/fx/autobuilds/builds/gcc-trunk-245265/gcc/xg++ version 7.0.1 20170208 (experimental) [trunk revision 245265] (GCC)
=== gcc tests ===
Running target unix/-m32
FAIL: gcc.c-torture/compile/pr72802.c -O0 (test for excess errors)
FAIL: gcc.c-torture/compile/pr72802.c -O1 (test for excess errors)
FAIL: gcc.c-torture/compile/pr72802.c -O2 (test for excess errors)
FAIL: gcc.c-torture/compile/pr72802.c -O2 -flto (test for excess errors)
FAIL: gcc.c-torture/compile/pr72802.c -O2 -flto -flto-partition=none (test for excess errors)
FAIL: gcc.c-torture/compile/pr72802.c -O3 -fomit-frame-pointer -funroll-loops -fpeel-loops -ftracer -finline-functions (test for excess errors)
FAIL: gcc.c-torture/compile/pr72802.c -O3 -g (test for excess errors)
FAIL: gcc.c-torture/compile/pr72802.c -Os (test for excess errors)
FAIL: c-c++-common/asan/global-overflow-1.c -O0 output pattern test
FAIL: c-c++-common/asan/global-overflow-1.c -O1 output pattern test
FAIL: c-c++-common/asan/global-overflow-1.c -O2 output pattern test
FAIL: c-c++-common/asan/global-overflow-1.c -O2 -flto output pattern test
FAIL: c-c++-common/asan/global-overflow-1.c -O2 -flto -flto-partition=none output pattern test
FAIL: c-c++-common/asan/global-overflow-1.c -O3 -g output pattern test
FAIL: c-c++-common/asan/global-overflow-1.c -Os output pattern test
FAIL: c-c++-common/asan/heap-overflow-1.c -O0 output pattern test
FAIL: c-c++-common/asan/heap-overflow-1.c -O1 output pattern test
FAIL: c-c++-common/asan/heap-overflow-1.c -O2 output pattern test
FAIL: c-c++-common/asan/heap-overflow-1.c -O2 -flto output pattern test
FAIL: c-c++-common/asan/heap-overflow-1.c -O2 -flto -flto-partition=none output pattern test
FAIL: c-c++-common/asan/heap-overflow-1.c -O3 -g output pattern test
FAIL: c-c++-common/asan/heap-overflow-1.c -Os output pattern test
FAIL: c-c++-common/asan/misalign-1.c -O2 output pattern test
FAIL: c-c++-common/asan/misalign-1.c -O2 -flto output pattern test
FAIL: c-c++-common/asan/misalign-1.c -O2 -flto -flto-partition=none output pattern test
FAIL: c-c++-common/asan/misalign-2.c -O2 output pattern test
FAIL: c-c++-common/asan/misalign-2.c -O2 -flto output pattern test
FAIL: c-c++-common/asan/misalign-2.c -O2 -flto -flto-partition=none output pattern test
FAIL: c-c++-common/asan/null-deref-1.c -O0 output pattern test
FAIL: c-c++-common/asan/null-deref-1.c -O1 output pattern test
FAIL: c-c++-common/asan/null-deref-1.c -O2 output pattern test
FAIL: c-c++-common/asan/null-deref-1.c -O2 -flto output pattern test
FAIL: c-c++-common/asan/null-deref-1.c -O2 -flto -flto-partition=none output pattern test
FAIL: c-c++-common/asan/null-deref-1.c -O3 -g output pattern test
FAIL: c-c++-common/asan/null-deref-1.c -Os output pattern test
FAIL: c-c++-common/asan/pr70541.c -O0 output pattern test
FAIL: c-c++-common/asan/stack-overflow-1.c -O0 output pattern test
FAIL: c-c++-common/asan/stack-overflow-1.c -O1 output pattern test
FAIL: c-c++-common/asan/stack-overflow-1.c -O2 output pattern test
FAIL: c-c++-common/asan/stack-overflow-1.c -O2 -flto output pattern test
FAIL: c-c++-common/asan/stack-overflow-1.c -O2 -flto -flto-partition=none output pattern test
FAIL: c-c++-common/asan/stack-overflow-1.c -O3 -g output pattern test
FAIL: c-c++-common/asan/stack-overflow-1.c -Os output pattern test
FAIL: c-c++-common/asan/strlen-overflow-1.c -O0 output pattern test
FAIL: c-c++-common/asan/strlen-overflow-1.c -O1 output pattern test
FAIL: c-c++-common/asan/strlen-overflow-1.c -O2 output pattern test
FAIL: c-c++-common/asan/strlen-overflow-1.c -O3 -g output pattern test
FAIL: c-c++-common/asan/strlen-overflow-1.c -Os output pattern test
FAIL: c-c++-common/asan/strncpy-overflow-1.c -O0 output pattern test
FAIL: c-c++-common/asan/strncpy-overflow-1.c -O1 output pattern test
FAIL: c-c++-common/asan/strncpy-overflow-1.c -O2 output pattern test
FAIL: c-c++-common/asan/strncpy-overflow-1.c -O2 -flto output pattern test
FAIL: c-c++-common/asan/strncpy-overflow-1.c -O2 -flto -flto-partition=none output pattern test
FAIL: c-c++-common/asan/strncpy-overflow-1.c -O3 -g output pattern test
FAIL: c-c++-common/asan/strncpy-overflow-1.c -Os output pattern test
FAIL: c-c++-common/asan/use-after-free-1.c -O0 output pattern test
FAIL: c-c++-common/asan/use-after-free-1.c -O1 output pattern test
FAIL: c-c++-common/asan/use-after-free-1.c -O2 output pattern test
FAIL: c-c++-common/asan/use-after-free-1.c -O2 -flto output pattern test
FAIL: c-c++-common/asan/use-after-free-1.c -O2 -flto -flto-partition=none output pattern test
FAIL: c-c++-common/asan/use-after-free-1.c -O3 -g output pattern test
FAIL: c-c++-common/asan/use-after-free-1.c -Os output pattern test
FAIL: gcc.dg/debug/dwarf2/prod-options.c scan-assembler DW_AT_producer: "GNU C
FAIL: gcc.dg/framework-1.c (test for excess errors)
FAIL: gcc.dg/memcmp-1.c (test for excess errors)
UNRESOLVED: gcc.dg/memcmp-1.c compilation failed to produce executable
XPASS: gcc.dg/pr78768.c -Wformat-overflow (test for warnings, line 11)
FAIL: gcc.dg/stack-layout-dynamic-1.c (test for excess errors)
UNRESOLVED: gcc.dg/stack-layout-dynamic-1.c scan-assembler-not cfi_def_cfa_register
FAIL: gcc.dg/uninit-19.c (test for warnings, line 23)
FAIL: gcc.dg/uninit-19.c (test for excess errors)
FAIL: gcc.dg/graphite/scop-19.c scan-tree-dump-times graphite "number of SCoPs: 0" 1
FAIL: gcc.dg/pch/save-temps-1.c -O3 -g -I. -Dwith_PCH (test for excess errors)
FAIL: gcc.dg/pch/save-temps-1.c -O3 -g assembly comparison
WARNING: program timed out
FAIL: gcc.dg/plugin/diagnostic-test-show-locus-bw.c -fplugin=./diagnostic_plugin_test_show_locus.so (test for warnings, line 107)
FAIL: gcc.dg/plugin/diagnostic-test-show-locus-bw.c -fplugin=./diagnostic_plugin_test_show_locus.so (test for warnings, line 118)
FAIL: gcc.dg/plugin/diagnostic-test-show-locus-bw.c -fplugin=./diagnostic_plugin_test_show_locus.so (test for warnings, line 132)
FAIL: gcc.dg/plugin/diagnostic-test-show-locus-bw.c -fplugin=./diagnostic_plugin_test_show_locus.so (test for warnings, line 14)
FAIL: gcc.dg/plugin/diagnostic-test-show-locus-bw.c -fplugin=./diagnostic_plugin_test_show_locus.so (test for warnings, line 144)
FAIL: gcc.dg/plugin/diagnostic-test-show-locus-bw.c -fplugin=./diagnostic_plugin_test_show_locus.so (test for warnings, line 160)
FAIL: gcc.dg/plugin/diagnostic-test-show-locus-bw.c -fplugin=./diagnostic_plugin_test_show_locus.so (test for warnings, line 174)
FAIL: gcc.dg/plugin/diagnostic-test-show-locus-bw.c -fplugin=./diagnostic_plugin_test_show_locus.so (test for warnings, line 188)
FAIL: gcc.dg/plugin/diagnostic-test-show-locus-bw.c -fplugin=./diagnostic_plugin_test_show_locus.so (test for warnings, line 201)
FAIL: gcc.dg/plugin/diagnostic-test-show-locus-bw.c -fplugin=./diagnostic_plugin_test_show_locus.so (test for warnings, line 213)
FAIL: gcc.dg/plugin/diagnostic-test-show-locus-bw.c -fplugin=./diagnostic_plugin_test_show_locus.so (test for warnings, line 26)
FAIL: gcc.dg/plugin/diagnostic-test-show-locus-bw.c -fplugin=./diagnostic_plugin_test_show_locus.so (test for warnings, line 40)
FAIL: gcc.dg/plugin/diagnostic-test-show-locus-bw.c -fplugin=./diagnostic_plugin_test_show_locus.so (test for warnings, line 59)
FAIL: gcc.dg/plugin/diagnostic-test-show-locus-bw.c -fplugin=./diagnostic_plugin_test_show_locus.so (test for warnings, line 96)
FAIL: gcc.dg/plugin/diagnostic-test-show-locus-bw.c -fplugin=./diagnostic_plugin_test_show_locus.so expected multiline pattern lines 109-110 not found: " float f = foo \\* bar;.*\\n ~~~~\\^~~~~\\n"
FAIL: gcc.dg/plugin/diagnostic-test-show-locus-bw.c -fplugin=./diagnostic_plugin_test_show_locus.so expected multiline pattern lines 120-124 not found: " 0 0 0 0 0 0 1 .*\\n 4 5 6 7 8 9 0 .*\\n 6789012345678901234567890123456789012345678901234567890123456789012345.*\\n float f = foo \\* bar;.*\\n ~~~~\\^~~~~\\n"
FAIL: gcc.dg/plugin/diagnostic-test-show-locus-bw.c -fplugin=./diagnostic_plugin_test_show_locus.so expected multiline pattern lines 134-135 not found: " x = x \\+ y.*\\n A B.*\\n"
FAIL: gcc.dg/plugin/diagnostic-test-show-locus-bw.c -fplugin=./diagnostic_plugin_test_show_locus.so expected multiline pattern lines 146-149 not found: " ASSOCIATE \\(y => x\\).*\\n 2.*\\n y = 5.*\\n 1.*\\n"
FAIL: gcc.dg/plugin/diagnostic-test-show-locus-bw.c -fplugin=./diagnostic_plugin_test_show_locus.so expected multiline pattern lines 162-164 not found: " int a\\[2\\]\\[2\\] = \\{ 0, 1 , 2, 3 \\};.*\\n \\^~~~\\n \\{ \\}.*\\n"
FAIL: gcc.dg/plugin/diagnostic-test-show-locus-bw.c -fplugin=./diagnostic_plugin_test_show_locus.so expected multiline pattern lines 17-18 not found: "\\s*myvar = myvar\\.x;.*\\n ~~~~~\\^~\\n"
FAIL: gcc.dg/plugin/diagnostic-test-show-locus-bw.c -fplugin=./diagnostic_plugin_test_show_locus.so expected multiline pattern lines 176-178 not found: " int a;;.*\\n \\^\\n -.*\\n"
FAIL: gcc.dg/plugin/diagnostic-test-show-locus-bw.c -fplugin=./diagnostic_plugin_test_show_locus.so expected multiline pattern lines 190-192 not found: " gtk_widget_showall \\(dlg\\);.*\\n \\^~~~~~~~~~~~~~~~~~\\n gtk_widget_show_all.*\\n"
FAIL: gcc.dg/plugin/diagnostic-test-show-locus-bw.c -fplugin=./diagnostic_plugin_test_show_locus.so expected multiline pattern lines 203-204 not found: " int local = 0;.*\\n \\^~~~~\\n"
FAIL: gcc.dg/plugin/diagnostic-test-show-locus-bw.c -fplugin=./diagnostic_plugin_test_show_locus.so expected multiline pattern lines 224-249 not found: " /\\*.*\\n \\^\\n Lorem ipsum dolor sit amet, consectetur adipiscing elit,.*\\n \\^~~~~ \\^~~~~ \\^~~~~ \\^~~ \\^~~~ \\^~~~~~~~~~~ \\^~~~~~~~~~ \\^~~~\\n LOREM IPSUM DOLOR SIT AMET CONSECTETUR ADIPISCING ELIT.*\\n sed do eiusmod tempor incididunt ut labore et dolore magna.*\\n \\^~~ \\^~ \\^~~~~~~ \\^~~~~~ \\^~~~~~~~~~ \\^~ \\^~~~~~ \\^~ \\^~~~~~ \\^~~~~\\n SED DO EIUSMOD TEMPOR INCIDIDUNT UT LABORE ET DOLORE MAGNA.*\\n aliqua\\. Ut enim ad minim veniam, quis nostrud exercitation.*\\n \\^~~~~~ \\^~ \\^~~~ \\^~ \\^~~~~ \\^~~~~~ \\^~~~ \\^~~~~~~ \\^~~~~~~~~~~~\\n ALIQUA UT ENIM AD MINIM VENIAM QUIS NOSTRUD EXERCITATION.*\\n ullamco laboris nisi ut aliquip ex ea commodo consequat\\. Duis.*\\n \\^~~~~~~ \\^~~~~~~ \\^~~~ \\^~ \\^~~~~~~ \\^~ \\^~ \\^~~~~~~ \\^~~~~~~~~ \\^~~~\\n UL
LAMCO LABORIS NISI UT ALIQUIP EX EA COMMODO CONSEQUAT DUIS.*\\n aute irure dolor in reprehenderit in voluptate velit esse cillum.*\\n \\^~~~ \\^~~~~ \\^~~~~ \\^~ \\^~~~~~~~~~~~~ \\^~ \\^~~~~~~~~ \\^~~~~ \\^~~~ \\^~~~~~\\n AUTE IRURE DOLOR IN REPREHENDERIT IN VOLUPTATE VELIT ESSE CILLUM.*\\n dolore eu fugiat nulla pariatur\\. Excepteur sint occaecat.*\\n \\^~~~~~ \\^~ \\^~~~~~ \\^~~~~ \\^~~~~~~~ \\^~~~~~~~~ \\^~~~ \\^~~~~~~~\\n DOLORE EU FUGIAT NULLA PARIATUR EXCEPTEUR SINT OCCAECAT.*\\n cupidatat non proident, sunt in culpa qui officia deserunt.*\\n \\^~~~~~~~~ \\^~~ \\^~~~~~~~ \\^~~~ \\^~ \\^~~~~ \\^~~ \\^~~~~~~ \\^~~~~~~~\\n CUPIDATAT NON PROIDENT SUNT IN CULPA QUI OFFICIA DESERUNT.*\\n mollit anim id est laborum\\..*\\n \\^~~~~~ \\^~~~ \\^~ \\^~~ \\^~~~~~~\\n MOLLIT ANIM ID EST LABORUM.*\\n"
FAIL: gcc.dg/plugin/diagnostic-test-show-locus-bw.c -fplugin=./diagnostic_plugin_test_show_locus.so expected multiline pattern lines 29-30 not found: " x = first_function \\(\\) \\+ second_function \\(\\);.*\\n ~~~~~~~~~~~~~~~~~ \\^ ~~~~~~~~~~~~~~~~~~\\n"
FAIL: gcc.dg/plugin/diagnostic-test-show-locus-bw.c -fplugin=./diagnostic_plugin_test_show_locus.so expected multiline pattern lines 43-46 not found: " x = \\(first_function \\(\\).*\\n ~~~~~~~~~~~~~~~~~\\n \\+ second_function \\(\\)\\);.*\\n \\^ ~~~~~~~~~~~~~~~~~~\\n"
FAIL: gcc.dg/plugin/diagnostic-test-show-locus-bw.c -fplugin=./diagnostic_plugin_test_show_locus.so expected multiline pattern lines 67-88 not found: " x = \\(first_function_with_a_very_long_name \\(lorem, ipsum, dolor, sit, amet,.*\\n ~~~~~~~~~~~~~~~~~~~~~~~~~~~~~~~~~~~~~~~~~~~~~~~~~~~~~~~~~~~~~~~~~~~~~\\n consectetur, adipiscing, elit,.*\\n ~~~~~~~~~~~~~~~~~~~~~~~~~~~~~~\\n sed, eiusmod, tempor,.*\\n ~~~~~~~~~~~~~~~~~~~~~\\n incididunt, ut, labore, et,.*\\n ~~~~~~~~~~~~~~~~~~~~~~~~~~~\\n dolore, magna, aliqua\\).*\\n ~~~~~~~~~~~~~~~~~~~~~~\\n \\+ second_function_with_a_very_long_name \\(lorem, ipsum, dolor, sit,.*\\n
\\^ ~~~~~~~~~~~~~~~~~~~~~~~~~~~~~~~~~~~~~~~~~~~~~~~~~~~~~~~~~~~~~~~~~~~~~~~~~~~~~~~~~~~~~~~~~~~~\\n amet, consectetur,.*\\n ~~~~~~~~~~~~~~~~~~\\n adipiscing, elit, sed,.*\\n ~~~~~~~~~~~~~~~~~~~~~~\\n eiusmod, tempor, incididunt,.*\\n ~~~~~~~~~~~~~~~~~~~~~~~~~~~~\\n ut, labore, et, dolore,.*\\n ~~~~~~~~~~~~~~~~~~~~~~~\\n magna, aliqua\\)\\);.*\\n ~~~~~~~~~~~~~~\\n"
FAIL: gcc.dg/plugin/diagnostic-test-show-locus-bw.c -fplugin=./diagnostic_plugin_test_show_locus.so expected multiline pattern lines 98-99 not found: " float f = 98\\.6f;.*\\n \\^~~~~\\n"
FAIL: gcc.dg/plugin/diagnostic-test-show-locus-bw.c -fplugin=./diagnostic_plugin_test_show_locus.so (test for excess errors)
FAIL: gcc.dg/plugin/diagnostic-test-show-locus-color.c -fplugin=./diagnostic_plugin_test_show_locus.so (test for warnings, line 107)
FAIL: gcc.dg/plugin/diagnostic-test-show-locus-color.c -fplugin=./diagnostic_plugin_test_show_locus.so (test for warnings, line 118)
FAIL: gcc.dg/plugin/diagnostic-test-show-locus-color.c -fplugin=./diagnostic_plugin_test_show_locus.so (test for warnings, line 132)
FAIL: gcc.dg/plugin/diagnostic-test-show-locus-color.c -fplugin=./diagnostic_plugin_test_show_locus.so (test for warnings, line 14)
FAIL: gcc.dg/plugin/diagnostic-test-show-locus-color.c -fplugin=./diagnostic_plugin_test_show_locus.so (test for warnings, line 144)
FAIL: gcc.dg/plugin/diagnostic-test-show-locus-color.c -fplugin=./diagnostic_plugin_test_show_locus.so (test for warnings, line 160)
FAIL: gcc.dg/plugin/diagnostic-test-show-locus-color.c -fplugin=./diagnostic_plugin_test_show_locus.so (test for warnings, line 174)
FAIL: gcc.dg/plugin/diagnostic-test-show-locus-color.c -fplugin=./diagnostic_plugin_test_show_locus.so (test for warnings, line 188)
FAIL: gcc.dg/plugin/diagnostic-test-show-locus-color.c -fplugin=./diagnostic_plugin_test_show_locus.so (test for warnings, line 26)
FAIL: gcc.dg/plugin/diagnostic-test-show-locus-color.c -fplugin=./diagnostic_plugin_test_show_locus.so (test for warnings, line 40)
FAIL: gcc.dg/plugin/diagnostic-test-show-locus-color.c -fplugin=./diagnostic_plugin_test_show_locus.so (test for warnings, line 59)
FAIL: gcc.dg/plugin/diagnostic-test-show-locus-color.c -fplugin=./diagnostic_plugin_test_show_locus.so (test for warnings, line 96)
FAIL: gcc.dg/plugin/diagnostic-test-show-locus-color.c -fplugin=./diagnostic_plugin_test_show_locus.so expected multiline pattern lines 109-110 not found: " float f = \\[01;35m\\[Kfoo \\* bar\\[m\\[K;.*\\n \\[01;35m\\[K~~~~\\^~~~~\\[m\\[K.*\\n"
FAIL: gcc.dg/plugin/diagnostic-test-show-locus-color.c -fplugin=./diagnostic_plugin_test_show_locus.so expected multiline pattern lines 120-124 not found: " 0 0 0 0 0 0 1 .*\\n 4 5 6 7 8 9 0 .*\\n 6789012345678901234567890123456789012345678901234567890123456789012345.*\\n float f = \\[01;35m\\[Kfoo \\* bar\\[m\\[K;.*\\n \\[01;35m\\[K~~~~\\^~~~~\\[m\\[K.*\\n"
FAIL: gcc.dg/plugin/diagnostic-test-show-locus-color.c -fplugin=./diagnostic_plugin_test_show_locus.so expected multiline pattern lines 134-135 not found: " x = \\[01;35m\\[Kx\\[m\\[K \\+ \\[32m\\[Ky\\[m\\[K.*\\n \\[01;35m\\[KA\\[m\\[K \\[32m\\[KB\\[m\\[K.*\\n"
FAIL: gcc.dg/plugin/diagnostic-test-show-locus-color.c -fplugin=./diagnostic_plugin_test_show_locus.so expected multiline pattern lines 146-149 not found: " ASSOCIATE \\(y =>\\[32m\\[K \\[m\\[Kx\\).*\\n \\[32m\\[K2\\[m\\[K.*\\n \\[01;35m\\[K \\[m\\[Ky = 5.*\\n \\[01;35m\\[K1\\[m\\[K.*\\n"
FAIL: gcc.dg/plugin/diagnostic-test-show-locus-color.c -fplugin=./diagnostic_plugin_test_show_locus.so expected multiline pattern lines 162-164 not found: " int a\\[2\\]\\[2\\] = \\{ \\[01;35m\\[K0, 1\\[m\\[K , 2, 3 \\};.*\\n \\[01;35m\\[K\\^~~~\\[m\\[K.*\\n \\[32m\\[K\\{\\[m\\[K \\[32m\\[K\\}\\[m\\[K.*\\n"
FAIL: gcc.dg/plugin/diagnostic-test-show-locus-color.c -fplugin=./diagnostic_plugin_test_show_locus.so expected multiline pattern lines 17-18 not found: "\\s*myvar = \\[32m\\[Kmyvar\\[m\\[K\\[01;35m\\[K\\.\\[m\\[K\\[34m\\[Kx\\[m\\[K;.*\\n \\[32m\\[K~~~~~\\[m\\[K\\[01;35m\\[K\\^\\[m\\[K\\[34m\\[K~\\[m\\[K.*\\n"
FAIL: gcc.dg/plugin/diagnostic-test-show-locus-color.c -fplugin=./diagnostic_plugin_test_show_locus.so expected multiline pattern lines 176-178 not found: " int a;\\[01;35m\\[K;\\[m\\[K.*\\n \\[01;35m\\[K\\^\\[m\\[K.*\\n \\[31m\\[K-\\[m\\[K.*\\n"
FAIL: gcc.dg/plugin/diagnostic-test-show-locus-color.c -fplugin=./diagnostic_plugin_test_show_locus.so expected multiline pattern lines 190-192 not found: " \\[01;35m\\[Kgtk_widget_showall\\[m\\[K \\(dlg\\);.*\\n \\[01;35m\\[K\\^~~~~~~~~~~~~~~~~~\\[m\\[K.*\\n \\[32m\\[Kgtk_widget_show_all\\[m\\[K.*\\n"
FAIL: gcc.dg/plugin/diagnostic-test-show-locus-color.c -fplugin=./diagnostic_plugin_test_show_locus.so expected multiline pattern lines 29-30 not found: " x = \\[32m\\[Kfirst_function \\(\\)\\[m\\[K \\[01;35m\\[K\\+\\[m\\[K \\[34m\\[Ksecond_function \\(\\)\\[m\\[K;.*\\n \\[32m\\[K~~~~~~~~~~~~~~~~~\\[m\\[K \\[01;35m\\[K\\^\\[m\\[K \\[34m\\[K~~~~~~~~~~~~~~~~~~\\[m\\[K.*\\n"
FAIL: gcc.dg/plugin/diagnostic-test-show-locus-color.c -fplugin=./diagnostic_plugin_test_show_locus.so expected multiline pattern lines 43-46 not found: " x = \\(\\[32m\\[Kfirst_function \\(\\)\\[m\\[K.*\\n \\[32m\\[K~~~~~~~~~~~~~~~~~\\[m\\[K.*\\n \\[01;35m\\[K\\+\\[m\\[K \\[34m\\[Ksecond_function \\(\\)\\[m\\[K\\);.*\\n \\[01;35m\\[K\\^\\[m\\[K \\[34m\\[K~~~~~~~~~~~~~~~~~~\\[m\\[K.*\\n"
FAIL: gcc.dg/plugin/diagnostic-test-show-locus-color.c -fplugin=./diagnostic_plugin_test_show_locus.so expected multiline pattern lines 67-88 not found: " x = \\(\\[32m\\[Kfirst_function_with_a_very_long_name \\(lorem, ipsum, dolor, sit, amet,\\[m\\[K.*\\n \\[32m\\[K~~~~~~~~~~~~~~~~~~~~~~~~~~~~~~~~~~~~~~~~~~~~~~~~~~~~~~~~~~~~~~~~~~~~~\\[m\\[K.*\\n \\[32m\\[K consectetur, adipiscing, elit,\\[m\\[K.*\\n \\[32m\\[K~~~~~~~~~~~~~~~~~~~~~~~~~~~~~~\\[m\\[K.*\\n \\[32m\\[K sed, eiusmod, tempor,\\[m\\[K.*\\n \\[32m\\[K~~~~~~~~~~~~~~~~~~~~~\\[m\\[K.*\\n \\[32m\\[K incididunt, ut, labore, et,\\[m\\[K.*\\n \\[32m\\[K~~~~~~~~~~~~~~~~~~~~~~~~~~~\\[m\\[K.*\\n \\[32m\\[K
dolore, magna, aliqua\\)\\[m\\[K.*\\n \\[32m\\[K~~~~~~~~~~~~~~~~~~~~~~\\[m\\[K.*\\n \\[01;35m\\[K\\+\\[m\\[K \\[34m\\[Ksecond_function_with_a_very_long_name \\(lorem, ipsum, dolor, sit,.*\\n \\[01;35m\\[K\\^\\[m\\[K \\[34m\\[K~~~~~~~~~~~~~~~~~~~~~~~~~~~~~~~~~~~~~~~~~~~~~~~~~~~~~~~~~~~~~~~~~~~~~~~~~~~~~~~~~~~~~~~~~~~~\\[m\\[K.*\\n \\[34m\\[K amet, consectetur,\\[m\\[K.*\\n \\[34m\\[K~~~~~~~~~~~~~~~~~~\\[m\\[K.*\\n \\[34m\\[K adipiscing, elit, sed,\\[m\\[K.*\\n \\[34m\\[K~~~~~~~~~~~~~~~~~~~~~~\\[m\\[K.*\\n \\[34m\\[K eiusmod, tempor, incididunt,\\[m\\[K.*\\n \\[34m\\[K~~~~~~~~~~~~~~~~~~~~~~~~~
~~~\\[m\\[K.*\\n \\[34m\\[K ut, labore, et, dolore,\\[m\\[K.*\\n \\[34m\\[K~~~~~~~~~~~~~~~~~~~~~~~\\[m\\[K.*\\n \\[34m\\[K magna, aliqua\\)\\[m\\[K\\);.*\\n \\[34m\\[K~~~~~~~~~~~~~~\\[m\\[K.*\\n"
FAIL: gcc.dg/plugin/diagnostic-test-show-locus-color.c -fplugin=./diagnostic_plugin_test_show_locus.so expected multiline pattern lines 98-99 not found: " float f = \\[01;35m\\[K98\\.6f\\[m\\[K;.*\\n \\[01;35m\\[K\\^~~~~\\[m\\[K.*\\n"
FAIL: gcc.dg/plugin/diagnostic-test-show-locus-color.c -fplugin=./diagnostic_plugin_test_show_locus.so (test for excess errors)
FAIL: gcc.dg/plugin/diagnostic-test-show-locus-generate-patch.c -fplugin=./diagnostic_plugin_test_show_locus.so (test for warnings, line 17)
FAIL: gcc.dg/plugin/diagnostic-test-show-locus-generate-patch.c -fplugin=./diagnostic_plugin_test_show_locus.so (test for warnings, line 26)
FAIL: gcc.dg/plugin/diagnostic-test-show-locus-generate-patch.c -fplugin=./diagnostic_plugin_test_show_locus.so (test for warnings, line 35)
FAIL: gcc.dg/plugin/diagnostic-test-show-locus-generate-patch.c -fplugin=./diagnostic_plugin_test_show_locus.so dg-regexp 45 not found: "\\-\\-\\- .*"
FAIL: gcc.dg/plugin/diagnostic-test-show-locus-generate-patch.c -fplugin=./diagnostic_plugin_test_show_locus.so dg-regexp 46 not found: "\\+\\+\\+ .*"
FAIL: gcc.dg/plugin/diagnostic-test-show-locus-generate-patch.c -fplugin=./diagnostic_plugin_test_show_locus.so expected multiline pattern lines 50-76 not found: "\\s*@@ -14,7 \\+14,7 @@.*\\n void test_fixit_insert \\(void\\).*\\n \\{.*\\n #if 0.*\\n- int a\\[2\\]\\[2\\] = \\{ 0, 1 , 2, 3 \\};.*\\n\\+ int a\\[2\\]\\[2\\] = \\{ \\{0, 1\\} , 2, 3 \\};.*\\n #endif.*\\n \\}.*\\n .*\\n@@ -23,7 \\+23,7 @@.*\\n void test_fixit_remove \\(void\\).*\\n \\{.*\\n #if 0.*\\n- int a;;.*\\n\\+ int a;.*\\n #endif.*\\n \\}.*\\n .*\\n@@ -32,7 \\+32,7 @@.*\\n void test_fixit_replace \\(void\\).*\\n \\{.*\\n #if 0.*\\n- gtk_widget_showall \\(dlg\\);.*\\n\\+ gtk_widget_show_all \\(dlg\\);.*\\n #endif.*\\n \\}.*\\n .*\\n"
FAIL: gcc.dg/plugin/diagnostic-test-show-locus-generate-patch.c -fplugin=./diagnostic_plugin_test_show_locus.so (test for excess errors)
FAIL: gcc.dg/plugin/diagnostic-test-show-locus-parseable-fixits.c -fplugin=./diagnostic_plugin_test_show_locus.so (test for warnings, line 17)
FAIL: gcc.dg/plugin/diagnostic-test-show-locus-parseable-fixits.c -fplugin=./diagnostic_plugin_test_show_locus.so (test for warnings, line 28)
FAIL: gcc.dg/plugin/diagnostic-test-show-locus-parseable-fixits.c -fplugin=./diagnostic_plugin_test_show_locus.so (test for warnings, line 38)
FAIL: gcc.dg/plugin/diagnostic-test-show-locus-parseable-fixits.c -fplugin=./diagnostic_plugin_test_show_locus.so dg-regexp 18 not found: "fix-it:.*\\{17:20-17:20\\}:.*"
FAIL: gcc.dg/plugin/diagnostic-test-show-locus-parseable-fixits.c -fplugin=./diagnostic_plugin_test_show_locus.so dg-regexp 19 not found: "fix-it:.*\\{17:24-17:24\\}:.*"
FAIL: gcc.dg/plugin/diagnostic-test-show-locus-parseable-fixits.c -fplugin=./diagnostic_plugin_test_show_locus.so dg-regexp 29 not found: "fix-it:.*\\{28:9-28:10\\}:.*"
FAIL: gcc.dg/plugin/diagnostic-test-show-locus-parseable-fixits.c -fplugin=./diagnostic_plugin_test_show_locus.so dg-regexp 39 not found: "fix-it:.*\\{38:3-38:21\\}:.*"
FAIL: gcc.dg/plugin/diagnostic-test-show-locus-parseable-fixits.c -fplugin=./diagnostic_plugin_test_show_locus.so (test for excess errors)
FAIL: gcc.dg/plugin/diagnostic-test-string-literals-1.c -fplugin=./diagnostic_plugin_test_string_literals.so (test for errors, line 164)
FAIL: gcc.dg/plugin/diagnostic-test-string-literals-1.c -fplugin=./diagnostic_plugin_test_string_literals.so (test for errors, line 176)
FAIL: gcc.dg/plugin/diagnostic-test-string-literals-1.c -fplugin=./diagnostic_plugin_test_string_literals.so (test for errors, line 188)
FAIL: gcc.dg/plugin/diagnostic-test-string-literals-1.c -fplugin=./diagnostic_plugin_test_string_literals.so (test for errors, line 211)
FAIL: gcc.dg/plugin/diagnostic-test-string-literals-1.c -fplugin=./diagnostic_plugin_test_string_literals.so (test for errors, line 249)
FAIL: gcc.dg/plugin/diagnostic-test-string-literals-1.c -fplugin=./diagnostic_plugin_test_string_literals.so (test for errors, line 282)
FAIL: gcc.dg/plugin/diagnostic-test-string-literals-1.c -fplugin=./diagnostic_plugin_test_string_literals.so (test for warnings, line 108)
FAIL: gcc.dg/plugin/diagnostic-test-string-literals-1.c -fplugin=./diagnostic_plugin_test_string_literals.so (test for warnings, line 125)
FAIL: gcc.dg/plugin/diagnostic-test-string-literals-1.c -fplugin=./diagnostic_plugin_test_string_literals.so (test for warnings, line 140)
FAIL: gcc.dg/plugin/diagnostic-test-string-literals-1.c -fplugin=./diagnostic_plugin_test_string_literals.so (test for warnings, line 152)
FAIL: gcc.dg/plugin/diagnostic-test-string-literals-1.c -fplugin=./diagnostic_plugin_test_string_literals.so (test for warnings, line 200)
FAIL: gcc.dg/plugin/diagnostic-test-string-literals-1.c -fplugin=./diagnostic_plugin_test_string_literals.so (test for warnings, line 22)
FAIL: gcc.dg/plugin/diagnostic-test-string-literals-1.c -fplugin=./diagnostic_plugin_test_string_literals.so (test for warnings, line 232)
FAIL: gcc.dg/plugin/diagnostic-test-string-literals-1.c -fplugin=./diagnostic_plugin_test_string_literals.so (test for warnings, line 268)
FAIL: gcc.dg/plugin/diagnostic-test-string-literals-1.c -fplugin=./diagnostic_plugin_test_string_literals.so (test for warnings, line 33)
FAIL: gcc.dg/plugin/diagnostic-test-string-literals-1.c -fplugin=./diagnostic_plugin_test_string_literals.so (test for warnings, line 44)
FAIL: gcc.dg/plugin/diagnostic-test-string-literals-1.c -fplugin=./diagnostic_plugin_test_string_literals.so (test for warnings, line 81)
FAIL: gcc.dg/plugin/diagnostic-test-string-literals-1.c -fplugin=./diagnostic_plugin_test_string_literals.so (test for warnings, line 95)
FAIL: gcc.dg/plugin/diagnostic-test-string-literals-1.c -fplugin=./diagnostic_plugin_test_string_literals.so expected multiline pattern lines 111-112 not found: " __emit_string_literal_range \\("01234" "\\\\x35" "\\\\066" "789",.*\\n ~~~~~~\\^~~~~~~~~~~~~~~~~~\\n"
FAIL: gcc.dg/plugin/diagnostic-test-string-literals-1.c -fplugin=./diagnostic_plugin_test_string_literals.so expected multiline pattern lines 128-129 not found: " __emit_string_literal_range \\("01234\\\\u2174\\\\u2175789",.*\\n ~\\^~~~~~~~~~~~~\\n"
FAIL: gcc.dg/plugin/diagnostic-test-string-literals-1.c -fplugin=./diagnostic_plugin_test_string_literals.so expected multiline pattern lines 143-144 not found: " __emit_string_literal_range \\("01234\\\\U00002174\\\\U00002175789",.*\\n ~\\^~~~~~~~~~~~~~~~~~~~~\\n"
FAIL: gcc.dg/plugin/diagnostic-test-string-literals-1.c -fplugin=./diagnostic_plugin_test_string_literals.so expected multiline pattern lines 155-156 not found: " __emit_string_literal_range \\(u8"0123456789",.*\\n ~~\\^~\\n"
FAIL: gcc.dg/plugin/diagnostic-test-string-literals-1.c -fplugin=./diagnostic_plugin_test_string_literals.so expected multiline pattern lines 167-168 not found: " __emit_string_literal_range \\(u"0123456789",.*\\n \\^~~~~~~~~~~~~\\n"
FAIL: gcc.dg/plugin/diagnostic-test-string-literals-1.c -fplugin=./diagnostic_plugin_test_string_literals.so expected multiline pattern lines 179-180 not found: " __emit_string_literal_range \\(U"0123456789",.*\\n \\^~~~~~~~~~~~~\\n"
FAIL: gcc.dg/plugin/diagnostic-test-string-literals-1.c -fplugin=./diagnostic_plugin_test_string_literals.so expected multiline pattern lines 191-192 not found: " __emit_string_literal_range \\(L"0123456789",.*\\n \\^~~~~~~~~~~~~\\n"
FAIL: gcc.dg/plugin/diagnostic-test-string-literals-1.c -fplugin=./diagnostic_plugin_test_string_literals.so expected multiline pattern lines 203-204 not found: " __emit_string_literal_range \\(R"foo\\(0123456789\\)foo",.*\\n ~~\\^~\\n"
FAIL: gcc.dg/plugin/diagnostic-test-string-literals-1.c -fplugin=./diagnostic_plugin_test_string_literals.so expected multiline pattern lines 218-225 not found: " __emit_string_literal_range \\(R"foo\\(.*\\n \\^~~~~~\\n hello.*\\n ~~~~~ .*\\n world.*\\n ~~~~~ .*\\n \\)foo",.*\\n ~~~~~ .*\\n"
FAIL: gcc.dg/plugin/diagnostic-test-string-literals-1.c -fplugin=./diagnostic_plugin_test_string_literals.so expected multiline pattern lines 237-242 not found: " #define START "01234".*\\n ~\\^~~~~~~~~~~~~~~~~~~~~~~~~~~~~~~~\\n __emit_string_literal_range \\(START.*\\n ~~~~~~~~~~~~~~~~~~~~~~~~~~~~~~~~~~\\n "56789",.*\\n ~~~\\n"
FAIL: gcc.dg/plugin/diagnostic-test-string-literals-1.c -fplugin=./diagnostic_plugin_test_string_literals.so expected multiline pattern lines 25-26 not found: "\\s*__emit_string_literal_range \\("0123456789",.*\\n \\^~\\n"
FAIL: gcc.dg/plugin/diagnostic-test-string-literals-1.c -fplugin=./diagnostic_plugin_test_string_literals.so expected multiline pattern lines 252-253 not found: " #define RANGE \\("0123456789"\\).*\\n \\^\\n"
FAIL: gcc.dg/plugin/diagnostic-test-string-literals-1.c -fplugin=./diagnostic_plugin_test_string_literals.so expected multiline pattern lines 256-257 not found: " __emit_string_literal_range \\(RANGE, 4, 3, 6\\);.*\\n \\^~~~~\\n"
FAIL: gcc.dg/plugin/diagnostic-test-string-literals-1.c -fplugin=./diagnostic_plugin_test_string_literals.so expected multiline pattern lines 271-272 not found: " __emit_string_literal_range \\("0123456789",.*\\n \\^\\n"
FAIL: gcc.dg/plugin/diagnostic-test-string-literals-1.c -fplugin=./diagnostic_plugin_test_string_literals.so expected multiline pattern lines 287-292 not found: " __emit_string_literal_range \\("\\\\.*\\n \\^~\\n 01234\\\\.*\\n ~~~~~~ .*\\n 56789", 6, 6, 7\\);.*\\n ~~~~~~ .*\\n"
FAIL: gcc.dg/plugin/diagnostic-test-string-literals-1.c -fplugin=./diagnostic_plugin_test_string_literals.so expected multiline pattern lines 36-37 not found: " __emit_string_literal_range \\("01234" "56789",.*\\n ~\\^~~~~~\\n"
FAIL: gcc.dg/plugin/diagnostic-test-string-literals-1.c -fplugin=./diagnostic_plugin_test_string_literals.so expected multiline pattern lines 48-51 not found: " __emit_string_literal_range \\("01234".*\\n ~\\^~~~~~~~~~~~~~~~~~~~~~~~~~~~~~~\\n "56789",.*\\n ~~~ .*\\n"
FAIL: gcc.dg/plugin/diagnostic-test-string-literals-1.c -fplugin=./diagnostic_plugin_test_string_literals.so expected multiline pattern lines 84-85 not found: " __emit_string_literal_range \\("01234\\\\x35 789".*\\n ~\\^~~~~~~\\n"
FAIL: gcc.dg/plugin/diagnostic-test-string-literals-1.c -fplugin=./diagnostic_plugin_test_string_literals.so expected multiline pattern lines 98-99 not found: " __emit_string_literal_range \\("01234\\\\065 789".*\\n ~\\^~~~~~~\\n"
FAIL: gcc.dg/plugin/diagnostic-test-string-literals-1.c -fplugin=./diagnostic_plugin_test_string_literals.so (test for excess errors)
FAIL: gcc.dg/plugin/diagnostic-test-string-literals-2.c -fplugin=./diagnostic_plugin_test_string_literals.so (test for errors, line 15)
FAIL: gcc.dg/plugin/diagnostic-test-string-literals-2.c -fplugin=./diagnostic_plugin_test_string_literals.so (test for errors, line 28)
FAIL: gcc.dg/plugin/diagnostic-test-string-literals-2.c -fplugin=./diagnostic_plugin_test_string_literals.so (test for errors, line 46)
FAIL: gcc.dg/plugin/diagnostic-test-string-literals-2.c -fplugin=./diagnostic_plugin_test_string_literals.so (test for errors, line 61)
FAIL: gcc.dg/plugin/diagnostic-test-string-literals-2.c -fplugin=./diagnostic_plugin_test_string_literals.so (test for excess errors)
FAIL: gcc.dg/plugin/diagnostic-test-string-literals-3.c -fplugin=./diagnostic_plugin_test_string_literals.so (test for errors, line 13)
FAIL: gcc.dg/plugin/diagnostic-test-string-literals-3.c -fplugin=./diagnostic_plugin_test_string_literals.so (test for errors, line 20)
FAIL: gcc.dg/plugin/diagnostic-test-string-literals-3.c -fplugin=./diagnostic_plugin_test_string_literals.so (test for errors, line 31)
FAIL: gcc.dg/plugin/diagnostic-test-string-literals-3.c -fplugin=./diagnostic_plugin_test_string_literals.so (test for errors, line 41)
FAIL: gcc.dg/plugin/diagnostic-test-string-literals-3.c -fplugin=./diagnostic_plugin_test_string_literals.so (test for excess errors)
FAIL: gcc.dg/plugin/diagnostic-test-string-literals-4.c -fplugin=./diagnostic_plugin_test_string_literals.so (test for errors, line 13)
FAIL: gcc.dg/plugin/diagnostic-test-string-literals-4.c -fplugin=./diagnostic_plugin_test_string_literals.so (test for errors, line 20)
FAIL: gcc.dg/plugin/diagnostic-test-string-literals-4.c -fplugin=./diagnostic_plugin_test_string_literals.so (test for errors, line 30)
FAIL: gcc.dg/plugin/diagnostic-test-string-literals-4.c -fplugin=./diagnostic_plugin_test_string_literals.so (test for errors, line 40)
FAIL: gcc.dg/plugin/diagnostic-test-string-literals-4.c -fplugin=./diagnostic_plugin_test_string_literals.so (test for excess errors)
FAIL: gcc.dg/plugin/one_time-test-1.c -fplugin=./one_time_plugin.so (test for excess errors)
FAIL: gcc.dg/plugin/self-assign-test-1.c -fplugin=./selfassign.so (test for warnings, line 15)
FAIL: gcc.dg/plugin/self-assign-test-1.c -fplugin=./selfassign.so (test for warnings, line 20)
FAIL: gcc.dg/plugin/self-assign-test-1.c -fplugin=./selfassign.so (test for warnings, line 21)
FAIL: gcc.dg/plugin/self-assign-test-1.c -fplugin=./selfassign.so (test for warnings, line 22)
FAIL: gcc.dg/plugin/self-assign-test-1.c -fplugin=./selfassign.so (test for excess errors)
FAIL: gcc.dg/plugin/self-assign-test-2.c -fplugin=./selfassign.so (test for excess errors)
FAIL: gcc.dg/rtl/x86_64/dfinit.c execution test
FAIL: gcc.dg/rtl/x86_64/final.c (internal compiler error)
FAIL: gcc.dg/rtl/x86_64/final.c (test for excess errors)
FAIL: gcc.dg/rtl/x86_64/final.c 1 blank line(s) in output
FAIL: gcc.dg/rtl/x86_64/final.c scan-assembler .cfi_endproc
FAIL: gcc.dg/rtl/x86_64/final.c scan-assembler .cfi_startproc
FAIL: gcc.dg/rtl/x86_64/final.c scan-assembler ret
FAIL: gcc.dg/rtl/x86_64/into-cfglayout.c execution test
FAIL: gcc.dg/rtl/x86_64/ira.c execution test
FAIL: gcc.dg/rtl/x86_64/times-two.c.after-expand.c execution test
FAIL: gcc.dg/rtl/x86_64/vregs.c execution test
FAIL: gcc.dg/torture/builtin-self.c -O0 scan-assembler-not \\tcall
FAIL: gcc.dg/torture/pr68264.c -O0 execution test
FAIL: gcc.dg/torture/pr68264.c -O1 execution test
FAIL: gcc.dg/torture/pr68264.c -O2 execution test
FAIL: gcc.dg/torture/pr68264.c -O2 -flto execution test
FAIL: gcc.dg/torture/pr68264.c -O2 -flto -flto-partition=none execution test
FAIL: gcc.dg/torture/pr68264.c -O3 -g execution test
FAIL: gcc.dg/torture/pr68264.c -Os execution test
FAIL: gcc.dg/tree-prof/section-attr-1.c compilation, -fprofile-generate -D_PROFILE_GENERATE
UNRESOLVED: gcc.dg/tree-prof/section-attr-1.c compilation, -fprofile-use -D_PROFILE_USE
UNRESOLVED: gcc.dg/tree-prof/section-attr-1.c execution, -fprofile-generate -D_PROFILE_GENERATE
UNRESOLVED: gcc.dg/tree-prof/section-attr-1.c execution, -fprofile-use -D_PROFILE_USE
FAIL: gcc.dg/tree-prof/section-attr-2.c compilation, -fprofile-generate -D_PROFILE_GENERATE
UNRESOLVED: gcc.dg/tree-prof/section-attr-2.c compilation, -fprofile-use -D_PROFILE_USE
UNRESOLVED: gcc.dg/tree-prof/section-attr-2.c execution, -fprofile-generate -D_PROFILE_GENERATE
UNRESOLVED: gcc.dg/tree-prof/section-attr-2.c execution, -fprofile-use -D_PROFILE_USE
FAIL: gcc.dg/tree-prof/section-attr-3.c compilation, -fprofile-generate -D_PROFILE_GENERATE
UNRESOLVED: gcc.dg/tree-prof/section-attr-3.c compilation, -fprofile-use -D_PROFILE_USE
UNRESOLVED: gcc.dg/tree-prof/section-attr-3.c execution, -fprofile-generate -D_PROFILE_GENERATE
UNRESOLVED: gcc.dg/tree-prof/section-attr-3.c execution, -fprofile-use -D_PROFILE_USE
FAIL: c-c++-common/ubsan/typedef-1.c -O3 -g (test for excess errors)
WARNING: program timed out
FAIL: gcc.target/i386/align-limit.c scan-assembler .p2align 6,,1
XPASS: gcc.target/i386/fuse-caller-save-rec.c scan-assembler-not pop
XPASS: gcc.target/i386/fuse-caller-save-rec.c scan-assembler-not push
XPASS: gcc.target/i386/fuse-caller-save-rec.c scan-assembler-times addl\\t%[re]?dx, %[re]?ax 1
XPASS: gcc.target/i386/fuse-caller-save-xmm.c scan-assembler-times addpd\\t%xmm1, %xmm0 1
FAIL: gcc.target/i386/fuse-caller-save-xmm.c scan-assembler-times addpd\\t\\\\.?LC0.*, %xmm0 1
XPASS: gcc.target/i386/fuse-caller-save.c scan-assembler-not pop
XPASS: gcc.target/i386/fuse-caller-save.c scan-assembler-not push
XPASS: gcc.target/i386/fuse-caller-save.c scan-assembler-times addl\\t%[re]?d[ix], %[re]?ax 1
FAIL: gcc.target/i386/iinline-attr-2.c scan-assembler p2align
FAIL: gcc.target/i386/memcpy-strategy-3.c scan-assembler-times memcpy 2
FAIL: gcc.target/i386/memset-strategy-1.c scan-assembler-times memset 2
FAIL: gcc.target/i386/pr22076.c scan-assembler-times movq 3
FAIL: gcc.target/i386/pr24414.c (test for excess errors)
UNRESOLVED: gcc.target/i386/pr24414.c compilation failed to produce executable
FAIL: gcc.target/i386/pr32219-1.c scan-assembler movl[ \\t]xxx@GOTOFF\\\\(%[^,]*\\\\), %eax
FAIL: gcc.target/i386/pr32219-2.c scan-assembler movl[ \\t]xxx@GOT\\\\(%[^,]*\\\\), %
FAIL: gcc.target/i386/pr32219-3.c scan-assembler movl[ \\t]xxx@GOTOFF\\\\(%[^,]*\\\\), %eax
FAIL: gcc.target/i386/pr32219-4.c scan-assembler movl[ \\t]xxx@GOT\\\\(%[^,]*\\\\), %
FAIL: gcc.target/i386/pr32219-5.c scan-assembler movl[ \\t]xxx@GOTOFF\\\\(%[^,]*\\\\), %eax
FAIL: gcc.target/i386/pr32219-6.c scan-assembler movl[ \\t]xxx@GOT\\\\(%[^,]*\\\\), %
FAIL: gcc.target/i386/pr32219-7.c scan-assembler movl[ \\t]xxx@GOTOFF\\\\(%[^,]*\\\\), %eax
FAIL: gcc.target/i386/pr32219-8.c scan-assembler movl[ \\t]xxx@GOT\\\\(%[^,]*\\\\), %
FAIL: gcc.target/i386/pr39013-1.c scan-assembler bar@PLT
FAIL: gcc.target/i386/pr39013-1.c scan-assembler foo@PLT
FAIL: gcc.target/i386/pr39013-2.c scan-assembler bar@PLT
FAIL: gcc.target/i386/pr39013-2.c scan-assembler foo@PLT
FAIL: gcc.target/i386/pr59874-3.c scan-assembler popcntw
FAIL: gcc.target/i386/pr64317.c scan-assembler addl[ \\\\t]+[\$]_GLOBAL_OFFSET_TABLE_, %ebx
FAIL: gcc.target/i386/pr64317.c scan-assembler movl[ \\\\t]+c@GOTOFF[(]%ebx[)]
FAIL: gcc.target/i386/pr66334.c scan-assembler movl[ \\\\t].+, %ebx
FAIL: gcc.target/i386/pr66819-3.c scan-assembler-not call
FAIL: gcc.target/i386/pr66819-4.c scan-assembler-not call
FAIL: gcc.target/i386/pr67985-2.c scan-assembler call[ \\t]__mulsf3
FAIL: gcc.target/i386/pr70738-7.c scan-assembler call[ \\t]__mulsf3
FAIL: gcc.target/i386/pr71245-1.c scan-assembler-not (fistp|fild)
FAIL: gcc.target/i386/pr71245-2.c scan-assembler-not movlps
FAIL: gcc.target/i386/pr77881.c scan-assembler jne[ \\t].L
FAIL: gcc.target/i386/pr77881.c scan-assembler js[ \\t].L
FAIL: gcc.target/i386/pr78035.c scan-assembler-times cmp 2
=== gcc Summary for unix/-m32 ===
# of expected passes 116160
# of unexpected failures 255
# of unexpected successes 8
# of expected failures 374
# of unresolved testcases 12
# of unsupported tests 3517
Running target unix/-m64
FAIL: c-c++-common/asan/global-overflow-1.c -O0 output pattern test
FAIL: c-c++-common/asan/global-overflow-1.c -O1 output pattern test
FAIL: c-c++-common/asan/global-overflow-1.c -O2 output pattern test
FAIL: c-c++-common/asan/global-overflow-1.c -O2 -flto output pattern test
FAIL: c-c++-common/asan/global-overflow-1.c -O2 -flto -flto-partition=none output pattern test
FAIL: c-c++-common/asan/global-overflow-1.c -O3 -g output pattern test
FAIL: c-c++-common/asan/global-overflow-1.c -Os output pattern test
FAIL: c-c++-common/asan/heap-overflow-1.c -O0 output pattern test
FAIL: c-c++-common/asan/heap-overflow-1.c -O1 output pattern test
FAIL: c-c++-common/asan/heap-overflow-1.c -O2 output pattern test
FAIL: c-c++-common/asan/heap-overflow-1.c -O2 -flto output pattern test
FAIL: c-c++-common/asan/heap-overflow-1.c -O2 -flto -flto-partition=none output pattern test
FAIL: c-c++-common/asan/heap-overflow-1.c -O3 -g output pattern test
FAIL: c-c++-common/asan/heap-overflow-1.c -Os output pattern test
FAIL: c-c++-common/asan/misalign-1.c -O2 output pattern test
FAIL: c-c++-common/asan/misalign-1.c -O2 -flto output pattern test
FAIL: c-c++-common/asan/misalign-1.c -O2 -flto -flto-partition=none output pattern test
FAIL: c-c++-common/asan/misalign-2.c -O2 output pattern test
FAIL: c-c++-common/asan/misalign-2.c -O2 -flto output pattern test
FAIL: c-c++-common/asan/misalign-2.c -O2 -flto -flto-partition=none output pattern test
FAIL: c-c++-common/asan/null-deref-1.c -O0 output pattern test
FAIL: c-c++-common/asan/null-deref-1.c -O1 output pattern test
FAIL: c-c++-common/asan/null-deref-1.c -O2 output pattern test
FAIL: c-c++-common/asan/null-deref-1.c -O2 -flto output pattern test
FAIL: c-c++-common/asan/null-deref-1.c -O2 -flto -flto-partition=none output pattern test
FAIL: c-c++-common/asan/null-deref-1.c -O3 -g output pattern test
FAIL: c-c++-common/asan/null-deref-1.c -Os output pattern test
FAIL: c-c++-common/asan/pr70541.c -O0 output pattern test
FAIL: c-c++-common/asan/stack-overflow-1.c -O0 output pattern test
FAIL: c-c++-common/asan/stack-overflow-1.c -O1 output pattern test
FAIL: c-c++-common/asan/stack-overflow-1.c -O2 output pattern test
FAIL: c-c++-common/asan/stack-overflow-1.c -O2 -flto output pattern test
FAIL: c-c++-common/asan/stack-overflow-1.c -O2 -flto -flto-partition=none output pattern test
FAIL: c-c++-common/asan/stack-overflow-1.c -O3 -g output pattern test
FAIL: c-c++-common/asan/stack-overflow-1.c -Os output pattern test
FAIL: c-c++-common/asan/strlen-overflow-1.c -O0 output pattern test
FAIL: c-c++-common/asan/strlen-overflow-1.c -O1 output pattern test
FAIL: c-c++-common/asan/strlen-overflow-1.c -O2 output pattern test
FAIL: c-c++-common/asan/strlen-overflow-1.c -O3 -g output pattern test
FAIL: c-c++-common/asan/strlen-overflow-1.c -Os output pattern test
FAIL: c-c++-common/asan/strncpy-overflow-1.c -O0 output pattern test
FAIL: c-c++-common/asan/strncpy-overflow-1.c -O1 output pattern test
FAIL: c-c++-common/asan/strncpy-overflow-1.c -O2 output pattern test
FAIL: c-c++-common/asan/strncpy-overflow-1.c -O2 -flto output pattern test
FAIL: c-c++-common/asan/strncpy-overflow-1.c -O2 -flto -flto-partition=none output pattern test
FAIL: c-c++-common/asan/strncpy-overflow-1.c -O3 -g output pattern test
FAIL: c-c++-common/asan/strncpy-overflow-1.c -Os output pattern test
FAIL: c-c++-common/asan/use-after-free-1.c -O0 output pattern test
FAIL: c-c++-common/asan/use-after-free-1.c -O1 output pattern test
FAIL: c-c++-common/asan/use-after-free-1.c -O2 output pattern test
FAIL: c-c++-common/asan/use-after-free-1.c -O2 -flto output pattern test
FAIL: c-c++-common/asan/use-after-free-1.c -O2 -flto -flto-partition=none output pattern test
FAIL: c-c++-common/asan/use-after-free-1.c -O3 -g output pattern test
FAIL: c-c++-common/asan/use-after-free-1.c -Os output pattern test
FAIL: gcc.dg/debug/dwarf2/prod-options.c scan-assembler DW_AT_producer: "GNU C
FAIL: gcc.dg/framework-1.c (test for excess errors)
FAIL: gcc.dg/memcmp-1.c (test for excess errors)
UNRESOLVED: gcc.dg/memcmp-1.c compilation failed to produce executable
XPASS: gcc.dg/pr78768.c -Wformat-overflow (test for warnings, line 11)
FAIL: gcc.dg/stack-layout-dynamic-1.c (test for excess errors)
UNRESOLVED: gcc.dg/stack-layout-dynamic-1.c scan-assembler-not cfi_def_cfa_register
FAIL: gcc.dg/uninit-19.c (test for warnings, line 23)
FAIL: gcc.dg/uninit-19.c (test for excess errors)
FAIL: gcc.dg/graphite/scop-19.c scan-tree-dump-times graphite "number of SCoPs: 0" 1
FAIL: gcc.dg/pch/save-temps-1.c -O1 -I. -Dwith_PCH (test for excess errors)
FAIL: gcc.dg/pch/save-temps-1.c -O2 -I. -Dwith_PCH (internal compiler error)
FAIL: gcc.dg/pch/save-temps-1.c -O2 -I. -Dwith_PCH (test for excess errors)
FAIL: gcc.dg/pch/save-temps-1.c -O2 assembly comparison
FAIL: gcc.dg/pch/save-temps-1.c -O1 assembly comparison
WARNING: program timed out
FAIL: gcc.dg/plugin/diagnostic-test-show-locus-bw.c -fplugin=./diagnostic_plugin_test_show_locus.so (test for warnings, line 107)
FAIL: gcc.dg/plugin/diagnostic-test-show-locus-bw.c -fplugin=./diagnostic_plugin_test_show_locus.so (test for warnings, line 118)
FAIL: gcc.dg/plugin/diagnostic-test-show-locus-bw.c -fplugin=./diagnostic_plugin_test_show_locus.so (test for warnings, line 132)
FAIL: gcc.dg/plugin/diagnostic-test-show-locus-bw.c -fplugin=./diagnostic_plugin_test_show_locus.so (test for warnings, line 14)
FAIL: gcc.dg/plugin/diagnostic-test-show-locus-bw.c -fplugin=./diagnostic_plugin_test_show_locus.so (test for warnings, line 144)
FAIL: gcc.dg/plugin/diagnostic-test-show-locus-bw.c -fplugin=./diagnostic_plugin_test_show_locus.so (test for warnings, line 160)
FAIL: gcc.dg/plugin/diagnostic-test-show-locus-bw.c -fplugin=./diagnostic_plugin_test_show_locus.so (test for warnings, line 174)
FAIL: gcc.dg/plugin/diagnostic-test-show-locus-bw.c -fplugin=./diagnostic_plugin_test_show_locus.so (test for warnings, line 188)
FAIL: gcc.dg/plugin/diagnostic-test-show-locus-bw.c -fplugin=./diagnostic_plugin_test_show_locus.so (test for warnings, line 201)
FAIL: gcc.dg/plugin/diagnostic-test-show-locus-bw.c -fplugin=./diagnostic_plugin_test_show_locus.so (test for warnings, line 213)
FAIL: gcc.dg/plugin/diagnostic-test-show-locus-bw.c -fplugin=./diagnostic_plugin_test_show_locus.so (test for warnings, line 26)
FAIL: gcc.dg/plugin/diagnostic-test-show-locus-bw.c -fplugin=./diagnostic_plugin_test_show_locus.so (test for warnings, line 40)
FAIL: gcc.dg/plugin/diagnostic-test-show-locus-bw.c -fplugin=./diagnostic_plugin_test_show_locus.so (test for warnings, line 59)
FAIL: gcc.dg/plugin/diagnostic-test-show-locus-bw.c -fplugin=./diagnostic_plugin_test_show_locus.so (test for warnings, line 96)
FAIL: gcc.dg/plugin/diagnostic-test-show-locus-bw.c -fplugin=./diagnostic_plugin_test_show_locus.so expected multiline pattern lines 109-110 not found: " float f = foo \\* bar;.*\\n ~~~~\\^~~~~\\n"
FAIL: gcc.dg/plugin/diagnostic-test-show-locus-bw.c -fplugin=./diagnostic_plugin_test_show_locus.so expected multiline pattern lines 120-124 not found: " 0 0 0 0 0 0 1 .*\\n 4 5 6 7 8 9 0 .*\\n 6789012345678901234567890123456789012345678901234567890123456789012345.*\\n float f = foo \\* bar;.*\\n ~~~~\\^~~~~\\n"
FAIL: gcc.dg/plugin/diagnostic-test-show-locus-bw.c -fplugin=./diagnostic_plugin_test_show_locus.so expected multiline pattern lines 134-135 not found: " x = x \\+ y.*\\n A B.*\\n"
FAIL: gcc.dg/plugin/diagnostic-test-show-locus-bw.c -fplugin=./diagnostic_plugin_test_show_locus.so expected multiline pattern lines 146-149 not found: " ASSOCIATE \\(y => x\\).*\\n 2.*\\n y = 5.*\\n 1.*\\n"
FAIL: gcc.dg/plugin/diagnostic-test-show-locus-bw.c -fplugin=./diagnostic_plugin_test_show_locus.so expected multiline pattern lines 162-164 not found: " int a\\[2\\]\\[2\\] = \\{ 0, 1 , 2, 3 \\};.*\\n \\^~~~\\n \\{ \\}.*\\n"
FAIL: gcc.dg/plugin/diagnostic-test-show-locus-bw.c -fplugin=./diagnostic_plugin_test_show_locus.so expected multiline pattern lines 17-18 not found: "\\s*myvar = myvar\\.x;.*\\n ~~~~~\\^~\\n"
FAIL: gcc.dg/plugin/diagnostic-test-show-locus-bw.c -fplugin=./diagnostic_plugin_test_show_locus.so expected multiline pattern lines 176-178 not found: " int a;;.*\\n \\^\\n -.*\\n"
FAIL: gcc.dg/plugin/diagnostic-test-show-locus-bw.c -fplugin=./diagnostic_plugin_test_show_locus.so expected multiline pattern lines 190-192 not found: " gtk_widget_showall \\(dlg\\);.*\\n \\^~~~~~~~~~~~~~~~~~\\n gtk_widget_show_all.*\\n"
FAIL: gcc.dg/plugin/diagnostic-test-show-locus-bw.c -fplugin=./diagnostic_plugin_test_show_locus.so expected multiline pattern lines 203-204 not found: " int local = 0;.*\\n \\^~~~~\\n"
FAIL: gcc.dg/plugin/diagnostic-test-show-locus-bw.c -fplugin=./diagnostic_plugin_test_show_locus.so expected multiline pattern lines 224-249 not found: " /\\*.*\\n \\^\\n Lorem ipsum dolor sit amet, consectetur adipiscing elit,.*\\n \\^~~~~ \\^~~~~ \\^~~~~ \\^~~ \\^~~~ \\^~~~~~~~~~~ \\^~~~~~~~~~ \\^~~~\\n LOREM IPSUM DOLOR SIT AMET CONSECTETUR ADIPISCING ELIT.*\\n sed do eiusmod tempor incididunt ut labore et dolore magna.*\\n \\^~~ \\^~ \\^~~~~~~ \\^~~~~~ \\^~~~~~~~~~ \\^~ \\^~~~~~ \\^~ \\^~~~~~ \\^~~~~\\n SED DO EIUSMOD TEMPOR INCIDIDUNT UT LABORE ET DOLORE MAGNA.*\\n aliqua\\. Ut enim ad minim veniam, quis nostrud exercitation.*\\n \\^~~~~~ \\^~ \\^~~~ \\^~ \\^~~~~ \\^~~~~~ \\^~~~ \\^~~~~~~ \\^~~~~~~~~~~~\\n ALIQUA UT ENIM AD MINIM VENIAM QUIS NOSTRUD EXERCITATION.*\\n ullamco laboris nisi ut aliquip ex ea commodo consequat\\. Duis.*\\n \\^~~~~~~ \\^~~~~~~ \\^~~~ \\^~ \\^~~~~~~ \\^~ \\^~ \\^~~~~~~ \\^~~~~~~~~ \\^~~~\\n UL
LAMCO LABORIS NISI UT ALIQUIP EX EA COMMODO CONSEQUAT DUIS.*\\n aute irure dolor in reprehenderit in voluptate velit esse cillum.*\\n \\^~~~ \\^~~~~ \\^~~~~ \\^~ \\^~~~~~~~~~~~~ \\^~ \\^~~~~~~~~ \\^~~~~ \\^~~~ \\^~~~~~\\n AUTE IRURE DOLOR IN REPREHENDERIT IN VOLUPTATE VELIT ESSE CILLUM.*\\n dolore eu fugiat nulla pariatur\\. Excepteur sint occaecat.*\\n \\^~~~~~ \\^~ \\^~~~~~ \\^~~~~ \\^~~~~~~~ \\^~~~~~~~~ \\^~~~ \\^~~~~~~~\\n DOLORE EU FUGIAT NULLA PARIATUR EXCEPTEUR SINT OCCAECAT.*\\n cupidatat non proident, sunt in culpa qui officia deserunt.*\\n \\^~~~~~~~~ \\^~~ \\^~~~~~~~ \\^~~~ \\^~ \\^~~~~ \\^~~ \\^~~~~~~ \\^~~~~~~~\\n CUPIDATAT NON PROIDENT SUNT IN CULPA QUI OFFICIA DESERUNT.*\\n mollit anim id est laborum\\..*\\n \\^~~~~~ \\^~~~ \\^~ \\^~~ \\^~~~~~~\\n MOLLIT ANIM ID EST LABORUM.*\\n"
FAIL: gcc.dg/plugin/diagnostic-test-show-locus-bw.c -fplugin=./diagnostic_plugin_test_show_locus.so expected multiline pattern lines 29-30 not found: " x = first_function \\(\\) \\+ second_function \\(\\);.*\\n ~~~~~~~~~~~~~~~~~ \\^ ~~~~~~~~~~~~~~~~~~\\n"
FAIL: gcc.dg/plugin/diagnostic-test-show-locus-bw.c -fplugin=./diagnostic_plugin_test_show_locus.so expected multiline pattern lines 43-46 not found: " x = \\(first_function \\(\\).*\\n ~~~~~~~~~~~~~~~~~\\n \\+ second_function \\(\\)\\);.*\\n \\^ ~~~~~~~~~~~~~~~~~~\\n"
FAIL: gcc.dg/plugin/diagnostic-test-show-locus-bw.c -fplugin=./diagnostic_plugin_test_show_locus.so expected multiline pattern lines 67-88 not found: " x = \\(first_function_with_a_very_long_name \\(lorem, ipsum, dolor, sit, amet,.*\\n ~~~~~~~~~~~~~~~~~~~~~~~~~~~~~~~~~~~~~~~~~~~~~~~~~~~~~~~~~~~~~~~~~~~~~\\n consectetur, adipiscing, elit,.*\\n ~~~~~~~~~~~~~~~~~~~~~~~~~~~~~~\\n sed, eiusmod, tempor,.*\\n ~~~~~~~~~~~~~~~~~~~~~\\n incididunt, ut, labore, et,.*\\n ~~~~~~~~~~~~~~~~~~~~~~~~~~~\\n dolore, magna, aliqua\\).*\\n ~~~~~~~~~~~~~~~~~~~~~~\\n \\+ second_function_with_a_very_long_name \\(lorem, ipsum, dolor, sit,.*\\n
\\^ ~~~~~~~~~~~~~~~~~~~~~~~~~~~~~~~~~~~~~~~~~~~~~~~~~~~~~~~~~~~~~~~~~~~~~~~~~~~~~~~~~~~~~~~~~~~~\\n amet, consectetur,.*\\n ~~~~~~~~~~~~~~~~~~\\n adipiscing, elit, sed,.*\\n ~~~~~~~~~~~~~~~~~~~~~~\\n eiusmod, tempor, incididunt,.*\\n ~~~~~~~~~~~~~~~~~~~~~~~~~~~~\\n ut, labore, et, dolore,.*\\n ~~~~~~~~~~~~~~~~~~~~~~~\\n magna, aliqua\\)\\);.*\\n ~~~~~~~~~~~~~~\\n"
FAIL: gcc.dg/plugin/diagnostic-test-show-locus-bw.c -fplugin=./diagnostic_plugin_test_show_locus.so expected multiline pattern lines 98-99 not found: " float f = 98\\.6f;.*\\n \\^~~~~\\n"
FAIL: gcc.dg/plugin/diagnostic-test-show-locus-bw.c -fplugin=./diagnostic_plugin_test_show_locus.so (test for excess errors)
FAIL: gcc.dg/plugin/diagnostic-test-show-locus-color.c -fplugin=./diagnostic_plugin_test_show_locus.so (test for warnings, line 107)
FAIL: gcc.dg/plugin/diagnostic-test-show-locus-color.c -fplugin=./diagnostic_plugin_test_show_locus.so (test for warnings, line 118)
FAIL: gcc.dg/plugin/diagnostic-test-show-locus-color.c -fplugin=./diagnostic_plugin_test_show_locus.so (test for warnings, line 132)
FAIL: gcc.dg/plugin/diagnostic-test-show-locus-color.c -fplugin=./diagnostic_plugin_test_show_locus.so (test for warnings, line 14)
FAIL: gcc.dg/plugin/diagnostic-test-show-locus-color.c -fplugin=./diagnostic_plugin_test_show_locus.so (test for warnings, line 144)
FAIL: gcc.dg/plugin/diagnostic-test-show-locus-color.c -fplugin=./diagnostic_plugin_test_show_locus.so (test for warnings, line 160)
FAIL: gcc.dg/plugin/diagnostic-test-show-locus-color.c -fplugin=./diagnostic_plugin_test_show_locus.so (test for warnings, line 174)
FAIL: gcc.dg/plugin/diagnostic-test-show-locus-color.c -fplugin=./diagnostic_plugin_test_show_locus.so (test for warnings, line 188)
FAIL: gcc.dg/plugin/diagnostic-test-show-locus-color.c -fplugin=./diagnostic_plugin_test_show_locus.so (test for warnings, line 26)
FAIL: gcc.dg/plugin/diagnostic-test-show-locus-color.c -fplugin=./diagnostic_plugin_test_show_locus.so (test for warnings, line 40)
FAIL: gcc.dg/plugin/diagnostic-test-show-locus-color.c -fplugin=./diagnostic_plugin_test_show_locus.so (test for warnings, line 59)
FAIL: gcc.dg/plugin/diagnostic-test-show-locus-color.c -fplugin=./diagnostic_plugin_test_show_locus.so (test for warnings, line 96)
FAIL: gcc.dg/plugin/diagnostic-test-show-locus-color.c -fplugin=./diagnostic_plugin_test_show_locus.so expected multiline pattern lines 109-110 not found: " float f = \\[01;35m\\[Kfoo \\* bar\\[m\\[K;.*\\n \\[01;35m\\[K~~~~\\^~~~~\\[m\\[K.*\\n"
FAIL: gcc.dg/plugin/diagnostic-test-show-locus-color.c -fplugin=./diagnostic_plugin_test_show_locus.so expected multiline pattern lines 120-124 not found: " 0 0 0 0 0 0 1 .*\\n 4 5 6 7 8 9 0 .*\\n 6789012345678901234567890123456789012345678901234567890123456789012345.*\\n float f = \\[01;35m\\[Kfoo \\* bar\\[m\\[K;.*\\n \\[01;35m\\[K~~~~\\^~~~~\\[m\\[K.*\\n"
FAIL: gcc.dg/plugin/diagnostic-test-show-locus-color.c -fplugin=./diagnostic_plugin_test_show_locus.so expected multiline pattern lines 134-135 not found: " x = \\[01;35m\\[Kx\\[m\\[K \\+ \\[32m\\[Ky\\[m\\[K.*\\n \\[01;35m\\[KA\\[m\\[K \\[32m\\[KB\\[m\\[K.*\\n"
FAIL: gcc.dg/plugin/diagnostic-test-show-locus-color.c -fplugin=./diagnostic_plugin_test_show_locus.so expected multiline pattern lines 146-149 not found: " ASSOCIATE \\(y =>\\[32m\\[K \\[m\\[Kx\\).*\\n \\[32m\\[K2\\[m\\[K.*\\n \\[01;35m\\[K \\[m\\[Ky = 5.*\\n \\[01;35m\\[K1\\[m\\[K.*\\n"
FAIL: gcc.dg/plugin/diagnostic-test-show-locus-color.c -fplugin=./diagnostic_plugin_test_show_locus.so expected multiline pattern lines 162-164 not found: " int a\\[2\\]\\[2\\] = \\{ \\[01;35m\\[K0, 1\\[m\\[K , 2, 3 \\};.*\\n \\[01;35m\\[K\\^~~~\\[m\\[K.*\\n \\[32m\\[K\\{\\[m\\[K \\[32m\\[K\\}\\[m\\[K.*\\n"
FAIL: gcc.dg/plugin/diagnostic-test-show-locus-color.c -fplugin=./diagnostic_plugin_test_show_locus.so expected multiline pattern lines 17-18 not found: "\\s*myvar = \\[32m\\[Kmyvar\\[m\\[K\\[01;35m\\[K\\.\\[m\\[K\\[34m\\[Kx\\[m\\[K;.*\\n \\[32m\\[K~~~~~\\[m\\[K\\[01;35m\\[K\\^\\[m\\[K\\[34m\\[K~\\[m\\[K.*\\n"
FAIL: gcc.dg/plugin/diagnostic-test-show-locus-color.c -fplugin=./diagnostic_plugin_test_show_locus.so expected multiline pattern lines 176-178 not found: " int a;\\[01;35m\\[K;\\[m\\[K.*\\n \\[01;35m\\[K\\^\\[m\\[K.*\\n \\[31m\\[K-\\[m\\[K.*\\n"
FAIL: gcc.dg/plugin/diagnostic-test-show-locus-color.c -fplugin=./diagnostic_plugin_test_show_locus.so expected multiline pattern lines 190-192 not found: " \\[01;35m\\[Kgtk_widget_showall\\[m\\[K \\(dlg\\);.*\\n \\[01;35m\\[K\\^~~~~~~~~~~~~~~~~~\\[m\\[K.*\\n \\[32m\\[Kgtk_widget_show_all\\[m\\[K.*\\n"
FAIL: gcc.dg/plugin/diagnostic-test-show-locus-color.c -fplugin=./diagnostic_plugin_test_show_locus.so expected multiline pattern lines 29-30 not found: " x = \\[32m\\[Kfirst_function \\(\\)\\[m\\[K \\[01;35m\\[K\\+\\[m\\[K \\[34m\\[Ksecond_function \\(\\)\\[m\\[K;.*\\n \\[32m\\[K~~~~~~~~~~~~~~~~~\\[m\\[K \\[01;35m\\[K\\^\\[m\\[K \\[34m\\[K~~~~~~~~~~~~~~~~~~\\[m\\[K.*\\n"
FAIL: gcc.dg/plugin/diagnostic-test-show-locus-color.c -fplugin=./diagnostic_plugin_test_show_locus.so expected multiline pattern lines 43-46 not found: " x = \\(\\[32m\\[Kfirst_function \\(\\)\\[m\\[K.*\\n \\[32m\\[K~~~~~~~~~~~~~~~~~\\[m\\[K.*\\n \\[01;35m\\[K\\+\\[m\\[K \\[34m\\[Ksecond_function \\(\\)\\[m\\[K\\);.*\\n \\[01;35m\\[K\\^\\[m\\[K \\[34m\\[K~~~~~~~~~~~~~~~~~~\\[m\\[K.*\\n"
FAIL: gcc.dg/plugin/diagnostic-test-show-locus-color.c -fplugin=./diagnostic_plugin_test_show_locus.so expected multiline pattern lines 67-88 not found: " x = \\(\\[32m\\[Kfirst_function_with_a_very_long_name \\(lorem, ipsum, dolor, sit, amet,\\[m\\[K.*\\n \\[32m\\[K~~~~~~~~~~~~~~~~~~~~~~~~~~~~~~~~~~~~~~~~~~~~~~~~~~~~~~~~~~~~~~~~~~~~~\\[m\\[K.*\\n \\[32m\\[K consectetur, adipiscing, elit,\\[m\\[K.*\\n \\[32m\\[K~~~~~~~~~~~~~~~~~~~~~~~~~~~~~~\\[m\\[K.*\\n \\[32m\\[K sed, eiusmod, tempor,\\[m\\[K.*\\n \\[32m\\[K~~~~~~~~~~~~~~~~~~~~~\\[m\\[K.*\\n \\[32m\\[K incididunt, ut, labore, et,\\[m\\[K.*\\n \\[32m\\[K~~~~~~~~~~~~~~~~~~~~~~~~~~~\\[m\\[K.*\\n \\[32m\\[K
dolore, magna, aliqua\\)\\[m\\[K.*\\n \\[32m\\[K~~~~~~~~~~~~~~~~~~~~~~\\[m\\[K.*\\n \\[01;35m\\[K\\+\\[m\\[K \\[34m\\[Ksecond_function_with_a_very_long_name \\(lorem, ipsum, dolor, sit,.*\\n \\[01;35m\\[K\\^\\[m\\[K \\[34m\\[K~~~~~~~~~~~~~~~~~~~~~~~~~~~~~~~~~~~~~~~~~~~~~~~~~~~~~~~~~~~~~~~~~~~~~~~~~~~~~~~~~~~~~~~~~~~~\\[m\\[K.*\\n \\[34m\\[K amet, consectetur,\\[m\\[K.*\\n \\[34m\\[K~~~~~~~~~~~~~~~~~~\\[m\\[K.*\\n \\[34m\\[K adipiscing, elit, sed,\\[m\\[K.*\\n \\[34m\\[K~~~~~~~~~~~~~~~~~~~~~~\\[m\\[K.*\\n \\[34m\\[K eiusmod, tempor, incididunt,\\[m\\[K.*\\n \\[34m\\[K~~~~~~~~~~~~~~~~~~~~~~~~~
~~~\\[m\\[K.*\\n \\[34m\\[K ut, labore, et, dolore,\\[m\\[K.*\\n \\[34m\\[K~~~~~~~~~~~~~~~~~~~~~~~\\[m\\[K.*\\n \\[34m\\[K magna, aliqua\\)\\[m\\[K\\);.*\\n \\[34m\\[K~~~~~~~~~~~~~~\\[m\\[K.*\\n"
FAIL: gcc.dg/plugin/diagnostic-test-show-locus-color.c -fplugin=./diagnostic_plugin_test_show_locus.so expected multiline pattern lines 98-99 not found: " float f = \\[01;35m\\[K98\\.6f\\[m\\[K;.*\\n \\[01;35m\\[K\\^~~~~\\[m\\[K.*\\n"
FAIL: gcc.dg/plugin/diagnostic-test-show-locus-color.c -fplugin=./diagnostic_plugin_test_show_locus.so (test for excess errors)
FAIL: gcc.dg/plugin/diagnostic-test-show-locus-generate-patch.c -fplugin=./diagnostic_plugin_test_show_locus.so (test for warnings, line 17)
FAIL: gcc.dg/plugin/diagnostic-test-show-locus-generate-patch.c -fplugin=./diagnostic_plugin_test_show_locus.so (test for warnings, line 26)
FAIL: gcc.dg/plugin/diagnostic-test-show-locus-generate-patch.c -fplugin=./diagnostic_plugin_test_show_locus.so (test for warnings, line 35)
FAIL: gcc.dg/plugin/diagnostic-test-show-locus-generate-patch.c -fplugin=./diagnostic_plugin_test_show_locus.so dg-regexp 45 not found: "\\-\\-\\- .*"
FAIL: gcc.dg/plugin/diagnostic-test-show-locus-generate-patch.c -fplugin=./diagnostic_plugin_test_show_locus.so dg-regexp 46 not found: "\\+\\+\\+ .*"
FAIL: gcc.dg/plugin/diagnostic-test-show-locus-generate-patch.c -fplugin=./diagnostic_plugin_test_show_locus.so expected multiline pattern lines 50-76 not found: "\\s*@@ -14,7 \\+14,7 @@.*\\n void test_fixit_insert \\(void\\).*\\n \\{.*\\n #if 0.*\\n- int a\\[2\\]\\[2\\] = \\{ 0, 1 , 2, 3 \\};.*\\n\\+ int a\\[2\\]\\[2\\] = \\{ \\{0, 1\\} , 2, 3 \\};.*\\n #endif.*\\n \\}.*\\n .*\\n@@ -23,7 \\+23,7 @@.*\\n void test_fixit_remove \\(void\\).*\\n \\{.*\\n #if 0.*\\n- int a;;.*\\n\\+ int a;.*\\n #endif.*\\n \\}.*\\n .*\\n@@ -32,7 \\+32,7 @@.*\\n void test_fixit_replace \\(void\\).*\\n \\{.*\\n #if 0.*\\n- gtk_widget_showall \\(dlg\\);.*\\n\\+ gtk_widget_show_all \\(dlg\\);.*\\n #endif.*\\n \\}.*\\n .*\\n"
FAIL: gcc.dg/plugin/diagnostic-test-show-locus-generate-patch.c -fplugin=./diagnostic_plugin_test_show_locus.so (test for excess errors)
FAIL: gcc.dg/plugin/diagnostic-test-show-locus-parseable-fixits.c -fplugin=./diagnostic_plugin_test_show_locus.so (test for warnings, line 17)
FAIL: gcc.dg/plugin/diagnostic-test-show-locus-parseable-fixits.c -fplugin=./diagnostic_plugin_test_show_locus.so (test for warnings, line 28)
FAIL: gcc.dg/plugin/diagnostic-test-show-locus-parseable-fixits.c -fplugin=./diagnostic_plugin_test_show_locus.so (test for warnings, line 38)
FAIL: gcc.dg/plugin/diagnostic-test-show-locus-parseable-fixits.c -fplugin=./diagnostic_plugin_test_show_locus.so dg-regexp 18 not found: "fix-it:.*\\{17:20-17:20\\}:.*"
FAIL: gcc.dg/plugin/diagnostic-test-show-locus-parseable-fixits.c -fplugin=./diagnostic_plugin_test_show_locus.so dg-regexp 19 not found: "fix-it:.*\\{17:24-17:24\\}:.*"
FAIL: gcc.dg/plugin/diagnostic-test-show-locus-parseable-fixits.c -fplugin=./diagnostic_plugin_test_show_locus.so dg-regexp 29 not found: "fix-it:.*\\{28:9-28:10\\}:.*"
FAIL: gcc.dg/plugin/diagnostic-test-show-locus-parseable-fixits.c -fplugin=./diagnostic_plugin_test_show_locus.so dg-regexp 39 not found: "fix-it:.*\\{38:3-38:21\\}:.*"
FAIL: gcc.dg/plugin/diagnostic-test-show-locus-parseable-fixits.c -fplugin=./diagnostic_plugin_test_show_locus.so (test for excess errors)
FAIL: gcc.dg/plugin/diagnostic-test-string-literals-1.c -fplugin=./diagnostic_plugin_test_string_literals.so (test for errors, line 164)
FAIL: gcc.dg/plugin/diagnostic-test-string-literals-1.c -fplugin=./diagnostic_plugin_test_string_literals.so (test for errors, line 176)
FAIL: gcc.dg/plugin/diagnostic-test-string-literals-1.c -fplugin=./diagnostic_plugin_test_string_literals.so (test for errors, line 188)
FAIL: gcc.dg/plugin/diagnostic-test-string-literals-1.c -fplugin=./diagnostic_plugin_test_string_literals.so (test for errors, line 211)
FAIL: gcc.dg/plugin/diagnostic-test-string-literals-1.c -fplugin=./diagnostic_plugin_test_string_literals.so (test for errors, line 249)
FAIL: gcc.dg/plugin/diagnostic-test-string-literals-1.c -fplugin=./diagnostic_plugin_test_string_literals.so (test for errors, line 282)
FAIL: gcc.dg/plugin/diagnostic-test-string-literals-1.c -fplugin=./diagnostic_plugin_test_string_literals.so (test for warnings, line 108)
FAIL: gcc.dg/plugin/diagnostic-test-string-literals-1.c -fplugin=./diagnostic_plugin_test_string_literals.so (test for warnings, line 125)
FAIL: gcc.dg/plugin/diagnostic-test-string-literals-1.c -fplugin=./diagnostic_plugin_test_string_literals.so (test for warnings, line 140)
FAIL: gcc.dg/plugin/diagnostic-test-string-literals-1.c -fplugin=./diagnostic_plugin_test_string_literals.so (test for warnings, line 152)
FAIL: gcc.dg/plugin/diagnostic-test-string-literals-1.c -fplugin=./diagnostic_plugin_test_string_literals.so (test for warnings, line 200)
FAIL: gcc.dg/plugin/diagnostic-test-string-literals-1.c -fplugin=./diagnostic_plugin_test_string_literals.so (test for warnings, line 22)
FAIL: gcc.dg/plugin/diagnostic-test-string-literals-1.c -fplugin=./diagnostic_plugin_test_string_literals.so (test for warnings, line 232)
FAIL: gcc.dg/plugin/diagnostic-test-string-literals-1.c -fplugin=./diagnostic_plugin_test_string_literals.so (test for warnings, line 268)
FAIL: gcc.dg/plugin/diagnostic-test-string-literals-1.c -fplugin=./diagnostic_plugin_test_string_literals.so (test for warnings, line 33)
FAIL: gcc.dg/plugin/diagnostic-test-string-literals-1.c -fplugin=./diagnostic_plugin_test_string_literals.so (test for warnings, line 44)
FAIL: gcc.dg/plugin/diagnostic-test-string-literals-1.c -fplugin=./diagnostic_plugin_test_string_literals.so (test for warnings, line 81)
FAIL: gcc.dg/plugin/diagnostic-test-string-literals-1.c -fplugin=./diagnostic_plugin_test_string_literals.so (test for warnings, line 95)
FAIL: gcc.dg/plugin/diagnostic-test-string-literals-1.c -fplugin=./diagnostic_plugin_test_string_literals.so expected multiline pattern lines 111-112 not found: " __emit_string_literal_range \\("01234" "\\\\x35" "\\\\066" "789",.*\\n ~~~~~~\\^~~~~~~~~~~~~~~~~~\\n"
FAIL: gcc.dg/plugin/diagnostic-test-string-literals-1.c -fplugin=./diagnostic_plugin_test_string_literals.so expected multiline pattern lines 128-129 not found: " __emit_string_literal_range \\("01234\\\\u2174\\\\u2175789",.*\\n ~\\^~~~~~~~~~~~~\\n"
FAIL: gcc.dg/plugin/diagnostic-test-string-literals-1.c -fplugin=./diagnostic_plugin_test_string_literals.so expected multiline pattern lines 143-144 not found: " __emit_string_literal_range \\("01234\\\\U00002174\\\\U00002175789",.*\\n ~\\^~~~~~~~~~~~~~~~~~~~~\\n"
FAIL: gcc.dg/plugin/diagnostic-test-string-literals-1.c -fplugin=./diagnostic_plugin_test_string_literals.so expected multiline pattern lines 155-156 not found: " __emit_string_literal_range \\(u8"0123456789",.*\\n ~~\\^~\\n"
FAIL: gcc.dg/plugin/diagnostic-test-string-literals-1.c -fplugin=./diagnostic_plugin_test_string_literals.so expected multiline pattern lines 167-168 not found: " __emit_string_literal_range \\(u"0123456789",.*\\n \\^~~~~~~~~~~~~\\n"
FAIL: gcc.dg/plugin/diagnostic-test-string-literals-1.c -fplugin=./diagnostic_plugin_test_string_literals.so expected multiline pattern lines 179-180 not found: " __emit_string_literal_range \\(U"0123456789",.*\\n \\^~~~~~~~~~~~~\\n"
FAIL: gcc.dg/plugin/diagnostic-test-string-literals-1.c -fplugin=./diagnostic_plugin_test_string_literals.so expected multiline pattern lines 191-192 not found: " __emit_string_literal_range \\(L"0123456789",.*\\n \\^~~~~~~~~~~~~\\n"
FAIL: gcc.dg/plugin/diagnostic-test-string-literals-1.c -fplugin=./diagnostic_plugin_test_string_literals.so expected multiline pattern lines 203-204 not found: " __emit_string_literal_range \\(R"foo\\(0123456789\\)foo",.*\\n ~~\\^~\\n"
FAIL: gcc.dg/plugin/diagnostic-test-string-literals-1.c -fplugin=./diagnostic_plugin_test_string_literals.so expected multiline pattern lines 218-225 not found: " __emit_string_literal_range \\(R"foo\\(.*\\n \\^~~~~~\\n hello.*\\n ~~~~~ .*\\n world.*\\n ~~~~~ .*\\n \\)foo",.*\\n ~~~~~ .*\\n"
FAIL: gcc.dg/plugin/diagnostic-test-string-literals-1.c -fplugin=./diagnostic_plugin_test_string_literals.so expected multiline pattern lines 237-242 not found: " #define START "01234".*\\n ~\\^~~~~~~~~~~~~~~~~~~~~~~~~~~~~~~~\\n __emit_string_literal_range \\(START.*\\n ~~~~~~~~~~~~~~~~~~~~~~~~~~~~~~~~~~\\n "56789",.*\\n ~~~\\n"
FAIL: gcc.dg/plugin/diagnostic-test-string-literals-1.c -fplugin=./diagnostic_plugin_test_string_literals.so expected multiline pattern lines 25-26 not found: "\\s*__emit_string_literal_range \\("0123456789",.*\\n \\^~\\n"
FAIL: gcc.dg/plugin/diagnostic-test-string-literals-1.c -fplugin=./diagnostic_plugin_test_string_literals.so expected multiline pattern lines 252-253 not found: " #define RANGE \\("0123456789"\\).*\\n \\^\\n"
FAIL: gcc.dg/plugin/diagnostic-test-string-literals-1.c -fplugin=./diagnostic_plugin_test_string_literals.so expected multiline pattern lines 256-257 not found: " __emit_string_literal_range \\(RANGE, 4, 3, 6\\);.*\\n \\^~~~~\\n"
FAIL: gcc.dg/plugin/diagnostic-test-string-literals-1.c -fplugin=./diagnostic_plugin_test_string_literals.so expected multiline pattern lines 271-272 not found: " __emit_string_literal_range \\("0123456789",.*\\n \\^\\n"
FAIL: gcc.dg/plugin/diagnostic-test-string-literals-1.c -fplugin=./diagnostic_plugin_test_string_literals.so expected multiline pattern lines 287-292 not found: " __emit_string_literal_range \\("\\\\.*\\n \\^~\\n 01234\\\\.*\\n ~~~~~~ .*\\n 56789", 6, 6, 7\\);.*\\n ~~~~~~ .*\\n"
FAIL: gcc.dg/plugin/diagnostic-test-string-literals-1.c -fplugin=./diagnostic_plugin_test_string_literals.so expected multiline pattern lines 36-37 not found: " __emit_string_literal_range \\("01234" "56789",.*\\n ~\\^~~~~~\\n"
FAIL: gcc.dg/plugin/diagnostic-test-string-literals-1.c -fplugin=./diagnostic_plugin_test_string_literals.so expected multiline pattern lines 48-51 not found: " __emit_string_literal_range \\("01234".*\\n ~\\^~~~~~~~~~~~~~~~~~~~~~~~~~~~~~~\\n "56789",.*\\n ~~~ .*\\n"
FAIL: gcc.dg/plugin/diagnostic-test-string-literals-1.c -fplugin=./diagnostic_plugin_test_string_literals.so expected multiline pattern lines 84-85 not found: " __emit_string_literal_range \\("01234\\\\x35 789".*\\n ~\\^~~~~~~\\n"
FAIL: gcc.dg/plugin/diagnostic-test-string-literals-1.c -fplugin=./diagnostic_plugin_test_string_literals.so expected multiline pattern lines 98-99 not found: " __emit_string_literal_range \\("01234\\\\065 789".*\\n ~\\^~~~~~~\\n"
FAIL: gcc.dg/plugin/diagnostic-test-string-literals-1.c -fplugin=./diagnostic_plugin_test_string_literals.so (test for excess errors)
FAIL: gcc.dg/plugin/diagnostic-test-string-literals-2.c -fplugin=./diagnostic_plugin_test_string_literals.so (test for errors, line 15)
FAIL: gcc.dg/plugin/diagnostic-test-string-literals-2.c -fplugin=./diagnostic_plugin_test_string_literals.so (test for errors, line 28)
FAIL: gcc.dg/plugin/diagnostic-test-string-literals-2.c -fplugin=./diagnostic_plugin_test_string_literals.so (test for errors, line 46)
FAIL: gcc.dg/plugin/diagnostic-test-string-literals-2.c -fplugin=./diagnostic_plugin_test_string_literals.so (test for errors, line 61)
FAIL: gcc.dg/plugin/diagnostic-test-string-literals-2.c -fplugin=./diagnostic_plugin_test_string_literals.so (test for excess errors)
FAIL: gcc.dg/plugin/diagnostic-test-string-literals-3.c -fplugin=./diagnostic_plugin_test_string_literals.so (test for errors, line 13)
FAIL: gcc.dg/plugin/diagnostic-test-string-literals-3.c -fplugin=./diagnostic_plugin_test_string_literals.so (test for errors, line 20)
FAIL: gcc.dg/plugin/diagnostic-test-string-literals-3.c -fplugin=./diagnostic_plugin_test_string_literals.so (test for errors, line 31)
FAIL: gcc.dg/plugin/diagnostic-test-string-literals-3.c -fplugin=./diagnostic_plugin_test_string_literals.so (test for errors, line 41)
FAIL: gcc.dg/plugin/diagnostic-test-string-literals-3.c -fplugin=./diagnostic_plugin_test_string_literals.so (test for excess errors)
FAIL: gcc.dg/plugin/diagnostic-test-string-literals-4.c -fplugin=./diagnostic_plugin_test_string_literals.so (test for errors, line 13)
FAIL: gcc.dg/plugin/diagnostic-test-string-literals-4.c -fplugin=./diagnostic_plugin_test_string_literals.so (test for errors, line 20)
FAIL: gcc.dg/plugin/diagnostic-test-string-literals-4.c -fplugin=./diagnostic_plugin_test_string_literals.so (test for errors, line 30)
FAIL: gcc.dg/plugin/diagnostic-test-string-literals-4.c -fplugin=./diagnostic_plugin_test_string_literals.so (test for errors, line 40)
FAIL: gcc.dg/plugin/diagnostic-test-string-literals-4.c -fplugin=./diagnostic_plugin_test_string_literals.so (test for excess errors)
FAIL: gcc.dg/plugin/one_time-test-1.c -fplugin=./one_time_plugin.so (test for excess errors)
FAIL: gcc.dg/plugin/self-assign-test-1.c -fplugin=./selfassign.so (test for warnings, line 15)
FAIL: gcc.dg/plugin/self-assign-test-1.c -fplugin=./selfassign.so (test for warnings, line 20)
FAIL: gcc.dg/plugin/self-assign-test-1.c -fplugin=./selfassign.so (test for warnings, line 21)
FAIL: gcc.dg/plugin/self-assign-test-1.c -fplugin=./selfassign.so (test for warnings, line 22)
FAIL: gcc.dg/plugin/self-assign-test-1.c -fplugin=./selfassign.so (test for excess errors)
FAIL: gcc.dg/plugin/self-assign-test-2.c -fplugin=./selfassign.so (test for excess errors)
FAIL: gcc.dg/rtl/x86_64/final.c (internal compiler error)
FAIL: gcc.dg/rtl/x86_64/final.c (test for excess errors)
FAIL: gcc.dg/rtl/x86_64/final.c scan-assembler .cfi_endproc
FAIL: gcc.dg/rtl/x86_64/final.c scan-assembler .cfi_startproc
FAIL: gcc.dg/torture/pr68264.c -O0 execution test
FAIL: gcc.dg/torture/pr68264.c -O1 execution test
FAIL: gcc.dg/torture/pr68264.c -O2 execution test
FAIL: gcc.dg/torture/pr68264.c -O2 -flto execution test
FAIL: gcc.dg/torture/pr68264.c -O2 -flto -flto-partition=none execution test
FAIL: gcc.dg/torture/pr68264.c -O3 -g execution test
FAIL: gcc.dg/torture/pr68264.c -Os execution test
FAIL: gcc.dg/tree-prof/section-attr-1.c compilation, -fprofile-generate -D_PROFILE_GENERATE
UNRESOLVED: gcc.dg/tree-prof/section-attr-1.c compilation, -fprofile-use -D_PROFILE_USE
UNRESOLVED: gcc.dg/tree-prof/section-attr-1.c execution, -fprofile-generate -D_PROFILE_GENERATE
UNRESOLVED: gcc.dg/tree-prof/section-attr-1.c execution, -fprofile-use -D_PROFILE_USE
FAIL: gcc.dg/tree-prof/section-attr-2.c compilation, -fprofile-generate -D_PROFILE_GENERATE
UNRESOLVED: gcc.dg/tree-prof/section-attr-2.c compilation, -fprofile-use -D_PROFILE_USE
UNRESOLVED: gcc.dg/tree-prof/section-attr-2.c execution, -fprofile-generate -D_PROFILE_GENERATE
UNRESOLVED: gcc.dg/tree-prof/section-attr-2.c execution, -fprofile-use -D_PROFILE_USE
FAIL: gcc.dg/tree-prof/section-attr-3.c compilation, -fprofile-generate -D_PROFILE_GENERATE
UNRESOLVED: gcc.dg/tree-prof/section-attr-3.c compilation, -fprofile-use -D_PROFILE_USE
UNRESOLVED: gcc.dg/tree-prof/section-attr-3.c execution, -fprofile-generate -D_PROFILE_GENERATE
UNRESOLVED: gcc.dg/tree-prof/section-attr-3.c execution, -fprofile-use -D_PROFILE_USE
FAIL: gcc.target/i386/align-limit.c scan-assembler .p2align 6,,1
FAIL: gcc.target/i386/fuse-caller-save-xmm.c scan-assembler-times addpd\\t\\\\.?LC0.*, %xmm0 1
FAIL: gcc.target/i386/iinline-attr-2.c scan-assembler p2align
FAIL: gcc.target/i386/memcpy-strategy-3.c scan-assembler-times memcpy 2
FAIL: gcc.target/i386/memset-strategy-1.c scan-assembler-times memset 2
FAIL: gcc.target/i386/pr24414.c (test for excess errors)
UNRESOLVED: gcc.target/i386/pr24414.c compilation failed to produce executable
FAIL: gcc.target/i386/pr32219-1.c scan-assembler movl[ \\t]xxx\\\\(%rip\\\\), %eax
FAIL: gcc.target/i386/pr32219-3.c scan-assembler movl[ \\t]xxx\\\\(%rip\\\\), %eax
FAIL: gcc.target/i386/pr32219-3.c scan-assembler-not xxx@GOTPCREL
FAIL: gcc.target/i386/pr32219-5.c scan-assembler movl[ \\t]xxx\\\\(%rip\\\\), %eax
FAIL: gcc.target/i386/pr32219-6.c scan-assembler xxx@GOTPCREL
FAIL: gcc.target/i386/pr32219-7.c scan-assembler movl[ \\t]xxx\\\\(%rip\\\\), %eax
FAIL: gcc.target/i386/pr32219-7.c scan-assembler-not xxx@GOTPCREL
FAIL: gcc.target/i386/pr39013-1.c scan-assembler bar@PLT
FAIL: gcc.target/i386/pr39013-1.c scan-assembler foo@PLT
FAIL: gcc.target/i386/pr39013-2.c scan-assembler bar@PLT
FAIL: gcc.target/i386/pr39013-2.c scan-assembler foo@PLT
FAIL: gcc.target/i386/pr49866.c (test for excess errors)
FAIL: gcc.target/i386/pr59874-3.c scan-assembler popcntw
FAIL: gcc.target/i386/pr61599-1.c (test for excess errors)
UNRESOLVED: gcc.target/i386/pr61599-1.c compilation failed to produce executable
FAIL: gcc.target/i386/pr63538.c scan-assembler movabs
FAIL: gcc.target/i386/pr77881.c scan-assembler jne[ \\t].L
FAIL: gcc.target/i386/pr77881.c scan-assembler js[ \\t].L
FAIL: gcc.target/i386/pr78035.c scan-assembler-times cmp 2
FAIL: gcc.target/x86_64/abi/avx/test_m256_returning.c compilation, -O0
FAIL: gcc.target/x86_64/abi/avx/test_m256_returning.c compilation, -O1
FAIL: gcc.target/x86_64/abi/avx/test_m256_returning.c compilation, -O2
FAIL: gcc.target/x86_64/abi/avx/test_m256_returning.c compilation, -O3 -g
FAIL: gcc.target/x86_64/abi/avx/test_m256_returning.c compilation, -Og -g
FAIL: gcc.target/x86_64/abi/avx/test_m256_returning.c compilation, -Os
UNRESOLVED: gcc.target/x86_64/abi/avx/test_m256_returning.c execution, -O0
UNRESOLVED: gcc.target/x86_64/abi/avx/test_m256_returning.c execution, -O1
UNRESOLVED: gcc.target/x86_64/abi/avx/test_m256_returning.c execution, -O2
UNRESOLVED: gcc.target/x86_64/abi/avx/test_m256_returning.c execution, -O3 -g
UNRESOLVED: gcc.target/x86_64/abi/avx/test_m256_returning.c execution, -Og -g
UNRESOLVED: gcc.target/x86_64/abi/avx/test_m256_returning.c execution, -Os
FAIL: gcc.target/x86_64/abi/avx/test_passing_m256.c compilation, -O0
FAIL: gcc.target/x86_64/abi/avx/test_passing_m256.c compilation, -O1
FAIL: gcc.target/x86_64/abi/avx/test_passing_m256.c compilation, -O2
FAIL: gcc.target/x86_64/abi/avx/test_passing_m256.c compilation, -O3 -fomit-frame-pointer -funroll-loops -fpeel-loops -ftracer -finline-functions
FAIL: gcc.target/x86_64/abi/avx/test_passing_m256.c compilation, -O3 -g
FAIL: gcc.target/x86_64/abi/avx/test_passing_m256.c compilation, -Og -g
FAIL: gcc.target/x86_64/abi/avx/test_passing_m256.c compilation, -Os
UNRESOLVED: gcc.target/x86_64/abi/avx/test_passing_m256.c execution, -O0
UNRESOLVED: gcc.target/x86_64/abi/avx/test_passing_m256.c execution, -O1
UNRESOLVED: gcc.target/x86_64/abi/avx/test_passing_m256.c execution, -O2
UNRESOLVED: gcc.target/x86_64/abi/avx/test_passing_m256.c execution, -O3 -fomit-frame-pointer -funroll-loops -fpeel-loops -ftracer -finline-functions
UNRESOLVED: gcc.target/x86_64/abi/avx/test_passing_m256.c execution, -O3 -g
UNRESOLVED: gcc.target/x86_64/abi/avx/test_passing_m256.c execution, -Og -g
UNRESOLVED: gcc.target/x86_64/abi/avx/test_passing_m256.c execution, -Os
FAIL: gcc.target/x86_64/abi/avx/test_passing_structs.c compilation, -O0
FAIL: gcc.target/x86_64/abi/avx/test_passing_structs.c compilation, -O1
FAIL: gcc.target/x86_64/abi/avx/test_passing_structs.c compilation, -O2
FAIL: gcc.target/x86_64/abi/avx/test_passing_structs.c compilation, -O3 -fomit-frame-pointer -funroll-loops -fpeel-loops -ftracer -finline-functions
FAIL: gcc.target/x86_64/abi/avx/test_passing_structs.c compilation, -O3 -g
FAIL: gcc.target/x86_64/abi/avx/test_passing_structs.c compilation, -Og -g
FAIL: gcc.target/x86_64/abi/avx/test_passing_structs.c compilation, -Os
UNRESOLVED: gcc.target/x86_64/abi/avx/test_passing_structs.c execution, -O0
UNRESOLVED: gcc.target/x86_64/abi/avx/test_passing_structs.c execution, -O1
UNRESOLVED: gcc.target/x86_64/abi/avx/test_passing_structs.c execution, -O2
UNRESOLVED: gcc.target/x86_64/abi/avx/test_passing_structs.c execution, -O3 -fomit-frame-pointer -funroll-loops -fpeel-loops -ftracer -finline-functions
UNRESOLVED: gcc.target/x86_64/abi/avx/test_passing_structs.c execution, -O3 -g
UNRESOLVED: gcc.target/x86_64/abi/avx/test_passing_structs.c execution, -Og -g
UNRESOLVED: gcc.target/x86_64/abi/avx/test_passing_structs.c execution, -Os
FAIL: gcc.target/x86_64/abi/avx/test_passing_unions.c compilation, -O0
FAIL: gcc.target/x86_64/abi/avx/test_passing_unions.c compilation, -O1
FAIL: gcc.target/x86_64/abi/avx/test_passing_unions.c compilation, -O2
FAIL: gcc.target/x86_64/abi/avx/test_passing_unions.c compilation, -O3 -fomit-frame-pointer -funroll-loops -fpeel-loops -ftracer -finline-functions
FAIL: gcc.target/x86_64/abi/avx/test_passing_unions.c compilation, -O3 -g
FAIL: gcc.target/x86_64/abi/avx/test_passing_unions.c compilation, -Og -g
FAIL: gcc.target/x86_64/abi/avx/test_passing_unions.c compilation, -Os
UNRESOLVED: gcc.target/x86_64/abi/avx/test_passing_unions.c execution, -O0
UNRESOLVED: gcc.target/x86_64/abi/avx/test_passing_unions.c execution, -O1
UNRESOLVED: gcc.target/x86_64/abi/avx/test_passing_unions.c execution, -O2
UNRESOLVED: gcc.target/x86_64/abi/avx/test_passing_unions.c execution, -O3 -fomit-frame-pointer -funroll-loops -fpeel-loops -ftracer -finline-functions
UNRESOLVED: gcc.target/x86_64/abi/avx/test_passing_unions.c execution, -O3 -g
UNRESOLVED: gcc.target/x86_64/abi/avx/test_passing_unions.c execution, -Og -g
UNRESOLVED: gcc.target/x86_64/abi/avx/test_passing_unions.c execution, -Os
=== gcc Summary for unix/-m64 ===
# of expected passes 117670
# of unexpected failures 260
# of unexpected successes 1
# of expected failures 370
# of unresolved testcases 40
# of unsupported tests 3473
=== gcc Summary ===
# of expected passes 233830
# of unexpected failures 515
# of unexpected successes 9
# of expected failures 744
# of unresolved testcases 52
# of unsupported tests 6990
/Users/fx/autobuilds/builds/gcc-trunk-245265/gcc/xgcc version 7.0.1 20170208 (experimental) [trunk revision 245265] (GCC)
=== gfortran tests ===
Running target unix/-m32
=== gfortran Summary for unix/-m32 ===
# of expected passes 44320
# of expected failures 88
# of unsupported tests 166
Running target unix/-m64
=== gfortran Summary for unix/-m64 ===
# of expected passes 44537
# of expected failures 88
# of unsupported tests 63
=== gfortran Summary ===
# of expected passes 88857
# of expected failures 176
# of unsupported tests 229
/Users/fx/autobuilds/builds/gcc-trunk-245265/gcc/gfortran version 7.0.1 20170208 (experimental) [trunk revision 245265] (GCC)
=== obj-c++ tests ===
Running target unix/-m32
FAIL: obj-c++.dg/qual-types-1.mm -fgnu-runtime (test for excess errors)
FAIL: obj-c++.dg/cxx-ivars-3.mm -fnext-runtime (test for excess errors)
UNRESOLVED: obj-c++.dg/cxx-ivars-3.mm -fnext-runtime compilation failed to produce executable
FAIL: obj-c++.dg/gnu-api-2-objc.mm -fnext-runtime execution test
FAIL: obj-c++.dg/objc-gc-3.mm -fnext-runtime (test for excess errors)
FAIL: obj-c++.dg/proto-lossage-7.mm -fnext-runtime (test for excess errors)
FAIL: obj-c++.dg/stubify-1.mm -fnext-runtime (test for excess errors)
FAIL: obj-c++.dg/stubify-2.mm -fnext-runtime scan-rtl-dump-not jump "symbol_ref.*"objc_msgSend""
FAIL: obj-c++.dg/syntax-error-1.mm -fnext-runtime (test for excess errors)
FAIL: obj-c++.dg/plugin/diagnostic-test-expressions-1.mm -fplugin=./diagnostic_plugin_test_tree_expression_range.so (test for warnings, line 60)
FAIL: obj-c++.dg/plugin/diagnostic-test-expressions-1.mm -fplugin=./diagnostic_plugin_test_tree_expression_range.so expected multiline pattern lines 62-63 not found: " __emit_expression_range \\( 0, @selector\\(func0\\) \\);.*\\n \\^~~~~~~~~~~~~~~~\\n"
FAIL: obj-c++.dg/plugin/diagnostic-test-expressions-1.mm -fplugin=./diagnostic_plugin_test_tree_expression_range.so (test for excess errors)
FAIL: obj-c++.dg/strings/const-cfstring-2.mm -fnext-runtime (test for excess errors)
FAIL: obj-c++.dg/strings/const-cfstring-5.mm -fnext-runtime (test for excess errors)
FAIL: obj-c++.dg/strings/const-str-12.mm -fnext-runtime (test for excess errors)
FAIL: obj-c++.dg/torture/strings/const-cfstring-1.mm -O0 -fnext-runtime (test for excess errors)
UNRESOLVED: obj-c++.dg/torture/strings/const-cfstring-1.mm -O0 -fnext-runtime compilation failed to produce executable
FAIL: obj-c++.dg/torture/strings/const-cfstring-1.mm -O1 -fnext-runtime (test for excess errors)
UNRESOLVED: obj-c++.dg/torture/strings/const-cfstring-1.mm -O1 -fnext-runtime compilation failed to produce executable
FAIL: obj-c++.dg/torture/strings/const-cfstring-1.mm -O2 -fnext-runtime (test for excess errors)
UNRESOLVED: obj-c++.dg/torture/strings/const-cfstring-1.mm -O2 -fnext-runtime compilation failed to produce executable
FAIL: obj-c++.dg/torture/strings/const-cfstring-1.mm -O3 -g -fnext-runtime (test for excess errors)
UNRESOLVED: obj-c++.dg/torture/strings/const-cfstring-1.mm -O3 -g -fnext-runtime compilation failed to produce executable
FAIL: obj-c++.dg/torture/strings/const-cfstring-1.mm -Os -fnext-runtime (test for excess errors)
UNRESOLVED: obj-c++.dg/torture/strings/const-cfstring-1.mm -Os -fnext-runtime compilation failed to produce executable
FAIL: obj-c++.dg/torture/strings/const-cfstring-1.mm -O2 -flto -flto-partition=none -fnext-runtime (test for excess errors)
UNRESOLVED: obj-c++.dg/torture/strings/const-cfstring-1.mm -O2 -flto -flto-partition=none -fnext-runtime compilation failed to produce executable
FAIL: obj-c++.dg/torture/strings/const-cfstring-1.mm -O2 -flto -fnext-runtime (test for excess errors)
UNRESOLVED: obj-c++.dg/torture/strings/const-cfstring-1.mm -O2 -flto -fnext-runtime compilation failed to produce executable
FAIL: obj-c++.dg/torture/strings/const-str-10.mm -O0 -fnext-runtime (test for excess errors)
UNRESOLVED: obj-c++.dg/torture/strings/const-str-10.mm -O0 -fnext-runtime scan-assembler .section __OBJC, __cstring_object
UNRESOLVED: obj-c++.dg/torture/strings/const-str-10.mm -O0 -fnext-runtime scan-assembler .long\\t__NSConstantStringClassReference\\n\\t.long\\t.*\\n\\t.long\\t5\\n\\t.data
FAIL: obj-c++.dg/torture/strings/const-str-10.mm -O1 -fnext-runtime (test for excess errors)
UNRESOLVED: obj-c++.dg/torture/strings/const-str-10.mm -O1 -fnext-runtime scan-assembler .section __OBJC, __cstring_object
UNRESOLVED: obj-c++.dg/torture/strings/const-str-10.mm -O1 -fnext-runtime scan-assembler .long\\t__NSConstantStringClassReference\\n\\t.long\\t.*\\n\\t.long\\t5\\n\\t.data
FAIL: obj-c++.dg/torture/strings/const-str-10.mm -O2 -fnext-runtime (test for excess errors)
UNRESOLVED: obj-c++.dg/torture/strings/const-str-10.mm -O2 -fnext-runtime scan-assembler .section __OBJC, __cstring_object
UNRESOLVED: obj-c++.dg/torture/strings/const-str-10.mm -O2 -fnext-runtime scan-assembler .long\\t__NSConstantStringClassReference\\n\\t.long\\t.*\\n\\t.long\\t5\\n\\t.data
FAIL: obj-c++.dg/torture/strings/const-str-10.mm -O3 -g -fnext-runtime (test for excess errors)
UNRESOLVED: obj-c++.dg/torture/strings/const-str-10.mm -O3 -g -fnext-runtime scan-assembler .section __OBJC, __cstring_object
UNRESOLVED: obj-c++.dg/torture/strings/const-str-10.mm -O3 -g -fnext-runtime scan-assembler .long\\t__NSConstantStringClassReference\\n\\t.long\\t.*\\n\\t.long\\t5\\n\\t.data
FAIL: obj-c++.dg/torture/strings/const-str-10.mm -Os -fnext-runtime (test for excess errors)
UNRESOLVED: obj-c++.dg/torture/strings/const-str-10.mm -Os -fnext-runtime scan-assembler .section __OBJC, __cstring_object
UNRESOLVED: obj-c++.dg/torture/strings/const-str-10.mm -Os -fnext-runtime scan-assembler .long\\t__NSConstantStringClassReference\\n\\t.long\\t.*\\n\\t.long\\t5\\n\\t.data
FAIL: obj-c++.dg/torture/strings/const-str-10.mm -O2 -flto -flto-partition=none -fnext-runtime (test for excess errors)
UNRESOLVED: obj-c++.dg/torture/strings/const-str-10.mm -O2 -flto -flto-partition=none -fnext-runtime scan-assembler .section __OBJC, __cstring_object
UNRESOLVED: obj-c++.dg/torture/strings/const-str-10.mm -O2 -flto -flto-partition=none -fnext-runtime scan-assembler .long\\t__NSConstantStringClassReference\\n\\t.long\\t.*\\n\\t.long\\t5\\n\\t.data
FAIL: obj-c++.dg/torture/strings/const-str-10.mm -O2 -flto -fnext-runtime (test for excess errors)
UNRESOLVED: obj-c++.dg/torture/strings/const-str-10.mm -O2 -flto -fnext-runtime scan-assembler .section __OBJC, __cstring_object
UNRESOLVED: obj-c++.dg/torture/strings/const-str-10.mm -O2 -flto -fnext-runtime scan-assembler .long\\t__NSConstantStringClassReference\\n\\t.long\\t.*\\n\\t.long\\t5\\n\\t.data
FAIL: obj-c++.dg/torture/strings/const-str-11.mm -O0 -fnext-runtime (test for excess errors)
UNRESOLVED: obj-c++.dg/torture/strings/const-str-11.mm -O0 -fnext-runtime scan-assembler .section __OBJC, __cstring_object
UNRESOLVED: obj-c++.dg/torture/strings/const-str-11.mm -O0 -fnext-runtime scan-assembler .long\\t__XStrClassReference\\n\\t.long\\t.*\\n\\t.long\\t5\\n\\t.data
FAIL: obj-c++.dg/torture/strings/const-str-11.mm -O1 -fnext-runtime (test for excess errors)
UNRESOLVED: obj-c++.dg/torture/strings/const-str-11.mm -O1 -fnext-runtime scan-assembler .section __OBJC, __cstring_object
UNRESOLVED: obj-c++.dg/torture/strings/const-str-11.mm -O1 -fnext-runtime scan-assembler .long\\t__XStrClassReference\\n\\t.long\\t.*\\n\\t.long\\t5\\n\\t.data
FAIL: obj-c++.dg/torture/strings/const-str-11.mm -O2 -fnext-runtime (test for excess errors)
UNRESOLVED: obj-c++.dg/torture/strings/const-str-11.mm -O2 -fnext-runtime scan-assembler .section __OBJC, __cstring_object
UNRESOLVED: obj-c++.dg/torture/strings/const-str-11.mm -O2 -fnext-runtime scan-assembler .long\\t__XStrClassReference\\n\\t.long\\t.*\\n\\t.long\\t5\\n\\t.data
FAIL: obj-c++.dg/torture/strings/const-str-11.mm -O3 -g -fnext-runtime (test for excess errors)
UNRESOLVED: obj-c++.dg/torture/strings/const-str-11.mm -O3 -g -fnext-runtime scan-assembler .section __OBJC, __cstring_object
UNRESOLVED: obj-c++.dg/torture/strings/const-str-11.mm -O3 -g -fnext-runtime scan-assembler .long\\t__XStrClassReference\\n\\t.long\\t.*\\n\\t.long\\t5\\n\\t.data
FAIL: obj-c++.dg/torture/strings/const-str-11.mm -Os -fnext-runtime (test for excess errors)
UNRESOLVED: obj-c++.dg/torture/strings/const-str-11.mm -Os -fnext-runtime scan-assembler .section __OBJC, __cstring_object
UNRESOLVED: obj-c++.dg/torture/strings/const-str-11.mm -Os -fnext-runtime scan-assembler .long\\t__XStrClassReference\\n\\t.long\\t.*\\n\\t.long\\t5\\n\\t.data
FAIL: obj-c++.dg/torture/strings/const-str-11.mm -O2 -flto -flto-partition=none -fnext-runtime (test for excess errors)
UNRESOLVED: obj-c++.dg/torture/strings/const-str-11.mm -O2 -flto -flto-partition=none -fnext-runtime scan-assembler .section __OBJC, __cstring_object
UNRESOLVED: obj-c++.dg/torture/strings/const-str-11.mm -O2 -flto -flto-partition=none -fnext-runtime scan-assembler .long\\t__XStrClassReference\\n\\t.long\\t.*\\n\\t.long\\t5\\n\\t.data
FAIL: obj-c++.dg/torture/strings/const-str-11.mm -O2 -flto -fnext-runtime (test for excess errors)
UNRESOLVED: obj-c++.dg/torture/strings/const-str-11.mm -O2 -flto -fnext-runtime scan-assembler .section __OBJC, __cstring_object
UNRESOLVED: obj-c++.dg/torture/strings/const-str-11.mm -O2 -flto -fnext-runtime scan-assembler .long\\t__XStrClassReference\\n\\t.long\\t.*\\n\\t.long\\t5\\n\\t.data
FAIL: obj-c++.dg/torture/strings/const-str-9.mm -O0 -fnext-runtime (test for excess errors)
UNRESOLVED: obj-c++.dg/torture/strings/const-str-9.mm -O0 -fnext-runtime scan-assembler .section __OBJC, __cstring_object
UNRESOLVED: obj-c++.dg/torture/strings/const-str-9.mm -O0 -fnext-runtime scan-assembler .long\\t__NSConstantStringClassReference\\n\\t.long\\t.*\\n\\t.long\\t5\\n\\t.data
FAIL: obj-c++.dg/torture/strings/const-str-9.mm -O1 -fnext-runtime (test for excess errors)
UNRESOLVED: obj-c++.dg/torture/strings/const-str-9.mm -O1 -fnext-runtime scan-assembler .section __OBJC, __cstring_object
UNRESOLVED: obj-c++.dg/torture/strings/const-str-9.mm -O1 -fnext-runtime scan-assembler .long\\t__NSConstantStringClassReference\\n\\t.long\\t.*\\n\\t.long\\t5\\n\\t.data
FAIL: obj-c++.dg/torture/strings/const-str-9.mm -O2 -fnext-runtime (test for excess errors)
UNRESOLVED: obj-c++.dg/torture/strings/const-str-9.mm -O2 -fnext-runtime scan-assembler .section __OBJC, __cstring_object
UNRESOLVED: obj-c++.dg/torture/strings/const-str-9.mm -O2 -fnext-runtime scan-assembler .long\\t__NSConstantStringClassReference\\n\\t.long\\t.*\\n\\t.long\\t5\\n\\t.data
FAIL: obj-c++.dg/torture/strings/const-str-9.mm -O3 -g -fnext-runtime (test for excess errors)
UNRESOLVED: obj-c++.dg/torture/strings/const-str-9.mm -O3 -g -fnext-runtime scan-assembler .section __OBJC, __cstring_object
UNRESOLVED: obj-c++.dg/torture/strings/const-str-9.mm -O3 -g -fnext-runtime scan-assembler .long\\t__NSConstantStringClassReference\\n\\t.long\\t.*\\n\\t.long\\t5\\n\\t.data
FAIL: obj-c++.dg/torture/strings/const-str-9.mm -Os -fnext-runtime (test for excess errors)
UNRESOLVED: obj-c++.dg/torture/strings/const-str-9.mm -Os -fnext-runtime scan-assembler .section __OBJC, __cstring_object
UNRESOLVED: obj-c++.dg/torture/strings/const-str-9.mm -Os -fnext-runtime scan-assembler .long\\t__NSConstantStringClassReference\\n\\t.long\\t.*\\n\\t.long\\t5\\n\\t.data
FAIL: obj-c++.dg/torture/strings/const-str-9.mm -O2 -flto -flto-partition=none -fnext-runtime (test for excess errors)
UNRESOLVED: obj-c++.dg/torture/strings/const-str-9.mm -O2 -flto -flto-partition=none -fnext-runtime scan-assembler .section __OBJC, __cstring_object
UNRESOLVED: obj-c++.dg/torture/strings/const-str-9.mm -O2 -flto -flto-partition=none -fnext-runtime scan-assembler .long\\t__NSConstantStringClassReference\\n\\t.long\\t.*\\n\\t.long\\t5\\n\\t.data
FAIL: obj-c++.dg/torture/strings/const-str-9.mm -O2 -flto -fnext-runtime (test for excess errors)
UNRESOLVED: obj-c++.dg/torture/strings/const-str-9.mm -O2 -flto -fnext-runtime scan-assembler .section __OBJC, __cstring_object
UNRESOLVED: obj-c++.dg/torture/strings/const-str-9.mm -O2 -flto -fnext-runtime scan-assembler .long\\t__NSConstantStringClassReference\\n\\t.long\\t.*\\n\\t.long\\t5\\n\\t.data
=== obj-c++ Summary for unix/-m32 ===
# of expected passes 3041
# of unexpected failures 42
# of expected failures 2
# of unresolved testcases 50
# of unsupported tests 62
Running target unix/-m64
FAIL: obj-c++.dg/qual-types-1.mm -fgnu-runtime (test for excess errors)
FAIL: obj-c++.dg/cxx-ivars-3.mm -fnext-runtime (test for excess errors)
UNRESOLVED: obj-c++.dg/cxx-ivars-3.mm -fnext-runtime compilation failed to produce executable
FAIL: obj-c++.dg/encode-5.mm -fnext-runtime (test for excess errors)
UNRESOLVED: obj-c++.dg/encode-5.mm -fnext-runtime compilation failed to produce executable
FAIL: obj-c++.dg/gnu-api-2-objc.mm -fnext-runtime execution test
FAIL: obj-c++.dg/isa-field-1.mm -fnext-runtime (test for excess errors)
FAIL: obj-c++.dg/objc-gc-3.mm -fnext-runtime (test for excess errors)
FAIL: obj-c++.dg/proto-lossage-3.mm -fnext-runtime (test for excess errors)
UNRESOLVED: obj-c++.dg/proto-lossage-3.mm -fnext-runtime compilation failed to produce executable
FAIL: obj-c++.dg/proto-lossage-7.mm -fnext-runtime (test for excess errors)
FAIL: obj-c++.dg/proto-qual-1.mm -fnext-runtime (test for excess errors)
UNRESOLVED: obj-c++.dg/proto-qual-1.mm -fnext-runtime compilation failed to produce executable
FAIL: obj-c++.dg/syntax-error-1.mm -fnext-runtime (test for excess errors)
FAIL: obj-c++.dg/try-catch-2.mm -fnext-runtime execution test
FAIL: obj-c++.dg/try-catch-9.mm -fnext-runtime execution test
FAIL: obj-c++.dg/plugin/diagnostic-test-expressions-1.mm -fplugin=./diagnostic_plugin_test_tree_expression_range.so (test for warnings, line 60)
FAIL: obj-c++.dg/plugin/diagnostic-test-expressions-1.mm -fplugin=./diagnostic_plugin_test_tree_expression_range.so (test for warnings, line 68)
FAIL: obj-c++.dg/plugin/diagnostic-test-expressions-1.mm -fplugin=./diagnostic_plugin_test_tree_expression_range.so expected multiline pattern lines 62-63 not found: " __emit_expression_range \\( 0, @selector\\(func0\\) \\);.*\\n \\^~~~~~~~~~~~~~~~\\n"
FAIL: obj-c++.dg/plugin/diagnostic-test-expressions-1.mm -fplugin=./diagnostic_plugin_test_tree_expression_range.so expected multiline pattern lines 70-71 not found: " __emit_expression_range \\( 0, @protocol\\(prot\\) \\);.*\\n \\^~~~~~~~~~~~~~~\\n"
FAIL: obj-c++.dg/plugin/diagnostic-test-expressions-1.mm -fplugin=./diagnostic_plugin_test_tree_expression_range.so (test for excess errors)
FAIL: obj-c++.dg/strings/const-cfstring-2.mm -fnext-runtime (test for excess errors)
FAIL: obj-c++.dg/strings/const-cfstring-5.mm -fnext-runtime (test for excess errors)
FAIL: obj-c++.dg/strings/const-str-12.mm -fnext-runtime (test for excess errors)
FAIL: obj-c++.dg/torture/strings/const-cfstring-1.mm -O0 -fnext-runtime (test for excess errors)
UNRESOLVED: obj-c++.dg/torture/strings/const-cfstring-1.mm -O0 -fnext-runtime compilation failed to produce executable
FAIL: obj-c++.dg/torture/strings/const-cfstring-1.mm -O1 -fnext-runtime (test for excess errors)
UNRESOLVED: obj-c++.dg/torture/strings/const-cfstring-1.mm -O1 -fnext-runtime compilation failed to produce executable
FAIL: obj-c++.dg/torture/strings/const-cfstring-1.mm -O2 -fnext-runtime (test for excess errors)
UNRESOLVED: obj-c++.dg/torture/strings/const-cfstring-1.mm -O2 -fnext-runtime compilation failed to produce executable
FAIL: obj-c++.dg/torture/strings/const-cfstring-1.mm -O3 -g -fnext-runtime (test for excess errors)
UNRESOLVED: obj-c++.dg/torture/strings/const-cfstring-1.mm -O3 -g -fnext-runtime compilation failed to produce executable
FAIL: obj-c++.dg/torture/strings/const-cfstring-1.mm -Os -fnext-runtime (test for excess errors)
UNRESOLVED: obj-c++.dg/torture/strings/const-cfstring-1.mm -Os -fnext-runtime compilation failed to produce executable
FAIL: obj-c++.dg/torture/strings/const-cfstring-1.mm -O2 -flto -flto-partition=none -fnext-runtime (test for excess errors)
UNRESOLVED: obj-c++.dg/torture/strings/const-cfstring-1.mm -O2 -flto -flto-partition=none -fnext-runtime compilation failed to produce executable
FAIL: obj-c++.dg/torture/strings/const-cfstring-1.mm -O2 -flto -fnext-runtime (test for excess errors)
UNRESOLVED: obj-c++.dg/torture/strings/const-cfstring-1.mm -O2 -flto -fnext-runtime compilation failed to produce executable
FAIL: obj-c++.dg/torture/strings/const-str-10.mm -O0 -fnext-runtime (test for excess errors)
UNRESOLVED: obj-c++.dg/torture/strings/const-str-10.mm -O0 -fnext-runtime scan-assembler .section __DATA, __objc_stringobj
UNRESOLVED: obj-c++.dg/torture/strings/const-str-10.mm -O0 -fnext-runtime scan-assembler .quad\\t_OBJC_CLASS_._NSConstantString\\n\\t.quad\\t.*\\n\\t.long\\t5\\n\\t.space
FAIL: obj-c++.dg/torture/strings/const-str-10.mm -O1 -fnext-runtime (test for excess errors)
UNRESOLVED: obj-c++.dg/torture/strings/const-str-10.mm -O1 -fnext-runtime scan-assembler .section __DATA, __objc_stringobj
UNRESOLVED: obj-c++.dg/torture/strings/const-str-10.mm -O1 -fnext-runtime scan-assembler .quad\\t_OBJC_CLASS_._NSConstantString\\n\\t.quad\\t.*\\n\\t.long\\t5\\n\\t.space
FAIL: obj-c++.dg/torture/strings/const-str-10.mm -O2 -fnext-runtime (test for excess errors)
UNRESOLVED: obj-c++.dg/torture/strings/const-str-10.mm -O2 -fnext-runtime scan-assembler .section __DATA, __objc_stringobj
UNRESOLVED: obj-c++.dg/torture/strings/const-str-10.mm -O2 -fnext-runtime scan-assembler .quad\\t_OBJC_CLASS_._NSConstantString\\n\\t.quad\\t.*\\n\\t.long\\t5\\n\\t.space
FAIL: obj-c++.dg/torture/strings/const-str-10.mm -O3 -g -fnext-runtime (test for excess errors)
UNRESOLVED: obj-c++.dg/torture/strings/const-str-10.mm -O3 -g -fnext-runtime scan-assembler .section __DATA, __objc_stringobj
UNRESOLVED: obj-c++.dg/torture/strings/const-str-10.mm -O3 -g -fnext-runtime scan-assembler .quad\\t_OBJC_CLASS_._NSConstantString\\n\\t.quad\\t.*\\n\\t.long\\t5\\n\\t.space
FAIL: obj-c++.dg/torture/strings/const-str-10.mm -Os -fnext-runtime (test for excess errors)
UNRESOLVED: obj-c++.dg/torture/strings/const-str-10.mm -Os -fnext-runtime scan-assembler .section __DATA, __objc_stringobj
UNRESOLVED: obj-c++.dg/torture/strings/const-str-10.mm -Os -fnext-runtime scan-assembler .quad\\t_OBJC_CLASS_._NSConstantString\\n\\t.quad\\t.*\\n\\t.long\\t5\\n\\t.space
FAIL: obj-c++.dg/torture/strings/const-str-10.mm -O2 -flto -flto-partition=none -fnext-runtime (test for excess errors)
UNRESOLVED: obj-c++.dg/torture/strings/const-str-10.mm -O2 -flto -flto-partition=none -fnext-runtime scan-assembler .section __DATA, __objc_stringobj
UNRESOLVED: obj-c++.dg/torture/strings/const-str-10.mm -O2 -flto -flto-partition=none -fnext-runtime scan-assembler .quad\\t_OBJC_CLASS_._NSConstantString\\n\\t.quad\\t.*\\n\\t.long\\t5\\n\\t.space
FAIL: obj-c++.dg/torture/strings/const-str-10.mm -O2 -flto -fnext-runtime (test for excess errors)
UNRESOLVED: obj-c++.dg/torture/strings/const-str-10.mm -O2 -flto -fnext-runtime scan-assembler .section __DATA, __objc_stringobj
UNRESOLVED: obj-c++.dg/torture/strings/const-str-10.mm -O2 -flto -fnext-runtime scan-assembler .quad\\t_OBJC_CLASS_._NSConstantString\\n\\t.quad\\t.*\\n\\t.long\\t5\\n\\t.space
FAIL: obj-c++.dg/torture/strings/const-str-11.mm -O0 -fnext-runtime (test for excess errors)
UNRESOLVED: obj-c++.dg/torture/strings/const-str-11.mm -O0 -fnext-runtime scan-assembler .section __DATA, __objc_stringobj
UNRESOLVED: obj-c++.dg/torture/strings/const-str-11.mm -O0 -fnext-runtime scan-assembler .quad\\t_OBJC_CLASS_._XStr\\n\\t.quad\\t.*\\n\\t.long\\t5\\n\\t.space
FAIL: obj-c++.dg/torture/strings/const-str-11.mm -O1 -fnext-runtime (test for excess errors)
UNRESOLVED: obj-c++.dg/torture/strings/const-str-11.mm -O1 -fnext-runtime scan-assembler .section __DATA, __objc_stringobj
UNRESOLVED: obj-c++.dg/torture/strings/const-str-11.mm -O1 -fnext-runtime scan-assembler .quad\\t_OBJC_CLASS_._XStr\\n\\t.quad\\t.*\\n\\t.long\\t5\\n\\t.space
FAIL: obj-c++.dg/torture/strings/const-str-11.mm -O2 -fnext-runtime (test for excess errors)
UNRESOLVED: obj-c++.dg/torture/strings/const-str-11.mm -O2 -fnext-runtime scan-assembler .section __DATA, __objc_stringobj
UNRESOLVED: obj-c++.dg/torture/strings/const-str-11.mm -O2 -fnext-runtime scan-assembler .quad\\t_OBJC_CLASS_._XStr\\n\\t.quad\\t.*\\n\\t.long\\t5\\n\\t.space
FAIL: obj-c++.dg/torture/strings/const-str-11.mm -O3 -g -fnext-runtime (test for excess errors)
UNRESOLVED: obj-c++.dg/torture/strings/const-str-11.mm -O3 -g -fnext-runtime scan-assembler .section __DATA, __objc_stringobj
UNRESOLVED: obj-c++.dg/torture/strings/const-str-11.mm -O3 -g -fnext-runtime scan-assembler .quad\\t_OBJC_CLASS_._XStr\\n\\t.quad\\t.*\\n\\t.long\\t5\\n\\t.space
FAIL: obj-c++.dg/torture/strings/const-str-11.mm -Os -fnext-runtime (test for excess errors)
UNRESOLVED: obj-c++.dg/torture/strings/const-str-11.mm -Os -fnext-runtime scan-assembler .section __DATA, __objc_stringobj
UNRESOLVED: obj-c++.dg/torture/strings/const-str-11.mm -Os -fnext-runtime scan-assembler .quad\\t_OBJC_CLASS_._XStr\\n\\t.quad\\t.*\\n\\t.long\\t5\\n\\t.space
FAIL: obj-c++.dg/torture/strings/const-str-11.mm -O2 -flto -flto-partition=none -fnext-runtime (test for excess errors)
UNRESOLVED: obj-c++.dg/torture/strings/const-str-11.mm -O2 -flto -flto-partition=none -fnext-runtime scan-assembler .section __DATA, __objc_stringobj
UNRESOLVED: obj-c++.dg/torture/strings/const-str-11.mm -O2 -flto -flto-partition=none -fnext-runtime scan-assembler .quad\\t_OBJC_CLASS_._XStr\\n\\t.quad\\t.*\\n\\t.long\\t5\\n\\t.space
FAIL: obj-c++.dg/torture/strings/const-str-11.mm -O2 -flto -fnext-runtime (test for excess errors)
UNRESOLVED: obj-c++.dg/torture/strings/const-str-11.mm -O2 -flto -fnext-runtime scan-assembler .section __DATA, __objc_stringobj
UNRESOLVED: obj-c++.dg/torture/strings/const-str-11.mm -O2 -flto -fnext-runtime scan-assembler .quad\\t_OBJC_CLASS_._XStr\\n\\t.quad\\t.*\\n\\t.long\\t5\\n\\t.space
FAIL: obj-c++.dg/torture/strings/const-str-9.mm -O0 -fnext-runtime (test for excess errors)
UNRESOLVED: obj-c++.dg/torture/strings/const-str-9.mm -O0 -fnext-runtime scan-assembler .section __DATA, __objc_stringobj
UNRESOLVED: obj-c++.dg/torture/strings/const-str-9.mm -O0 -fnext-runtime scan-assembler .quad\\t_OBJC_CLASS_._NSConstantString\\n\\t.quad\\t.*\\n\\t.long\\t5\\n\\t.space
FAIL: obj-c++.dg/torture/strings/const-str-9.mm -O1 -fnext-runtime (test for excess errors)
UNRESOLVED: obj-c++.dg/torture/strings/const-str-9.mm -O1 -fnext-runtime scan-assembler .section __DATA, __objc_stringobj
UNRESOLVED: obj-c++.dg/torture/strings/const-str-9.mm -O1 -fnext-runtime scan-assembler .quad\\t_OBJC_CLASS_._NSConstantString\\n\\t.quad\\t.*\\n\\t.long\\t5\\n\\t.space
FAIL: obj-c++.dg/torture/strings/const-str-9.mm -O2 -fnext-runtime (test for excess errors)
UNRESOLVED: obj-c++.dg/torture/strings/const-str-9.mm -O2 -fnext-runtime scan-assembler .section __DATA, __objc_stringobj
UNRESOLVED: obj-c++.dg/torture/strings/const-str-9.mm -O2 -fnext-runtime scan-assembler .quad\\t_OBJC_CLASS_._NSConstantString\\n\\t.quad\\t.*\\n\\t.long\\t5\\n\\t.space
FAIL: obj-c++.dg/torture/strings/const-str-9.mm -O3 -g -fnext-runtime (test for excess errors)
UNRESOLVED: obj-c++.dg/torture/strings/const-str-9.mm -O3 -g -fnext-runtime scan-assembler .section __DATA, __objc_stringobj
UNRESOLVED: obj-c++.dg/torture/strings/const-str-9.mm -O3 -g -fnext-runtime scan-assembler .quad\\t_OBJC_CLASS_._NSConstantString\\n\\t.quad\\t.*\\n\\t.long\\t5\\n\\t.space
FAIL: obj-c++.dg/torture/strings/const-str-9.mm -Os -fnext-runtime (test for excess errors)
UNRESOLVED: obj-c++.dg/torture/strings/const-str-9.mm -Os -fnext-runtime scan-assembler .section __DATA, __objc_stringobj
UNRESOLVED: obj-c++.dg/torture/strings/const-str-9.mm -Os -fnext-runtime scan-assembler .quad\\t_OBJC_CLASS_._NSConstantString\\n\\t.quad\\t.*\\n\\t.long\\t5\\n\\t.space
FAIL: obj-c++.dg/torture/strings/const-str-9.mm -O2 -flto -flto-partition=none -fnext-runtime (test for excess errors)
UNRESOLVED: obj-c++.dg/torture/strings/const-str-9.mm -O2 -flto -flto-partition=none -fnext-runtime scan-assembler .section __DATA, __objc_stringobj
UNRESOLVED: obj-c++.dg/torture/strings/const-str-9.mm -O2 -flto -flto-partition=none -fnext-runtime scan-assembler .quad\\t_OBJC_CLASS_._NSConstantString\\n\\t.quad\\t.*\\n\\t.long\\t5\\n\\t.space
FAIL: obj-c++.dg/torture/strings/const-str-9.mm -O2 -flto -fnext-runtime (test for excess errors)
UNRESOLVED: obj-c++.dg/torture/strings/const-str-9.mm -O2 -flto -fnext-runtime scan-assembler .section __DATA, __objc_stringobj
UNRESOLVED: obj-c++.dg/torture/strings/const-str-9.mm -O2 -flto -fnext-runtime scan-assembler .quad\\t_OBJC_CLASS_._NSConstantString\\n\\t.quad\\t.*\\n\\t.long\\t5\\n\\t.space
=== obj-c++ Summary for unix/-m64 ===
# of expected passes 2974
# of unexpected failures 48
# of expected failures 18
# of unresolved testcases 53
# of unsupported tests 68
=== obj-c++ Summary ===
# of expected passes 6015
# of unexpected failures 90
# of expected failures 20
# of unresolved testcases 103
# of unsupported tests 130
/Users/fx/autobuilds/builds/gcc-trunk-245265/gcc/xg++ version 7.0.1 20170208 (experimental) [trunk revision 245265] (GCC)
=== objc tests ===
Running target unix/-m32
FAIL: objc.dg/call-super-2.m -fnext-runtime (test for warnings, line 104)
FAIL: objc.dg/call-super-2.m -fnext-runtime (test for warnings, line 74)
FAIL: objc.dg/gnu-api-2-objc.m -fnext-runtime execution test
FAIL: objc.dg/headers.m -fnext-runtime (test for excess errors)
UNRESOLVED: objc.dg/image-info.m -fnext-runtime scan-assembler \\t.section __OBJC, __image_info.*\\n\\t.align.*\\nL_OBJC_ImageInfo.*:\\n\\t.long\\t0\\n\\t.long\\t1
FAIL: objc.dg/image-info.m -fnext-runtime (test for excess errors)
FAIL: objc.dg/ivar-scope-4.m -fnext-runtime execution test
FAIL: objc.dg/method-6.m -fnext-runtime (test for excess errors)
UNRESOLVED: objc.dg/no-extra-load.m -fnext-runtime scan-assembler-not L_objc_msgSend\\\\\$non_lazy_ptr
FAIL: objc.dg/no-extra-load.m -fnext-runtime (test for excess errors)
FAIL: objc.dg/objc-foreach-4.m -fnext-runtime (test for excess errors)
UNRESOLVED: objc.dg/objc-foreach-4.m -fnext-runtime compilation failed to produce executable
UNRESOLVED: objc.dg/objc-foreach-5.m -fnext-runtime scan-assembler _addStuffUp:
FAIL: objc.dg/objc-foreach-5.m -fnext-runtime (test for excess errors)
FAIL: objc.dg/objc-gc-4.m -fnext-runtime (test for excess errors)
FAIL: objc.dg/proto-lossage-7.m -fnext-runtime (test for excess errors)
UNRESOLVED: objc.dg/symtab-1.m -fnext-runtime scan-assembler L_OBJC_Symbols.*:\\n\\t.long\\t0\\n\\t.long\\t0\\n\\t.word\\t2\\n\\t.word\\t0\\n\\t.long\\tL_OBJC_Class_Derived.*\\n\\t.long\\tL_OBJC_Class_Base.*\\n
FAIL: objc.dg/symtab-1.m -fnext-runtime (test for excess errors)
UNRESOLVED: objc.dg/zero-link-1.m -fnext-runtime scan-assembler objc_getClass
UNRESOLVED: objc.dg/zero-link-1.m -fnext-runtime scan-assembler-not _OBJC_ClassRefs_0
FAIL: objc.dg/zero-link-1.m -fnext-runtime (test for excess errors)
UNRESOLVED: objc.dg/zero-link-2.m -fnext-runtime scan-assembler _OBJC_ClassRefs_0
UNRESOLVED: objc.dg/zero-link-2.m -fnext-runtime scan-assembler-not objc_getClass
FAIL: objc.dg/zero-link-2.m -fnext-runtime (test for excess errors)
FAIL: objc.dg/zero-link-3.m -fnext-runtime (test for excess errors)
UNRESOLVED: objc.dg/zero-link-3.m -fnext-runtime compilation failed to produce executable
FAIL: objc.dg/plugin/diagnostic-test-expressions-1.m -fplugin=./diagnostic_plugin_test_tree_expression_range.so (test for warnings, line 60)
FAIL: objc.dg/plugin/diagnostic-test-expressions-1.m -fplugin=./diagnostic_plugin_test_tree_expression_range.so expected multiline pattern lines 62-63 not found: " __emit_expression_range \\( 0, @selector\\(func0\\) \\);.*\\n \\^~~~~~~~~~~~~~~~\\n"
FAIL: objc.dg/plugin/diagnostic-test-expressions-1.m -fplugin=./diagnostic_plugin_test_tree_expression_range.so (test for excess errors)
FAIL: objc.dg/strings/const-cfstring-2.m -fnext-runtime (test for excess errors)
FAIL: objc.dg/strings/const-cfstring-5.m -fnext-runtime (test for excess errors)
FAIL: objc.dg/strings/const-str-12b.m -fnext-runtime (test for excess errors)
FAIL: objc.dg/torture/strings/const-cfstring-1.m -O0 -fnext-runtime (test for excess errors)
UNRESOLVED: objc.dg/torture/strings/const-cfstring-1.m -O0 -fnext-runtime compilation failed to produce executable
FAIL: objc.dg/torture/strings/const-cfstring-1.m -O1 -fnext-runtime (test for excess errors)
UNRESOLVED: objc.dg/torture/strings/const-cfstring-1.m -O1 -fnext-runtime compilation failed to produce executable
FAIL: objc.dg/torture/strings/const-cfstring-1.m -O2 -fnext-runtime (test for excess errors)
UNRESOLVED: objc.dg/torture/strings/const-cfstring-1.m -O2 -fnext-runtime compilation failed to produce executable
FAIL: objc.dg/torture/strings/const-cfstring-1.m -O2 -flto -fnext-runtime (test for excess errors)
UNRESOLVED: objc.dg/torture/strings/const-cfstring-1.m -O2 -flto -fnext-runtime compilation failed to produce executable
FAIL: objc.dg/torture/strings/const-cfstring-1.m -O2 -flto -flto-partition=none -fnext-runtime (test for excess errors)
UNRESOLVED: objc.dg/torture/strings/const-cfstring-1.m -O2 -flto -flto-partition=none -fnext-runtime compilation failed to produce executable
FAIL: objc.dg/torture/strings/const-cfstring-1.m -O3 -g -fnext-runtime (test for excess errors)
UNRESOLVED: objc.dg/torture/strings/const-cfstring-1.m -O3 -g -fnext-runtime compilation failed to produce executable
FAIL: objc.dg/torture/strings/const-cfstring-1.m -Os -fnext-runtime (test for excess errors)
UNRESOLVED: objc.dg/torture/strings/const-cfstring-1.m -Os -fnext-runtime compilation failed to produce executable
UNRESOLVED: objc.dg/torture/strings/const-str-10.m -O0 -fnext-runtime scan-assembler .long\\t__NSConstantStringClassReference\\n\\t.long\\t.*\\n\\t.long\\t5\\n\\t.data
UNRESOLVED: objc.dg/torture/strings/const-str-10.m -O0 -fnext-runtime scan-assembler .section __OBJC, __cstring_object
FAIL: objc.dg/torture/strings/const-str-10.m -O0 -fnext-runtime (test for excess errors)
UNRESOLVED: objc.dg/torture/strings/const-str-10.m -O1 -fnext-runtime scan-assembler .long\\t__NSConstantStringClassReference\\n\\t.long\\t.*\\n\\t.long\\t5\\n\\t.data
UNRESOLVED: objc.dg/torture/strings/const-str-10.m -O1 -fnext-runtime scan-assembler .section __OBJC, __cstring_object
FAIL: objc.dg/torture/strings/const-str-10.m -O1 -fnext-runtime (test for excess errors)
UNRESOLVED: objc.dg/torture/strings/const-str-10.m -O2 -fnext-runtime scan-assembler .long\\t__NSConstantStringClassReference\\n\\t.long\\t.*\\n\\t.long\\t5\\n\\t.data
UNRESOLVED: objc.dg/torture/strings/const-str-10.m -O2 -fnext-runtime scan-assembler .section __OBJC, __cstring_object
FAIL: objc.dg/torture/strings/const-str-10.m -O2 -fnext-runtime (test for excess errors)
UNRESOLVED: objc.dg/torture/strings/const-str-10.m -O2 -flto -fnext-runtime scan-assembler .long\\t__NSConstantStringClassReference\\n\\t.long\\t.*\\n\\t.long\\t5\\n\\t.data
UNRESOLVED: objc.dg/torture/strings/const-str-10.m -O2 -flto -fnext-runtime scan-assembler .section __OBJC, __cstring_object
FAIL: objc.dg/torture/strings/const-str-10.m -O2 -flto -fnext-runtime (test for excess errors)
UNRESOLVED: objc.dg/torture/strings/const-str-10.m -O2 -flto -flto-partition=none -fnext-runtime scan-assembler .long\\t__NSConstantStringClassReference\\n\\t.long\\t.*\\n\\t.long\\t5\\n\\t.data
UNRESOLVED: objc.dg/torture/strings/const-str-10.m -O2 -flto -flto-partition=none -fnext-runtime scan-assembler .section __OBJC, __cstring_object
FAIL: objc.dg/torture/strings/const-str-10.m -O2 -flto -flto-partition=none -fnext-runtime (test for excess errors)
UNRESOLVED: objc.dg/torture/strings/const-str-10.m -O3 -g -fnext-runtime scan-assembler .long\\t__NSConstantStringClassReference\\n\\t.long\\t.*\\n\\t.long\\t5\\n\\t.data
UNRESOLVED: objc.dg/torture/strings/const-str-10.m -O3 -g -fnext-runtime scan-assembler .section __OBJC, __cstring_object
FAIL: objc.dg/torture/strings/const-str-10.m -O3 -g -fnext-runtime (test for excess errors)
UNRESOLVED: objc.dg/torture/strings/const-str-10.m -Os -fnext-runtime scan-assembler .long\\t__NSConstantStringClassReference\\n\\t.long\\t.*\\n\\t.long\\t5\\n\\t.data
UNRESOLVED: objc.dg/torture/strings/const-str-10.m -Os -fnext-runtime scan-assembler .section __OBJC, __cstring_object
FAIL: objc.dg/torture/strings/const-str-10.m -Os -fnext-runtime (test for excess errors)
UNRESOLVED: objc.dg/torture/strings/const-str-11.m -O0 -fnext-runtime scan-assembler .long\\t__XStrClassReference\\n\\t.long\\t.*\\n\\t.long\\t5\\n\\t.data
UNRESOLVED: objc.dg/torture/strings/const-str-11.m -O0 -fnext-runtime scan-assembler .section __OBJC, __cstring_object
FAIL: objc.dg/torture/strings/const-str-11.m -O0 -fnext-runtime (test for excess errors)
UNRESOLVED: objc.dg/torture/strings/const-str-11.m -O1 -fnext-runtime scan-assembler .long\\t__XStrClassReference\\n\\t.long\\t.*\\n\\t.long\\t5\\n\\t.data
UNRESOLVED: objc.dg/torture/strings/const-str-11.m -O1 -fnext-runtime scan-assembler .section __OBJC, __cstring_object
FAIL: objc.dg/torture/strings/const-str-11.m -O1 -fnext-runtime (test for excess errors)
UNRESOLVED: objc.dg/torture/strings/const-str-11.m -O2 -fnext-runtime scan-assembler .long\\t__XStrClassReference\\n\\t.long\\t.*\\n\\t.long\\t5\\n\\t.data
UNRESOLVED: objc.dg/torture/strings/const-str-11.m -O2 -fnext-runtime scan-assembler .section __OBJC, __cstring_object
FAIL: objc.dg/torture/strings/const-str-11.m -O2 -fnext-runtime (test for excess errors)
UNRESOLVED: objc.dg/torture/strings/const-str-11.m -O2 -flto -fnext-runtime scan-assembler .long\\t__XStrClassReference\\n\\t.long\\t.*\\n\\t.long\\t5\\n\\t.data
UNRESOLVED: objc.dg/torture/strings/const-str-11.m -O2 -flto -fnext-runtime scan-assembler .section __OBJC, __cstring_object
FAIL: objc.dg/torture/strings/const-str-11.m -O2 -flto -fnext-runtime (test for excess errors)
UNRESOLVED: objc.dg/torture/strings/const-str-11.m -O2 -flto -flto-partition=none -fnext-runtime scan-assembler .long\\t__XStrClassReference\\n\\t.long\\t.*\\n\\t.long\\t5\\n\\t.data
UNRESOLVED: objc.dg/torture/strings/const-str-11.m -O2 -flto -flto-partition=none -fnext-runtime scan-assembler .section __OBJC, __cstring_object
FAIL: objc.dg/torture/strings/const-str-11.m -O2 -flto -flto-partition=none -fnext-runtime (test for excess errors)
UNRESOLVED: objc.dg/torture/strings/const-str-11.m -O3 -g -fnext-runtime scan-assembler .long\\t__XStrClassReference\\n\\t.long\\t.*\\n\\t.long\\t5\\n\\t.data
UNRESOLVED: objc.dg/torture/strings/const-str-11.m -O3 -g -fnext-runtime scan-assembler .section __OBJC, __cstring_object
FAIL: objc.dg/torture/strings/const-str-11.m -O3 -g -fnext-runtime (test for excess errors)
UNRESOLVED: objc.dg/torture/strings/const-str-11.m -Os -fnext-runtime scan-assembler .long\\t__XStrClassReference\\n\\t.long\\t.*\\n\\t.long\\t5\\n\\t.data
UNRESOLVED: objc.dg/torture/strings/const-str-11.m -Os -fnext-runtime scan-assembler .section __OBJC, __cstring_object
FAIL: objc.dg/torture/strings/const-str-11.m -Os -fnext-runtime (test for excess errors)
UNRESOLVED: objc.dg/torture/strings/const-str-9.m -O0 -fnext-runtime scan-assembler .long\\t__NSConstantStringClassReference\\n\\t.long\\t.*\\n\\t.long\\t5\\n\\t.data
UNRESOLVED: objc.dg/torture/strings/const-str-9.m -O0 -fnext-runtime scan-assembler .section __OBJC, __cstring_object
FAIL: objc.dg/torture/strings/const-str-9.m -O0 -fnext-runtime (test for excess errors)
UNRESOLVED: objc.dg/torture/strings/const-str-9.m -O1 -fnext-runtime scan-assembler .long\\t__NSConstantStringClassReference\\n\\t.long\\t.*\\n\\t.long\\t5\\n\\t.data
UNRESOLVED: objc.dg/torture/strings/const-str-9.m -O1 -fnext-runtime scan-assembler .section __OBJC, __cstring_object
FAIL: objc.dg/torture/strings/const-str-9.m -O1 -fnext-runtime (test for excess errors)
UNRESOLVED: objc.dg/torture/strings/const-str-9.m -O2 -fnext-runtime scan-assembler .long\\t__NSConstantStringClassReference\\n\\t.long\\t.*\\n\\t.long\\t5\\n\\t.data
UNRESOLVED: objc.dg/torture/strings/const-str-9.m -O2 -fnext-runtime scan-assembler .section __OBJC, __cstring_object
FAIL: objc.dg/torture/strings/const-str-9.m -O2 -fnext-runtime (test for excess errors)
UNRESOLVED: objc.dg/torture/strings/const-str-9.m -O2 -flto -fnext-runtime scan-assembler .long\\t__NSConstantStringClassReference\\n\\t.long\\t.*\\n\\t.long\\t5\\n\\t.data
UNRESOLVED: objc.dg/torture/strings/const-str-9.m -O2 -flto -fnext-runtime scan-assembler .section __OBJC, __cstring_object
FAIL: objc.dg/torture/strings/const-str-9.m -O2 -flto -fnext-runtime (test for excess errors)
UNRESOLVED: objc.dg/torture/strings/const-str-9.m -O2 -flto -flto-partition=none -fnext-runtime scan-assembler .long\\t__NSConstantStringClassReference\\n\\t.long\\t.*\\n\\t.long\\t5\\n\\t.data
UNRESOLVED: objc.dg/torture/strings/const-str-9.m -O2 -flto -flto-partition=none -fnext-runtime scan-assembler .section __OBJC, __cstring_object
FAIL: objc.dg/torture/strings/const-str-9.m -O2 -flto -flto-partition=none -fnext-runtime (test for excess errors)
UNRESOLVED: objc.dg/torture/strings/const-str-9.m -O3 -g -fnext-runtime scan-assembler .long\\t__NSConstantStringClassReference\\n\\t.long\\t.*\\n\\t.long\\t5\\n\\t.data
UNRESOLVED: objc.dg/torture/strings/const-str-9.m -O3 -g -fnext-runtime scan-assembler .section __OBJC, __cstring_object
FAIL: objc.dg/torture/strings/const-str-9.m -O3 -g -fnext-runtime (test for excess errors)
UNRESOLVED: objc.dg/torture/strings/const-str-9.m -Os -fnext-runtime scan-assembler .long\\t__NSConstantStringClassReference\\n\\t.long\\t.*\\n\\t.long\\t5\\n\\t.data
UNRESOLVED: objc.dg/torture/strings/const-str-9.m -Os -fnext-runtime scan-assembler .section __OBJC, __cstring_object
FAIL: objc.dg/torture/strings/const-str-9.m -Os -fnext-runtime (test for excess errors)
=== objc Summary for unix/-m32 ===
# of expected passes 5573
# of unexpected failures 50
# of expected failures 6
# of unresolved testcases 59
# of unsupported tests 81
Running target unix/-m64
FAIL: objc.dg/call-super-2.m -fnext-runtime (test for warnings, line 104)
FAIL: objc.dg/call-super-2.m -fnext-runtime (test for warnings, line 74)
FAIL: objc.dg/category-1.m -fnext-runtime execution test
FAIL: objc.dg/encode-7-next-64bit.m -fnext-runtime (test for excess errors)
UNRESOLVED: objc.dg/encode-7-next-64bit.m -fnext-runtime compilation failed to produce executable
FAIL: objc.dg/exceptions-2.m -fnext-runtime execution test
FAIL: objc.dg/gnu-api-2-objc.m -fnext-runtime execution test
FAIL: objc.dg/headers.m -fnext-runtime (test for excess errors)
UNRESOLVED: objc.dg/image-info.m -fnext-runtime scan-assembler \\t.section __DATA, __objc_imageinfo.*\\n\\t.align.*\\nL_OBJC_ImageInfo.*:\\n\\t.long\\t0\\n\\t.long\\t17
FAIL: objc.dg/image-info.m -fnext-runtime (test for excess errors)
FAIL: objc.dg/isa-field-1.m -fnext-runtime (test for excess errors)
FAIL: objc.dg/method-6.m -fnext-runtime (test for excess errors)
UNRESOLVED: objc.dg/no-extra-load.m -fnext-runtime scan-assembler-not L_objc_msgSend\\\\\$non_lazy_ptr
FAIL: objc.dg/no-extra-load.m -fnext-runtime (test for excess errors)
FAIL: objc.dg/objc-foreach-4.m -fnext-runtime (test for excess errors)
UNRESOLVED: objc.dg/objc-foreach-4.m -fnext-runtime compilation failed to produce executable
UNRESOLVED: objc.dg/objc-foreach-5.m -fnext-runtime scan-assembler _addStuffUp:
FAIL: objc.dg/objc-foreach-5.m -fnext-runtime (test for excess errors)
FAIL: objc.dg/objc-gc-4.m -fnext-runtime (test for excess errors)
FAIL: objc.dg/pr23214.m -fnext-runtime (test for excess errors)
UNRESOLVED: objc.dg/pr23214.m -fnext-runtime compilation failed to produce executable
FAIL: objc.dg/proto-lossage-7.m -fnext-runtime (test for excess errors)
FAIL: objc.dg/proto-qual-1.m -fnext-runtime (test for excess errors)
UNRESOLVED: objc.dg/proto-qual-1.m -fnext-runtime compilation failed to produce executable
FAIL: objc.dg/super-class-3.m -fnext-runtime execution test
UNRESOLVED: objc.dg/symtab-1.m -fnext-runtime scan-assembler-not L_OBJC_Symbols
FAIL: objc.dg/symtab-1.m -fnext-runtime (test for excess errors)
UNRESOLVED: objc.dg/zero-link-1.m -fnext-runtime scan-assembler objc_getClass
UNRESOLVED: objc.dg/zero-link-1.m -fnext-runtime scan-assembler-not _OBJC_ClassRef_Base
FAIL: objc.dg/zero-link-1.m -fnext-runtime (test for excess errors)
UNRESOLVED: objc.dg/zero-link-2.m -fnext-runtime scan-assembler _OBJC_ClassRef_Base
UNRESOLVED: objc.dg/zero-link-2.m -fnext-runtime scan-assembler-not objc_getClass
FAIL: objc.dg/zero-link-2.m -fnext-runtime (test for excess errors)
FAIL: objc.dg/zero-link-3.m -fnext-runtime (test for excess errors)
UNRESOLVED: objc.dg/zero-link-3.m -fnext-runtime compilation failed to produce executable
FAIL: objc.dg/plugin/diagnostic-test-expressions-1.m -fplugin=./diagnostic_plugin_test_tree_expression_range.so (test for warnings, line 60)
FAIL: objc.dg/plugin/diagnostic-test-expressions-1.m -fplugin=./diagnostic_plugin_test_tree_expression_range.so (test for warnings, line 68)
FAIL: objc.dg/plugin/diagnostic-test-expressions-1.m -fplugin=./diagnostic_plugin_test_tree_expression_range.so expected multiline pattern lines 62-63 not found: " __emit_expression_range \\( 0, @selector\\(func0\\) \\);.*\\n \\^~~~~~~~~~~~~~~~\\n"
FAIL: objc.dg/plugin/diagnostic-test-expressions-1.m -fplugin=./diagnostic_plugin_test_tree_expression_range.so expected multiline pattern lines 70-71 not found: " __emit_expression_range \\( 0, @protocol\\(prot\\) \\);.*\\n ~~~~~~~~~~~~~~~\\n"
FAIL: objc.dg/plugin/diagnostic-test-expressions-1.m -fplugin=./diagnostic_plugin_test_tree_expression_range.so (test for excess errors)
FAIL: objc.dg/strings/const-cfstring-2.m -fnext-runtime (test for excess errors)
FAIL: objc.dg/strings/const-cfstring-5.m -fnext-runtime (test for excess errors)
FAIL: objc.dg/strings/const-str-12b.m -fnext-runtime (test for excess errors)
FAIL: objc.dg/torture/forward-1.m -O0 -fnext-runtime execution test
FAIL: objc.dg/torture/forward-1.m -O1 -fnext-runtime execution test
FAIL: objc.dg/torture/forward-1.m -O2 -fnext-runtime execution test
FAIL: objc.dg/torture/forward-1.m -O2 -flto -fnext-runtime execution test
FAIL: objc.dg/torture/forward-1.m -O2 -flto -flto-partition=none -fnext-runtime execution test
FAIL: objc.dg/torture/forward-1.m -O3 -fomit-frame-pointer -funroll-loops -fpeel-loops -ftracer -finline-functions -fnext-runtime execution test
FAIL: objc.dg/torture/forward-1.m -O3 -g -fnext-runtime execution test
FAIL: objc.dg/torture/forward-1.m -Os -fnext-runtime execution test
FAIL: objc.dg/torture/strings/const-cfstring-1.m -O0 -fnext-runtime (test for excess errors)
UNRESOLVED: objc.dg/torture/strings/const-cfstring-1.m -O0 -fnext-runtime compilation failed to produce executable
FAIL: objc.dg/torture/strings/const-cfstring-1.m -O1 -fnext-runtime (test for excess errors)
UNRESOLVED: objc.dg/torture/strings/const-cfstring-1.m -O1 -fnext-runtime compilation failed to produce executable
FAIL: objc.dg/torture/strings/const-cfstring-1.m -O2 -fnext-runtime (test for excess errors)
UNRESOLVED: objc.dg/torture/strings/const-cfstring-1.m -O2 -fnext-runtime compilation failed to produce executable
FAIL: objc.dg/torture/strings/const-cfstring-1.m -O2 -flto -fnext-runtime (test for excess errors)
UNRESOLVED: objc.dg/torture/strings/const-cfstring-1.m -O2 -flto -fnext-runtime compilation failed to produce executable
FAIL: objc.dg/torture/strings/const-cfstring-1.m -O2 -flto -flto-partition=none -fnext-runtime (test for excess errors)
UNRESOLVED: objc.dg/torture/strings/const-cfstring-1.m -O2 -flto -flto-partition=none -fnext-runtime compilation failed to produce executable
FAIL: objc.dg/torture/strings/const-cfstring-1.m -O3 -g -fnext-runtime (test for excess errors)
UNRESOLVED: objc.dg/torture/strings/const-cfstring-1.m -O3 -g -fnext-runtime compilation failed to produce executable
FAIL: objc.dg/torture/strings/const-cfstring-1.m -Os -fnext-runtime (test for excess errors)
UNRESOLVED: objc.dg/torture/strings/const-cfstring-1.m -Os -fnext-runtime compilation failed to produce executable
UNRESOLVED: objc.dg/torture/strings/const-str-10.m -O0 -fnext-runtime scan-assembler .quad\\t_OBJC_CLASS_._NSConstantString\\n\\t.quad\\t.*\\n\\t.long\\t5\\n\\t.space
UNRESOLVED: objc.dg/torture/strings/const-str-10.m -O0 -fnext-runtime scan-assembler .section __DATA, __objc_stringobj
FAIL: objc.dg/torture/strings/const-str-10.m -O0 -fnext-runtime (test for excess errors)
UNRESOLVED: objc.dg/torture/strings/const-str-10.m -O1 -fnext-runtime scan-assembler .quad\\t_OBJC_CLASS_._NSConstantString\\n\\t.quad\\t.*\\n\\t.long\\t5\\n\\t.space
UNRESOLVED: objc.dg/torture/strings/const-str-10.m -O1 -fnext-runtime scan-assembler .section __DATA, __objc_stringobj
FAIL: objc.dg/torture/strings/const-str-10.m -O1 -fnext-runtime (test for excess errors)
UNRESOLVED: objc.dg/torture/strings/const-str-10.m -O2 -fnext-runtime scan-assembler .quad\\t_OBJC_CLASS_._NSConstantString\\n\\t.quad\\t.*\\n\\t.long\\t5\\n\\t.space
UNRESOLVED: objc.dg/torture/strings/const-str-10.m -O2 -fnext-runtime scan-assembler .section __DATA, __objc_stringobj
FAIL: objc.dg/torture/strings/const-str-10.m -O2 -fnext-runtime (test for excess errors)
UNRESOLVED: objc.dg/torture/strings/const-str-10.m -O2 -flto -fnext-runtime scan-assembler .quad\\t_OBJC_CLASS_._NSConstantString\\n\\t.quad\\t.*\\n\\t.long\\t5\\n\\t.space
UNRESOLVED: objc.dg/torture/strings/const-str-10.m -O2 -flto -fnext-runtime scan-assembler .section __DATA, __objc_stringobj
FAIL: objc.dg/torture/strings/const-str-10.m -O2 -flto -fnext-runtime (test for excess errors)
UNRESOLVED: objc.dg/torture/strings/const-str-10.m -O2 -flto -flto-partition=none -fnext-runtime scan-assembler .quad\\t_OBJC_CLASS_._NSConstantString\\n\\t.quad\\t.*\\n\\t.long\\t5\\n\\t.space
UNRESOLVED: objc.dg/torture/strings/const-str-10.m -O2 -flto -flto-partition=none -fnext-runtime scan-assembler .section __DATA, __objc_stringobj
FAIL: objc.dg/torture/strings/const-str-10.m -O2 -flto -flto-partition=none -fnext-runtime (test for excess errors)
UNRESOLVED: objc.dg/torture/strings/const-str-10.m -O3 -g -fnext-runtime scan-assembler .quad\\t_OBJC_CLASS_._NSConstantString\\n\\t.quad\\t.*\\n\\t.long\\t5\\n\\t.space
UNRESOLVED: objc.dg/torture/strings/const-str-10.m -O3 -g -fnext-runtime scan-assembler .section __DATA, __objc_stringobj
FAIL: objc.dg/torture/strings/const-str-10.m -O3 -g -fnext-runtime (test for excess errors)
UNRESOLVED: objc.dg/torture/strings/const-str-10.m -Os -fnext-runtime scan-assembler .quad\\t_OBJC_CLASS_._NSConstantString\\n\\t.quad\\t.*\\n\\t.long\\t5\\n\\t.space
UNRESOLVED: objc.dg/torture/strings/const-str-10.m -Os -fnext-runtime scan-assembler .section __DATA, __objc_stringobj
FAIL: objc.dg/torture/strings/const-str-10.m -Os -fnext-runtime (test for excess errors)
UNRESOLVED: objc.dg/torture/strings/const-str-11.m -O0 -fnext-runtime scan-assembler .quad\\t_OBJC_CLASS_._XStr\\n\\t.quad\\t.*\\n\\t.long\\t5\\n\\t.space
UNRESOLVED: objc.dg/torture/strings/const-str-11.m -O0 -fnext-runtime scan-assembler .section __DATA, __objc_stringobj
FAIL: objc.dg/torture/strings/const-str-11.m -O0 -fnext-runtime (test for excess errors)
UNRESOLVED: objc.dg/torture/strings/const-str-11.m -O1 -fnext-runtime scan-assembler .quad\\t_OBJC_CLASS_._XStr\\n\\t.quad\\t.*\\n\\t.long\\t5\\n\\t.space
UNRESOLVED: objc.dg/torture/strings/const-str-11.m -O1 -fnext-runtime scan-assembler .section __DATA, __objc_stringobj
FAIL: objc.dg/torture/strings/const-str-11.m -O1 -fnext-runtime (test for excess errors)
UNRESOLVED: objc.dg/torture/strings/const-str-11.m -O2 -fnext-runtime scan-assembler .quad\\t_OBJC_CLASS_._XStr\\n\\t.quad\\t.*\\n\\t.long\\t5\\n\\t.space
UNRESOLVED: objc.dg/torture/strings/const-str-11.m -O2 -fnext-runtime scan-assembler .section __DATA, __objc_stringobj
FAIL: objc.dg/torture/strings/const-str-11.m -O2 -fnext-runtime (test for excess errors)
UNRESOLVED: objc.dg/torture/strings/const-str-11.m -O2 -flto -fnext-runtime scan-assembler .quad\\t_OBJC_CLASS_._XStr\\n\\t.quad\\t.*\\n\\t.long\\t5\\n\\t.space
UNRESOLVED: objc.dg/torture/strings/const-str-11.m -O2 -flto -fnext-runtime scan-assembler .section __DATA, __objc_stringobj
FAIL: objc.dg/torture/strings/const-str-11.m -O2 -flto -fnext-runtime (test for excess errors)
UNRESOLVED: objc.dg/torture/strings/const-str-11.m -O2 -flto -flto-partition=none -fnext-runtime scan-assembler .quad\\t_OBJC_CLASS_._XStr\\n\\t.quad\\t.*\\n\\t.long\\t5\\n\\t.space
UNRESOLVED: objc.dg/torture/strings/const-str-11.m -O2 -flto -flto-partition=none -fnext-runtime scan-assembler .section __DATA, __objc_stringobj
FAIL: objc.dg/torture/strings/const-str-11.m -O2 -flto -flto-partition=none -fnext-runtime (test for excess errors)
UNRESOLVED: objc.dg/torture/strings/const-str-11.m -O3 -g -fnext-runtime scan-assembler .quad\\t_OBJC_CLASS_._XStr\\n\\t.quad\\t.*\\n\\t.long\\t5\\n\\t.space
UNRESOLVED: objc.dg/torture/strings/const-str-11.m -O3 -g -fnext-runtime scan-assembler .section __DATA, __objc_stringobj
FAIL: objc.dg/torture/strings/const-str-11.m -O3 -g -fnext-runtime (test for excess errors)
UNRESOLVED: objc.dg/torture/strings/const-str-11.m -Os -fnext-runtime scan-assembler .quad\\t_OBJC_CLASS_._XStr\\n\\t.quad\\t.*\\n\\t.long\\t5\\n\\t.space
UNRESOLVED: objc.dg/torture/strings/const-str-11.m -Os -fnext-runtime scan-assembler .section __DATA, __objc_stringobj
FAIL: objc.dg/torture/strings/const-str-11.m -Os -fnext-runtime (test for excess errors)
UNRESOLVED: objc.dg/torture/strings/const-str-9.m -O0 -fnext-runtime scan-assembler .quad\\t_OBJC_CLASS_._NSConstantString\\n\\t.quad\\t.*\\n\\t.long\\t5\\n\\t.space
UNRESOLVED: objc.dg/torture/strings/const-str-9.m -O0 -fnext-runtime scan-assembler .section __DATA, __objc_stringobj
FAIL: objc.dg/torture/strings/const-str-9.m -O0 -fnext-runtime (test for excess errors)
UNRESOLVED: objc.dg/torture/strings/const-str-9.m -O1 -fnext-runtime scan-assembler .quad\\t_OBJC_CLASS_._NSConstantString\\n\\t.quad\\t.*\\n\\t.long\\t5\\n\\t.space
UNRESOLVED: objc.dg/torture/strings/const-str-9.m -O1 -fnext-runtime scan-assembler .section __DATA, __objc_stringobj
FAIL: objc.dg/torture/strings/const-str-9.m -O1 -fnext-runtime (test for excess errors)
UNRESOLVED: objc.dg/torture/strings/const-str-9.m -O2 -fnext-runtime scan-assembler .quad\\t_OBJC_CLASS_._NSConstantString\\n\\t.quad\\t.*\\n\\t.long\\t5\\n\\t.space
UNRESOLVED: objc.dg/torture/strings/const-str-9.m -O2 -fnext-runtime scan-assembler .section __DATA, __objc_stringobj
FAIL: objc.dg/torture/strings/const-str-9.m -O2 -fnext-runtime (test for excess errors)
UNRESOLVED: objc.dg/torture/strings/const-str-9.m -O2 -flto -fnext-runtime scan-assembler .quad\\t_OBJC_CLASS_._NSConstantString\\n\\t.quad\\t.*\\n\\t.long\\t5\\n\\t.space
UNRESOLVED: objc.dg/torture/strings/const-str-9.m -O2 -flto -fnext-runtime scan-assembler .section __DATA, __objc_stringobj
FAIL: objc.dg/torture/strings/const-str-9.m -O2 -flto -fnext-runtime (test for excess errors)
UNRESOLVED: objc.dg/torture/strings/const-str-9.m -O2 -flto -flto-partition=none -fnext-runtime scan-assembler .quad\\t_OBJC_CLASS_._NSConstantString\\n\\t.quad\\t.*\\n\\t.long\\t5\\n\\t.space
UNRESOLVED: objc.dg/torture/strings/const-str-9.m -O2 -flto -flto-partition=none -fnext-runtime scan-assembler .section __DATA, __objc_stringobj
FAIL: objc.dg/torture/strings/const-str-9.m -O2 -flto -flto-partition=none -fnext-runtime (test for excess errors)
UNRESOLVED: objc.dg/torture/strings/const-str-9.m -O3 -g -fnext-runtime scan-assembler .quad\\t_OBJC_CLASS_._NSConstantString\\n\\t.quad\\t.*\\n\\t.long\\t5\\n\\t.space
UNRESOLVED: objc.dg/torture/strings/const-str-9.m -O3 -g -fnext-runtime scan-assembler .section __DATA, __objc_stringobj
FAIL: objc.dg/torture/strings/const-str-9.m -O3 -g -fnext-runtime (test for excess errors)
UNRESOLVED: objc.dg/torture/strings/const-str-9.m -Os -fnext-runtime scan-assembler .quad\\t_OBJC_CLASS_._NSConstantString\\n\\t.quad\\t.*\\n\\t.long\\t5\\n\\t.space
UNRESOLVED: objc.dg/torture/strings/const-str-9.m -Os -fnext-runtime scan-assembler .section __DATA, __objc_stringobj
FAIL: objc.dg/torture/strings/const-str-9.m -Os -fnext-runtime (test for excess errors)
FAIL: objc/execute/formal_protocol-5.m compilation, -O0 -fnext-runtime
FAIL: objc/execute/formal_protocol-5.m compilation, -O1 -fnext-runtime
FAIL: objc/execute/formal_protocol-5.m compilation, -O2 -fnext-runtime
FAIL: objc/execute/formal_protocol-5.m compilation, -O3 -g -fnext-runtime
FAIL: objc/execute/formal_protocol-5.m compilation, -Os -fnext-runtime
UNRESOLVED: objc/execute/formal_protocol-5.m execution, -O0 -fnext-runtime
UNRESOLVED: objc/execute/formal_protocol-5.m execution, -O1 -fnext-runtime
UNRESOLVED: objc/execute/formal_protocol-5.m execution, -O2 -fnext-runtime
UNRESOLVED: objc/execute/formal_protocol-5.m execution, -O3 -g -fnext-runtime
UNRESOLVED: objc/execute/formal_protocol-5.m execution, -Os -fnext-runtime
FAIL: objc/execute/formal_protocol-6.m compilation, -O0 -fnext-runtime
FAIL: objc/execute/formal_protocol-6.m compilation, -O1 -fnext-runtime
FAIL: objc/execute/formal_protocol-6.m compilation, -O2 -fnext-runtime
FAIL: objc/execute/formal_protocol-6.m compilation, -O3 -g -fnext-runtime
FAIL: objc/execute/formal_protocol-6.m compilation, -Os -fnext-runtime
UNRESOLVED: objc/execute/formal_protocol-6.m execution, -O0 -fnext-runtime
UNRESOLVED: objc/execute/formal_protocol-6.m execution, -O1 -fnext-runtime
UNRESOLVED: objc/execute/formal_protocol-6.m execution, -O2 -fnext-runtime
UNRESOLVED: objc/execute/formal_protocol-6.m execution, -O3 -g -fnext-runtime
UNRESOLVED: objc/execute/formal_protocol-6.m execution, -Os -fnext-runtime
FAIL: objc/execute/formal_protocol-7.m compilation, -O0 -fnext-runtime
FAIL: objc/execute/formal_protocol-7.m compilation, -O1 -fnext-runtime
FAIL: objc/execute/formal_protocol-7.m compilation, -O2 -fnext-runtime
FAIL: objc/execute/formal_protocol-7.m compilation, -O3 -g -fnext-runtime
FAIL: objc/execute/formal_protocol-7.m compilation, -Os -fnext-runtime
UNRESOLVED: objc/execute/formal_protocol-7.m execution, -O0 -fnext-runtime
UNRESOLVED: objc/execute/formal_protocol-7.m execution, -O1 -fnext-runtime
UNRESOLVED: objc/execute/formal_protocol-7.m execution, -O2 -fnext-runtime
UNRESOLVED: objc/execute/formal_protocol-7.m execution, -O3 -g -fnext-runtime
UNRESOLVED: objc/execute/formal_protocol-7.m execution, -Os -fnext-runtime
FAIL: objc/execute/protocol-isEqual-1.m compilation, -O0 -fnext-runtime
FAIL: objc/execute/protocol-isEqual-1.m compilation, -O1 -fnext-runtime
FAIL: objc/execute/protocol-isEqual-1.m compilation, -O2 -fnext-runtime
FAIL: objc/execute/protocol-isEqual-1.m compilation, -O3 -g -fnext-runtime
FAIL: objc/execute/protocol-isEqual-1.m compilation, -Os -fnext-runtime
UNRESOLVED: objc/execute/protocol-isEqual-1.m execution, -O0 -fnext-runtime
UNRESOLVED: objc/execute/protocol-isEqual-1.m execution, -O1 -fnext-runtime
UNRESOLVED: objc/execute/protocol-isEqual-1.m execution, -O2 -fnext-runtime
UNRESOLVED: objc/execute/protocol-isEqual-1.m execution, -O3 -g -fnext-runtime
UNRESOLVED: objc/execute/protocol-isEqual-1.m execution, -Os -fnext-runtime
FAIL: objc/execute/protocol-isEqual-2.m compilation, -O0 -fnext-runtime
FAIL: objc/execute/protocol-isEqual-2.m compilation, -O1 -fnext-runtime
FAIL: objc/execute/protocol-isEqual-2.m compilation, -O2 -fnext-runtime
FAIL: objc/execute/protocol-isEqual-2.m compilation, -O3 -g -fnext-runtime
FAIL: objc/execute/protocol-isEqual-2.m compilation, -Os -fnext-runtime
UNRESOLVED: objc/execute/protocol-isEqual-2.m execution, -O0 -fnext-runtime
UNRESOLVED: objc/execute/protocol-isEqual-2.m execution, -O1 -fnext-runtime
UNRESOLVED: objc/execute/protocol-isEqual-2.m execution, -O2 -fnext-runtime
UNRESOLVED: objc/execute/protocol-isEqual-2.m execution, -O3 -g -fnext-runtime
UNRESOLVED: objc/execute/protocol-isEqual-2.m execution, -Os -fnext-runtime
FAIL: objc/execute/protocol-isEqual-3.m compilation, -O0 -fnext-runtime
FAIL: objc/execute/protocol-isEqual-3.m compilation, -O1 -fnext-runtime
FAIL: objc/execute/protocol-isEqual-3.m compilation, -O2 -fnext-runtime
FAIL: objc/execute/protocol-isEqual-3.m compilation, -O3 -g -fnext-runtime
FAIL: objc/execute/protocol-isEqual-3.m compilation, -Os -fnext-runtime
UNRESOLVED: objc/execute/protocol-isEqual-3.m execution, -O0 -fnext-runtime
UNRESOLVED: objc/execute/protocol-isEqual-3.m execution, -O1 -fnext-runtime
UNRESOLVED: objc/execute/protocol-isEqual-3.m execution, -O2 -fnext-runtime
UNRESOLVED: objc/execute/protocol-isEqual-3.m execution, -O3 -g -fnext-runtime
UNRESOLVED: objc/execute/protocol-isEqual-3.m execution, -Os -fnext-runtime
FAIL: objc/execute/protocol-isEqual-4.m compilation, -O0 -fnext-runtime
FAIL: objc/execute/protocol-isEqual-4.m compilation, -O1 -fnext-runtime
FAIL: objc/execute/protocol-isEqual-4.m compilation, -O2 -fnext-runtime
FAIL: objc/execute/protocol-isEqual-4.m compilation, -O3 -g -fnext-runtime
FAIL: objc/execute/protocol-isEqual-4.m compilation, -Os -fnext-runtime
UNRESOLVED: objc/execute/protocol-isEqual-4.m execution, -O0 -fnext-runtime
UNRESOLVED: objc/execute/protocol-isEqual-4.m execution, -O1 -fnext-runtime
UNRESOLVED: objc/execute/protocol-isEqual-4.m execution, -O2 -fnext-runtime
UNRESOLVED: objc/execute/protocol-isEqual-4.m execution, -O3 -g -fnext-runtime
UNRESOLVED: objc/execute/protocol-isEqual-4.m execution, -Os -fnext-runtime
=== objc Summary for unix/-m64 ===
# of expected passes 5350
# of unexpected failures 101
# of expected failures 6
# of unresolved testcases 97
# of unsupported tests 87
=== objc Summary ===
# of expected passes 10923
# of unexpected failures 151
# of expected failures 12
# of unresolved testcases 156
# of unsupported tests 168
/Users/fx/autobuilds/builds/gcc-trunk-245265/gcc/xgcc version 7.0.1 20170208 (experimental) [trunk revision 245265] (GCC)
=== libstdc++ tests ===
Running target unix/-m32
=== libstdc++ Summary for unix/-m32 ===
# of expected passes 10668
# of expected failures 66
# of unsupported tests 665
Running target unix/-m64
=== libstdc++ Summary for unix/-m64 ===
# of expected passes 10666
# of expected failures 66
# of unsupported tests 666
=== libstdc++ Summary ===
# of expected passes 21334
# of expected failures 132
# of unsupported tests 1331
Compiler version: 7.0.1 20170208 (experimental) [trunk revision 245265] (GCC)
Platform: x86_64-apple-darwin16.4.0
configure flags: --prefix=/tmp/gcc-trunk-245265 --enable-languages=c,c++,objc,obj-c++,fortran,lto