This is the mail archive of the
gcc-testresults@gcc.gnu.org
mailing list for the GCC project.
Results for 7.0.1 20170202 (experimental) [trunk revision 245124] (GCC) testsuite on sh4-unknown-linux-gnu
- From: Kaz Kojima <kkojima at rr dot iij4u dot or dot jp>
- To: gcc-testresults at gcc dot gnu dot org
- Date: Fri, 03 Feb 2017 12:30:44 +0900 (JST)
- Subject: Results for 7.0.1 20170202 (experimental) [trunk revision 245124] (GCC) testsuite on sh4-unknown-linux-gnu
- Authentication-results: sourceware.org; auth=none
Remote host: linux 3.18.0 sh4
GNU C Library version 2.20.90
Skipped gfortran temporarily because libgfortran fails to build during
compiling intrinsics/reshape_generic.c with
internal compiler error: in maybe_record_trace_start, at dwarf2cfi.c:2284
Looks PR71109.
LAST_UPDATED: Thu Feb 2 13:56:19 UTC 2017 (revision 245124)
Target is sh4-unknown-linux-gnu
Host is i686-pc-linux-gnu
=== g++ tests ===
Running target unix
WARNING: Assuming target board is the local machine (which is probably wrong).
FAIL: g++.dg/Wno-frame-address.C -std=gnu++98 (test for excess errors)
FAIL: g++.dg/Wno-frame-address.C -std=gnu++11 (test for excess errors)
FAIL: g++.dg/Wno-frame-address.C -std=gnu++14 (test for excess errors)
XPASS: g++.dg/tls/thread_local-order2.C -std=c++11 execution test
XPASS: g++.dg/tls/thread_local-order2.C -std=c++14 execution test
=== g++ Summary ===
# of expected passes 99356
# of unexpected failures 3
# of unexpected successes 2
# of expected failures 371
# of unsupported tests 4309
/home/ldroot/dodes/xsh-gcc-orig/gcc/xg++ version 7.0.1 20170202 (experimental) [trunk revision 245124] (GCC)
Host is i686-pc-linux-gnu
=== gcc tests ===
Running target unix
WARNING: Assuming target board is the local machine (which is probably wrong).
FAIL: gcc.dg/atomic/c11-atomic-exec-5.c -O3 -fomit-frame-pointer -funroll-loops -fpeel-loops -ftracer -finline-functions execution test
FAIL: gcc.dg/atomic/stdatomic-op-1.c -O2 -flto -fuse-linker-plugin -fno-fat-lto-objects (internal compiler error)
FAIL: gcc.dg/atomic/stdatomic-op-1.c -O2 -flto -fuse-linker-plugin -fno-fat-lto-objects (test for excess errors)
UNRESOLVED: gcc.dg/atomic/stdatomic-op-1.c -O2 -flto -fuse-linker-plugin -fno-fat-lto-objects compilation failed to produce executable
FAIL: gcc.dg/Wno-frame-address.c (test for excess errors)
FAIL: gcc.dg/ifcvt-4.c scan-rtl-dump ce1 "2 true changes made"
FAIL: gcc.dg/pr59833.c execution test
FAIL: gcc.dg/ipa/iinline-attr.c scan-ipa-dump inline "hooray[^\\\\n]*inline copy in test"
FAIL: gcc.dg/torture/float32-nan.c -O0 execution test
FAIL: gcc.dg/torture/float32-nan.c -O1 execution test
FAIL: gcc.dg/torture/float32-nan.c -O2 execution test
FAIL: gcc.dg/torture/float32-nan.c -O3 -g execution test
FAIL: gcc.dg/torture/float32-nan.c -Os execution test
FAIL: gcc.dg/torture/float32-nan.c -O2 -flto -fno-use-linker-plugin -flto-partition=none execution test
FAIL: gcc.dg/torture/float32-nan.c -O2 -flto -fuse-linker-plugin -fno-fat-lto-objects execution test
FAIL: gcc.dg/torture/float32x-nan.c -O0 execution test
FAIL: gcc.dg/torture/float32x-nan.c -O1 execution test
FAIL: gcc.dg/torture/float32x-nan.c -O2 execution test
FAIL: gcc.dg/torture/float32x-nan.c -O3 -g execution test
FAIL: gcc.dg/torture/float32x-nan.c -Os execution test
FAIL: gcc.dg/torture/float32x-nan.c -O2 -flto -fno-use-linker-plugin -flto-partition=none execution test
FAIL: gcc.dg/torture/float32x-nan.c -O2 -flto -fuse-linker-plugin -fno-fat-lto-objects execution test
FAIL: gcc.dg/torture/float64-nan.c -O0 execution test
FAIL: gcc.dg/torture/float64-nan.c -O1 execution test
FAIL: gcc.dg/torture/float64-nan.c -O2 execution test
FAIL: gcc.dg/torture/float64-nan.c -O3 -g execution test
FAIL: gcc.dg/torture/float64-nan.c -Os execution test
FAIL: gcc.dg/torture/float64-nan.c -O2 -flto -fno-use-linker-plugin -flto-partition=none execution test
FAIL: gcc.dg/torture/float64-nan.c -O2 -flto -fuse-linker-plugin -fno-fat-lto-objects execution test
FAIL: gcc.dg/torture/pr68264.c -O0 execution test
FAIL: gcc.dg/torture/pr68264.c -Os execution test
FAIL: gcc.dg/tree-ssa/builtins-folding-gimple-ub.c (internal compiler error)
FAIL: gcc.dg/tree-ssa/builtins-folding-gimple-ub.c (test for excess errors)
FAIL: gcc.target/sh/pr51244-10.c scan-assembler-not shll|subc|and
FAIL: gcc.target/sh/pr51244-19.c scan-assembler-not movt
FAIL: gcc.target/sh/pr53988-1.c scan-assembler-times extu.b 4
FAIL: gcc.target/sh/pr53988-1.c scan-assembler-times extu.w 2
FAIL: gcc.target/sh/pr59533-1.c scan-assembler-times shll 1
FAIL: gcc.target/sh/pr59533-1.c scan-assembler-times cmp/pz 27
FAIL: gcc.target/sh/pr59533-1.c scan-assembler-times addc 4
FAIL: gcc.target/sh/pr59533-1.c scan-assembler-times subc 16
FAIL: gcc.target/sh/pr64345-1.c scan-assembler-times cmp/pz 6
FAIL: gcc.target/sh/pr64345-1.c scan-assembler-times shll\\t 6
=== gcc Summary ===
# of expected passes 92010
# of unexpected failures 42
# of expected failures 202
# of unresolved testcases 1
# of unsupported tests 2211
/home/ldroot/dodes/xsh-gcc-orig/gcc/xgcc version 7.0.1 20170202 (experimental) [trunk revision 245124] (GCC)
Host is i686-pc-linux-gnu
=== objc tests ===
Running target unix
WARNING: Assuming target board is the local machine (which is probably wrong).
=== objc Summary ===
# of expected passes 2803
# of unsupported tests 68
/home/ldroot/dodes/xsh-gcc-orig/gcc/xgcc version 7.0.1 20170202 (experimental) [trunk revision 245124] (GCC)
Host is sh4-unknown-linux-gnu
=== libatomic tests ===
Running target unix
WARNING: Assuming target board is the local machine (which is probably wrong).
=== libatomic Summary ===
# of expected passes 44
# of unsupported tests 5
Host is sh4-unknown-linux-gnu
=== libgomp tests ===
Running target unix
WARNING: Assuming target board is the local machine (which is probably wrong).
FAIL: libgomp.c/atomic-12.c (internal compiler error)
FAIL: libgomp.c/atomic-12.c (test for excess errors)
UNRESOLVED: libgomp.c/atomic-12.c compilation failed to produce executable
FAIL: libgomp.c++/atomic-5.C (internal compiler error)
FAIL: libgomp.c++/atomic-5.C (test for excess errors)
UNRESOLVED: libgomp.c++/atomic-5.C compilation failed to produce executable
=== libgomp Summary ===
# of expected passes 1672
# of unexpected failures 4
# of unresolved testcases 2
# of unsupported tests 217
Host is sh4-unknown-linux-gnu
=== libitm tests ===
Running target unix
WARNING: Assuming target board is the local machine (which is probably wrong).
=== libitm Summary ===
# of expected passes 42
# of expected failures 3
# of unsupported tests 1
Host is sh4-unknown-linux-gnu
=== libstdc++ tests ===
Running target unix
WARNING: Assuming target board is the local machine (which is probably wrong).
FAIL: 26_numerics/headers/cmath/hypot.cc execution test
FAIL: experimental/filesystem/operations/last_write_time.cc execution test
=== libstdc++ Summary ===
# of expected passes 10781
# of unexpected failures 2
# of expected failures 66
# of unsupported tests 617
Compiler version: 7.0.1 20170202 (experimental) [trunk revision 245124] (GCC)
Platform: sh4-unknown-linux-gnu
configure flags: --target=sh4-unknown-linux-gnu --enable-build-with-cxx --enable-lto --enable-shared --enable-threads=posix --enable-clocale=gnu --enable-libitm --with-ld=/usr/local/bin/sh4-unknown-linux-gnu-ld --with-as=/usr/local/bin/sh4-unknown-linux-gnu-as --with-sysroot=/exp/ldroot --with-mpfr=/opt3/i686-pc-linux-gnu --with-mpc=/opt3/i686-pc-linux-gnu --with-libelf=/opt3/i686-pc-linux-gnu --with-ppl=no target_alias=sh4-unknown-linux-gnu --enable-languages=c,c++,lto,objc