This is the mail archive of the
gcc-testresults@gcc.gnu.org
mailing list for the GCC project.
Results for 7.0.1 20170127 (experimental) [trunk revision 244964] (GCC) testsuite on sparc-sun-solaris2.11
- From: Rainer Orth <ro at CeBiTec dot Uni-Bielefeld dot DE>
- To: gcc-testresults at gcc dot gnu dot org
- Date: Sat, 28 Jan 2017 15:12:02 +0100 (MET)
- Subject: Results for 7.0.1 20170127 (experimental) [trunk revision 244964] (GCC) testsuite on sparc-sun-solaris2.11
- Authentication-results: sourceware.org; auth=none
LAST_UPDATED: Fri Jan 27 11:14:23 UTC 2017 (revision 244964)
=== acats tests ===
FAIL: c95095b
=== acats Summary ===
# of expected passes 2319
# of unexpected failures 1
Native configuration is sparc-sun-solaris2.11
=== g++ tests ===
Running target unix
FAIL: c-c++-common/Wduplicated-branches-13.c -std=gnu++98 (test for excess errors)
=== g++ Summary for unix ===
# of expected passes 102238
# of unexpected failures 1
# of expected failures 388
# of unsupported tests 4387
Running target unix/-m64
=== g++ Summary for unix/-m64 ===
# of expected passes 104127
# of expected failures 388
# of unsupported tests 4356
=== g++ Summary ===
# of expected passes 206365
# of unexpected failures 1
# of expected failures 776
# of unsupported tests 8743
/var/gcc/regression/trunk/11-gcc-gas/build/gcc/testsuite/g++/../../xg++ version 7.0.1 20170127 (experimental) [trunk revision 244964] (GCC)
=== gcc tests ===
Running target unix
XPASS: gcc.dg/attr-alloc_size-11.c missing range info for short (test for warnings, line 50)
XPASS: gcc.dg/attr-alloc_size-11.c missing range info for signed char (test for warnings, line 49)
XPASS: gcc.dg/pr78768.c -Wformat-overflow (test for warnings, line 11)
FAIL: gcc.dg/visibility-22.c execution test
FAIL: gcc.dg/graphite/scop-dsyr2k.c scan-tree-dump-times graphite "number of SCoPs: 1" 1
FAIL: gcc.dg/graphite/scop-dsyrk.c scan-tree-dump-times graphite "number of SCoPs: 1" 1
FAIL: gcc.dg/plugin/must-tail-call-1.c -fplugin=./must_tail_call_plugin.so (test for excess errors)
FAIL: gcc.dg/simulate-thread/atomic-other-int.c -O2 -g thread simulation test
FAIL: gcc.dg/simulate-thread/atomic-other-int.c -O3 -g thread simulation test
FAIL: gcc.dg/simulate-thread/speculative-store-4.c -O0 -g thread simulation test
FAIL: gcc.dg/simulate-thread/speculative-store.c -O0 -g thread simulation test
=== gcc Summary for unix ===
# of expected passes 97902
# of unexpected failures 8
# of unexpected successes 3
# of expected failures 402
# of unsupported tests 2583
Running target unix/-m64
XPASS: gcc.dg/attr-alloc_size-11.c missing range info for short (test for warnings, line 50)
XPASS: gcc.dg/attr-alloc_size-11.c missing range info for signed char (test for warnings, line 49)
XPASS: gcc.dg/pr78768.c -Wformat-overflow (test for warnings, line 11)
FAIL: gcc.dg/visibility-22.c execution test
FAIL: gcc.dg/plugin/must-tail-call-1.c -fplugin=./must_tail_call_plugin.so (test for excess errors)
=== gcc Summary for unix/-m64 ===
# of expected passes 98955
# of unexpected failures 2
# of unexpected successes 3
# of expected failures 387
# of unsupported tests 2384
=== gcc Summary ===
# of expected passes 196857
# of unexpected failures 10
# of unexpected successes 6
# of expected failures 789
# of unsupported tests 4967
/var/gcc/regression/trunk/11-gcc-gas/build/gcc/xgcc version 7.0.1 20170127 (experimental) [trunk revision 244964] (GCC)
=== gfortran tests ===
Running target unix
=== gfortran Summary for unix ===
# of expected passes 44255
# of expected failures 90
# of unsupported tests 236
Running target unix/-m64
FAIL: gfortran.dg/graphite/pr68279.f90 -O (internal compiler error)
FAIL: gfortran.dg/graphite/pr68279.f90 -O (test for excess errors)
=== gfortran Summary for unix/-m64 ===
# of expected passes 44501
# of unexpected failures 2
# of expected failures 90
# of unsupported tests 115
=== gfortran Summary ===
# of expected passes 88756
# of unexpected failures 2
# of expected failures 180
# of unsupported tests 351
/var/gcc/regression/trunk/11-gcc-gas/build/gcc/testsuite/gfortran/../../gfortran version 7.0.1 20170127 (experimental) [trunk revision 244964] (GCC)
=== gnat tests ===
Running target unix
=== gnat Summary for unix ===
# of expected passes 2529
# of expected failures 24
# of unsupported tests 23
Running target unix/-m64
=== gnat Summary for unix/-m64 ===
# of expected passes 2529
# of expected failures 24
# of unsupported tests 23
=== gnat Summary ===
# of expected passes 5058
# of expected failures 48
# of unsupported tests 46
/var/gcc/regression/trunk/11-gcc-gas/build/gcc/gnatmake version 7.0.1 20170127 (experimental) [trunk revision 244964]
=== go tests ===
Running target unix
=== go Summary for unix ===
# of expected passes 7362
# of expected failures 1
# of untested testcases 11
# of unsupported tests 3
Running target unix/-m64
=== go Summary for unix/-m64 ===
# of expected passes 7242
# of expected failures 1
# of untested testcases 11
# of unsupported tests 3
=== go Summary ===
# of expected passes 14604
# of expected failures 2
# of untested testcases 22
# of unsupported tests 6
=== obj-c++ tests ===
Running target unix
FAIL: obj-c++.dg/property/at-property-23.mm -fgnu-runtime (test for excess errors)
=== obj-c++ Summary for unix ===
# of expected passes 1457
# of unexpected failures 1
# of expected failures 2
# of unsupported tests 77
Running target unix/-m64
FAIL: obj-c++.dg/property/at-property-23.mm -fgnu-runtime (test for excess errors)
=== obj-c++ Summary for unix/-m64 ===
# of expected passes 1449
# of unexpected failures 1
# of expected failures 10
# of unsupported tests 77
=== obj-c++ Summary ===
# of expected passes 2906
# of unexpected failures 2
# of expected failures 12
# of unsupported tests 154
/var/gcc/regression/trunk/11-gcc-gas/build/gcc/testsuite/obj-c++/../../xg++ version 7.0.1 20170127 (experimental) [trunk revision 244964] (GCC)
=== objc tests ===
Running target unix
=== objc Summary for unix ===
# of expected passes 2803
# of unsupported tests 68
Running target unix/-m64
=== objc Summary for unix/-m64 ===
# of expected passes 2803
# of unsupported tests 68
=== objc Summary ===
# of expected passes 5606
# of unsupported tests 136
/var/gcc/regression/trunk/11-gcc-gas/build/gcc/xgcc version 7.0.1 20170127 (experimental) [trunk revision 244964] (GCC)
=== libatomic tests ===
Running target unix
=== libatomic Summary for unix ===
# of expected passes 44
# of unsupported tests 5
Running target unix/-m64
=== libatomic Summary for unix/-m64 ===
# of expected passes 54
=== libatomic Summary ===
# of expected passes 98
# of unsupported tests 5
=== libffi tests ===
Running target unix
=== libffi Summary for unix ===
# of expected passes 2214
Running target unix/-m64
=== libffi Summary for unix/-m64 ===
# of expected passes 2214
=== libffi Summary ===
# of expected passes 4428
=== libgo tests ===
Running target unix
FAIL: net
FAIL: go/build
FAIL: net/http
=== libgo Summary for unix ===
# of expected passes 143
# of unexpected failures 3
Running target unix/-m64
FAIL: net
FAIL: go/build
FAIL: os/signal
=== libgo Summary for unix/-m64 ===
# of expected passes 143
# of unexpected failures 3
=== libgo Summary ===
# of expected passes 286
# of unexpected failures 6
=== libgomp tests ===
Running target unix
=== libgomp Summary for unix ===
# of expected passes 5046
# of unsupported tests 382
Running target unix/-m64
=== libgomp Summary for unix/-m64 ===
# of expected passes 5046
# of unsupported tests 382
=== libgomp Summary ===
# of expected passes 10092
# of unsupported tests 764
=== libitm tests ===
Running target unix
=== libitm Summary for unix ===
# of expected passes 42
# of expected failures 3
# of unsupported tests 1
Running target unix/-m64
=== libitm Summary for unix/-m64 ===
# of expected passes 42
# of expected failures 3
# of unsupported tests 1
=== libitm Summary ===
# of expected passes 84
# of expected failures 6
# of unsupported tests 2
=== libstdc++ tests ===
Running target unix
=== libstdc++ Summary for unix ===
# of expected passes 10721
# of expected failures 66
# of unsupported tests 636
Running target unix/-m64
FAIL: 23_containers/unordered_map/debug/move_neg.cc (test for excess errors)
WARNING: 23_containers/unordered_map/debug/move_neg.cc compilation failed to produce executable
FAIL: 23_containers/unordered_multimap/allocator/swap.cc (test for excess errors)
=== libstdc++ Summary for unix/-m64 ===
# of expected passes 10719
# of unexpected failures 2
# of expected failures 65
# of unsupported tests 636
=== libstdc++ Summary ===
# of expected passes 21440
# of unexpected failures 2
# of expected failures 131
# of unsupported tests 1272
Compiler version: 7.0.1 20170127 (experimental) [trunk revision 244964] (GCC)
Platform: sparc-sun-solaris2.11
configure flags: --prefix=/vol/gcc --target=sparc-sun-solaris2.11 --enable-objc-gc --with-target-bdw-gc-include=/vol/gcc/include --with-target-bdw-gc-lib=/vol/gcc/lib,sparcv9=/vol/gcc/lib/sparcv9 --enable-libmudflap --with-as=/vol/gcc/bin/gas-2.27 --with-gnu-as --with-gmp-include=/vol/gcc/include --with-gmp-lib=/vol/gcc/lib --with-mpfr-include=/vol/gcc/include --with-mpfr-lib=/vol/gcc/lib --with-mpc-include=/vol/gcc/include --with-mpc-lib=/vol/gcc/lib --enable-languages=all,ada,obj-c++,go --with-isl-include=/vol/gcc/include --with-isl-lib=/vol/gcc/lib --build=sparc-sun-solaris2.11 --host=sparc-sun-solaris2.11
BOOT_CFLAGS=-g -O2