This is the mail archive of the
gcc-testresults@gcc.gnu.org
mailing list for the GCC project.
Results for 6.3.1 20170120 [gcc-6-branch revision 244689] (GCC) testsuite on sparc-sun-solaris2.12
- From: Rainer Orth <ro at CeBiTec dot Uni-Bielefeld dot DE>
- To: gcc-testresults at gcc dot gnu dot org
- Date: Sat, 21 Jan 2017 14:45:49 +0100 (MET)
- Subject: Results for 6.3.1 20170120 [gcc-6-branch revision 244689] (GCC) testsuite on sparc-sun-solaris2.12
- Authentication-results: sourceware.org; auth=none
LAST_UPDATED: Fri Jan 20 09:41:43 UTC 2017 (revision 244689)
=== acats tests ===
=== acats Summary ===
# of expected passes 2320
# of unexpected failures 0
Native configuration is sparc-sun-solaris2.12
=== g++ tests ===
Running target unix
=== g++ Summary for unix ===
# of expected passes 93484
# of expected failures 311
# of unsupported tests 3979
Running target unix/-m64
=== g++ Summary for unix/-m64 ===
# of expected passes 95356
# of expected failures 311
# of unsupported tests 3956
=== g++ Summary ===
# of expected passes 188840
# of expected failures 622
# of unsupported tests 7935
/var/gcc/regression/gcc-6-branch/12-gcc-gas/build/gcc/testsuite/g++/../../xg++ version 6.3.1 20170120 [gcc-6-branch revision 244689] (GCC)
=== gcc tests ===
Running target unix
FAIL: gcc.c-torture/execute/pr70429.c -O2 -flto (test for excess errors)
WARNING: gcc.c-torture/execute/pr70429.c -O2 -flto compilation failed to produce executable
WARNING: program timed out.
FAIL: gcc.dg/20020425-1.c (test for excess errors)
WARNING: program timed out.
FAIL: gcc.dg/simulate-thread/atomic-other-int.c -O2 -g thread simulation test
FAIL: gcc.dg/simulate-thread/atomic-other-int.c -O3 -g thread simulation test
FAIL: gcc.dg/simulate-thread/speculative-store-4.c -O0 -g thread simulation test
FAIL: gcc.dg/simulate-thread/speculative-store-4.c -O2 -g thread simulation test
FAIL: gcc.dg/simulate-thread/speculative-store-4.c -O3 -g thread simulation test
FAIL: gcc.dg/simulate-thread/speculative-store.c -O0 -g thread simulation test
FAIL: c-c++-common/torture/builtin-arith-overflow-14.c -O2 -flto (test for excess errors)
WARNING: c-c++-common/torture/builtin-arith-overflow-14.c -O2 -flto compilation failed to produce executable
WARNING: program timed out.
FAIL: gcc.dg/vect/pr71264.c -flto -ffat-lto-objects scan-tree-dump vect "vectorized 1 loops in function"
FAIL: gcc.dg/vect/pr71264.c scan-tree-dump vect "vectorized 1 loops in function"
=== gcc Summary for unix ===
# of expected passes 88870
# of unexpected failures 11
# of expected failures 345
# of unsupported tests 2155
Running target unix/-m64
WARNING: program timed out.
UNRESOLVED: tmpdir-gcc.dg-struct-layout-1/t001 c_compat_x_tst.o-c_compat_y_tst.o execute
UNRESOLVED: tmpdir-gcc.dg-struct-layout-1/t001 c_compat_x_tst.o-c_compat_y_tst.o link
FAIL: tmpdir-gcc.dg-struct-layout-1/t001 c_compat_y_tst.o compile
FAIL: gcc.dg/struct-by-value-1.c (test for excess errors)
WARNING: gcc.dg/struct-by-value-1.c compilation failed to produce executable
WARNING: program timed out.
FAIL: c-c++-common/torture/builtin-arith-overflow-12.c -O2 (test for excess errors)
WARNING: c-c++-common/torture/builtin-arith-overflow-12.c -O2 compilation failed to produce executable
FAIL: c-c++-common/torture/builtin-arith-overflow-14.c -O2 (test for excess errors)
WARNING: c-c++-common/torture/builtin-arith-overflow-14.c -O2 compilation failed to produce executable
WARNING: program timed out.
WARNING: program timed out.
FAIL: gcc.dg/vect/pr71264.c -flto -ffat-lto-objects scan-tree-dump vect "vectorized 1 loops in function"
FAIL: gcc.dg/vect/pr71264.c scan-tree-dump vect "vectorized 1 loops in function"
=== gcc Summary for unix/-m64 ===
# of expected passes 89842
# of unexpected failures 6
# of expected failures 333
# of unresolved testcases 2
# of unsupported tests 1989
=== gcc Summary ===
# of expected passes 178712
# of unexpected failures 17
# of expected failures 678
# of unresolved testcases 2
# of unsupported tests 4144
/var/gcc/regression/gcc-6-branch/12-gcc-gas/build/gcc/xgcc version 6.3.1 20170120 [gcc-6-branch revision 244689] (GCC)
=== gfortran tests ===
Running target unix
FAIL: gfortran.dg/coarray/event_2.f90 -fcoarray=lib -O2 -lcaf_single -latomic execution test
=== gfortran Summary for unix ===
# of expected passes 42558
# of unexpected failures 1
# of expected failures 79
# of unsupported tests 229
Running target unix/-m64
=== gfortran Summary for unix/-m64 ===
# of expected passes 42806
# of expected failures 79
# of unsupported tests 108
=== gfortran Summary ===
# of expected passes 85364
# of unexpected failures 1
# of expected failures 158
# of unsupported tests 337
/var/gcc/regression/gcc-6-branch/12-gcc-gas/build/gcc/testsuite/gfortran/../../gfortran version 6.3.1 20170120 [gcc-6-branch revision 244689] (GCC)
=== gnat tests ===
Running target unix
=== gnat Summary for unix ===
# of expected passes 2484
# of expected failures 22
# of unsupported tests 21
Running target unix/-m64
=== gnat Summary for unix/-m64 ===
# of expected passes 2484
# of expected failures 22
# of unsupported tests 21
=== gnat Summary ===
# of expected passes 4968
# of expected failures 44
# of unsupported tests 42
/var/gcc/regression/gcc-6-branch/12-gcc-gas/build/gcc/gnatmake version 6.3.1 20170120 [gcc-6-branch revision 244689]
=== go tests ===
Running target unix
FAIL: go.test/test/fixedbugs/issue4562.go execution, -O2 -g
FAIL: go.test/test/nil.go execution, -O2 -g
=== go Summary for unix ===
# of expected passes 7361
# of unexpected failures 2
# of expected failures 1
# of untested testcases 11
# of unsupported tests 3
Running target unix/-m64
FAIL: go.test/test/fixedbugs/issue4562.go execution, -O2 -g
FAIL: go.test/test/nil.go execution, -O2 -g
=== go Summary for unix/-m64 ===
# of expected passes 7241
# of unexpected failures 2
# of expected failures 1
# of untested testcases 11
# of unsupported tests 3
=== go Summary ===
# of expected passes 14602
# of unexpected failures 4
# of expected failures 2
# of untested testcases 22
# of unsupported tests 6
=== obj-c++ tests ===
Running target unix
=== obj-c++ Summary for unix ===
# of expected passes 1454
# of expected failures 2
# of unsupported tests 77
Running target unix/-m64
=== obj-c++ Summary for unix/-m64 ===
# of expected passes 1446
# of expected failures 10
# of unsupported tests 77
=== obj-c++ Summary ===
# of expected passes 2900
# of expected failures 12
# of unsupported tests 154
/var/gcc/regression/gcc-6-branch/12-gcc-gas/build/gcc/testsuite/obj-c++/../../xg++ version 6.3.1 20170120 [gcc-6-branch revision 244689] (GCC)
=== objc tests ===
Running target unix
=== objc Summary for unix ===
# of expected passes 2789
# of unsupported tests 68
Running target unix/-m64
=== objc Summary for unix/-m64 ===
# of expected passes 2789
# of unsupported tests 68
=== objc Summary ===
# of expected passes 5578
# of unsupported tests 136
/var/gcc/regression/gcc-6-branch/12-gcc-gas/build/gcc/xgcc version 6.3.1 20170120 [gcc-6-branch revision 244689] (GCC)
=== boehm-gc tests ===
Running target unix
=== boehm-gc Summary for unix ===
# of expected passes 12
# of unsupported tests 1
Running target unix/-m64
=== boehm-gc Summary for unix/-m64 ===
# of expected passes 12
# of unsupported tests 1
=== boehm-gc Summary ===
# of expected passes 24
# of unsupported tests 2
=== libatomic tests ===
Running target unix
=== libatomic Summary for unix ===
# of expected passes 44
# of unsupported tests 5
Running target unix/-m64
=== libatomic Summary for unix/-m64 ===
# of expected passes 54
=== libatomic Summary ===
# of expected passes 98
# of unsupported tests 5
=== libffi tests ===
Running target unix
=== libffi Summary for unix ===
# of expected passes 2214
Running target unix/-m64
=== libffi Summary for unix/-m64 ===
# of expected passes 2214
=== libffi Summary ===
# of expected passes 4428
=== libgo tests ===
Running target unix
FAIL: reflect
FAIL: go/build
=== libgo Summary for unix ===
# of expected passes 132
# of unexpected failures 2
Running target unix/-m64
FAIL: go/build
=== libgo Summary for unix/-m64 ===
# of expected passes 133
# of unexpected failures 1
=== libgo Summary ===
# of expected passes 265
# of unexpected failures 3
/var/gcc/regression/gcc-6-branch/12-gcc-gas/build/./gcc/gccgo version 6.3.1 20170120 [gcc-6-branch revision 244689] (GCC)
=== libgomp tests ===
Running target unix
=== libgomp Summary for unix ===
# of expected passes 5052
# of unsupported tests 322
Running target unix/-m64
WARNING: program timed out.
FAIL: libgomp.c/for-2.c (test for excess errors)
WARNING: libgomp.c/for-2.c compilation failed to produce executable
=== libgomp Summary for unix/-m64 ===
# of expected passes 5050
# of unexpected failures 1
# of unsupported tests 322
=== libgomp Summary ===
# of expected passes 10102
# of unexpected failures 1
# of unsupported tests 644
=== libitm tests ===
Running target unix
=== libitm Summary for unix ===
# of expected passes 42
# of expected failures 3
# of unsupported tests 1
Running target unix/-m64
=== libitm Summary for unix/-m64 ===
# of expected passes 42
# of expected failures 3
# of unsupported tests 1
=== libitm Summary ===
# of expected passes 84
# of expected failures 6
# of unsupported tests 2
=== libjava tests ===
Running target unix
=== libjava Summary for unix ===
# of expected passes 2582
# of expected failures 4
Running target unix/-m64
=== libjava Summary for unix/-m64 ===
# of expected passes 2582
# of expected failures 4
=== libjava Summary ===
# of expected passes 5164
# of expected failures 8
=== libstdc++ tests ===
Running target unix
=== libstdc++ Summary for unix ===
# of expected passes 10153
# of expected failures 67
# of unsupported tests 619
Running target unix/-m64
=== libstdc++ Summary for unix/-m64 ===
# of expected passes 10153
# of expected failures 67
# of unsupported tests 619
=== libstdc++ Summary ===
# of expected passes 20306
# of expected failures 134
# of unsupported tests 1238
Compiler version: 6.3.1 20170120 [gcc-6-branch revision 244689] (GCC)
Platform: sparc-sun-solaris2.12
configure flags: --prefix=/vol/gcc --target=sparc-sun-solaris2.12 --enable-objc-gc --with-as=/vol/gcc/bin/gas-2.27 --with-gnu-as --with-gmp-include=/vol/gcc/include --with-gmp-lib=/vol/gcc/lib --with-mpfr-include=/vol/gcc/include --with-mpfr-lib=/vol/gcc/lib --with-mpc-include=/vol/gcc/include --with-mpc-lib=/vol/gcc/lib --enable-languages=all,ada,obj-c++,go --with-isl-include=/vol/gcc/include --with-isl-lib=/vol/gcc/lib --build=sparc-sun-solaris2.12 --host=sparc-sun-solaris2.12
BOOT_CFLAGS=-g -O2