This is the mail archive of the
gcc-testresults@gcc.gnu.org
mailing list for the GCC project.
Results for 7.0.0 20161209 (experimental) [trunk revision 243477] (GCC) testsuite on i386-pc-solaris2.11
- From: Rainer Orth <ro at CeBiTec dot Uni-Bielefeld dot DE>
- To: gcc-testresults at gcc dot gnu dot org
- Date: Fri, 9 Dec 2016 14:33:03 +0100 (MET)
- Subject: Results for 7.0.0 20161209 (experimental) [trunk revision 243477] (GCC) testsuite on i386-pc-solaris2.11
- Authentication-results: sourceware.org; auth=none
LAST_UPDATED: Fri Dec 9 10:29:17 2016 (revision 243477)
=== acats tests ===
=== acats Summary ===
# of expected passes 2320
# of unexpected failures 0
Native configuration is i386-pc-solaris2.11
=== g++ tests ===
Running target unix
=== g++ Summary for unix ===
# of expected passes 102740
# of expected failures 343
# of unsupported tests 3823
Running target unix/-m64
=== g++ Summary for unix/-m64 ===
# of expected passes 104063
# of expected failures 343
# of unsupported tests 4067
=== g++ Summary ===
# of expected passes 206803
# of expected failures 686
# of unsupported tests 7890
/var/gcc/regression/trunk/11-gcc/build/gcc/testsuite/g++/../../xg++ version 7.0.0 20161209 (experimental) [trunk revision 243477] (GCC)
=== gcc tests ===
Running target unix
FAIL: gcc.c-torture/compile/pr61159.c -O0 (test for excess errors)
FAIL: gcc.c-torture/compile/pr61159.c -O1 (test for excess errors)
FAIL: gcc.c-torture/compile/pr61159.c -O2 (test for excess errors)
FAIL: gcc.c-torture/compile/pr61159.c -O2 -flto (test for excess errors)
FAIL: gcc.c-torture/compile/pr61159.c -O2 -flto -flto-partition=none (test for excess errors)
FAIL: gcc.c-torture/compile/pr61159.c -O3 -g (test for excess errors)
FAIL: gcc.c-torture/compile/pr61159.c -Os (test for excess errors)
FAIL: gcc.c-torture/execute/alias-3.c -O0 execution test
FAIL: gcc.c-torture/execute/alias-3.c -O1 execution test
FAIL: gcc.c-torture/execute/alias-3.c -O2 execution test
FAIL: gcc.c-torture/execute/alias-3.c -O2 -flto execution test
FAIL: gcc.c-torture/execute/alias-3.c -O2 -flto -flto-partition=none execution test
FAIL: gcc.c-torture/execute/alias-3.c -O3 -g execution test
FAIL: gcc.c-torture/execute/alias-3.c -Os execution test
FAIL: gcc.dg/attr-alloc_size-3.c (test for warnings, line 445)
FAIL: gcc.dg/attr-alloc_size-3.c (test for excess errors)
FAIL: gcc.dg/attr-weakref-1.c (test for excess errors)
WARNING: gcc.dg/attr-weakref-1.c compilation failed to produce executable
FAIL: gcc.dg/visibility-22.c execution test
FAIL: gcc.dg/graphite/scop-dsyr2k.c scan-tree-dump-times graphite "number of SCoPs: 1" 1
FAIL: gcc.dg/graphite/scop-dsyrk.c scan-tree-dump-times graphite "number of SCoPs: 1" 1
FAIL: gcc.dg/tree-ssa/pr69270-3.c scan-tree-dump-times uncprop1 ", 1" 4
FAIL: gcc.dg/tree-ssa/scev-5.c scan-tree-dump-times optimized "&a" 1
=== gcc Summary for unix ===
# of expected passes 111892
# of unexpected failures 22
# of expected failures 362
# of unsupported tests 3002
Running target unix/-m64
FAIL: gcc.c-torture/compile/pr61159.c -O0 (test for excess errors)
FAIL: gcc.c-torture/compile/pr61159.c -O1 (test for excess errors)
FAIL: gcc.c-torture/compile/pr61159.c -O2 (test for excess errors)
FAIL: gcc.c-torture/compile/pr61159.c -O2 -flto (test for excess errors)
FAIL: gcc.c-torture/compile/pr61159.c -O2 -flto -flto-partition=none (test for excess errors)
FAIL: gcc.c-torture/compile/pr61159.c -O3 -g (test for excess errors)
FAIL: gcc.c-torture/compile/pr61159.c -Os (test for excess errors)
FAIL: gcc.c-torture/execute/alias-3.c -O0 execution test
FAIL: gcc.c-torture/execute/alias-3.c -O1 execution test
FAIL: gcc.c-torture/execute/alias-3.c -O2 execution test
FAIL: gcc.c-torture/execute/alias-3.c -O2 -flto execution test
FAIL: gcc.c-torture/execute/alias-3.c -O2 -flto -flto-partition=none execution test
FAIL: gcc.c-torture/execute/alias-3.c -O3 -g execution test
FAIL: gcc.c-torture/execute/alias-3.c -Os execution test
FAIL: gcc.dg/attr-weakref-1.c (test for excess errors)
WARNING: gcc.dg/attr-weakref-1.c compilation failed to produce executable
FAIL: gcc.dg/visibility-22.c execution test
FAIL: gcc.dg/tree-ssa/pr69270-3.c scan-tree-dump-times uncprop1 ", 1" 4
FAIL: gcc.target/i386/pr45685.c scan-assembler-times cmov 6
=== gcc Summary for unix/-m64 ===
# of expected passes 113316
# of unexpected failures 18
# of expected failures 358
# of unsupported tests 3027
=== gcc Summary ===
# of expected passes 225208
# of unexpected failures 40
# of expected failures 720
# of unsupported tests 6029
/var/gcc/regression/trunk/11-gcc/build/gcc/xgcc version 7.0.0 20161209 (experimental) [trunk revision 243477] (GCC)
=== gfortran tests ===
Running target unix
FAIL: gfortran.dg/coarray/event_1.f90 -fcoarray=lib -O2 -lcaf_single -latomic execution test
FAIL: gfortran.dg/coarray/event_2.f90 -fcoarray=lib -O2 -lcaf_single -latomic execution test
XPASS: gfortran.dg/charlen_03.f90 -O (test for excess errors)
XPASS: gfortran.dg/charlen_10.f90 -O (test for excess errors)
=== gfortran Summary for unix ===
# of expected passes 44041
# of unexpected failures 2
# of unexpected successes 2
# of expected failures 89
# of unsupported tests 182
Running target unix/-m64
FAIL: gfortran.dg/coarray/event_1.f90 -fcoarray=lib -O2 -lcaf_single -latomic execution test
XPASS: gfortran.dg/charlen_03.f90 -O (test for excess errors)
XPASS: gfortran.dg/charlen_10.f90 -O (test for excess errors)
FAIL: gfortran.dg/graphite/pr68279.f90 -O (internal compiler error)
FAIL: gfortran.dg/graphite/pr68279.f90 -O (test for excess errors)
=== gfortran Summary for unix/-m64 ===
# of expected passes 44258
# of unexpected failures 3
# of unexpected successes 2
# of expected failures 89
# of unsupported tests 79
=== gfortran Summary ===
# of expected passes 88299
# of unexpected failures 5
# of unexpected successes 4
# of expected failures 178
# of unsupported tests 261
/var/gcc/regression/trunk/11-gcc/build/gcc/testsuite/gfortran/../../gfortran version 7.0.0 20161209 (experimental) [trunk revision 243477] (GCC)
=== gnat tests ===
Running target unix
FAIL: gnat.dg/vect3.adb scan-tree-dump-times vect "vectorized 1 loops" 15
FAIL: gnat.dg/vect6.adb scan-tree-dump-times vect "vectorized 1 loops" 15
=== gnat Summary for unix ===
# of expected passes 2547
# of unexpected failures 2
# of expected failures 24
# of unsupported tests 7
Running target unix/-m64
FAIL: gnat.dg/vect3.adb scan-tree-dump-times vect "vectorized 1 loops" 15
FAIL: gnat.dg/vect6.adb scan-tree-dump-times vect "vectorized 1 loops" 15
=== gnat Summary for unix/-m64 ===
# of expected passes 2547
# of unexpected failures 2
# of expected failures 24
# of unsupported tests 7
=== gnat Summary ===
# of expected passes 5094
# of unexpected failures 4
# of expected failures 48
# of unsupported tests 14
/var/gcc/regression/trunk/11-gcc/build/gcc/gnatmake version 7.0.0 20161209 (experimental) [trunk revision 243477]
=== go tests ===
Running target unix
=== go Summary for unix ===
# of expected passes 7366
# of expected failures 1
# of untested testcases 10
# of unsupported tests 2
Running target unix/-m64
=== go Summary for unix/-m64 ===
# of expected passes 7247
# of expected failures 1
# of untested testcases 10
# of unsupported tests 1
=== go Summary ===
# of expected passes 14613
# of expected failures 2
# of untested testcases 20
# of unsupported tests 3
=== obj-c++ tests ===
Running target unix
=== obj-c++ Summary for unix ===
# of expected passes 1458
# of expected failures 2
# of unsupported tests 77
Running target unix/-m64
=== obj-c++ Summary for unix/-m64 ===
# of expected passes 1450
# of expected failures 10
# of unsupported tests 77
=== obj-c++ Summary ===
# of expected passes 2908
# of expected failures 12
# of unsupported tests 154
/var/gcc/regression/trunk/11-gcc/build/gcc/testsuite/obj-c++/../../xg++ version 7.0.0 20161209 (experimental) [trunk revision 243477] (GCC)
=== objc tests ===
Running target unix
=== objc Summary for unix ===
# of expected passes 2797
# of expected failures 6
# of unsupported tests 68
Running target unix/-m64
=== objc Summary for unix/-m64 ===
# of expected passes 2797
# of expected failures 6
# of unsupported tests 68
=== objc Summary ===
# of expected passes 5594
# of expected failures 12
# of unsupported tests 136
/var/gcc/regression/trunk/11-gcc/build/gcc/xgcc version 7.0.0 20161209 (experimental) [trunk revision 243477] (GCC)
=== libatomic tests ===
Running target unix
=== libatomic Summary for unix ===
# of expected passes 44
# of unsupported tests 5
Running target unix/-m64
=== libatomic Summary for unix/-m64 ===
# of expected passes 54
=== libatomic Summary ===
# of expected passes 98
# of unsupported tests 5
=== libffi tests ===
Running target unix
=== libffi Summary for unix ===
# of expected passes 2799
Running target unix/-m64
=== libffi Summary for unix/-m64 ===
# of expected passes 2214
=== libffi Summary ===
# of expected passes 5013
=== libgo tests ===
Running target unix
FAIL: net
FAIL: go/build
FAIL: runtime/pprof
=== libgo Summary for unix ===
# of expected passes 135
# of unexpected failures 3
Running target unix/-m64
FAIL: net
FAIL: go/build
FAIL: runtime/pprof
=== libgo Summary for unix/-m64 ===
# of expected passes 135
# of unexpected failures 3
=== libgo Summary ===
# of expected passes 270
# of unexpected failures 6
/var/gcc/regression/trunk/11-gcc/build/./gcc/gccgo version 7.0.0 20161209 (experimental) [trunk revision 243477] (GCC)
=== libgomp tests ===
Running target unix
=== libgomp Summary for unix ===
# of expected passes 5046
# of unsupported tests 382
Running target unix/-m64
=== libgomp Summary for unix/-m64 ===
# of expected passes 5046
# of unsupported tests 382
=== libgomp Summary ===
# of expected passes 10092
# of unsupported tests 764
=== libitm tests ===
Running target unix
=== libitm Summary for unix ===
# of expected passes 42
# of expected failures 3
# of unsupported tests 1
Running target unix/-m64
=== libitm Summary for unix/-m64 ===
# of expected passes 42
# of expected failures 3
# of unsupported tests 1
=== libitm Summary ===
# of expected passes 84
# of expected failures 6
# of unsupported tests 2
=== libstdc++ tests ===
Running target unix
FAIL: 27_io/headers/cstdio/functions_neg.cc (test for errors, line 24)
=== libstdc++ Summary for unix ===
# of expected passes 10710
# of unexpected failures 1
# of expected failures 66
# of unsupported tests 621
Running target unix/-m64
FAIL: 27_io/headers/cstdio/functions_neg.cc (test for errors, line 24)
=== libstdc++ Summary for unix/-m64 ===
# of expected passes 10702
# of unexpected failures 1
# of expected failures 66
# of unsupported tests 625
=== libstdc++ Summary ===
# of expected passes 21412
# of unexpected failures 2
# of expected failures 132
# of unsupported tests 1246
Compiler version: 7.0.0 20161209 (experimental) [trunk revision 243477] (GCC)
Platform: i386-pc-solaris2.11
configure flags: --prefix=/vol/gcc --target=i386-pc-solaris2.11 --enable-objc-gc --with-target-bdw-gc-include=/vol/gcc/include,amd64=/vol/gcc/include --with-target-bdw-gc-lib=/vol/gcc/lib,amd64=/vol/gcc/lib/amd64 --enable-libmudflap --with-as=/usr/ccs/bin/as --without-gnu-as --with-gmp-include=/vol/gcc/include --with-gmp-lib=/vol/gcc/lib --with-mpfr-include=/vol/gcc/include --with-mpfr-lib=/vol/gcc/lib --with-mpc-include=/vol/gcc/include --with-mpc-lib=/vol/gcc/lib --enable-languages=all,ada,obj-c++,go --with-isl-include=/vol/gcc/include --with-isl-lib=/vol/gcc/lib --build=i386-pc-solaris2.11 --host=i386-pc-solaris2.11
BOOT_CFLAGS=-g -O2