This is the mail archive of the
gcc-testresults@gcc.gnu.org
mailing list for the GCC project.
Results for 7.0.0 20161004 (experimental) (GCC) testsuite on x86_64-unknown-cygwin
- From: Tim Prince <tprince818 dot tp at gmail dot com>
- To: gcc-testresults at gcc dot gnu dot org
- Date: Fri, 7 Oct 2016 05:15:11 -0400
- Subject: Results for 7.0.0 20161004 (experimental) (GCC) testsuite on x86_64-unknown-cygwin
- Authentication-results: sourceware.org; auth=none
Native configuration is x86_64-unknown-cygwin
=== g++ tests ===
=== g++ Summary ===
# of expected passes 99247
# of unexpected failures 535
# of unexpected successes 3
# of expected failures 324
# of unresolved testcases 31
# of unsupported tests 4120
/cygdrive/c/users/tim/tim/tim/src/gnu/gcc2/cyg64/gcc/testsuite/g++/../../xg++
version 7.0.0 20161005 (experimental) (GCC)
=== gcc tests ===
=== gcc Summary ===
# of expected passes 113004
# of unexpected failures 891
# of unexpected successes 26
# of expected failures 321
# of unresolved testcases 333
# of unsupported tests 2089
/cygdrive/c/users/tim/tim/tim/src/gnu/gcc2/cyg64/gcc/xgcc version 7.0.0
20161005 (experimental) (GCC)
=== gfortran tests ===
Running target unix
FAIL: gfortran.dg/adjustl_1.f90 -O execution test
FAIL: gfortran.dg/aliasing_dummy_1.f90 -O0 execution test
FAIL: gfortran.dg/aliasing_dummy_1.f90 -O1 execution test
FAIL: gfortran.dg/aliasing_dummy_1.f90 -O2 execution test
FAIL: gfortran.dg/aliasing_dummy_1.f90 -O3 -fomit-frame-pointer
-funroll-loops -fpeel-loops -ftracer -finline-functions execution test
FAIL: gfortran.dg/aliasing_dummy_1.f90 -O3 -g execution test
FAIL: gfortran.dg/aliasing_dummy_1.f90 -Os execution test
FAIL: gfortran.dg/allocate_zerosize_1.f90 -O0 execution test
FAIL: gfortran.dg/allocate_zerosize_1.f90 -O1 execution test
FAIL: gfortran.dg/allocate_zerosize_1.f90 -O2 execution test
FAIL: gfortran.dg/allocate_zerosize_1.f90 -O3 -fomit-frame-pointer
-funroll-loops -fpeel-loops -ftracer -finline-functions execution test
FAIL: gfortran.dg/allocate_zerosize_1.f90 -O3 -g execution test
FAIL: gfortran.dg/allocate_zerosize_1.f90 -Os execution test
FAIL: gfortran.dg/allocate_zerosize_2.f90 -O2 execution test
FAIL: gfortran.dg/allocate_zerosize_2.f90 -O3 -fomit-frame-pointer
-funroll-loops -fpeel-loops -ftracer -finline-functions execution test
FAIL: gfortran.dg/allocate_zerosize_2.f90 -O3 -g execution test
FAIL: gfortran.dg/allocate_zerosize_2.f90 -Os execution test
FAIL: gfortran.dg/anyallcount_1.f90 -O0 execution test
FAIL: gfortran.dg/anyallcount_1.f90 -O1 execution test
FAIL: gfortran.dg/anyallcount_1.f90 -O2 execution test
FAIL: gfortran.dg/anyallcount_1.f90 -O3 -fomit-frame-pointer
-funroll-loops -fpeel-loops -ftracer -finline-functions execution test
FAIL: gfortran.dg/anyallcount_1.f90 -O3 -g execution test
FAIL: gfortran.dg/anyallcount_1.f90 -Os execution test
FAIL: gfortran.dg/argument_checking_8.f90 -O0 execution test
FAIL: gfortran.dg/argument_checking_8.f90 -O1 execution test
FAIL: gfortran.dg/argument_checking_8.f90 -O2 execution test
FAIL: gfortran.dg/argument_checking_8.f90 -O3 -fomit-frame-pointer
-funroll-loops -fpeel-loops -ftracer -finline-functions execution test
FAIL: gfortran.dg/argument_checking_8.f90 -O3 -g execution test
FAIL: gfortran.dg/argument_checking_8.f90 -Os execution test
FAIL: gfortran.dg/array_assignment_1.F90 -O0 execution test
FAIL: gfortran.dg/array_assignment_1.F90 -O1 execution test
FAIL: gfortran.dg/array_assignment_1.F90 -O2 execution test
FAIL: gfortran.dg/array_assignment_1.F90 -O3 -fomit-frame-pointer
-funroll-loops -fpeel-loops -ftracer -finline-functions execution test
FAIL: gfortran.dg/array_assignment_1.F90 -O3 -g execution test
FAIL: gfortran.dg/array_assignment_1.F90 -Os execution test
FAIL: gfortran.dg/array_constructor_17.f90 -O0 execution test
FAIL: gfortran.dg/array_constructor_17.f90 -O1 execution test
FAIL: gfortran.dg/array_constructor_17.f90 -O2 execution test
FAIL: gfortran.dg/array_constructor_17.f90 -O3 -fomit-frame-pointer
-funroll-loops -fpeel-loops -ftracer -finline-functions execution test
FAIL: gfortran.dg/array_constructor_17.f90 -O3 -g execution test
FAIL: gfortran.dg/array_constructor_17.f90 -Os execution test
FAIL: gfortran.dg/array_constructor_36.f90 -O0 execution test
FAIL: gfortran.dg/array_constructor_36.f90 -O1 execution test
FAIL: gfortran.dg/array_constructor_36.f90 -O2 execution test
FAIL: gfortran.dg/array_constructor_36.f90 -O3 -fomit-frame-pointer
-funroll-loops -fpeel-loops -ftracer -finline-functions execution test
FAIL: gfortran.dg/array_constructor_36.f90 -O3 -g execution test
FAIL: gfortran.dg/array_constructor_36.f90 -Os execution test
FAIL: gfortran.dg/array_constructor_49.f90 -O0 execution test
FAIL: gfortran.dg/array_constructor_49.f90 -O1 execution test
FAIL: gfortran.dg/array_constructor_49.f90 -O2 execution test
FAIL: gfortran.dg/array_constructor_49.f90 -O3 -fomit-frame-pointer
-funroll-loops -fpeel-loops -ftracer -finline-functions execution test
FAIL: gfortran.dg/array_constructor_49.f90 -O3 -g execution test
FAIL: gfortran.dg/array_constructor_49.f90 -Os execution test
FAIL: gfortran.dg/arrayio_1.f90 -O0 execution test
FAIL: gfortran.dg/arrayio_1.f90 -O1 execution test
FAIL: gfortran.dg/arrayio_1.f90 -O2 execution test
FAIL: gfortran.dg/arrayio_1.f90 -O3 -fomit-frame-pointer
-funroll-loops -fpeel-loops -ftracer -finline-functions execution test
FAIL: gfortran.dg/arrayio_1.f90 -O3 -g execution test
FAIL: gfortran.dg/arrayio_1.f90 -Os execution test
FAIL: gfortran.dg/arrayio_10.f90 -O0 execution test
WARNING: program timed out.
FAIL: gfortran.dg/arrayio_10.f90 -O1 execution test
FAIL: gfortran.dg/arrayio_11.f90 -O0 execution test
FAIL: gfortran.dg/arrayio_11.f90 -O1 execution test
FAIL: gfortran.dg/arrayio_11.f90 -O2 execution test
FAIL: gfortran.dg/arrayio_11.f90 -O3 -fomit-frame-pointer
-funroll-loops -fpeel-loops -ftracer -finline-functions execution test
FAIL: gfortran.dg/arrayio_11.f90 -O3 -g execution test
FAIL: gfortran.dg/arrayio_11.f90 -Os execution test
FAIL: gfortran.dg/arrayio_12.f90 -O0 execution test
FAIL: gfortran.dg/arrayio_12.f90 -O1 execution test
FAIL: gfortran.dg/arrayio_12.f90 -O2 execution test
FAIL: gfortran.dg/arrayio_12.f90 -O3 -fomit-frame-pointer
-funroll-loops -fpeel-loops -ftracer -finline-functions execution test
FAIL: gfortran.dg/arrayio_12.f90 -O3 -g execution test
FAIL: gfortran.dg/arrayio_12.f90 -Os execution test
FAIL: gfortran.dg/arrayio_13.f90 -O0 execution test
FAIL: gfortran.dg/arrayio_13.f90 -O1 execution test
FAIL: gfortran.dg/arrayio_13.f90 -O2 execution test
FAIL: gfortran.dg/arrayio_13.f90 -O3 -fomit-frame-pointer
-funroll-loops -fpeel-loops -ftracer -finline-functions execution test
FAIL: gfortran.dg/arrayio_13.f90 -O3 -g execution test
FAIL: gfortran.dg/arrayio_13.f90 -Os execution test
FAIL: gfortran.dg/arrayio_14.f90 -O0 execution test
FAIL: gfortran.dg/arrayio_14.f90 -O1 execution test
FAIL: gfortran.dg/arrayio_14.f90 -O2 execution test
FAIL: gfortran.dg/arrayio_14.f90 -O3 -fomit-frame-pointer
-funroll-loops -fpeel-loops -ftracer -finline-functions execution test
FAIL: gfortran.dg/arrayio_14.f90 -O3 -g execution test
FAIL: gfortran.dg/arrayio_14.f90 -Os execution test
FAIL: gfortran.dg/arrayio_15.f90 -O0 execution test
FAIL: gfortran.dg/arrayio_15.f90 -O1 execution test
FAIL: gfortran.dg/arrayio_15.f90 -O2 execution test
FAIL: gfortran.dg/arrayio_15.f90 -O3 -fomit-frame-pointer
-funroll-loops -fpeel-loops -ftracer -finline-functions execution test
FAIL: gfortran.dg/arrayio_15.f90 -O3 -g execution test
FAIL: gfortran.dg/arrayio_15.f90 -Os execution test
FAIL: gfortran.dg/arrayio_2.f90 -O1 execution test
FAIL: gfortran.dg/arrayio_2.f90 -O2 execution test
FAIL: gfortran.dg/arrayio_2.f90 -O3 -fomit-frame-pointer
-funroll-loops -fpeel-loops -ftracer -finline-functions execution test
FAIL: gfortran.dg/arrayio_2.f90 -O3 -g execution test
FAIL: gfortran.dg/arrayio_2.f90 -Os execution test
FAIL: gfortran.dg/arrayio_5.f90 -O0 execution test
FAIL: gfortran.dg/arrayio_5.f90 -O1 execution test
FAIL: gfortran.dg/arrayio_5.f90 -O2 execution test
FAIL: gfortran.dg/arrayio_5.f90 -O3 -fomit-frame-pointer
-funroll-loops -fpeel-loops -ftracer -finline-functions execution test
FAIL: gfortran.dg/arrayio_5.f90 -O3 -g execution test
FAIL: gfortran.dg/arrayio_5.f90 -Os execution test
FAIL: gfortran.dg/arrayio_6.f90 -O0 execution test
FAIL: gfortran.dg/arrayio_6.f90 -O1 execution test
FAIL: gfortran.dg/arrayio_6.f90 -O2 execution test
FAIL: gfortran.dg/arrayio_6.f90 -O3 -fomit-frame-pointer
-funroll-loops -fpeel-loops -ftracer -finline-functions execution test
FAIL: gfortran.dg/arrayio_6.f90 -O3 -g execution test
FAIL: gfortran.dg/arrayio_6.f90 -Os execution test
FAIL: gfortran.dg/arrayio_7.f90 -O0 execution test
FAIL: gfortran.dg/arrayio_7.f90 -O1 execution test
FAIL: gfortran.dg/arrayio_7.f90 -O2 execution test
FAIL: gfortran.dg/arrayio_7.f90 -O3 -fomit-frame-pointer
-funroll-loops -fpeel-loops -ftracer -finline-functions execution test
FAIL: gfortran.dg/arrayio_7.f90 -O3 -g execution test
FAIL: gfortran.dg/arrayio_7.f90 -Os execution test
FAIL: gfortran.dg/arrayio_8.f90 -O1 execution test
FAIL: gfortran.dg/arrayio_8.f90 -O2 execution test
FAIL: gfortran.dg/arrayio_8.f90 -O3 -fomit-frame-pointer
-funroll-loops -fpeel-loops -ftracer -finline-functions execution test
FAIL: gfortran.dg/arrayio_8.f90 -O3 -g execution test
FAIL: gfortran.dg/arrayio_8.f90 -Os execution test
FAIL: gfortran.dg/associate_15.f90 -O0 execution test
FAIL: gfortran.dg/associate_15.f90 -O1 execution test
FAIL: gfortran.dg/associate_15.f90 -O2 execution test
FAIL: gfortran.dg/associate_15.f90 -O3 -fomit-frame-pointer
-funroll-loops -fpeel-loops -ftracer -finline-functions execution test
FAIL: gfortran.dg/associate_15.f90 -O3 -g execution test
FAIL: gfortran.dg/associate_15.f90 -Os execution test
FAIL: gfortran.dg/assumed_rank_bounds_1.f90 -O0 execution test
FAIL: gfortran.dg/assumed_rank_bounds_1.f90 -O1 execution test
FAIL: gfortran.dg/assumed_rank_bounds_1.f90 -O2 execution test
FAIL: gfortran.dg/assumed_rank_bounds_1.f90 -O3 -fomit-frame-pointer
-funroll-loops -fpeel-loops -ftracer -finline-functions execution test
FAIL: gfortran.dg/assumed_rank_bounds_1.f90 -O3 -g execution test
FAIL: gfortran.dg/assumed_rank_bounds_1.f90 -Os execution test
FAIL: gfortran.dg/assumed_rank_bounds_2.f90 -O0 execution test
FAIL: gfortran.dg/assumed_rank_bounds_2.f90 -O1 execution test
FAIL: gfortran.dg/assumed_rank_bounds_2.f90 -O2 execution test
FAIL: gfortran.dg/assumed_rank_bounds_2.f90 -O3 -fomit-frame-pointer
-funroll-loops -fpeel-loops -ftracer -finline-functions execution test
FAIL: gfortran.dg/assumed_rank_bounds_2.f90 -O3 -g execution test
FAIL: gfortran.dg/assumed_rank_bounds_2.f90 -Os execution test
FAIL: gfortran.dg/bind_c_array_params_2.f90 -O scan-assembler-times
[ \\t][\$,_0-9]*myBindC 1
FAIL: gfortran.dg/bind_c_usage_17.f90 -O0 execution test
FAIL: gfortran.dg/bind_c_usage_17.f90 -O1 execution test
FAIL: gfortran.dg/bind_c_usage_17.f90 -O2 execution test
FAIL: gfortran.dg/bind_c_usage_17.f90 -O3 -fomit-frame-pointer
-funroll-loops -fpeel-loops -ftracer -finline-functions execution test
FAIL: gfortran.dg/bind_c_usage_17.f90 -O3 -g execution test
FAIL: gfortran.dg/bind_c_usage_17.f90 -Os execution test
FAIL: gfortran.dg/bounds_check_8.f90 -O0 execution test
FAIL: gfortran.dg/bounds_check_8.f90 -O1 execution test
FAIL: gfortran.dg/bounds_check_8.f90 -O2 execution test
FAIL: gfortran.dg/bounds_check_8.f90 -O3 -fomit-frame-pointer
-funroll-loops -fpeel-loops -ftracer -finline-functions execution test
FAIL: gfortran.dg/bounds_check_8.f90 -O3 -g execution test
FAIL: gfortran.dg/bounds_check_8.f90 -Os execution test
FAIL: gfortran.dg/boz_15.f90 -O0 execution test
FAIL: gfortran.dg/boz_15.f90 -O1 execution test
FAIL: gfortran.dg/boz_15.f90 -O2 execution test
FAIL: gfortran.dg/boz_15.f90 -O3 -fomit-frame-pointer -funroll-loops
-fpeel-loops -ftracer -finline-functions execution test
FAIL: gfortran.dg/boz_15.f90 -O3 -g execution test
FAIL: gfortran.dg/boz_15.f90 -Os execution test
FAIL: gfortran.dg/char4_iunit_2.f03 -O0 execution test
FAIL: gfortran.dg/char4_iunit_2.f03 -O1 execution test
FAIL: gfortran.dg/char4_iunit_2.f03 -O2 execution test
FAIL: gfortran.dg/char4_iunit_2.f03 -O3 -fomit-frame-pointer
-funroll-loops -fpeel-loops -ftracer -finline-functions execution test
FAIL: gfortran.dg/char4_iunit_2.f03 -O3 -g execution test
FAIL: gfortran.dg/char4_iunit_2.f03 -Os execution test
FAIL: gfortran.dg/coarray_15.f90 -O0 execution test
FAIL: gfortran.dg/coarray_15.f90 -O1 execution test
FAIL: gfortran.dg/coarray_15.f90 -O2 execution test
FAIL: gfortran.dg/coarray_15.f90 -O3 -fomit-frame-pointer
-funroll-loops -fpeel-loops -ftracer -finline-functions execution test
FAIL: gfortran.dg/coarray_15.f90 -O3 -g execution test
FAIL: gfortran.dg/coarray_15.f90 -Os execution test
FAIL: gfortran.dg/comma_format_extension_3.f -O0 execution test
FAIL: gfortran.dg/comma_format_extension_3.f -O1 execution test
FAIL: gfortran.dg/comma_format_extension_3.f -O2 execution test
FAIL: gfortran.dg/comma_format_extension_3.f -O3 -fomit-frame-pointer
-funroll-loops -fpeel-loops -ftracer -finline-functions execution test
FAIL: gfortran.dg/comma_format_extension_3.f -O3 -g execution test
FAIL: gfortran.dg/comma_format_extension_3.f -Os execution test
FAIL: gfortran.dg/comma_format_extension_4.f -O1 execution test
FAIL: gfortran.dg/comma_format_extension_4.f -O2 execution test
FAIL: gfortran.dg/comma_format_extension_4.f -O3 -fomit-frame-pointer
-funroll-loops -fpeel-loops -ftracer -finline-functions execution test
FAIL: gfortran.dg/comma_format_extension_4.f -O3 -g execution test
FAIL: gfortran.dg/comma_format_extension_4.f -Os execution test
FAIL: gfortran.dg/constant_substring.f -O1 execution test
FAIL: gfortran.dg/constant_substring.f -O2 execution test
FAIL: gfortran.dg/constant_substring.f -O3 -fomit-frame-pointer
-funroll-loops -fpeel-loops -ftracer -finline-functions execution test
FAIL: gfortran.dg/constant_substring.f -O3 -g execution test
FAIL: gfortran.dg/constant_substring.f -Os execution test
FAIL: gfortran.dg/continuation_11.f90 -O0 execution test
FAIL: gfortran.dg/continuation_11.f90 -O1 execution test
FAIL: gfortran.dg/continuation_11.f90 -O2 execution test
FAIL: gfortran.dg/continuation_11.f90 -O3 -fomit-frame-pointer
-funroll-loops -fpeel-loops -ftracer -finline-functions execution test
FAIL: gfortran.dg/continuation_11.f90 -O3 -g execution test
FAIL: gfortran.dg/continuation_11.f90 -Os execution test
FAIL: gfortran.dg/continuation_12.f90 -O0 execution test
FAIL: gfortran.dg/continuation_12.f90 -O1 execution test
FAIL: gfortran.dg/continuation_12.f90 -O2 execution test
FAIL: gfortran.dg/continuation_12.f90 -O3 -fomit-frame-pointer
-funroll-loops -fpeel-loops -ftracer -finline-functions execution test
FAIL: gfortran.dg/continuation_12.f90 -O3 -g execution test
FAIL: gfortran.dg/continuation_12.f90 -Os execution test
FAIL: gfortran.dg/continuation_13.f90 -O0 execution test
FAIL: gfortran.dg/continuation_13.f90 -O1 execution test
FAIL: gfortran.dg/continuation_13.f90 -O2 execution test
FAIL: gfortran.dg/continuation_13.f90 -O3 -fomit-frame-pointer
-funroll-loops -fpeel-loops -ftracer -finline-functions execution test
FAIL: gfortran.dg/continuation_13.f90 -O3 -g execution test
FAIL: gfortran.dg/continuation_13.f90 -Os execution test
FAIL: gfortran.dg/continuation_14.f -O0 execution test
FAIL: gfortran.dg/continuation_14.f -O1 execution test
FAIL: gfortran.dg/continuation_14.f -O2 execution test
FAIL: gfortran.dg/continuation_14.f -O3 -fomit-frame-pointer
-funroll-loops -fpeel-loops -ftracer -finline-functions execution test
FAIL: gfortran.dg/continuation_14.f -O3 -g execution test
FAIL: gfortran.dg/continuation_14.f -Os execution test
FAIL: gfortran.dg/cshift_bounds_1.f90 -O0 execution test
FAIL: gfortran.dg/cshift_bounds_1.f90 -O1 execution test
FAIL: gfortran.dg/cshift_bounds_1.f90 -O2 execution test
FAIL: gfortran.dg/cshift_bounds_1.f90 -O3 -fomit-frame-pointer
-funroll-loops -fpeel-loops -ftracer -finline-functions execution test
FAIL: gfortran.dg/cshift_bounds_1.f90 -O3 -g execution test
FAIL: gfortran.dg/cshift_bounds_1.f90 -Os execution test
FAIL: gfortran.dg/data_array_1.f90 -O0 execution test
FAIL: gfortran.dg/data_array_1.f90 -O1 execution test
FAIL: gfortran.dg/data_array_1.f90 -O2 execution test
FAIL: gfortran.dg/data_array_1.f90 -O3 -fomit-frame-pointer
-funroll-loops -fpeel-loops -ftracer -finline-functions execution test
FAIL: gfortran.dg/data_array_1.f90 -O3 -g execution test
FAIL: gfortran.dg/data_array_1.f90 -Os execution test
FAIL: gfortran.dg/data_namelist_conflict.f90 -O0 execution test
FAIL: gfortran.dg/data_namelist_conflict.f90 -O1 execution test
FAIL: gfortran.dg/data_namelist_conflict.f90 -O2 execution test
FAIL: gfortran.dg/data_namelist_conflict.f90 -O3 -fomit-frame-pointer
-funroll-loops -fpeel-loops -ftracer -finline-functions execution test
FAIL: gfortran.dg/data_namelist_conflict.f90 -O3 -g execution test
FAIL: gfortran.dg/data_namelist_conflict.f90 -Os execution test
WARNING: program timed out.
FAIL: gfortran.dg/default_format_1.f90 -O0 execution test
FAIL: gfortran.dg/default_format_1.f90 -O2 execution test
FAIL: gfortran.dg/default_format_1.f90 -O3 -fomit-frame-pointer
-funroll-loops -fpeel-loops -ftracer -finline-functions execution test
FAIL: gfortran.dg/default_format_1.f90 -O3 -g execution test
FAIL: gfortran.dg/default_format_1.f90 -Os execution test
WARNING: program timed out.
FAIL: gfortran.dg/default_format_2.f90 -O0 execution test
FAIL: gfortran.dg/default_format_2.f90 -O2 execution test
FAIL: gfortran.dg/default_format_2.f90 -O3 -fomit-frame-pointer
-funroll-loops -fpeel-loops -ftracer -finline-functions execution test
FAIL: gfortran.dg/default_format_2.f90 -O3 -g execution test
FAIL: gfortran.dg/default_format_2.f90 -Os execution test
XPASS: gfortran.dg/default_format_denormal_1.f90 -O0 execution test
XPASS: gfortran.dg/default_format_denormal_1.f90 -O1 execution test
FAIL: gfortran.dg/default_format_denormal_2.f90 -O2 execution test
FAIL: gfortran.dg/default_format_denormal_2.f90 -O3
-fomit-frame-pointer -funroll-loops -fpeel-loops -ftracer
-finline-functions execution test
FAIL: gfortran.dg/default_format_denormal_2.f90 -O3 -g execution test
FAIL: gfortran.dg/default_format_denormal_2.f90 -Os execution test
FAIL: gfortran.dg/deferred_character_16.f90 -O0 execution test
FAIL: gfortran.dg/deferred_character_16.f90 -O1 execution test
FAIL: gfortran.dg/deferred_character_16.f90 -O2 execution test
FAIL: gfortran.dg/deferred_character_16.f90 -O3 -fomit-frame-pointer
-funroll-loops -fpeel-loops -ftracer -finline-functions execution test
FAIL: gfortran.dg/deferred_character_16.f90 -O3 -g execution test
FAIL: gfortran.dg/deferred_character_16.f90 -Os execution test
FAIL: gfortran.dg/deferred_character_2.f90 -O0 execution test
FAIL: gfortran.dg/deferred_character_2.f90 -O2 execution test
FAIL: gfortran.dg/deferred_character_2.f90 -O3 -fomit-frame-pointer
-funroll-loops -fpeel-loops -ftracer -finline-functions execution test
FAIL: gfortran.dg/deferred_character_2.f90 -O3 -g execution test
FAIL: gfortran.dg/deferred_character_2.f90 -Os execution test
FAIL: gfortran.dg/deferred_character_4.f90 -O0 execution test
FAIL: gfortran.dg/deferred_character_4.f90 -O1 execution test
FAIL: gfortran.dg/deferred_character_4.f90 -O2 execution test
FAIL: gfortran.dg/deferred_character_4.f90 -O3 -fomit-frame-pointer
-funroll-loops -fpeel-loops -ftracer -finline-functions execution test
FAIL: gfortran.dg/deferred_character_4.f90 -O3 -g execution test
FAIL: gfortran.dg/deferred_character_4.f90 -Os execution test
FAIL: gfortran.dg/deferred_character_7.f90 -O0 execution test
FAIL: gfortran.dg/deferred_character_7.f90 -O2 execution test
FAIL: gfortran.dg/deferred_character_7.f90 -O3 -fomit-frame-pointer
-funroll-loops -fpeel-loops -ftracer -finline-functions execution test
FAIL: gfortran.dg/deferred_character_7.f90 -O3 -g execution test
FAIL: gfortran.dg/deferred_character_7.f90 -Os execution test
FAIL: gfortran.dg/deferred_character_8.f90 -O0 execution test
FAIL: gfortran.dg/deferred_character_8.f90 -O1 execution test
FAIL: gfortran.dg/deferred_character_8.f90 -O2 execution test
FAIL: gfortran.dg/deferred_character_8.f90 -O3 -fomit-frame-pointer
-funroll-loops -fpeel-loops -ftracer -finline-functions execution test
FAIL: gfortran.dg/deferred_character_8.f90 -O3 -g execution test
FAIL: gfortran.dg/deferred_character_8.f90 -Os execution test
FAIL: gfortran.dg/deferred_character_9.f90 -O0 execution test
FAIL: gfortran.dg/deferred_character_9.f90 -O1 execution test
FAIL: gfortran.dg/deferred_character_9.f90 -O2 execution test
FAIL: gfortran.dg/deferred_character_9.f90 -O3 -fomit-frame-pointer
-funroll-loops -fpeel-loops -ftracer -finline-functions execution test
FAIL: gfortran.dg/deferred_character_9.f90 -O3 -g execution test
FAIL: gfortran.dg/deferred_character_9.f90 -Os execution test
FAIL: gfortran.dg/der_array_io_2.f90 -O2 execution test
FAIL: gfortran.dg/der_array_io_2.f90 -O3 -fomit-frame-pointer
-funroll-loops -fpeel-loops -ftracer -finline-functions execution test
FAIL: gfortran.dg/der_array_io_2.f90 -O3 -g execution test
FAIL: gfortran.dg/der_array_io_2.f90 -Os execution test
FAIL: gfortran.dg/derived_external_function_1.f90 -O0 execution test
FAIL: gfortran.dg/derived_external_function_1.f90 -O1 execution test
FAIL: gfortran.dg/dollar_edit_descriptor_2.f -O0 execution test
FAIL: gfortran.dg/dollar_edit_descriptor_2.f -O1 execution test
FAIL: gfortran.dg/dollar_edit_descriptor_2.f -O2 execution test
FAIL: gfortran.dg/dollar_edit_descriptor_2.f -O3 -fomit-frame-pointer
-funroll-loops -fpeel-loops -ftracer -finline-functions execution test
FAIL: gfortran.dg/dollar_edit_descriptor_2.f -O3 -g execution test
FAIL: gfortran.dg/dollar_edit_descriptor_2.f -Os execution test
FAIL: gfortran.dg/dtio_1.f90 -O0 execution test
FAIL: gfortran.dg/dtio_1.f90 -O1 execution test
FAIL: gfortran.dg/dtio_1.f90 -O2 execution test
FAIL: gfortran.dg/dtio_1.f90 -O3 -fomit-frame-pointer -funroll-loops
-fpeel-loops -ftracer -finline-functions execution test
FAIL: gfortran.dg/dtio_1.f90 -O3 -g execution test
FAIL: gfortran.dg/dtio_1.f90 -Os execution test
FAIL: gfortran.dg/dtio_10.f90 -O0 execution test
FAIL: gfortran.dg/dtio_10.f90 -O1 execution test
FAIL: gfortran.dg/dtio_10.f90 -O2 execution test
FAIL: gfortran.dg/dtio_10.f90 -O3 -fomit-frame-pointer -funroll-loops
-fpeel-loops -ftracer -finline-functions execution test
FAIL: gfortran.dg/dtio_10.f90 -O3 -g execution test
FAIL: gfortran.dg/dtio_10.f90 -Os execution test
FAIL: gfortran.dg/dtio_12.f90 -O0 execution test
FAIL: gfortran.dg/dtio_12.f90 -O1 execution test
FAIL: gfortran.dg/dtio_12.f90 -O2 execution test
FAIL: gfortran.dg/dtio_12.f90 -O3 -fomit-frame-pointer -funroll-loops
-fpeel-loops -ftracer -finline-functions execution test
FAIL: gfortran.dg/dtio_12.f90 -O3 -g execution test
FAIL: gfortran.dg/dtio_12.f90 -Os execution test
FAIL: gfortran.dg/dtio_14.f90 -O0 execution test
FAIL: gfortran.dg/dtio_14.f90 -O1 execution test
FAIL: gfortran.dg/dtio_14.f90 -O2 execution test
FAIL: gfortran.dg/dtio_14.f90 -O3 -fomit-frame-pointer -funroll-loops
-fpeel-loops -ftracer -finline-functions execution test
FAIL: gfortran.dg/dtio_14.f90 -O3 -g execution test
FAIL: gfortran.dg/dtio_14.f90 -Os execution test
FAIL: gfortran.dg/dtio_2.f90 -O0 execution test
FAIL: gfortran.dg/dtio_2.f90 -O1 execution test
FAIL: gfortran.dg/dtio_2.f90 -O2 execution test
FAIL: gfortran.dg/dtio_2.f90 -O3 -fomit-frame-pointer -funroll-loops
-fpeel-loops -ftracer -finline-functions execution test
FAIL: gfortran.dg/dtio_2.f90 -O3 -g execution test
FAIL: gfortran.dg/dtio_2.f90 -Os execution test
FAIL: gfortran.dg/dtio_3.f90 -O0 execution test
FAIL: gfortran.dg/dtio_3.f90 -O1 execution test
FAIL: gfortran.dg/dtio_3.f90 -O2 execution test
FAIL: gfortran.dg/dtio_3.f90 -O3 -fomit-frame-pointer -funroll-loops
-fpeel-loops -ftracer -finline-functions execution test
FAIL: gfortran.dg/dtio_3.f90 -O3 -g execution test
FAIL: gfortran.dg/dtio_3.f90 -Os execution test
FAIL: gfortran.dg/dtio_4.f90 -O0 execution test
FAIL: gfortran.dg/dtio_4.f90 -O1 execution test
FAIL: gfortran.dg/dtio_4.f90 -O2 execution test
FAIL: gfortran.dg/dtio_4.f90 -O3 -fomit-frame-pointer -funroll-loops
-fpeel-loops -ftracer -finline-functions execution test
FAIL: gfortran.dg/dtio_4.f90 -O3 -g execution test
FAIL: gfortran.dg/dtio_4.f90 -Os execution test
FAIL: gfortran.dg/dtio_5.f90 -O0 execution test
FAIL: gfortran.dg/dtio_5.f90 -O1 execution test
FAIL: gfortran.dg/dtio_5.f90 -O2 execution test
FAIL: gfortran.dg/dtio_5.f90 -O3 -fomit-frame-pointer -funroll-loops
-fpeel-loops -ftracer -finline-functions execution test
FAIL: gfortran.dg/dtio_5.f90 -O3 -g execution test
FAIL: gfortran.dg/dtio_5.f90 -Os execution test
FAIL: gfortran.dg/dtio_7.f90 -O0 execution test
FAIL: gfortran.dg/dtio_7.f90 -O1 execution test
FAIL: gfortran.dg/dtio_7.f90 -O2 execution test
FAIL: gfortran.dg/dtio_7.f90 -O3 -fomit-frame-pointer -funroll-loops
-fpeel-loops -ftracer -finline-functions execution test
FAIL: gfortran.dg/dtio_7.f90 -O3 -g execution test
FAIL: gfortran.dg/dtio_7.f90 -Os execution test
FAIL: gfortran.dg/dtio_8.f90 -O0 execution test
FAIL: gfortran.dg/dtio_8.f90 -O1 execution test
FAIL: gfortran.dg/dtio_8.f90 -O2 execution test
FAIL: gfortran.dg/dtio_8.f90 -O3 -fomit-frame-pointer -funroll-loops
-fpeel-loops -ftracer -finline-functions execution test
FAIL: gfortran.dg/dtio_8.f90 -O3 -g execution test
FAIL: gfortran.dg/dtio_8.f90 -Os execution test
FAIL: gfortran.dg/dtio_9.f90 -O0 execution test
FAIL: gfortran.dg/dtio_9.f90 -O1 execution test
FAIL: gfortran.dg/dtio_9.f90 -O2 execution test
FAIL: gfortran.dg/dtio_9.f90 -O3 -fomit-frame-pointer -funroll-loops
-fpeel-loops -ftracer -finline-functions execution test
FAIL: gfortran.dg/dtio_9.f90 -O3 -g execution test
FAIL: gfortran.dg/dtio_9.f90 -Os execution test
FAIL: gfortran.dg/e_d_fmt.f90 -O1 execution test
FAIL: gfortran.dg/e_d_fmt.f90 -O2 execution test
FAIL: gfortran.dg/e_d_fmt.f90 -O3 -fomit-frame-pointer -funroll-loops
-fpeel-loops -ftracer -finline-functions execution test
FAIL: gfortran.dg/e_d_fmt.f90 -O3 -g execution test
FAIL: gfortran.dg/e_d_fmt.f90 -Os execution test
FAIL: gfortran.dg/edit_real_1.f90 -O0 execution test
FAIL: gfortran.dg/edit_real_1.f90 -O1 execution test
FAIL: gfortran.dg/edit_real_1.f90 -O2 execution test
FAIL: gfortran.dg/edit_real_1.f90 -O3 -fomit-frame-pointer
-funroll-loops -fpeel-loops -ftracer -finline-functions execution test
FAIL: gfortran.dg/edit_real_1.f90 -O3 -g execution test
FAIL: gfortran.dg/edit_real_1.f90 -Os execution test
FAIL: gfortran.dg/elemental_subroutine_10.f90 -O0 execution test
FAIL: gfortran.dg/elemental_subroutine_10.f90 -O1 execution test
FAIL: gfortran.dg/elemental_subroutine_10.f90 -O2 execution test
FAIL: gfortran.dg/elemental_subroutine_10.f90 -O3 -fomit-frame-pointer
-funroll-loops -fpeel-loops -ftracer -finline-functions execution test
FAIL: gfortran.dg/elemental_subroutine_10.f90 -O3 -g execution test
FAIL: gfortran.dg/elemental_subroutine_10.f90 -Os execution test
FAIL: gfortran.dg/eof_5.f90 -O0 execution test
FAIL: gfortran.dg/eof_5.f90 -O1 execution test
FAIL: gfortran.dg/eof_5.f90 -O2 execution test
FAIL: gfortran.dg/eof_5.f90 -O3 -fomit-frame-pointer -funroll-loops
-fpeel-loops -ftracer -finline-functions execution test
FAIL: gfortran.dg/eof_5.f90 -O3 -g execution test
FAIL: gfortran.dg/eof_5.f90 -Os execution test
FAIL: gfortran.dg/f2003_io_1.f03 -O0 execution test
FAIL: gfortran.dg/f2003_io_1.f03 -O1 execution test
FAIL: gfortran.dg/f2003_io_1.f03 -O2 execution test
FAIL: gfortran.dg/f2003_io_1.f03 -O3 -fomit-frame-pointer
-funroll-loops -fpeel-loops -ftracer -finline-functions execution test
FAIL: gfortran.dg/f2003_io_1.f03 -O3 -g execution test
FAIL: gfortran.dg/f2003_io_1.f03 -Os execution test
FAIL: gfortran.dg/f2003_io_4.f03 -O0 execution test
FAIL: gfortran.dg/f2003_io_4.f03 -O1 execution test
FAIL: gfortran.dg/f2003_io_4.f03 -O2 execution test
FAIL: gfortran.dg/f2003_io_4.f03 -O3 -fomit-frame-pointer
-funroll-loops -fpeel-loops -ftracer -finline-functions execution test
FAIL: gfortran.dg/f2003_io_4.f03 -O3 -g execution test
FAIL: gfortran.dg/f2003_io_4.f03 -Os execution test
FAIL: gfortran.dg/f2003_io_5.f03 -O0 execution test
FAIL: gfortran.dg/f2003_io_5.f03 -O1 execution test
FAIL: gfortran.dg/f2003_io_5.f03 -O2 execution test
FAIL: gfortran.dg/f2003_io_5.f03 -O3 -fomit-frame-pointer
-funroll-loops -fpeel-loops -ftracer -finline-functions execution test
FAIL: gfortran.dg/f2003_io_5.f03 -O3 -g execution test
FAIL: gfortran.dg/f2003_io_5.f03 -Os execution test
FAIL: gfortran.dg/f2003_io_6.f03 -O0 execution test
FAIL: gfortran.dg/f2003_io_6.f03 -O1 execution test
FAIL: gfortran.dg/f2003_io_6.f03 -O2 execution test
FAIL: gfortran.dg/f2003_io_6.f03 -O3 -fomit-frame-pointer
-funroll-loops -fpeel-loops -ftracer -finline-functions execution test
FAIL: gfortran.dg/f2003_io_6.f03 -O3 -g execution test
FAIL: gfortran.dg/f2003_io_6.f03 -Os execution test
FAIL: gfortran.dg/f2003_io_7.f03 -O0 execution test
FAIL: gfortran.dg/f2003_io_7.f03 -O1 execution test
FAIL: gfortran.dg/f2003_io_7.f03 -O2 execution test
FAIL: gfortran.dg/f2003_io_7.f03 -O3 -fomit-frame-pointer
-funroll-loops -fpeel-loops -ftracer -finline-functions execution test
FAIL: gfortran.dg/f2003_io_7.f03 -O3 -g execution test
FAIL: gfortran.dg/f2003_io_7.f03 -Os execution test
FAIL: gfortran.dg/fmt_bz_bn.f -O0 execution test
FAIL: gfortran.dg/fmt_bz_bn.f -O1 execution test
FAIL: gfortran.dg/fmt_bz_bn.f -O2 execution test
FAIL: gfortran.dg/fmt_bz_bn.f -O3 -fomit-frame-pointer -funroll-loops
-fpeel-loops -ftracer -finline-functions execution test
FAIL: gfortran.dg/fmt_bz_bn.f -O3 -g execution test
FAIL: gfortran.dg/fmt_bz_bn.f -Os execution test
FAIL: gfortran.dg/fmt_cache_3.f90 -O0 execution test
FAIL: gfortran.dg/fmt_cache_3.f90 -O1 execution test
FAIL: gfortran.dg/fmt_cache_3.f90 -O2 execution test
FAIL: gfortran.dg/fmt_cache_3.f90 -O3 -fomit-frame-pointer
-funroll-loops -fpeel-loops -ftracer -finline-functions execution test
FAIL: gfortran.dg/fmt_cache_3.f90 -O3 -g execution test
FAIL: gfortran.dg/fmt_cache_3.f90 -Os execution test
FAIL: gfortran.dg/fmt_colon.f90 -O0 execution test
FAIL: gfortran.dg/fmt_colon.f90 -O1 execution test
FAIL: gfortran.dg/fmt_colon.f90 -O2 execution test
FAIL: gfortran.dg/fmt_colon.f90 -O3 -fomit-frame-pointer
-funroll-loops -fpeel-loops -ftracer -finline-functions execution test
FAIL: gfortran.dg/fmt_colon.f90 -O3 -g execution test
FAIL: gfortran.dg/fmt_colon.f90 -Os execution test
FAIL: gfortran.dg/fmt_en.f90 -O0 execution test
FAIL: gfortran.dg/fmt_en.f90 -O0 scan-file All kinds rounded to nearest
FAIL: gfortran.dg/fmt_en.f90 -O1 scan-file All kinds rounded to nearest
FAIL: gfortran.dg/fmt_en.f90 -O2 scan-file All kinds rounded to nearest
FAIL: gfortran.dg/fmt_en.f90 -O3 -fomit-frame-pointer -funroll-loops
-fpeel-loops -ftracer -finline-functions scan-file All kinds rounded
to nearest
FAIL: gfortran.dg/fmt_en.f90 -O3 -g scan-file All kinds rounded to
nearest
FAIL: gfortran.dg/fmt_en.f90 -Os scan-file All kinds rounded to nearest
FAIL: gfortran.dg/fmt_error_10.f -O0 execution test
FAIL: gfortran.dg/fmt_error_10.f -O1 execution test
FAIL: gfortran.dg/fmt_error_10.f -O2 execution test
FAIL: gfortran.dg/fmt_error_10.f -O3 -fomit-frame-pointer
-funroll-loops -fpeel-loops -ftracer -finline-functions execution test
FAIL: gfortran.dg/fmt_error_10.f -O3 -g execution test
FAIL: gfortran.dg/fmt_error_10.f -Os execution test
FAIL: gfortran.dg/fmt_error_9.f -O0 execution test
FAIL: gfortran.dg/fmt_error_9.f -O1 execution test
FAIL: gfortran.dg/fmt_error_9.f -O2 execution test
FAIL: gfortran.dg/fmt_error_9.f -O3 -fomit-frame-pointer
-funroll-loops -fpeel-loops -ftracer -finline-functions execution test
FAIL: gfortran.dg/fmt_error_9.f -O3 -g execution test
FAIL: gfortran.dg/fmt_error_9.f -Os execution test
FAIL: gfortran.dg/fmt_f0_1.f90 -O0 execution test
FAIL: gfortran.dg/fmt_f0_1.f90 -O1 execution test
FAIL: gfortran.dg/fmt_f0_1.f90 -O2 execution test
FAIL: gfortran.dg/fmt_f0_1.f90 -O3 -fomit-frame-pointer -funroll-loops
-fpeel-loops -ftracer -finline-functions execution test
FAIL: gfortran.dg/fmt_f0_1.f90 -O3 -g execution test
FAIL: gfortran.dg/fmt_f0_1.f90 -Os execution test
FAIL: gfortran.dg/fmt_f_an_p.f -O0 execution test
FAIL: gfortran.dg/fmt_f_an_p.f -O1 execution test
FAIL: gfortran.dg/fmt_f_an_p.f -O2 execution test
FAIL: gfortran.dg/fmt_f_an_p.f -O3 -fomit-frame-pointer -funroll-loops
-fpeel-loops -ftracer -finline-functions execution test
FAIL: gfortran.dg/fmt_f_an_p.f -O3 -g execution test
FAIL: gfortran.dg/fmt_f_an_p.f -Os execution test
FAIL: gfortran.dg/fmt_fw_d.f90 -O1 execution test
FAIL: gfortran.dg/fmt_fw_d.f90 -O2 execution test
FAIL: gfortran.dg/fmt_fw_d.f90 -O3 -fomit-frame-pointer -funroll-loops
-fpeel-loops -ftracer -finline-functions execution test
FAIL: gfortran.dg/fmt_fw_d.f90 -O3 -g execution test
FAIL: gfortran.dg/fmt_fw_d.f90 -Os execution test
FAIL: gfortran.dg/fmt_g.f -O0 execution test
FAIL: gfortran.dg/fmt_g.f -O1 execution test
FAIL: gfortran.dg/fmt_g.f -O2 execution test
FAIL: gfortran.dg/fmt_g.f -O3 -fomit-frame-pointer -funroll-loops
-fpeel-loops -ftracer -finline-functions execution test
FAIL: gfortran.dg/fmt_g.f -O3 -g execution test
FAIL: gfortran.dg/fmt_g.f -Os execution test
FAIL: gfortran.dg/fmt_g0_1.f08 -O0 execution test
FAIL: gfortran.dg/fmt_g0_1.f08 -O1 execution test
FAIL: gfortran.dg/fmt_g0_1.f08 -O2 execution test
FAIL: gfortran.dg/fmt_g0_1.f08 -O3 -fomit-frame-pointer -funroll-loops
-fpeel-loops -ftracer -finline-functions execution test
FAIL: gfortran.dg/fmt_g0_1.f08 -O3 -g execution test
FAIL: gfortran.dg/fmt_g0_1.f08 -Os execution test
FAIL: gfortran.dg/fmt_g0_5.f08 -O1 execution test
FAIL: gfortran.dg/fmt_g0_5.f08 -O2 execution test
FAIL: gfortran.dg/fmt_g0_5.f08 -O3 -fomit-frame-pointer -funroll-loops
-fpeel-loops -ftracer -finline-functions execution test
FAIL: gfortran.dg/fmt_g0_5.f08 -O3 -g execution test
FAIL: gfortran.dg/fmt_g0_5.f08 -Os execution test
FAIL: gfortran.dg/fmt_g0_6.f08 -O1 execution test
FAIL: gfortran.dg/fmt_g0_6.f08 -O2 execution test
FAIL: gfortran.dg/fmt_g0_6.f08 -O3 -fomit-frame-pointer -funroll-loops
-fpeel-loops -ftracer -finline-functions execution test
FAIL: gfortran.dg/fmt_g0_6.f08 -O3 -g execution test
FAIL: gfortran.dg/fmt_g0_6.f08 -Os execution test
FAIL: gfortran.dg/fmt_g0_7.f08 -O0 execution test
FAIL: gfortran.dg/fmt_g0_7.f08 -O2 execution test
FAIL: gfortran.dg/fmt_g0_7.f08 -O3 -fomit-frame-pointer -funroll-loops
-fpeel-loops -ftracer -finline-functions execution test
FAIL: gfortran.dg/fmt_g0_7.f08 -O3 -g execution test
FAIL: gfortran.dg/fmt_g0_7.f08 -Os execution test
FAIL: gfortran.dg/fmt_g_1.f90 -O0 execution test
FAIL: gfortran.dg/fmt_g_1.f90 -O1 execution test
FAIL: gfortran.dg/fmt_int_sign.f90 -O0 execution test
FAIL: gfortran.dg/fmt_int_sign.f90 -O1 execution test
FAIL: gfortran.dg/fmt_int_sign.f90 -O2 execution test
FAIL: gfortran.dg/fmt_int_sign.f90 -O3 -fomit-frame-pointer
-funroll-loops -fpeel-loops -ftracer -finline-functions execution test
FAIL: gfortran.dg/fmt_int_sign.f90 -O3 -g execution test
FAIL: gfortran.dg/fmt_int_sign.f90 -Os execution test
FAIL: gfortran.dg/fmt_missing_period_2.f -O0 execution test
FAIL: gfortran.dg/fmt_missing_period_2.f -O1 execution test
FAIL: gfortran.dg/fmt_missing_period_2.f -O2 execution test
FAIL: gfortran.dg/fmt_missing_period_2.f -O3 -fomit-frame-pointer
-funroll-loops -fpeel-loops -ftracer -finline-functions execution test
FAIL: gfortran.dg/fmt_missing_period_2.f -O3 -g execution test
FAIL: gfortran.dg/fmt_missing_period_2.f -Os execution test
FAIL: gfortran.dg/fmt_missing_period_3.f -O0 execution test
FAIL: gfortran.dg/fmt_missing_period_3.f -O1 execution test
FAIL: gfortran.dg/fmt_missing_period_3.f -O2 execution test
FAIL: gfortran.dg/fmt_missing_period_3.f -O3 -fomit-frame-pointer
-funroll-loops -fpeel-loops -ftracer -finline-functions execution test
FAIL: gfortran.dg/fmt_missing_period_3.f -O3 -g execution test
FAIL: gfortran.dg/fmt_missing_period_3.f -Os execution test
FAIL: gfortran.dg/fmt_p_1.f90 -O0 execution test
FAIL: gfortran.dg/fmt_p_1.f90 -O1 execution test
FAIL: gfortran.dg/fmt_p_1.f90 -O2 execution test
FAIL: gfortran.dg/fmt_p_1.f90 -O3 -fomit-frame-pointer -funroll-loops
-fpeel-loops -ftracer -finline-functions execution test
FAIL: gfortran.dg/fmt_p_1.f90 -O3 -g execution test
FAIL: gfortran.dg/fmt_p_1.f90 -Os execution test
FAIL: gfortran.dg/fmt_pf.f90 -O0 execution test
FAIL: gfortran.dg/fmt_pf.f90 -O1 output pattern test, is , should
match All kinds rounded to nearest
FAIL: gfortran.dg/fmt_pf.f90 -O2 output pattern test, is , should
match All kinds rounded to nearest
FAIL: gfortran.dg/fmt_pf.f90 -O3 -fomit-frame-pointer -funroll-loops
-fpeel-loops -ftracer -finline-functions output pattern test, is ,
should match All kinds rounded to nearest
FAIL: gfortran.dg/fmt_pf.f90 -O3 -g output pattern test, is , should
match All kinds rounded to nearest
FAIL: gfortran.dg/fmt_pf.f90 -Os output pattern test, is , should
match All kinds rounded to nearest
FAIL: gfortran.dg/fmt_read_bz_bn.f90 -O0 execution test
FAIL: gfortran.dg/fmt_read_bz_bn.f90 -O1 execution test
FAIL: gfortran.dg/fmt_read_bz_bn.f90 -O2 execution test
FAIL: gfortran.dg/fmt_read_bz_bn.f90 -O3 -fomit-frame-pointer
-funroll-loops -fpeel-loops -ftracer -finline-functions execution test
FAIL: gfortran.dg/fmt_read_bz_bn.f90 -O3 -g execution test
FAIL: gfortran.dg/fmt_read_bz_bn.f90 -Os execution test
FAIL: gfortran.dg/fmt_t_6.f -O0 execution test
FAIL: gfortran.dg/fmt_t_6.f -O1 execution test
FAIL: gfortran.dg/fmt_t_6.f -O2 execution test
FAIL: gfortran.dg/fmt_t_6.f -O3 -fomit-frame-pointer -funroll-loops
-fpeel-loops -ftracer -finline-functions execution test
FAIL: gfortran.dg/fmt_t_6.f -O3 -g execution test
FAIL: gfortran.dg/fmt_t_6.f -Os execution test
FAIL: gfortran.dg/fmt_tl.f -O0 execution test
FAIL: gfortran.dg/fmt_tl.f -O1 execution test
FAIL: gfortran.dg/fmt_tl.f -O2 execution test
FAIL: gfortran.dg/fmt_tl.f -O3 -fomit-frame-pointer -funroll-loops
-fpeel-loops -ftracer -finline-functions execution test
FAIL: gfortran.dg/fmt_tl.f -O3 -g execution test
FAIL: gfortran.dg/fmt_tl.f -Os execution test
FAIL: gfortran.dg/fmt_unlimited.f90 -O0 execution test
FAIL: gfortran.dg/fmt_unlimited.f90 -O1 execution test
FAIL: gfortran.dg/fmt_unlimited.f90 -O2 execution test
FAIL: gfortran.dg/fmt_unlimited.f90 -O3 -fomit-frame-pointer
-funroll-loops -fpeel-loops -ftracer -finline-functions execution test
FAIL: gfortran.dg/fmt_unlimited.f90 -O3 -g execution test
FAIL: gfortran.dg/fmt_unlimited.f90 -Os execution test
FAIL: gfortran.dg/fmt_white.f -O0 execution test
FAIL: gfortran.dg/fmt_white.f -O1 execution test
FAIL: gfortran.dg/fmt_white.f -O2 execution test
FAIL: gfortran.dg/fmt_white.f -O3 -fomit-frame-pointer -funroll-loops
-fpeel-loops -ftracer -finline-functions execution test
FAIL: gfortran.dg/fmt_white.f -O3 -g execution test
FAIL: gfortran.dg/fmt_white.f -Os execution test
FAIL: gfortran.dg/fmt_zero_digits.f90 -O0 execution test
FAIL: gfortran.dg/fmt_zero_digits.f90 -O1 execution test
FAIL: gfortran.dg/fmt_zero_digits.f90 -O2 execution test
FAIL: gfortran.dg/fmt_zero_digits.f90 -O3 -fomit-frame-pointer
-funroll-loops -fpeel-loops -ftracer -finline-functions execution test
FAIL: gfortran.dg/fmt_zero_digits.f90 -O3 -g execution test
FAIL: gfortran.dg/fmt_zero_digits.f90 -Os execution test
FAIL: gfortran.dg/hollerith.f90 -O0 execution test
FAIL: gfortran.dg/hollerith.f90 -O1 execution test
FAIL: gfortran.dg/hollerith.f90 -O2 execution test
FAIL: gfortran.dg/hollerith.f90 -O3 -fomit-frame-pointer
-funroll-loops -fpeel-loops -ftracer -finline-functions execution test
FAIL: gfortran.dg/hollerith.f90 -O3 -g execution test
FAIL: gfortran.dg/hollerith.f90 -Os execution test
FAIL: gfortran.dg/hollerith4.f90 -O0 execution test
FAIL: gfortran.dg/hollerith4.f90 -O1 execution test
FAIL: gfortran.dg/hollerith4.f90 -O2 execution test
FAIL: gfortran.dg/hollerith4.f90 -O3 -fomit-frame-pointer
-funroll-loops -fpeel-loops -ftracer -finline-functions execution test
FAIL: gfortran.dg/hollerith4.f90 -O3 -g execution test
FAIL: gfortran.dg/hollerith4.f90 -Os execution test
FAIL: gfortran.dg/hollerith6.f90 -O0 execution test
FAIL: gfortran.dg/hollerith6.f90 -O1 execution test
FAIL: gfortran.dg/hollerith6.f90 -O2 execution test
FAIL: gfortran.dg/hollerith6.f90 -O3 -fomit-frame-pointer
-funroll-loops -fpeel-loops -ftracer -finline-functions execution test
FAIL: gfortran.dg/hollerith6.f90 -O3 -g execution test
FAIL: gfortran.dg/hollerith6.f90 -Os execution test
FAIL: gfortran.dg/hollerith8.f90 -O0 execution test
FAIL: gfortran.dg/hollerith8.f90 -O1 execution test
FAIL: gfortran.dg/hollerith8.f90 -O2 execution test
FAIL: gfortran.dg/hollerith8.f90 -O3 -fomit-frame-pointer
-funroll-loops -fpeel-loops -ftracer -finline-functions execution test
FAIL: gfortran.dg/hollerith8.f90 -O3 -g execution test
FAIL: gfortran.dg/hollerith_1.f90 -O0 execution test
FAIL: gfortran.dg/hollerith_1.f90 -O1 execution test
FAIL: gfortran.dg/hollerith_1.f90 -O2 execution test
FAIL: gfortran.dg/hollerith_1.f90 -O3 -fomit-frame-pointer
-funroll-loops -fpeel-loops -ftracer -finline-functions execution test
FAIL: gfortran.dg/hollerith_1.f90 -O3 -g execution test
FAIL: gfortran.dg/hollerith_1.f90 -Os execution test
FAIL: gfortran.dg/inline_transpose_1.f90 -O0 execution test
FAIL: gfortran.dg/inline_transpose_1.f90 -O1 execution test
FAIL: gfortran.dg/inline_transpose_1.f90 -O2 execution test
FAIL: gfortran.dg/inline_transpose_1.f90 -O3 -fomit-frame-pointer
-funroll-loops -fpeel-loops -ftracer -finline-functions execution test
FAIL: gfortran.dg/inline_transpose_1.f90 -O3 -g execution test
FAIL: gfortran.dg/inline_transpose_1.f90 -Os execution test
FAIL: gfortran.dg/inquire_17.f90 -O0 execution test
FAIL: gfortran.dg/inquire_17.f90 -O1 execution test
FAIL: gfortran.dg/inquire_17.f90 -O2 execution test
FAIL: gfortran.dg/inquire_17.f90 -O3 -fomit-frame-pointer
-funroll-loops -fpeel-loops -ftracer -finline-functions execution test
FAIL: gfortran.dg/inquire_17.f90 -O3 -g execution test
FAIL: gfortran.dg/inquire_17.f90 -Os execution test
FAIL: gfortran.dg/int_range_io_1.f90 -O0 execution test
FAIL: gfortran.dg/int_range_io_1.f90 -O1 execution test
FAIL: gfortran.dg/int_range_io_1.f90 -O2 execution test
FAIL: gfortran.dg/int_range_io_1.f90 -O3 -fomit-frame-pointer
-funroll-loops -fpeel-loops -ftracer -finline-functions execution test
FAIL: gfortran.dg/int_range_io_1.f90 -O3 -g execution test
FAIL: gfortran.dg/int_range_io_1.f90 -Os execution test
FAIL: gfortran.dg/interface_19.f90 -O0 execution test
FAIL: gfortran.dg/interface_19.f90 -O1 execution test
FAIL: gfortran.dg/interface_19.f90 -O2 execution test
FAIL: gfortran.dg/interface_19.f90 -O3 -fomit-frame-pointer
-funroll-loops -fpeel-loops -ftracer -finline-functions execution test
FAIL: gfortran.dg/interface_19.f90 -O3 -g execution test
FAIL: gfortran.dg/interface_19.f90 -Os execution test
FAIL: gfortran.dg/internal_dummy_2.f08 -O0 execution test
FAIL: gfortran.dg/internal_dummy_2.f08 -O1 execution test
FAIL: gfortran.dg/internal_dummy_2.f08 -O2 execution test
FAIL: gfortran.dg/internal_dummy_2.f08 -O3 -fomit-frame-pointer
-funroll-loops -fpeel-loops -ftracer -finline-functions execution test
FAIL: gfortran.dg/internal_dummy_2.f08 -O3 -g execution test
FAIL: gfortran.dg/internal_dummy_2.f08 -Os execution test
FAIL: gfortran.dg/internal_dummy_3.f08 -O0 execution test
FAIL: gfortran.dg/internal_dummy_3.f08 -O1 execution test
FAIL: gfortran.dg/internal_dummy_3.f08 -O2 execution test
FAIL: gfortran.dg/internal_dummy_3.f08 -O3 -fomit-frame-pointer
-funroll-loops -fpeel-loops -ftracer -finline-functions execution test
FAIL: gfortran.dg/internal_dummy_3.f08 -O3 -g execution test
FAIL: gfortran.dg/internal_dummy_3.f08 -Os execution test
FAIL: gfortran.dg/internal_dummy_4.f08 -O0 execution test
FAIL: gfortran.dg/internal_readwrite_1.f90 -O0 execution test
FAIL: gfortran.dg/internal_readwrite_1.f90 -O1 execution test
FAIL: gfortran.dg/internal_readwrite_1.f90 -O2 execution test
FAIL: gfortran.dg/internal_readwrite_1.f90 -O3 -fomit-frame-pointer
-funroll-loops -fpeel-loops -ftracer -finline-functions execution test
FAIL: gfortran.dg/internal_readwrite_1.f90 -O3 -g execution test
FAIL: gfortran.dg/internal_readwrite_1.f90 -Os execution test
FAIL: gfortran.dg/internal_readwrite_2.f90 -O0 execution test
FAIL: gfortran.dg/internal_readwrite_2.f90 -O1 execution test
FAIL: gfortran.dg/internal_readwrite_2.f90 -O2 execution test
FAIL: gfortran.dg/internal_readwrite_2.f90 -O3 -fomit-frame-pointer
-funroll-loops -fpeel-loops -ftracer -finline-functions execution test
FAIL: gfortran.dg/internal_readwrite_2.f90 -O3 -g execution test
FAIL: gfortran.dg/internal_readwrite_2.f90 -Os execution test
FAIL: gfortran.dg/internal_write_1.f90 -O0 execution test
FAIL: gfortran.dg/internal_write_1.f90 -O1 execution test
FAIL: gfortran.dg/internal_write_1.f90 -O2 execution test
FAIL: gfortran.dg/internal_write_1.f90 -O3 -fomit-frame-pointer
-funroll-loops -fpeel-loops -ftracer -finline-functions execution test
FAIL: gfortran.dg/internal_write_1.f90 -O3 -g execution test
FAIL: gfortran.dg/internal_write_1.f90 -Os execution test
FAIL: gfortran.dg/intrinsic_spread_1.f90 -O0 execution test
FAIL: gfortran.dg/intrinsic_spread_1.f90 -O1 execution test
FAIL: gfortran.dg/intrinsic_spread_1.f90 -O2 execution test
FAIL: gfortran.dg/intrinsic_spread_1.f90 -O3 -fomit-frame-pointer
-funroll-loops -fpeel-loops -ftracer -finline-functions execution test
FAIL: gfortran.dg/intrinsic_spread_1.f90 -O3 -g execution test
FAIL: gfortran.dg/intrinsic_spread_1.f90 -Os execution test
FAIL: gfortran.dg/intrinsic_spread_2.f90 -O0 execution test
FAIL: gfortran.dg/intrinsic_spread_2.f90 -O1 execution test
FAIL: gfortran.dg/intrinsic_spread_2.f90 -O2 execution test
FAIL: gfortran.dg/intrinsic_spread_2.f90 -O3 -fomit-frame-pointer
-funroll-loops -fpeel-loops -ftracer -finline-functions execution test
FAIL: gfortran.dg/intrinsic_spread_2.f90 -O3 -g execution test
FAIL: gfortran.dg/intrinsic_spread_2.f90 -Os execution test
FAIL: gfortran.dg/intrinsic_spread_3.f90 -O0 execution test
FAIL: gfortran.dg/intrinsic_spread_3.f90 -O1 execution test
FAIL: gfortran.dg/intrinsic_spread_3.f90 -O2 execution test
FAIL: gfortran.dg/intrinsic_spread_3.f90 -O3 -fomit-frame-pointer
-funroll-loops -fpeel-loops -ftracer -finline-functions execution test
FAIL: gfortran.dg/intrinsic_spread_3.f90 -O3 -g execution test
FAIL: gfortran.dg/intrinsic_spread_3.f90 -Os execution test
FAIL: gfortran.dg/intrinsic_unpack_1.f90 -O0 execution test
FAIL: gfortran.dg/intrinsic_unpack_1.f90 -O1 execution test
FAIL: gfortran.dg/intrinsic_unpack_2.f90 -O0 execution test
FAIL: gfortran.dg/intrinsic_unpack_2.f90 -O1 execution test
FAIL: gfortran.dg/intrinsic_unpack_3.f90 -O0 execution test
FAIL: gfortran.dg/intrinsic_unpack_3.f90 -O1 execution test
FAIL: gfortran.dg/intrinsic_unpack_3.f90 -O2 execution test
FAIL: gfortran.dg/intrinsic_unpack_3.f90 -O3 -fomit-frame-pointer
-funroll-loops -fpeel-loops -ftracer -finline-functions execution test
FAIL: gfortran.dg/intrinsic_unpack_3.f90 -O3 -g execution test
FAIL: gfortran.dg/intrinsic_unpack_3.f90 -Os execution test
FAIL: gfortran.dg/io_real_boz.f90 -O0 execution test
FAIL: gfortran.dg/io_real_boz.f90 -O1 execution test
FAIL: gfortran.dg/io_real_boz.f90 -O2 execution test
FAIL: gfortran.dg/io_real_boz.f90 -O3 -fomit-frame-pointer
-funroll-loops -fpeel-loops -ftracer -finline-functions execution test
FAIL: gfortran.dg/io_real_boz.f90 -O3 -g execution test
FAIL: gfortran.dg/io_real_boz.f90 -Os execution test
FAIL: gfortran.dg/io_real_boz_3.f90 -O0 execution test
FAIL: gfortran.dg/io_real_boz_3.f90 -O1 execution test
FAIL: gfortran.dg/io_real_boz_3.f90 -O2 execution test
FAIL: gfortran.dg/io_real_boz_3.f90 -O3 -fomit-frame-pointer
-funroll-loops -fpeel-loops -ftracer -finline-functions execution test
FAIL: gfortran.dg/io_real_boz_3.f90 -O3 -g execution test
FAIL: gfortran.dg/io_real_boz_3.f90 -Os execution test
FAIL: gfortran.dg/large_integer_kind_1.f90 -O0 execution test
FAIL: gfortran.dg/large_integer_kind_1.f90 -O1 execution test
FAIL: gfortran.dg/large_integer_kind_1.f90 -O2 execution test
FAIL: gfortran.dg/large_integer_kind_1.f90 -O3 -fomit-frame-pointer
-funroll-loops -fpeel-loops -ftracer -finline-functions execution test
FAIL: gfortran.dg/large_integer_kind_1.f90 -O3 -g execution test
FAIL: gfortran.dg/large_integer_kind_1.f90 -Os execution test
FAIL: gfortran.dg/large_real_kind_1.f90 -O0 execution test
FAIL: gfortran.dg/large_real_kind_1.f90 -O1 execution test
FAIL: gfortran.dg/large_real_kind_1.f90 -O2 execution test
FAIL: gfortran.dg/large_real_kind_1.f90 -O3 -fomit-frame-pointer
-funroll-loops -fpeel-loops -ftracer -finline-functions execution test
FAIL: gfortran.dg/large_real_kind_1.f90 -O3 -g execution test
FAIL: gfortran.dg/large_real_kind_1.f90 -Os execution test
FAIL: gfortran.dg/large_real_kind_form_io_1.f90 -O0 execution test
FAIL: gfortran.dg/large_real_kind_form_io_1.f90 -O1 execution test
FAIL: gfortran.dg/large_real_kind_form_io_2.f90 -O0 execution test
FAIL: gfortran.dg/large_real_kind_form_io_2.f90 -O1 execution test
FAIL: gfortran.dg/large_real_kind_form_io_2.f90 -O2 execution test
FAIL: gfortran.dg/large_real_kind_form_io_2.f90 -O3
-fomit-frame-pointer -funroll-loops -fpeel-loops -ftracer
-finline-functions execution test
FAIL: gfortran.dg/large_real_kind_form_io_2.f90 -O3 -g execution test
FAIL: gfortran.dg/large_real_kind_form_io_2.f90 -Os execution test
FAIL: gfortran.dg/list_read_13.f -O0 execution test
FAIL: gfortran.dg/list_read_13.f -O1 execution test
FAIL: gfortran.dg/list_read_13.f -O2 execution test
FAIL: gfortran.dg/list_read_13.f -O3 -fomit-frame-pointer
-funroll-loops -fpeel-loops -ftracer -finline-functions execution test
FAIL: gfortran.dg/list_read_13.f -O3 -g execution test
FAIL: gfortran.dg/list_read_13.f -Os execution test
FAIL: gfortran.dg/list_read_2.f90 -O0 execution test
FAIL: gfortran.dg/list_read_2.f90 -O1 execution test
FAIL: gfortran.dg/list_read_2.f90 -O2 execution test
FAIL: gfortran.dg/list_read_2.f90 -O3 -fomit-frame-pointer
-funroll-loops -fpeel-loops -ftracer -finline-functions execution test
FAIL: gfortran.dg/list_read_2.f90 -O3 -g execution test
FAIL: gfortran.dg/list_read_2.f90 -Os execution test
FAIL: gfortran.dg/list_read_3.f90 -O0 execution test
FAIL: gfortran.dg/list_read_3.f90 -O1 execution test
FAIL: gfortran.dg/list_read_3.f90 -O2 execution test
FAIL: gfortran.dg/list_read_3.f90 -O3 -fomit-frame-pointer
-funroll-loops -fpeel-loops -ftracer -finline-functions execution test
FAIL: gfortran.dg/list_read_3.f90 -O3 -g execution test
FAIL: gfortran.dg/list_read_3.f90 -Os execution test
FAIL: gfortran.dg/list_read_5.f90 -O0 execution test
FAIL: gfortran.dg/list_read_5.f90 -O1 execution test
FAIL: gfortran.dg/list_read_5.f90 -O2 execution test
FAIL: gfortran.dg/list_read_5.f90 -O3 -fomit-frame-pointer
-funroll-loops -fpeel-loops -ftracer -finline-functions execution test
FAIL: gfortran.dg/list_read_5.f90 -O3 -g execution test
FAIL: gfortran.dg/list_read_5.f90 -Os execution test
FAIL: gfortran.dg/literal_character_constant_1_x.F -O0 execution test
FAIL: gfortran.dg/literal_character_constant_1_x.F -O1 execution test
FAIL: gfortran.dg/literal_character_constant_1_x.F -O2 execution test
FAIL: gfortran.dg/literal_character_constant_1_x.F -O3
-fomit-frame-pointer -funroll-loops -fpeel-loops -ftracer
-finline-functions execution test
FAIL: gfortran.dg/literal_character_constant_1_x.F -O3 -g execution test
FAIL: gfortran.dg/literal_character_constant_1_x.F -Os execution test
FAIL: gfortran.dg/literal_character_constant_1_y.F -O0 execution test
FAIL: gfortran.dg/literal_character_constant_1_y.F -O1 execution test
FAIL: gfortran.dg/literal_character_constant_1_y.F -O2 execution test
FAIL: gfortran.dg/literal_character_constant_1_y.F -O3
-fomit-frame-pointer -funroll-loops -fpeel-loops -ftracer
-finline-functions execution test
FAIL: gfortran.dg/literal_character_constant_1_y.F -O3 -g execution test
FAIL: gfortran.dg/literal_character_constant_1_y.F -Os execution test
FAIL: gfortran.dg/literal_character_constant_1_z.F -O0 execution test
FAIL: gfortran.dg/literal_character_constant_1_z.F -O1 execution test
FAIL: gfortran.dg/literal_character_constant_1_z.F -O2 execution test
FAIL: gfortran.dg/literal_character_constant_1_z.F -O3
-fomit-frame-pointer -funroll-loops -fpeel-loops -ftracer
-finline-functions execution test
FAIL: gfortran.dg/literal_character_constant_1_z.F -O3 -g execution test
FAIL: gfortran.dg/literal_character_constant_1_z.F -Os execution test
FAIL: gfortran.dg/logical_1.f90 -O0 execution test
FAIL: gfortran.dg/logical_1.f90 -O1 execution test
FAIL: gfortran.dg/logical_1.f90 -O2 execution test
FAIL: gfortran.dg/logical_1.f90 -O3 -fomit-frame-pointer
-funroll-loops -fpeel-loops -ftracer -finline-functions execution test
FAIL: gfortran.dg/logical_1.f90 -O3 -g execution test
FAIL: gfortran.dg/logical_1.f90 -Os execution test
FAIL: gfortran.dg/module_nan.f90 -O0 execution test
FAIL: gfortran.dg/module_nan.f90 -O1 execution test
FAIL: gfortran.dg/module_nan.f90 -O2 execution test
FAIL: gfortran.dg/module_nan.f90 -O3 -fomit-frame-pointer
-funroll-loops -fpeel-loops -ftracer -finline-functions execution test
FAIL: gfortran.dg/module_nan.f90 -O3 -g execution test
FAIL: gfortran.dg/module_nan.f90 -Os execution test
FAIL: gfortran.dg/namelist_11.f -O0 execution test
FAIL: gfortran.dg/namelist_11.f -O1 execution test
FAIL: gfortran.dg/namelist_11.f -O2 execution test
FAIL: gfortran.dg/namelist_11.f -O3 -fomit-frame-pointer
-funroll-loops -fpeel-loops -ftracer -finline-functions execution test
FAIL: gfortran.dg/namelist_11.f -O3 -g execution test
FAIL: gfortran.dg/namelist_11.f -Os execution test
FAIL: gfortran.dg/namelist_12.f -O0 execution test
FAIL: gfortran.dg/namelist_12.f -O1 execution test
FAIL: gfortran.dg/namelist_12.f -O2 execution test
FAIL: gfortran.dg/namelist_12.f -O3 -fomit-frame-pointer
-funroll-loops -fpeel-loops -ftracer -finline-functions execution test
FAIL: gfortran.dg/namelist_12.f -O3 -g execution test
FAIL: gfortran.dg/namelist_12.f -Os execution test
FAIL: gfortran.dg/namelist_13.f90 -O0 execution test
FAIL: gfortran.dg/namelist_13.f90 -O1 execution test
FAIL: gfortran.dg/namelist_13.f90 -O2 execution test
FAIL: gfortran.dg/namelist_13.f90 -O3 -fomit-frame-pointer
-funroll-loops -fpeel-loops -ftracer -finline-functions execution test
FAIL: gfortran.dg/namelist_13.f90 -O3 -g execution test
FAIL: gfortran.dg/namelist_13.f90 -Os execution test
FAIL: gfortran.dg/namelist_14.f90 -O0 execution test
FAIL: gfortran.dg/namelist_14.f90 -O1 execution test
FAIL: gfortran.dg/namelist_14.f90 -O2 execution test
FAIL: gfortran.dg/namelist_14.f90 -O3 -fomit-frame-pointer
-funroll-loops -fpeel-loops -ftracer -finline-functions execution test
FAIL: gfortran.dg/namelist_14.f90 -O3 -g execution test
FAIL: gfortran.dg/namelist_14.f90 -Os execution test
FAIL: gfortran.dg/namelist_15.f90 -O0 execution test
FAIL: gfortran.dg/namelist_15.f90 -O1 execution test
FAIL: gfortran.dg/namelist_15.f90 -O2 execution test
FAIL: gfortran.dg/namelist_15.f90 -O3 -fomit-frame-pointer
-funroll-loops -fpeel-loops -ftracer -finline-functions execution test
FAIL: gfortran.dg/namelist_15.f90 -O3 -g execution test
FAIL: gfortran.dg/namelist_15.f90 -Os execution test
FAIL: gfortran.dg/namelist_16.f90 -O0 execution test
FAIL: gfortran.dg/namelist_16.f90 -O1 execution test
FAIL: gfortran.dg/namelist_16.f90 -O2 execution test
FAIL: gfortran.dg/namelist_16.f90 -O3 -fomit-frame-pointer
-funroll-loops -fpeel-loops -ftracer -finline-functions execution test
FAIL: gfortran.dg/namelist_16.f90 -O3 -g execution test
FAIL: gfortran.dg/namelist_16.f90 -Os execution test
FAIL: gfortran.dg/namelist_17.f90 -O0 execution test
FAIL: gfortran.dg/namelist_17.f90 -O1 execution test
FAIL: gfortran.dg/namelist_17.f90 -O2 execution test
FAIL: gfortran.dg/namelist_17.f90 -O3 -fomit-frame-pointer
-funroll-loops -fpeel-loops -ftracer -finline-functions execution test
FAIL: gfortran.dg/namelist_17.f90 -O3 -g execution test
FAIL: gfortran.dg/namelist_17.f90 -Os execution test
FAIL: gfortran.dg/namelist_18.f90 -O0 execution test
FAIL: gfortran.dg/namelist_18.f90 -O1 execution test
FAIL: gfortran.dg/namelist_18.f90 -O2 execution test
FAIL: gfortran.dg/namelist_18.f90 -O3 -fomit-frame-pointer
-funroll-loops -fpeel-loops -ftracer -finline-functions execution test
FAIL: gfortran.dg/namelist_18.f90 -O3 -g execution test
FAIL: gfortran.dg/namelist_18.f90 -Os execution test
FAIL: gfortran.dg/namelist_19.f90 -O0 execution test
FAIL: gfortran.dg/namelist_19.f90 -O1 execution test
FAIL: gfortran.dg/namelist_19.f90 -O2 execution test
FAIL: gfortran.dg/namelist_19.f90 -O3 -fomit-frame-pointer
-funroll-loops -fpeel-loops -ftracer -finline-functions execution test
FAIL: gfortran.dg/namelist_19.f90 -O3 -g execution test
FAIL: gfortran.dg/namelist_19.f90 -Os execution test
FAIL: gfortran.dg/namelist_20.f90 -O0 execution test
FAIL: gfortran.dg/namelist_20.f90 -O1 execution test
FAIL: gfortran.dg/namelist_20.f90 -O2 execution test
FAIL: gfortran.dg/namelist_20.f90 -O3 -fomit-frame-pointer
-funroll-loops -fpeel-loops -ftracer -finline-functions execution test
FAIL: gfortran.dg/namelist_20.f90 -O3 -g execution test
FAIL: gfortran.dg/namelist_20.f90 -Os execution test
FAIL: gfortran.dg/namelist_21.f90 -O0 execution test
FAIL: gfortran.dg/namelist_21.f90 -O1 execution test
FAIL: gfortran.dg/namelist_21.f90 -O2 execution test
FAIL: gfortran.dg/namelist_21.f90 -O3 -fomit-frame-pointer
-funroll-loops -fpeel-loops -ftracer -finline-functions execution test
FAIL: gfortran.dg/namelist_21.f90 -O3 -g execution test
FAIL: gfortran.dg/namelist_21.f90 -Os execution test
FAIL: gfortran.dg/namelist_22.f90 -O0 execution test
FAIL: gfortran.dg/namelist_22.f90 -O1 execution test
FAIL: gfortran.dg/namelist_22.f90 -O2 execution test
FAIL: gfortran.dg/namelist_22.f90 -O3 -fomit-frame-pointer
-funroll-loops -fpeel-loops -ftracer -finline-functions execution test
FAIL: gfortran.dg/namelist_22.f90 -O3 -g execution test
FAIL: gfortran.dg/namelist_22.f90 -Os execution test
FAIL: gfortran.dg/namelist_23.f90 -O0 execution test
FAIL: gfortran.dg/namelist_23.f90 -O1 execution test
FAIL: gfortran.dg/namelist_23.f90 -O2 execution test
FAIL: gfortran.dg/namelist_23.f90 -O3 -fomit-frame-pointer
-funroll-loops -fpeel-loops -ftracer -finline-functions execution test
FAIL: gfortran.dg/namelist_23.f90 -O3 -g execution test
FAIL: gfortran.dg/namelist_23.f90 -Os execution test
FAIL: gfortran.dg/namelist_24.f90 -O0 execution test
FAIL: gfortran.dg/namelist_24.f90 -O1 execution test
FAIL: gfortran.dg/namelist_24.f90 -O2 execution test
FAIL: gfortran.dg/namelist_24.f90 -O3 -fomit-frame-pointer
-funroll-loops -fpeel-loops -ftracer -finline-functions execution test
FAIL: gfortran.dg/namelist_24.f90 -O3 -g execution test
FAIL: gfortran.dg/namelist_24.f90 -Os execution test
FAIL: gfortran.dg/namelist_26.f90 -O0 execution test
FAIL: gfortran.dg/namelist_26.f90 -O1 execution test
FAIL: gfortran.dg/namelist_26.f90 -O2 execution test
FAIL: gfortran.dg/namelist_26.f90 -O3 -fomit-frame-pointer
-funroll-loops -fpeel-loops -ftracer -finline-functions execution test
FAIL: gfortran.dg/namelist_26.f90 -O3 -g execution test
FAIL: gfortran.dg/namelist_26.f90 -Os execution test
FAIL: gfortran.dg/namelist_27.f90 -O0 execution test
FAIL: gfortran.dg/namelist_27.f90 -O1 execution test
FAIL: gfortran.dg/namelist_27.f90 -O2 execution test
FAIL: gfortran.dg/namelist_27.f90 -O3 -fomit-frame-pointer
-funroll-loops -fpeel-loops -ftracer -finline-functions execution test
FAIL: gfortran.dg/namelist_27.f90 -O3 -g execution test
FAIL: gfortran.dg/namelist_27.f90 -Os execution test
FAIL: gfortran.dg/namelist_28.f90 -O0 execution test
FAIL: gfortran.dg/namelist_28.f90 -O1 execution test
FAIL: gfortran.dg/namelist_28.f90 -O2 execution test
FAIL: gfortran.dg/namelist_28.f90 -O3 -fomit-frame-pointer
-funroll-loops -fpeel-loops -ftracer -finline-functions execution test
FAIL: gfortran.dg/namelist_28.f90 -O3 -g execution test
FAIL: gfortran.dg/namelist_28.f90 -Os execution test
FAIL: gfortran.dg/namelist_29.f90 -O0 execution test
FAIL: gfortran.dg/namelist_29.f90 -O1 execution test
FAIL: gfortran.dg/namelist_29.f90 -O2 execution test
FAIL: gfortran.dg/namelist_29.f90 -O3 -fomit-frame-pointer
-funroll-loops -fpeel-loops -ftracer -finline-functions execution test
FAIL: gfortran.dg/namelist_29.f90 -O3 -g execution test
FAIL: gfortran.dg/namelist_29.f90 -Os execution test
FAIL: gfortran.dg/namelist_37.f90 -O0 execution test
FAIL: gfortran.dg/namelist_37.f90 -O1 execution test
FAIL: gfortran.dg/namelist_37.f90 -O2 execution test
FAIL: gfortran.dg/namelist_37.f90 -O3 -fomit-frame-pointer
-funroll-loops -fpeel-loops -ftracer -finline-functions execution test
FAIL: gfortran.dg/namelist_37.f90 -O3 -g execution test
FAIL: gfortran.dg/namelist_37.f90 -Os execution test
FAIL: gfortran.dg/namelist_38.f90 -O0 execution test
FAIL: gfortran.dg/namelist_38.f90 -O1 execution test
FAIL: gfortran.dg/namelist_38.f90 -O2 execution test
FAIL: gfortran.dg/namelist_38.f90 -O3 -fomit-frame-pointer
-funroll-loops -fpeel-loops -ftracer -finline-functions execution test
FAIL: gfortran.dg/namelist_38.f90 -O3 -g execution test
FAIL: gfortran.dg/namelist_38.f90 -Os execution test
FAIL: gfortran.dg/namelist_39.f90 -O0 execution test
FAIL: gfortran.dg/namelist_39.f90 -O1 execution test
FAIL: gfortran.dg/namelist_39.f90 -O2 execution test
FAIL: gfortran.dg/namelist_39.f90 -O3 -fomit-frame-pointer
-funroll-loops -fpeel-loops -ftracer -finline-functions execution test
FAIL: gfortran.dg/namelist_39.f90 -O3 -g execution test
FAIL: gfortran.dg/namelist_39.f90 -Os execution test
FAIL: gfortran.dg/namelist_40.f90 -O0 execution test
FAIL: gfortran.dg/namelist_40.f90 -O1 execution test
FAIL: gfortran.dg/namelist_40.f90 -O2 execution test
FAIL: gfortran.dg/namelist_40.f90 -O3 -fomit-frame-pointer
-funroll-loops -fpeel-loops -ftracer -finline-functions execution test
FAIL: gfortran.dg/namelist_40.f90 -O3 -g execution test
FAIL: gfortran.dg/namelist_40.f90 -Os execution test
FAIL: gfortran.dg/namelist_41.f90 -O0 execution test
FAIL: gfortran.dg/namelist_41.f90 -O1 execution test
FAIL: gfortran.dg/namelist_41.f90 -O2 execution test
FAIL: gfortran.dg/namelist_41.f90 -O3 -fomit-frame-pointer
-funroll-loops -fpeel-loops -ftracer -finline-functions execution test
FAIL: gfortran.dg/namelist_41.f90 -O3 -g execution test
FAIL: gfortran.dg/namelist_41.f90 -Os execution test
FAIL: gfortran.dg/namelist_42.f90 -O0 execution test
FAIL: gfortran.dg/namelist_42.f90 -O1 execution test
FAIL: gfortran.dg/namelist_42.f90 -O2 execution test
FAIL: gfortran.dg/namelist_42.f90 -O3 -fomit-frame-pointer
-funroll-loops -fpeel-loops -ftracer -finline-functions execution test
FAIL: gfortran.dg/namelist_42.f90 -O3 -g execution test
FAIL: gfortran.dg/namelist_42.f90 -Os execution test
FAIL: gfortran.dg/namelist_43.f90 -O0 execution test
FAIL: gfortran.dg/namelist_43.f90 -O1 execution test
FAIL: gfortran.dg/namelist_43.f90 -O2 execution test
FAIL: gfortran.dg/namelist_43.f90 -O3 -fomit-frame-pointer
-funroll-loops -fpeel-loops -ftracer -finline-functions execution test
FAIL: gfortran.dg/namelist_43.f90 -O3 -g execution test
FAIL: gfortran.dg/namelist_43.f90 -Os execution test
FAIL: gfortran.dg/namelist_44.f90 -O0 execution test
FAIL: gfortran.dg/namelist_44.f90 -O1 execution test
FAIL: gfortran.dg/namelist_44.f90 -O2 execution test
FAIL: gfortran.dg/namelist_44.f90 -O3 -fomit-frame-pointer
-funroll-loops -fpeel-loops -ftracer -finline-functions execution test
FAIL: gfortran.dg/namelist_44.f90 -O3 -g execution test
FAIL: gfortran.dg/namelist_44.f90 -Os execution test
FAIL: gfortran.dg/namelist_45.f90 -O0 execution test
FAIL: gfortran.dg/namelist_45.f90 -O1 execution test
FAIL: gfortran.dg/namelist_45.f90 -O2 execution test
FAIL: gfortran.dg/namelist_45.f90 -O3 -fomit-frame-pointer
-funroll-loops -fpeel-loops -ftracer -finline-functions execution test
FAIL: gfortran.dg/namelist_45.f90 -O3 -g execution test
FAIL: gfortran.dg/namelist_45.f90 -Os execution test
FAIL: gfortran.dg/namelist_46.f90 -O0 execution test
FAIL: gfortran.dg/namelist_46.f90 -O1 execution test
FAIL: gfortran.dg/namelist_46.f90 -O2 execution test
FAIL: gfortran.dg/namelist_46.f90 -O3 -fomit-frame-pointer
-funroll-loops -fpeel-loops -ftracer -finline-functions execution test
FAIL: gfortran.dg/namelist_46.f90 -O3 -g execution test
FAIL: gfortran.dg/namelist_46.f90 -Os execution test
FAIL: gfortran.dg/namelist_47.f90 -O0 execution test
FAIL: gfortran.dg/namelist_47.f90 -O1 execution test
FAIL: gfortran.dg/namelist_47.f90 -O2 execution test
FAIL: gfortran.dg/namelist_47.f90 -O3 -fomit-frame-pointer
-funroll-loops -fpeel-loops -ftracer -finline-functions execution test
FAIL: gfortran.dg/namelist_47.f90 -O3 -g execution test
FAIL: gfortran.dg/namelist_47.f90 -Os execution test
FAIL: gfortran.dg/namelist_48.f90 -O0 execution test
FAIL: gfortran.dg/namelist_48.f90 -O1 execution test
FAIL: gfortran.dg/namelist_48.f90 -O2 execution test
FAIL: gfortran.dg/namelist_48.f90 -O3 -fomit-frame-pointer
-funroll-loops -fpeel-loops -ftracer -finline-functions execution test
FAIL: gfortran.dg/namelist_48.f90 -O3 -g execution test
FAIL: gfortran.dg/namelist_48.f90 -Os execution test
FAIL: gfortran.dg/namelist_49.f90 -O0 execution test
FAIL: gfortran.dg/namelist_49.f90 -O1 execution test
FAIL: gfortran.dg/namelist_49.f90 -O2 execution test
FAIL: gfortran.dg/namelist_49.f90 -O3 -fomit-frame-pointer
-funroll-loops -fpeel-loops -ftracer -finline-functions execution test
FAIL: gfortran.dg/namelist_49.f90 -O3 -g execution test
FAIL: gfortran.dg/namelist_49.f90 -Os execution test
FAIL: gfortran.dg/namelist_50.f90 -O0 execution test
FAIL: gfortran.dg/namelist_50.f90 -O1 execution test
FAIL: gfortran.dg/namelist_50.f90 -O2 execution test
FAIL: gfortran.dg/namelist_50.f90 -O3 -fomit-frame-pointer
-funroll-loops -fpeel-loops -ftracer -finline-functions execution test
FAIL: gfortran.dg/namelist_50.f90 -O3 -g execution test
FAIL: gfortran.dg/namelist_50.f90 -Os execution test
FAIL: gfortran.dg/namelist_51.f90 -O0 execution test
FAIL: gfortran.dg/namelist_51.f90 -O1 execution test
FAIL: gfortran.dg/namelist_51.f90 -O2 execution test
FAIL: gfortran.dg/namelist_51.f90 -O3 -fomit-frame-pointer
-funroll-loops -fpeel-loops -ftracer -finline-functions execution test
FAIL: gfortran.dg/namelist_51.f90 -O3 -g execution test
FAIL: gfortran.dg/namelist_51.f90 -Os execution test
FAIL: gfortran.dg/namelist_52.f90 -O0 execution test
FAIL: gfortran.dg/namelist_52.f90 -O1 execution test
FAIL: gfortran.dg/namelist_52.f90 -O2 execution test
FAIL: gfortran.dg/namelist_52.f90 -O3 -fomit-frame-pointer
-funroll-loops -fpeel-loops -ftracer -finline-functions execution test
FAIL: gfortran.dg/namelist_52.f90 -O3 -g execution test
FAIL: gfortran.dg/namelist_52.f90 -Os execution test
FAIL: gfortran.dg/namelist_53.f90 -O0 execution test
FAIL: gfortran.dg/namelist_53.f90 -O1 execution test
FAIL: gfortran.dg/namelist_53.f90 -O2 execution test
FAIL: gfortran.dg/namelist_53.f90 -O3 -fomit-frame-pointer
-funroll-loops -fpeel-loops -ftracer -finline-functions execution test
FAIL: gfortran.dg/namelist_53.f90 -O3 -g execution test
FAIL: gfortran.dg/namelist_53.f90 -Os execution test
FAIL: gfortran.dg/namelist_54.f90 -O0 execution test
FAIL: gfortran.dg/namelist_54.f90 -O1 execution test
FAIL: gfortran.dg/namelist_54.f90 -O2 execution test
FAIL: gfortran.dg/namelist_54.f90 -O3 -fomit-frame-pointer
-funroll-loops -fpeel-loops -ftracer -finline-functions execution test
FAIL: gfortran.dg/namelist_54.f90 -O3 -g execution test
FAIL: gfortran.dg/namelist_54.f90 -Os execution test
FAIL: gfortran.dg/namelist_55.f90 -O0 execution test
FAIL: gfortran.dg/namelist_55.f90 -O1 execution test
FAIL: gfortran.dg/namelist_55.f90 -O2 execution test
FAIL: gfortran.dg/namelist_55.f90 -O3 -fomit-frame-pointer
-funroll-loops -fpeel-loops -ftracer -finline-functions execution test
FAIL: gfortran.dg/namelist_55.f90 -O3 -g execution test
FAIL: gfortran.dg/namelist_55.f90 -Os execution test
FAIL: gfortran.dg/namelist_56.f90 -O0 execution test
FAIL: gfortran.dg/namelist_56.f90 -O1 execution test
FAIL: gfortran.dg/namelist_56.f90 -O2 execution test
FAIL: gfortran.dg/namelist_56.f90 -O3 -fomit-frame-pointer
-funroll-loops -fpeel-loops -ftracer -finline-functions execution test
FAIL: gfortran.dg/namelist_56.f90 -O3 -g execution test
FAIL: gfortran.dg/namelist_56.f90 -Os execution test
FAIL: gfortran.dg/namelist_57.f90 -O0 execution test
FAIL: gfortran.dg/namelist_57.f90 -O1 execution test
FAIL: gfortran.dg/namelist_57.f90 -O2 execution test
FAIL: gfortran.dg/namelist_57.f90 -O3 -fomit-frame-pointer
-funroll-loops -fpeel-loops -ftracer -finline-functions execution test
FAIL: gfortran.dg/namelist_57.f90 -O3 -g execution test
FAIL: gfortran.dg/namelist_57.f90 -Os execution test
FAIL: gfortran.dg/namelist_58.f90 -O0 execution test
FAIL: gfortran.dg/namelist_58.f90 -O1 execution test
FAIL: gfortran.dg/namelist_58.f90 -O2 execution test
FAIL: gfortran.dg/namelist_58.f90 -O3 -fomit-frame-pointer
-funroll-loops -fpeel-loops -ftracer -finline-functions execution test
FAIL: gfortran.dg/namelist_58.f90 -O3 -g execution test
FAIL: gfortran.dg/namelist_58.f90 -Os execution test
FAIL: gfortran.dg/namelist_59.f90 -O0 execution test
FAIL: gfortran.dg/namelist_59.f90 -O1 execution test
FAIL: gfortran.dg/namelist_59.f90 -O2 execution test
FAIL: gfortran.dg/namelist_59.f90 -O3 -fomit-frame-pointer
-funroll-loops -fpeel-loops -ftracer -finline-functions execution test
FAIL: gfortran.dg/namelist_59.f90 -O3 -g execution test
FAIL: gfortran.dg/namelist_59.f90 -Os execution test
FAIL: gfortran.dg/namelist_60.f90 -O0 execution test
FAIL: gfortran.dg/namelist_60.f90 -O1 execution test
FAIL: gfortran.dg/namelist_60.f90 -O2 execution test
FAIL: gfortran.dg/namelist_60.f90 -O3 -fomit-frame-pointer
-funroll-loops -fpeel-loops -ftracer -finline-functions execution test
FAIL: gfortran.dg/namelist_60.f90 -O3 -g execution test
FAIL: gfortran.dg/namelist_60.f90 -Os execution test
FAIL: gfortran.dg/namelist_61.f90 -O0 execution test
FAIL: gfortran.dg/namelist_61.f90 -O1 execution test
FAIL: gfortran.dg/namelist_61.f90 -O2 execution test
FAIL: gfortran.dg/namelist_61.f90 -O3 -fomit-frame-pointer
-funroll-loops -fpeel-loops -ftracer -finline-functions execution test
FAIL: gfortran.dg/namelist_61.f90 -O3 -g execution test
FAIL: gfortran.dg/namelist_61.f90 -Os execution test
FAIL: gfortran.dg/namelist_64.f90 -O0 execution test
FAIL: gfortran.dg/namelist_64.f90 -O1 execution test
FAIL: gfortran.dg/namelist_64.f90 -O2 execution test
FAIL: gfortran.dg/namelist_64.f90 -O3 -fomit-frame-pointer
-funroll-loops -fpeel-loops -ftracer -finline-functions execution test
FAIL: gfortran.dg/namelist_64.f90 -O3 -g execution test
FAIL: gfortran.dg/namelist_64.f90 -Os execution test
FAIL: gfortran.dg/namelist_65.f90 -O0 execution test
FAIL: gfortran.dg/namelist_65.f90 -O1 execution test
FAIL: gfortran.dg/namelist_65.f90 -O2 execution test
FAIL: gfortran.dg/namelist_65.f90 -O3 -fomit-frame-pointer
-funroll-loops -fpeel-loops -ftracer -finline-functions execution test
FAIL: gfortran.dg/namelist_65.f90 -O3 -g execution test
FAIL: gfortran.dg/namelist_65.f90 -Os execution test
FAIL: gfortran.dg/namelist_66.f90 -O0 execution test
FAIL: gfortran.dg/namelist_66.f90 -O1 execution test
FAIL: gfortran.dg/namelist_66.f90 -O2 execution test
FAIL: gfortran.dg/namelist_66.f90 -O3 -fomit-frame-pointer
-funroll-loops -fpeel-loops -ftracer -finline-functions execution test
FAIL: gfortran.dg/namelist_66.f90 -O3 -g execution test
FAIL: gfortran.dg/namelist_66.f90 -Os execution test
FAIL: gfortran.dg/namelist_67.f90 -O0 execution test
FAIL: gfortran.dg/namelist_67.f90 -O1 execution test
FAIL: gfortran.dg/namelist_67.f90 -O2 execution test
FAIL: gfortran.dg/namelist_67.f90 -O3 -fomit-frame-pointer
-funroll-loops -fpeel-loops -ftracer -finline-functions execution test
FAIL: gfortran.dg/namelist_67.f90 -O3 -g execution test
FAIL: gfortran.dg/namelist_67.f90 -Os execution test
FAIL: gfortran.dg/namelist_68.f90 -O0 execution test
FAIL: gfortran.dg/namelist_68.f90 -O1 execution test
FAIL: gfortran.dg/namelist_68.f90 -O2 execution test
FAIL: gfortran.dg/namelist_68.f90 -O3 -fomit-frame-pointer
-funroll-loops -fpeel-loops -ftracer -finline-functions execution test
FAIL: gfortran.dg/namelist_68.f90 -O3 -g execution test
FAIL: gfortran.dg/namelist_68.f90 -Os execution test
FAIL: gfortran.dg/namelist_69.f90 -O0 execution test
FAIL: gfortran.dg/namelist_69.f90 -O1 execution test
FAIL: gfortran.dg/namelist_69.f90 -O2 execution test
FAIL: gfortran.dg/namelist_69.f90 -O3 -fomit-frame-pointer
-funroll-loops -fpeel-loops -ftracer -finline-functions execution test
FAIL: gfortran.dg/namelist_69.f90 -O3 -g execution test
FAIL: gfortran.dg/namelist_69.f90 -Os execution test
FAIL: gfortran.dg/namelist_70.f90 -O0 execution test
FAIL: gfortran.dg/namelist_70.f90 -O1 execution test
FAIL: gfortran.dg/namelist_70.f90 -O2 execution test
FAIL: gfortran.dg/namelist_70.f90 -O3 -fomit-frame-pointer
-funroll-loops -fpeel-loops -ftracer -finline-functions execution test
FAIL: gfortran.dg/namelist_70.f90 -O3 -g execution test
FAIL: gfortran.dg/namelist_70.f90 -Os execution test
FAIL: gfortran.dg/namelist_71.f90 -O0 execution test
FAIL: gfortran.dg/namelist_71.f90 -O1 execution test
FAIL: gfortran.dg/namelist_71.f90 -O2 execution test
FAIL: gfortran.dg/namelist_71.f90 -O3 -fomit-frame-pointer
-funroll-loops -fpeel-loops -ftracer -finline-functions execution test
FAIL: gfortran.dg/namelist_71.f90 -O3 -g execution test
FAIL: gfortran.dg/namelist_71.f90 -Os execution test
FAIL: gfortran.dg/namelist_72.f -O0 execution test
FAIL: gfortran.dg/namelist_72.f -O1 execution test
FAIL: gfortran.dg/namelist_72.f -O2 execution test
FAIL: gfortran.dg/namelist_72.f -O3 -fomit-frame-pointer
-funroll-loops -fpeel-loops -ftracer -finline-functions execution test
FAIL: gfortran.dg/namelist_72.f -O3 -g execution test
FAIL: gfortran.dg/namelist_72.f -Os execution test
FAIL: gfortran.dg/namelist_73.f90 -O0 execution test
FAIL: gfortran.dg/namelist_73.f90 -O1 execution test
FAIL: gfortran.dg/namelist_73.f90 -O2 execution test
FAIL: gfortran.dg/namelist_73.f90 -O3 -fomit-frame-pointer
-funroll-loops -fpeel-loops -ftracer -finline-functions execution test
FAIL: gfortran.dg/namelist_73.f90 -O3 -g execution test
FAIL: gfortran.dg/namelist_73.f90 -Os execution test
FAIL: gfortran.dg/namelist_77.f90 -O0 execution test
FAIL: gfortran.dg/namelist_77.f90 -O1 execution test
FAIL: gfortran.dg/namelist_77.f90 -O2 execution test
FAIL: gfortran.dg/namelist_77.f90 -O3 -fomit-frame-pointer
-funroll-loops -fpeel-loops -ftracer -finline-functions execution test
FAIL: gfortran.dg/namelist_77.f90 -O3 -g execution test
FAIL: gfortran.dg/namelist_77.f90 -Os execution test
FAIL: gfortran.dg/namelist_78.f90 -O0 execution test
FAIL: gfortran.dg/namelist_78.f90 -O1 execution test
FAIL: gfortran.dg/namelist_78.f90 -O2 execution test
FAIL: gfortran.dg/namelist_78.f90 -O3 -fomit-frame-pointer
-funroll-loops -fpeel-loops -ftracer -finline-functions execution test
FAIL: gfortran.dg/namelist_78.f90 -O3 -g execution test
FAIL: gfortran.dg/namelist_78.f90 -Os execution test
FAIL: gfortran.dg/namelist_79.f90 -O0 execution test
FAIL: gfortran.dg/namelist_79.f90 -O1 execution test
FAIL: gfortran.dg/namelist_79.f90 -O2 execution test
FAIL: gfortran.dg/namelist_79.f90 -O3 -fomit-frame-pointer
-funroll-loops -fpeel-loops -ftracer -finline-functions execution test
FAIL: gfortran.dg/namelist_79.f90 -O3 -g execution test
FAIL: gfortran.dg/namelist_79.f90 -Os execution test
FAIL: gfortran.dg/namelist_80.f90 -O0 execution test
FAIL: gfortran.dg/namelist_80.f90 -O1 execution test
FAIL: gfortran.dg/namelist_80.f90 -O2 execution test
FAIL: gfortran.dg/namelist_80.f90 -O3 -fomit-frame-pointer
-funroll-loops -fpeel-loops -ftracer -finline-functions execution test
FAIL: gfortran.dg/namelist_80.f90 -O3 -g execution test
FAIL: gfortran.dg/namelist_80.f90 -Os execution test
FAIL: gfortran.dg/namelist_81.f90 -O0 execution test
FAIL: gfortran.dg/namelist_81.f90 -O1 execution test
FAIL: gfortran.dg/namelist_81.f90 -O2 execution test
FAIL: gfortran.dg/namelist_81.f90 -O3 -fomit-frame-pointer
-funroll-loops -fpeel-loops -ftracer -finline-functions execution test
FAIL: gfortran.dg/namelist_81.f90 -O3 -g execution test
FAIL: gfortran.dg/namelist_81.f90 -Os execution test
FAIL: gfortran.dg/namelist_82.f90 -O0 execution test
FAIL: gfortran.dg/namelist_82.f90 -O1 execution test
FAIL: gfortran.dg/namelist_82.f90 -O2 execution test
FAIL: gfortran.dg/namelist_82.f90 -O3 -fomit-frame-pointer
-funroll-loops -fpeel-loops -ftracer -finline-functions execution test
FAIL: gfortran.dg/namelist_82.f90 -O3 -g execution test
FAIL: gfortran.dg/namelist_82.f90 -Os execution test
FAIL: gfortran.dg/namelist_84.f90 -O0 execution test
FAIL: gfortran.dg/namelist_84.f90 -O1 execution test
FAIL: gfortran.dg/namelist_84.f90 -O2 execution test
FAIL: gfortran.dg/namelist_84.f90 -O3 -fomit-frame-pointer
-funroll-loops -fpeel-loops -ftracer -finline-functions execution test
FAIL: gfortran.dg/namelist_84.f90 -O3 -g execution test
FAIL: gfortran.dg/namelist_84.f90 -Os execution test
FAIL: gfortran.dg/namelist_85.f90 -O0 execution test
FAIL: gfortran.dg/namelist_85.f90 -O1 execution test
FAIL: gfortran.dg/namelist_85.f90 -O2 execution test
FAIL: gfortran.dg/namelist_85.f90 -O3 -fomit-frame-pointer
-funroll-loops -fpeel-loops -ftracer -finline-functions execution test
FAIL: gfortran.dg/namelist_85.f90 -O3 -g execution test
FAIL: gfortran.dg/namelist_85.f90 -Os execution test
FAIL: gfortran.dg/namelist_86.f90 -O0 execution test
FAIL: gfortran.dg/namelist_86.f90 -O1 execution test
FAIL: gfortran.dg/namelist_86.f90 -O2 execution test
FAIL: gfortran.dg/namelist_86.f90 -O3 -fomit-frame-pointer
-funroll-loops -fpeel-loops -ftracer -finline-functions execution test
FAIL: gfortran.dg/namelist_86.f90 -O3 -g execution test
FAIL: gfortran.dg/namelist_86.f90 -Os execution test
FAIL: gfortran.dg/namelist_87.f90 -O0 execution test
FAIL: gfortran.dg/namelist_87.f90 -O1 execution test
FAIL: gfortran.dg/namelist_87.f90 -O2 execution test
FAIL: gfortran.dg/namelist_87.f90 -O3 -fomit-frame-pointer
-funroll-loops -fpeel-loops -ftracer -finline-functions execution test
FAIL: gfortran.dg/namelist_87.f90 -O3 -g execution test
FAIL: gfortran.dg/namelist_87.f90 -Os execution test
FAIL: gfortran.dg/namelist_88.f90 -O0 execution test
FAIL: gfortran.dg/namelist_88.f90 -O1 execution test
FAIL: gfortran.dg/namelist_88.f90 -O2 execution test
FAIL: gfortran.dg/namelist_88.f90 -O3 -fomit-frame-pointer
-funroll-loops -fpeel-loops -ftracer -finline-functions execution test
FAIL: gfortran.dg/namelist_88.f90 -O3 -g execution test
FAIL: gfortran.dg/namelist_88.f90 -Os execution test
FAIL: gfortran.dg/namelist_89.f90 -O0 execution test
FAIL: gfortran.dg/namelist_89.f90 -O1 execution test
FAIL: gfortran.dg/namelist_89.f90 -O2 execution test
FAIL: gfortran.dg/namelist_89.f90 -O3 -fomit-frame-pointer
-funroll-loops -fpeel-loops -ftracer -finline-functions execution test
FAIL: gfortran.dg/namelist_89.f90 -O3 -g execution test
FAIL: gfortran.dg/namelist_89.f90 -Os execution test
FAIL: gfortran.dg/namelist_90.f -O0 execution test
FAIL: gfortran.dg/namelist_90.f -O1 execution test
FAIL: gfortran.dg/namelist_90.f -O2 execution test
FAIL: gfortran.dg/namelist_90.f -O3 -fomit-frame-pointer
-funroll-loops -fpeel-loops -ftracer -finline-functions execution test
FAIL: gfortran.dg/namelist_90.f -O3 -g execution test
FAIL: gfortran.dg/namelist_90.f -Os execution test
FAIL: gfortran.dg/namelist_char_only.f90 -O0 execution test
FAIL: gfortran.dg/namelist_char_only.f90 -O1 execution test
FAIL: gfortran.dg/namelist_char_only.f90 -O2 execution test
FAIL: gfortran.dg/namelist_char_only.f90 -O3 -fomit-frame-pointer
-funroll-loops -fpeel-loops -ftracer -finline-functions execution test
FAIL: gfortran.dg/namelist_char_only.f90 -O3 -g execution test
FAIL: gfortran.dg/namelist_char_only.f90 -Os execution test
FAIL: gfortran.dg/namelist_internal.f90 -O0 execution test
FAIL: gfortran.dg/namelist_internal.f90 -O1 execution test
FAIL: gfortran.dg/namelist_internal.f90 -O2 execution test
FAIL: gfortran.dg/namelist_internal.f90 -O3 -fomit-frame-pointer
-funroll-loops -fpeel-loops -ftracer -finline-functions execution test
FAIL: gfortran.dg/namelist_internal.f90 -O3 -g execution test
FAIL: gfortran.dg/namelist_internal.f90 -Os execution test
FAIL: gfortran.dg/namelist_print_1.f -O0 execution test
FAIL: gfortran.dg/namelist_print_1.f -O1 execution test
FAIL: gfortran.dg/namelist_print_1.f -O2 execution test
FAIL: gfortran.dg/namelist_print_1.f -O3 -fomit-frame-pointer
-funroll-loops -fpeel-loops -ftracer -finline-functions execution test
FAIL: gfortran.dg/namelist_print_1.f -O3 -g execution test
FAIL: gfortran.dg/namelist_print_1.f -Os execution test
FAIL: gfortran.dg/namelist_use.f90 -O0 execution test
FAIL: gfortran.dg/namelist_use.f90 -O1 execution test
FAIL: gfortran.dg/namelist_use.f90 -O2 execution test
FAIL: gfortran.dg/namelist_use.f90 -O3 -fomit-frame-pointer
-funroll-loops -fpeel-loops -ftracer -finline-functions execution test
FAIL: gfortran.dg/namelist_use.f90 -O3 -g execution test
FAIL: gfortran.dg/namelist_use.f90 -Os execution test
FAIL: gfortran.dg/namelist_use_only.f90 -O0 execution test
FAIL: gfortran.dg/namelist_use_only.f90 -O1 execution test
FAIL: gfortran.dg/namelist_use_only.f90 -O2 execution test
FAIL: gfortran.dg/namelist_use_only.f90 -O3 -fomit-frame-pointer
-funroll-loops -fpeel-loops -ftracer -finline-functions execution test
FAIL: gfortran.dg/namelist_use_only.f90 -O3 -g execution test
FAIL: gfortran.dg/namelist_use_only.f90 -Os execution test
FAIL: gfortran.dg/namelist_utf8.f90 -O0 execution test
FAIL: gfortran.dg/namelist_utf8.f90 -O1 execution test
FAIL: gfortran.dg/namelist_utf8.f90 -O2 execution test
FAIL: gfortran.dg/namelist_utf8.f90 -O3 -fomit-frame-pointer
-funroll-loops -fpeel-loops -ftracer -finline-functions execution test
FAIL: gfortran.dg/namelist_utf8.f90 -O3 -g execution test
FAIL: gfortran.dg/namelist_utf8.f90 -Os execution test
FAIL: gfortran.dg/nan_3.f90 -O0 execution test
FAIL: gfortran.dg/nan_3.f90 -O1 execution test
FAIL: gfortran.dg/nan_3.f90 -O2 execution test
FAIL: gfortran.dg/nan_3.f90 -O3 -fomit-frame-pointer -funroll-loops
-fpeel-loops -ftracer -finline-functions execution test
FAIL: gfortran.dg/nan_3.f90 -O3 -g execution test
FAIL: gfortran.dg/nan_3.f90 -Os execution test
FAIL: gfortran.dg/nan_6.f90 -O0 execution test
FAIL: gfortran.dg/nan_6.f90 -O1 execution test
FAIL: gfortran.dg/nan_6.f90 -O2 execution test
FAIL: gfortran.dg/nan_6.f90 -O3 -fomit-frame-pointer -funroll-loops
-fpeel-loops -ftracer -finline-functions execution test
FAIL: gfortran.dg/nan_6.f90 -O3 -g execution test
FAIL: gfortran.dg/nan_6.f90 -Os execution test
FAIL: gfortran.dg/nan_7.f90 -O0 execution test
FAIL: gfortran.dg/nan_7.f90 -O1 execution test
FAIL: gfortran.dg/nan_7.f90 -O2 execution test
FAIL: gfortran.dg/nan_7.f90 -O3 -fomit-frame-pointer -funroll-loops
-fpeel-loops -ftracer -finline-functions execution test
FAIL: gfortran.dg/nan_7.f90 -O3 -g execution test
FAIL: gfortran.dg/nan_7.f90 -Os execution test
FAIL: gfortran.dg/negative-z-descriptor.f90 -O0 execution test
FAIL: gfortran.dg/negative-z-descriptor.f90 -O1 execution test
FAIL: gfortran.dg/negative-z-descriptor.f90 -O2 execution test
FAIL: gfortran.dg/negative-z-descriptor.f90 -O3 -fomit-frame-pointer
-funroll-loops -fpeel-loops -ftracer -finline-functions execution test
FAIL: gfortran.dg/negative-z-descriptor.f90 -O3 -g execution test
FAIL: gfortran.dg/negative-z-descriptor.f90 -Os execution test
FAIL: gfortran.dg/no_range_check_2.f90 -O0 execution test
FAIL: gfortran.dg/no_range_check_2.f90 -O1 execution test
FAIL: gfortran.dg/no_range_check_2.f90 -O2 execution test
FAIL: gfortran.dg/no_range_check_2.f90 -O3 -fomit-frame-pointer
-funroll-loops -fpeel-loops -ftracer -finline-functions execution test
FAIL: gfortran.dg/no_range_check_2.f90 -O3 -g execution test
FAIL: gfortran.dg/no_range_check_2.f90 -Os execution test
FAIL: gfortran.dg/nosigned_zero_3.f90 -O0 execution test
FAIL: gfortran.dg/nosigned_zero_3.f90 -O1 execution test
FAIL: gfortran.dg/nosigned_zero_3.f90 -O2 execution test
FAIL: gfortran.dg/nosigned_zero_3.f90 -O3 -fomit-frame-pointer
-funroll-loops -fpeel-loops -ftracer -finline-functions execution test
FAIL: gfortran.dg/nosigned_zero_3.f90 -O3 -g execution test
FAIL: gfortran.dg/nosigned_zero_3.f90 -Os execution test
FAIL: gfortran.dg/optional_dim_2.f90 -O0 execution test
FAIL: gfortran.dg/optional_dim_2.f90 -O1 execution test
FAIL: gfortran.dg/optional_dim_2.f90 -O2 execution test
FAIL: gfortran.dg/optional_dim_2.f90 -O3 -fomit-frame-pointer
-funroll-loops -fpeel-loops -ftracer -finline-functions execution test
FAIL: gfortran.dg/optional_dim_2.f90 -O3 -g execution test
FAIL: gfortran.dg/optional_dim_2.f90 -Os execution test
FAIL: gfortran.dg/optional_dim_3.f90 -O0 execution test
FAIL: gfortran.dg/optional_dim_3.f90 -O1 execution test
FAIL: gfortran.dg/optional_dim_3.f90 -O2 execution test
FAIL: gfortran.dg/optional_dim_3.f90 -O3 -fomit-frame-pointer
-funroll-loops -fpeel-loops -ftracer -finline-functions execution test
FAIL: gfortran.dg/optional_dim_3.f90 -O3 -g execution test
FAIL: gfortran.dg/output_exponents_1.f90 -O0 execution test
FAIL: gfortran.dg/output_exponents_1.f90 -O1 execution test
FAIL: gfortran.dg/output_exponents_1.f90 -O2 execution test
FAIL: gfortran.dg/output_exponents_1.f90 -O3 -fomit-frame-pointer
-funroll-loops -fpeel-loops -ftracer -finline-functions execution test
FAIL: gfortran.dg/output_exponents_1.f90 -O3 -g execution test
FAIL: gfortran.dg/output_exponents_1.f90 -Os execution test
FAIL: gfortran.dg/parameter_array_init_5.f90 -O0 execution test
FAIL: gfortran.dg/parameter_array_init_5.f90 -O1 execution test
FAIL: gfortran.dg/parameter_array_init_5.f90 -O2 execution test
FAIL: gfortran.dg/parameter_array_init_5.f90 -O3 -fomit-frame-pointer
-funroll-loops -fpeel-loops -ftracer -finline-functions execution test
FAIL: gfortran.dg/parameter_array_init_5.f90 -O3 -g execution test
FAIL: gfortran.dg/parameter_array_init_5.f90 -Os execution test
FAIL: gfortran.dg/past_eor.f90 -O0 execution test
FAIL: gfortran.dg/past_eor.f90 -O1 execution test
FAIL: gfortran.dg/past_eor.f90 -O2 execution test
FAIL: gfortran.dg/past_eor.f90 -O3 -fomit-frame-pointer -funroll-loops
-fpeel-loops -ftracer -finline-functions execution test
FAIL: gfortran.dg/past_eor.f90 -O3 -g execution test
FAIL: gfortran.dg/past_eor.f90 -Os execution test
FAIL: gfortran.dg/pointer_check_1.f90 -O0 output pattern test, is
FAIL: gfortran.dg/pointer_check_2.f90 -O0 output pattern test, is
FAIL: gfortran.dg/pointer_check_3.f90 -O0 output pattern test, is
FAIL: gfortran.dg/pointer_check_4.f90 -O0 output pattern test, is
FAIL: gfortran.dg/pr12884.f -O0 execution test
FAIL: gfortran.dg/pr12884.f -O1 execution test
FAIL: gfortran.dg/pr12884.f -O2 execution test
FAIL: gfortran.dg/pr12884.f -O3 -fomit-frame-pointer -funroll-loops
-fpeel-loops -ftracer -finline-functions execution test
FAIL: gfortran.dg/pr12884.f -O3 -g execution test
FAIL: gfortran.dg/pr12884.f -Os execution test
FAIL: gfortran.dg/pr15332.f -O0 execution test
FAIL: gfortran.dg/pr15332.f -O1 execution test
FAIL: gfortran.dg/pr15332.f -O2 execution test
FAIL: gfortran.dg/pr15332.f -O3 -fomit-frame-pointer -funroll-loops
-fpeel-loops -ftracer -finline-functions execution test
FAIL: gfortran.dg/pr15332.f -O3 -g execution test
FAIL: gfortran.dg/pr15332.f -Os execution test
FAIL: gfortran.dg/pr17143.f90 -O0 execution test
FAIL: gfortran.dg/pr17143.f90 -O1 execution test
FAIL: gfortran.dg/pr17143.f90 -O2 execution test
FAIL: gfortran.dg/pr17143.f90 -O3 -fomit-frame-pointer -funroll-loops
-fpeel-loops -ftracer -finline-functions execution test
FAIL: gfortran.dg/pr17143.f90 -O3 -g execution test
FAIL: gfortran.dg/pr17143.f90 -Os execution test
FAIL: gfortran.dg/pr17285.f90 -O0 execution test
FAIL: gfortran.dg/pr17285.f90 -O1 execution test
FAIL: gfortran.dg/pr17285.f90 -O2 execution test
FAIL: gfortran.dg/pr17285.f90 -O3 -fomit-frame-pointer -funroll-loops
-fpeel-loops -ftracer -finline-functions execution test
FAIL: gfortran.dg/pr17285.f90 -O3 -g execution test
FAIL: gfortran.dg/pr17285.f90 -Os execution test
FAIL: gfortran.dg/pr17286.f90 -O0 execution test
FAIL: gfortran.dg/pr17286.f90 -O1 execution test
FAIL: gfortran.dg/pr17286.f90 -O2 execution test
FAIL: gfortran.dg/pr17286.f90 -O3 -fomit-frame-pointer -funroll-loops
-fpeel-loops -ftracer -finline-functions execution test
FAIL: gfortran.dg/pr17286.f90 -O3 -g execution test
FAIL: gfortran.dg/pr17286.f90 -Os execution test
FAIL: gfortran.dg/pr17706.f90 -O0 execution test
FAIL: gfortran.dg/pr17706.f90 -O1 execution test
FAIL: gfortran.dg/pr17706.f90 -O2 execution test
FAIL: gfortran.dg/pr17706.f90 -O3 -fomit-frame-pointer -funroll-loops
-fpeel-loops -ftracer -finline-functions execution test
FAIL: gfortran.dg/pr17706.f90 -O3 -g execution test
FAIL: gfortran.dg/pr17706.f90 -Os execution test
FAIL: gfortran.dg/pr18025.f90 -O0 execution test
FAIL: gfortran.dg/pr18025.f90 -O1 execution test
FAIL: gfortran.dg/pr18025.f90 -O2 execution test
FAIL: gfortran.dg/pr18025.f90 -O3 -fomit-frame-pointer -funroll-loops
-fpeel-loops -ftracer -finline-functions execution test
FAIL: gfortran.dg/pr18025.f90 -O3 -g execution test
FAIL: gfortran.dg/pr18025.f90 -Os execution test
FAIL: gfortran.dg/pr18122.f90 -O0 execution test
FAIL: gfortran.dg/pr18122.f90 -O1 execution test
FAIL: gfortran.dg/pr18122.f90 -O2 execution test
FAIL: gfortran.dg/pr18122.f90 -O3 -fomit-frame-pointer -funroll-loops
-fpeel-loops -ftracer -finline-functions execution test
FAIL: gfortran.dg/pr18122.f90 -O3 -g execution test
FAIL: gfortran.dg/pr18122.f90 -Os execution test
FAIL: gfortran.dg/pr18210.f90 -O0 execution test
FAIL: gfortran.dg/pr18210.f90 -O1 execution test
FAIL: gfortran.dg/pr18210.f90 -O2 execution test
FAIL: gfortran.dg/pr18210.f90 -O3 -fomit-frame-pointer -funroll-loops
-fpeel-loops -ftracer -finline-functions execution test
FAIL: gfortran.dg/pr18210.f90 -O3 -g execution test
FAIL: gfortran.dg/pr18210.f90 -Os execution test
FAIL: gfortran.dg/pr18392.f90 -O0 execution test
FAIL: gfortran.dg/pr18392.f90 -O1 execution test
FAIL: gfortran.dg/pr18392.f90 -O2 execution test
FAIL: gfortran.dg/pr18392.f90 -O3 -fomit-frame-pointer -funroll-loops
-fpeel-loops -ftracer -finline-functions execution test
FAIL: gfortran.dg/pr18392.f90 -O3 -g execution test
FAIL: gfortran.dg/pr18392.f90 -Os execution test
FAIL: gfortran.dg/pr19155.f -O0 execution test
FAIL: gfortran.dg/pr19155.f -O1 execution test
FAIL: gfortran.dg/pr19155.f -O2 execution test
FAIL: gfortran.dg/pr19155.f -O3 -fomit-frame-pointer -funroll-loops
-fpeel-loops -ftracer -finline-functions execution test
FAIL: gfortran.dg/pr19155.f -O3 -g execution test
FAIL: gfortran.dg/pr19155.f -Os execution test
FAIL: gfortran.dg/pr19467.f90 -O0 execution test
FAIL: gfortran.dg/pr19467.f90 -O1 execution test
FAIL: gfortran.dg/pr19467.f90 -O2 execution test
FAIL: gfortran.dg/pr19467.f90 -O3 -fomit-frame-pointer -funroll-loops
-fpeel-loops -ftracer -finline-functions execution test
FAIL: gfortran.dg/pr19467.f90 -O3 -g execution test
FAIL: gfortran.dg/pr19467.f90 -Os execution test
FAIL: gfortran.dg/pr19657.f -O0 execution test
FAIL: gfortran.dg/pr19657.f -O1 execution test
FAIL: gfortran.dg/pr19657.f -O2 execution test
FAIL: gfortran.dg/pr19657.f -O3 -fomit-frame-pointer -funroll-loops
-fpeel-loops -ftracer -finline-functions execution test
FAIL: gfortran.dg/pr19657.f -O3 -g execution test
FAIL: gfortran.dg/pr19657.f -Os execution test
FAIL: gfortran.dg/pr20086.f90 -O0 execution test
FAIL: gfortran.dg/pr20086.f90 -O1 execution test
FAIL: gfortran.dg/pr20086.f90 -O2 execution test
FAIL: gfortran.dg/pr20086.f90 -O3 -fomit-frame-pointer -funroll-loops
-fpeel-loops -ftracer -finline-functions execution test
FAIL: gfortran.dg/pr20086.f90 -O3 -g execution test
FAIL: gfortran.dg/pr20086.f90 -Os execution test
FAIL: gfortran.dg/pr20124.f90 -O0 execution test
FAIL: gfortran.dg/pr20124.f90 -O1 execution test
FAIL: gfortran.dg/pr20124.f90 -O2 execution test
FAIL: gfortran.dg/pr20124.f90 -O3 -fomit-frame-pointer -funroll-loops
-fpeel-loops -ftracer -finline-functions execution test
FAIL: gfortran.dg/pr20124.f90 -O3 -g execution test
FAIL: gfortran.dg/pr20124.f90 -Os execution test
FAIL: gfortran.dg/pr20480.f90 -O0 execution test
FAIL: gfortran.dg/pr20480.f90 -O1 execution test
FAIL: gfortran.dg/pr20480.f90 -O2 execution test
FAIL: gfortran.dg/pr20480.f90 -O3 -fomit-frame-pointer -funroll-loops
-fpeel-loops -ftracer -finline-functions execution test
FAIL: gfortran.dg/pr20480.f90 -O3 -g execution test
FAIL: gfortran.dg/pr20480.f90 -Os execution test
FAIL: gfortran.dg/pr20755.f -O0 execution test
FAIL: gfortran.dg/pr20755.f -O1 execution test
FAIL: gfortran.dg/pr20755.f -O2 execution test
FAIL: gfortran.dg/pr20755.f -O3 -fomit-frame-pointer -funroll-loops
-fpeel-loops -ftracer -finline-functions execution test
FAIL: gfortran.dg/pr20755.f -O3 -g execution test
FAIL: gfortran.dg/pr20755.f -Os execution test
FAIL: gfortran.dg/pr20954.f -O0 execution test
FAIL: gfortran.dg/pr21730.f -O1 execution test
FAIL: gfortran.dg/pr21730.f -O2 execution test
FAIL: gfortran.dg/pr21730.f -O3 -fomit-frame-pointer -funroll-loops
-fpeel-loops -ftracer -finline-functions execution test
FAIL: gfortran.dg/pr21730.f -O3 -g execution test
FAIL: gfortran.dg/pr21730.f -Os execution test
FAIL: gfortran.dg/pr22491.f -O1 execution test
FAIL: gfortran.dg/pr22491.f -O2 execution test
FAIL: gfortran.dg/pr22491.f -O3 -fomit-frame-pointer -funroll-loops
-fpeel-loops -ftracer -finline-functions execution test
FAIL: gfortran.dg/pr22491.f -O3 -g execution test
FAIL: gfortran.dg/pr22491.f -Os execution test
FAIL: gfortran.dg/pr39865.f90 -O0 execution test
FAIL: gfortran.dg/pr39865.f90 -O1 execution test
FAIL: gfortran.dg/pr39865.f90 -O2 execution test
FAIL: gfortran.dg/pr39865.f90 -O3 -fomit-frame-pointer -funroll-loops
-fpeel-loops -ftracer -finline-functions execution test
FAIL: gfortran.dg/pr39865.f90 -O3 -g execution test
FAIL: gfortran.dg/pr39865.f90 -Os execution test
FAIL: gfortran.dg/pr52608.f90 -O0 execution test
FAIL: gfortran.dg/pr52608.f90 -O1 execution test
FAIL: gfortran.dg/pr52608.f90 -O2 execution test
FAIL: gfortran.dg/pr52608.f90 -O3 -fomit-frame-pointer -funroll-loops
-fpeel-loops -ftracer -finline-functions execution test
FAIL: gfortran.dg/pr52608.f90 -O3 -g execution test
FAIL: gfortran.dg/pr52608.f90 -Os execution test
FAIL: gfortran.dg/pr65903.f90 -O0 execution test
FAIL: gfortran.dg/pr65903.f90 -O1 execution test
FAIL: gfortran.dg/pr65903.f90 -O2 execution test
FAIL: gfortran.dg/pr65903.f90 -O3 -fomit-frame-pointer -funroll-loops
-fpeel-loops -ftracer -finline-functions execution test
FAIL: gfortran.dg/pr65903.f90 -O3 -g execution test
FAIL: gfortran.dg/pr65903.f90 -Os execution test
FAIL: gfortran.dg/pr66311.f90 -O1 execution test
FAIL: gfortran.dg/pr66311.f90 -O2 execution test
FAIL: gfortran.dg/pr66311.f90 -O3 -fomit-frame-pointer -funroll-loops
-fpeel-loops -ftracer -finline-functions execution test
FAIL: gfortran.dg/pr66311.f90 -O3 -g execution test
FAIL: gfortran.dg/pr66311.f90 -Os execution test
FAIL: gfortran.dg/pr68566.f90 -O0 execution test
FAIL: gfortran.dg/pr68566.f90 -O1 execution test
FAIL: gfortran.dg/pr68566.f90 -O2 execution test
FAIL: gfortran.dg/pr68566.f90 -O3 -fomit-frame-pointer -funroll-loops
-fpeel-loops -ftracer -finline-functions execution test
FAIL: gfortran.dg/pr68566.f90 -O3 -g execution test
FAIL: gfortran.dg/pr68566.f90 -Os execution test
FAIL: gfortran.dg/proc_ptr_18.f90 -O0 execution test
FAIL: gfortran.dg/proc_ptr_19.f90 -O0 execution test
FAIL: gfortran.dg/proc_ptr_20.f90 -O0 execution test
FAIL: gfortran.dg/proc_ptr_21.f90 -O0 execution test
FAIL: gfortran.dg/proc_ptr_23.f90 -O0 execution test
FAIL: gfortran.dg/proc_ptr_25.f90 -O0 execution test
FAIL: gfortran.dg/proc_ptr_47.f90 -O0 execution test
FAIL: gfortran.dg/proc_ptr_48.f90 -O0 execution test
FAIL: gfortran.dg/proc_ptr_5.f90 -O0 execution test
FAIL: gfortran.dg/proc_ptr_7.f90 -O0 execution test
FAIL: gfortran.dg/proc_ptr_comp_1.f90 -O0 execution test
FAIL: gfortran.dg/proc_ptr_comp_11.f90 -O0 execution test
FAIL: gfortran.dg/proc_ptr_comp_13.f90 -O0 execution test
FAIL: gfortran.dg/proc_ptr_comp_14.f90 -O0 execution test
FAIL: gfortran.dg/proc_ptr_comp_18.f90 -O0 execution test
FAIL: gfortran.dg/proc_ptr_comp_19.f90 -O0 execution test
FAIL: gfortran.dg/proc_ptr_comp_2.f90 -O0 execution test
FAIL: gfortran.dg/proc_ptr_comp_29.f90 -O0 execution test
FAIL: gfortran.dg/proc_ptr_comp_34.f90 -O0 execution test
FAIL: gfortran.dg/proc_ptr_comp_5.f90 -O0 execution test
FAIL: gfortran.dg/proc_ptr_comp_8.f90 -O0 execution test
FAIL: gfortran.dg/proc_ptr_comp_9.f90 -O0 execution test
FAIL: gfortran.dg/proc_ptr_comp_pass_3.f90 -O0 execution test
FAIL: gfortran.dg/proc_ptr_result_7.f90 -O0 execution test
FAIL: gfortran.dg/quad_2.f90 -O0 execution test
FAIL: gfortran.dg/quad_2.f90 -O1 execution test
FAIL: gfortran.dg/quad_2.f90 -O2 execution test
FAIL: gfortran.dg/quad_2.f90 -O3 -fomit-frame-pointer -funroll-loops
-fpeel-loops -ftracer -finline-functions execution test
FAIL: gfortran.dg/quad_2.f90 -O3 -g execution test
FAIL: gfortran.dg/quad_2.f90 -Os execution test
FAIL: gfortran.dg/quad_3.f90 -O0 execution test
FAIL: gfortran.dg/quad_3.f90 -O1 execution test
FAIL: gfortran.dg/quad_3.f90 -O2 execution test
FAIL: gfortran.dg/quad_3.f90 -O3 -fomit-frame-pointer -funroll-loops
-fpeel-loops -ftracer -finline-functions execution test
FAIL: gfortran.dg/quad_3.f90 -O3 -g execution test
FAIL: gfortran.dg/quad_3.f90 -Os execution test
FAIL: gfortran.dg/read_2.f90 -O0 execution test
FAIL: gfortran.dg/read_2.f90 -O1 execution test
FAIL: gfortran.dg/read_2.f90 -O2 execution test
FAIL: gfortran.dg/read_2.f90 -O3 -fomit-frame-pointer -funroll-loops
-fpeel-loops -ftracer -finline-functions execution test
FAIL: gfortran.dg/read_2.f90 -O3 -g execution test
FAIL: gfortran.dg/read_2.f90 -Os execution test
FAIL: gfortran.dg/read_eof_5.f90 -O0 execution test
FAIL: gfortran.dg/read_eof_5.f90 -O1 execution test
FAIL: gfortran.dg/read_eof_5.f90 -O2 execution test
FAIL: gfortran.dg/read_eof_5.f90 -O3 -fomit-frame-pointer
-funroll-loops -fpeel-loops -ftracer -finline-functions execution test
FAIL: gfortran.dg/read_eof_5.f90 -O3 -g execution test
FAIL: gfortran.dg/read_eof_5.f90 -Os execution test
FAIL: gfortran.dg/read_eof_7.f90 -O0 execution test
FAIL: gfortran.dg/read_eof_7.f90 -O1 execution test
FAIL: gfortran.dg/read_eof_7.f90 -O2 execution test
FAIL: gfortran.dg/read_eof_7.f90 -O3 -fomit-frame-pointer
-funroll-loops -fpeel-loops -ftracer -finline-functions execution test
FAIL: gfortran.dg/read_eof_7.f90 -O3 -g execution test
FAIL: gfortran.dg/read_eof_7.f90 -Os execution test
FAIL: gfortran.dg/read_eof_all.f90 -O0 execution test
FAIL: gfortran.dg/read_eof_all.f90 -O1 execution test
FAIL: gfortran.dg/read_eof_all.f90 -O2 execution test
FAIL: gfortran.dg/read_eof_all.f90 -O3 -fomit-frame-pointer
-funroll-loops -fpeel-loops -ftracer -finline-functions execution test
FAIL: gfortran.dg/read_eof_all.f90 -O3 -g execution test
FAIL: gfortran.dg/read_eof_all.f90 -Os execution test
FAIL: gfortran.dg/read_eor.f90 -O0 execution test
FAIL: gfortran.dg/read_eor.f90 -O1 execution test
FAIL: gfortran.dg/read_eor.f90 -O2 execution test
FAIL: gfortran.dg/read_eor.f90 -O3 -fomit-frame-pointer -funroll-loops
-fpeel-loops -ftracer -finline-functions execution test
FAIL: gfortran.dg/read_eor.f90 -O3 -g execution test
FAIL: gfortran.dg/read_eor.f90 -Os execution test
FAIL: gfortran.dg/read_float_1.f90 -O0 execution test
FAIL: gfortran.dg/read_float_1.f90 -O1 execution test
FAIL: gfortran.dg/read_float_1.f90 -O2 execution test
FAIL: gfortran.dg/read_float_1.f90 -O3 -fomit-frame-pointer
-funroll-loops -fpeel-loops -ftracer -finline-functions execution test
FAIL: gfortran.dg/read_float_1.f90 -O3 -g execution test
FAIL: gfortran.dg/read_float_1.f90 -Os execution test
FAIL: gfortran.dg/read_float_2.f03 -O0 execution test
FAIL: gfortran.dg/read_float_2.f03 -O1 execution test
FAIL: gfortran.dg/read_float_2.f03 -O2 execution test
FAIL: gfortran.dg/read_float_2.f03 -O3 -fomit-frame-pointer
-funroll-loops -fpeel-loops -ftracer -finline-functions execution test
FAIL: gfortran.dg/read_float_2.f03 -O3 -g execution test
FAIL: gfortran.dg/read_float_2.f03 -Os execution test
FAIL: gfortran.dg/read_float_3.f90 -O0 execution test
FAIL: gfortran.dg/read_float_3.f90 -O1 execution test
FAIL: gfortran.dg/read_float_3.f90 -O2 execution test
FAIL: gfortran.dg/read_float_3.f90 -O3 -fomit-frame-pointer
-funroll-loops -fpeel-loops -ftracer -finline-functions execution test
FAIL: gfortran.dg/read_float_3.f90 -O3 -g execution test
FAIL: gfortran.dg/read_float_3.f90 -Os execution test
FAIL: gfortran.dg/read_float_4.f90 -O0 execution test
FAIL: gfortran.dg/read_float_4.f90 -O1 execution test
FAIL: gfortran.dg/read_float_4.f90 -O2 execution test
FAIL: gfortran.dg/read_float_4.f90 -O3 -fomit-frame-pointer
-funroll-loops -fpeel-loops -ftracer -finline-functions execution test
FAIL: gfortran.dg/read_float_4.f90 -O3 -g execution test
FAIL: gfortran.dg/read_float_4.f90 -Os execution test
FAIL: gfortran.dg/read_infnan_1.f90 -O0 execution test
FAIL: gfortran.dg/read_infnan_1.f90 -O1 execution test
FAIL: gfortran.dg/read_infnan_1.f90 -O2 execution test
FAIL: gfortran.dg/read_infnan_1.f90 -O3 -fomit-frame-pointer
-funroll-loops -fpeel-loops -ftracer -finline-functions execution test
FAIL: gfortran.dg/read_infnan_1.f90 -O3 -g execution test
FAIL: gfortran.dg/read_infnan_1.f90 -Os execution test
FAIL: gfortran.dg/read_logical.f90 -O0 execution test
FAIL: gfortran.dg/read_logical.f90 -O1 execution test
FAIL: gfortran.dg/read_logical.f90 -O2 execution test
FAIL: gfortran.dg/read_logical.f90 -O3 -fomit-frame-pointer
-funroll-loops -fpeel-loops -ftracer -finline-functions execution test
FAIL: gfortran.dg/read_logical.f90 -O3 -g execution test
FAIL: gfortran.dg/read_logical.f90 -Os execution test
FAIL: gfortran.dg/real_const_3.f90 -O0 execution test
FAIL: gfortran.dg/real_const_3.f90 -O1 execution test
FAIL: gfortran.dg/real_const_3.f90 -O2 execution test
FAIL: gfortran.dg/real_const_3.f90 -O3 -fomit-frame-pointer
-funroll-loops -fpeel-loops -ftracer -finline-functions execution test
FAIL: gfortran.dg/real_const_3.f90 -O3 -g execution test
FAIL: gfortran.dg/real_const_3.f90 -Os execution test
FAIL: gfortran.dg/repeat_1.f90 -O0 output pattern test, is
FAIL: gfortran.dg/repeat_1.f90 -O1 output pattern test, is
FAIL: gfortran.dg/repeat_1.f90 -O2 output pattern test, is
FAIL: gfortran.dg/repeat_1.f90 -O3 -fomit-frame-pointer -funroll-loops
-fpeel-loops -ftracer -finline-functions output pattern test, is
FAIL: gfortran.dg/repeat_1.f90 -O3 -g output pattern test, is
FAIL: gfortran.dg/repeat_1.f90 -Os output pattern test, is
FAIL: gfortran.dg/reshape.f90 -O0 execution test
FAIL: gfortran.dg/reshape.f90 -O1 execution test
FAIL: gfortran.dg/reshape.f90 -O2 execution test
FAIL: gfortran.dg/reshape.f90 -O3 -fomit-frame-pointer -funroll-loops
-fpeel-loops -ftracer -finline-functions execution test
FAIL: gfortran.dg/reshape.f90 -O3 -g execution test
FAIL: gfortran.dg/reshape.f90 -Os execution test
FAIL: gfortran.dg/reshape_3.f90 -O2 execution test
FAIL: gfortran.dg/reshape_3.f90 -O3 -fomit-frame-pointer
-funroll-loops -fpeel-loops -ftracer -finline-functions execution test
FAIL: gfortran.dg/reshape_3.f90 -O3 -g execution test
FAIL: gfortran.dg/reshape_3.f90 -Os execution test
FAIL: gfortran.dg/reshape_order_1.f90 -O0 output pattern test, is At
line 13 of file gfortran.dg/reshape_order_1.f90
FAIL: gfortran.dg/reshape_order_1.f90 -O1 output pattern test, is At
line 13 of file gfortran.dg/reshape_order_1.f90
FAIL: gfortran.dg/reshape_order_1.f90 -O2 output pattern test, is At
line 13 of file gfortran.dg/reshape_order_1.f90
FAIL: gfortran.dg/reshape_order_1.f90 -O3 -fomit-frame-pointer
-funroll-loops -fpeel-loops -ftracer -finline-functions output pattern
test, is At line 13 of file gfortran.dg/reshape_order_1.f90
FAIL: gfortran.dg/reshape_order_1.f90 -O3 -g output pattern test, is
At line 13 of file gfortran.dg/reshape_order_1.f90
FAIL: gfortran.dg/reshape_order_1.f90 -Os output pattern test, is At
line 13 of file gfortran.dg/reshape_order_1.f90
FAIL: gfortran.dg/reshape_order_2.f90 -O0 output pattern test, is At
line 13 of file gfortran.dg/reshape_order_2.f90
FAIL: gfortran.dg/reshape_order_2.f90 -O1 output pattern test, is At
line 13 of file gfortran.dg/reshape_order_2.f90
FAIL: gfortran.dg/reshape_order_2.f90 -O2 output pattern test, is At
line 13 of file gfortran.dg/reshape_order_2.f90
FAIL: gfortran.dg/reshape_order_2.f90 -O3 -fomit-frame-pointer
-funroll-loops -fpeel-loops -ftracer -finline-functions output pattern
test, is At line 13 of file gfortran.dg/reshape_order_2.f90
FAIL: gfortran.dg/reshape_order_2.f90 -O3 -g output pattern test, is
At line 13 of file gfortran.dg/reshape_order_2.f90
FAIL: gfortran.dg/reshape_order_2.f90 -Os output pattern test, is At
line 13 of file gfortran.dg/reshape_order_2.f90
FAIL: gfortran.dg/reshape_order_3.f90 -O0 output pattern test, is At
line 13 of file gfortran.dg/reshape_order_3.f90
FAIL: gfortran.dg/reshape_order_3.f90 -O1 output pattern test, is At
line 13 of file gfortran.dg/reshape_order_3.f90
FAIL: gfortran.dg/reshape_order_3.f90 -O2 output pattern test, is At
line 13 of file gfortran.dg/reshape_order_3.f90
FAIL: gfortran.dg/reshape_order_3.f90 -O3 -fomit-frame-pointer
-funroll-loops -fpeel-loops -ftracer -finline-functions output pattern
test, is At line 13 of file gfortran.dg/reshape_order_3.f90
FAIL: gfortran.dg/reshape_order_3.f90 -O3 -g output pattern test, is
At line 13 of file gfortran.dg/reshape_order_3.f90
FAIL: gfortran.dg/reshape_order_3.f90 -Os output pattern test, is At
line 13 of file gfortran.dg/reshape_order_3.f90
FAIL: gfortran.dg/reshape_order_4.f90 -O0 output pattern test, is At
line 13 of file gfortran.dg/reshape_order_4.f90
FAIL: gfortran.dg/reshape_order_4.f90 -O1 output pattern test, is At
line 13 of file gfortran.dg/reshape_order_4.f90
FAIL: gfortran.dg/reshape_order_4.f90 -O2 output pattern test, is At
line 13 of file gfortran.dg/reshape_order_4.f90
FAIL: gfortran.dg/reshape_order_4.f90 -O3 -fomit-frame-pointer
-funroll-loops -fpeel-loops -ftracer -finline-functions output pattern
test, is At line 13 of file gfortran.dg/reshape_order_4.f90
FAIL: gfortran.dg/reshape_order_4.f90 -O3 -g output pattern test, is
At line 13 of file gfortran.dg/reshape_order_4.f90
FAIL: gfortran.dg/reshape_order_4.f90 -Os output pattern test, is At
line 13 of file gfortran.dg/reshape_order_4.f90
FAIL: gfortran.dg/reshape_pad_1.f90 -O0 execution test
FAIL: gfortran.dg/reshape_pad_1.f90 -O1 execution test
FAIL: gfortran.dg/reshape_pad_1.f90 -O2 execution test
FAIL: gfortran.dg/reshape_pad_1.f90 -O3 -fomit-frame-pointer
-funroll-loops -fpeel-loops -ftracer -finline-functions execution test
FAIL: gfortran.dg/reshape_pad_1.f90 -O3 -g execution test
FAIL: gfortran.dg/reshape_pad_1.f90 -Os execution test
FAIL: gfortran.dg/reshape_transpose_1.f90 -O0 execution test
FAIL: gfortran.dg/reshape_transpose_1.f90 -O1 execution test
FAIL: gfortran.dg/reshape_zerosize_3.f90 -O0 execution test
FAIL: gfortran.dg/reshape_zerosize_3.f90 -O1 execution test
FAIL: gfortran.dg/reshape_zerosize_3.f90 -O2 execution test
FAIL: gfortran.dg/reshape_zerosize_3.f90 -O3 -fomit-frame-pointer
-funroll-loops -fpeel-loops -ftracer -finline-functions execution test
FAIL: gfortran.dg/reshape_zerosize_3.f90 -O3 -g execution test
FAIL: gfortran.dg/reshape_zerosize_3.f90 -Os execution test
FAIL: gfortran.dg/round_1.f03 -O0 execution test
FAIL: gfortran.dg/round_1.f03 -O1 execution test
FAIL: gfortran.dg/round_1.f03 -O2 execution test
FAIL: gfortran.dg/round_1.f03 -O3 -fomit-frame-pointer -funroll-loops
-fpeel-loops -ftracer -finline-functions execution test
FAIL: gfortran.dg/round_1.f03 -O3 -g execution test
FAIL: gfortran.dg/round_1.f03 -Os execution test
FAIL: gfortran.dg/round_2.f03 -O0 execution test
FAIL: gfortran.dg/round_2.f03 -O1 execution test
FAIL: gfortran.dg/round_2.f03 -O2 execution test
FAIL: gfortran.dg/round_2.f03 -O3 -fomit-frame-pointer -funroll-loops
-fpeel-loops -ftracer -finline-functions execution test
FAIL: gfortran.dg/round_2.f03 -O3 -g execution test
FAIL: gfortran.dg/round_2.f03 -Os execution test
FAIL: gfortran.dg/round_3.f08 -O0 execution test
FAIL: gfortran.dg/round_3.f08 -O1 execution test
FAIL: gfortran.dg/round_3.f08 -O2 execution test
FAIL: gfortran.dg/round_3.f08 -O3 -fomit-frame-pointer -funroll-loops
-fpeel-loops -ftracer -finline-functions execution test
FAIL: gfortran.dg/round_3.f08 -O3 -g execution test
FAIL: gfortran.dg/round_3.f08 -Os execution test
FAIL: gfortran.dg/round_4.f90 -O0 execution test
FAIL: gfortran.dg/round_4.f90 -O1 execution test
FAIL: gfortran.dg/round_4.f90 -O2 execution test
FAIL: gfortran.dg/round_4.f90 -O3 -fomit-frame-pointer -funroll-loops
-fpeel-loops -ftracer -finline-functions execution test
FAIL: gfortran.dg/round_4.f90 -O3 -g execution test
FAIL: gfortran.dg/round_4.f90 -Os execution test
FAIL: gfortran.dg/shift-alloc.f90 -O2 execution test
FAIL: gfortran.dg/shift-alloc.f90 -O3 -fomit-frame-pointer
-funroll-loops -fpeel-loops -ftracer -finline-functions execution test
FAIL: gfortran.dg/shift-alloc.f90 -O3 -g execution test
FAIL: gfortran.dg/shift-alloc.f90 -Os execution test
FAIL: gfortran.dg/spread_scalar_source.f90 -O0 execution test
FAIL: gfortran.dg/spread_scalar_source.f90 -O1 execution test
FAIL: gfortran.dg/spread_scalar_source.f90 -O2 execution test
FAIL: gfortran.dg/spread_scalar_source.f90 -O3 -fomit-frame-pointer
-funroll-loops -fpeel-loops -ftracer -finline-functions execution test
FAIL: gfortran.dg/spread_scalar_source.f90 -O3 -g execution test
FAIL: gfortran.dg/spread_scalar_source.f90 -Os execution test
FAIL: gfortran.dg/string_length_2.f90 -O0 execution test
FAIL: gfortran.dg/string_length_2.f90 -O1 execution test
FAIL: gfortran.dg/string_length_2.f90 -O2 execution test
FAIL: gfortran.dg/string_length_2.f90 -O3 -fomit-frame-pointer
-funroll-loops -fpeel-loops -ftracer -finline-functions execution test
FAIL: gfortran.dg/string_length_2.f90 -O3 -g execution test
FAIL: gfortran.dg/string_length_2.f90 -Os execution test
FAIL: gfortran.dg/string_pad_trunc.f90 -O0 execution test
FAIL: gfortran.dg/string_pad_trunc.f90 -O1 execution test
FAIL: gfortran.dg/string_pad_trunc.f90 -O2 execution test
FAIL: gfortran.dg/string_pad_trunc.f90 -O3 -fomit-frame-pointer
-funroll-loops -fpeel-loops -ftracer -finline-functions execution test
FAIL: gfortran.dg/string_pad_trunc.f90 -O3 -g execution test
FAIL: gfortran.dg/string_pad_trunc.f90 -Os execution test
FAIL: gfortran.dg/structure_constructor_11.f90 -O0 execution test
FAIL: gfortran.dg/structure_constructor_11.f90 -O1 execution test
FAIL: gfortran.dg/structure_constructor_11.f90 -O2 execution test
FAIL: gfortran.dg/structure_constructor_11.f90 -O3
-fomit-frame-pointer -funroll-loops -fpeel-loops -ftracer
-finline-functions execution test
FAIL: gfortran.dg/structure_constructor_11.f90 -O3 -g execution test
FAIL: gfortran.dg/structure_constructor_11.f90 -Os execution test
FAIL: gfortran.dg/substr_4.f -O0 execution test
FAIL: gfortran.dg/substr_4.f -O1 execution test
FAIL: gfortran.dg/substr_4.f -O2 execution test
FAIL: gfortran.dg/substr_4.f -O3 -fomit-frame-pointer -funroll-loops
-fpeel-loops -ftracer -finline-functions execution test
FAIL: gfortran.dg/substr_4.f -O3 -g execution test
FAIL: gfortran.dg/substr_4.f -Os execution test
FAIL: gfortran.dg/sum_zero_array_1.f90 -O0 execution test
FAIL: gfortran.dg/sum_zero_array_1.f90 -O1 execution test
FAIL: gfortran.dg/sum_zero_array_1.f90 -O2 execution test
FAIL: gfortran.dg/sum_zero_array_1.f90 -O3 -fomit-frame-pointer
-funroll-loops -fpeel-loops -ftracer -finline-functions execution test
FAIL: gfortran.dg/sum_zero_array_1.f90 -O3 -g execution test
FAIL: gfortran.dg/sum_zero_array_1.f90 -Os execution test
FAIL: gfortran.dg/t_editing.f -O0 execution test
FAIL: gfortran.dg/t_editing.f -O1 execution test
FAIL: gfortran.dg/t_editing.f -O2 execution test
FAIL: gfortran.dg/t_editing.f -O3 -fomit-frame-pointer -funroll-loops
-fpeel-loops -ftracer -finline-functions execution test
FAIL: gfortran.dg/t_editing.f -O3 -g execution test
FAIL: gfortran.dg/t_editing.f -Os execution test
FAIL: gfortran.dg/tl_editing.f90 -O0 execution test
FAIL: gfortran.dg/tl_editing.f90 -O1 execution test
FAIL: gfortran.dg/tl_editing.f90 -O2 execution test
FAIL: gfortran.dg/tl_editing.f90 -O3 -fomit-frame-pointer
-funroll-loops -fpeel-loops -ftracer -finline-functions execution test
FAIL: gfortran.dg/tl_editing.f90 -O3 -g execution test
FAIL: gfortran.dg/tl_editing.f90 -Os execution test
FAIL: gfortran.dg/transfer_simplify_1.f90 -O0 execution test
FAIL: gfortran.dg/transfer_simplify_1.f90 -O1 execution test
FAIL: gfortran.dg/transfer_simplify_1.f90 -O2 execution test
FAIL: gfortran.dg/transfer_simplify_1.f90 -O3 -fomit-frame-pointer
-funroll-loops -fpeel-loops -ftracer -finline-functions execution test
FAIL: gfortran.dg/transfer_simplify_1.f90 -O3 -g execution test
FAIL: gfortran.dg/transfer_simplify_1.f90 -Os execution test
FAIL: gfortran.dg/transpose_2.f90 -O0 output pattern test, is At line
11 of file gfortran.dg/transpose_2.f90
FAIL: gfortran.dg/transpose_2.f90 -O1 output pattern test, is At line
11 of file gfortran.dg/transpose_2.f90
FAIL: gfortran.dg/transpose_2.f90 -O2 output pattern test, is At line
11 of file gfortran.dg/transpose_2.f90
FAIL: gfortran.dg/transpose_2.f90 -O3 -fomit-frame-pointer
-funroll-loops -fpeel-loops -ftracer -finline-functions output pattern
test, is At line 11 of file gfortran.dg/transpose_2.f90
FAIL: gfortran.dg/transpose_2.f90 -O3 -g output pattern test, is At
line 11 of file gfortran.dg/transpose_2.f90
FAIL: gfortran.dg/transpose_2.f90 -Os output pattern test, is At line
11 of file gfortran.dg/transpose_2.f90
FAIL: gfortran.dg/trim_optimize_5.f90 -O0 execution test
FAIL: gfortran.dg/trim_optimize_5.f90 -O1 execution test
FAIL: gfortran.dg/trim_optimize_5.f90 -O2 execution test
FAIL: gfortran.dg/trim_optimize_5.f90 -O3 -fomit-frame-pointer
-funroll-loops -fpeel-loops -ftracer -finline-functions execution test
FAIL: gfortran.dg/trim_optimize_5.f90 -O3 -g execution test
FAIL: gfortran.dg/trim_optimize_5.f90 -Os execution test
FAIL: gfortran.dg/trim_optimize_6.f90 -O1 execution test
FAIL: gfortran.dg/trim_optimize_6.f90 -O2 execution test
FAIL: gfortran.dg/trim_optimize_6.f90 -O3 -fomit-frame-pointer
-funroll-loops -fpeel-loops -ftracer -finline-functions execution test
FAIL: gfortran.dg/trim_optimize_6.f90 -O3 -g execution test
FAIL: gfortran.dg/trim_optimize_6.f90 -Os execution test
FAIL: gfortran.dg/unlimited_fmt_1.f08 -O0 execution test
FAIL: gfortran.dg/unlimited_fmt_1.f08 -O1 execution test
FAIL: gfortran.dg/unlimited_fmt_1.f08 -O2 execution test
FAIL: gfortran.dg/unlimited_fmt_1.f08 -O3 -fomit-frame-pointer
-funroll-loops -fpeel-loops -ftracer -finline-functions execution test
FAIL: gfortran.dg/unlimited_fmt_1.f08 -O3 -g execution test
FAIL: gfortran.dg/unlimited_fmt_1.f08 -Os execution test
FAIL: gfortran.dg/unlimited_polymorphic_1.f03 -O0 execution test
FAIL: gfortran.dg/unlimited_polymorphic_1.f03 -O1 execution test
FAIL: gfortran.dg/unlimited_polymorphic_1.f03 -O2 execution test
FAIL: gfortran.dg/unlimited_polymorphic_1.f03 -O3 -fomit-frame-pointer
-funroll-loops -fpeel-loops -ftracer -finline-functions execution test
FAIL: gfortran.dg/unlimited_polymorphic_1.f03 -O3 -g execution test
FAIL: gfortran.dg/unlimited_polymorphic_1.f03 -Os execution test
FAIL: gfortran.dg/unlimited_polymorphic_19.f90 -O0 execution test
FAIL: gfortran.dg/unlimited_polymorphic_20.f90 -O0 execution test
FAIL: gfortran.dg/unlimited_polymorphic_20.f90 -O1 execution test
FAIL: gfortran.dg/unlimited_polymorphic_20.f90 -O2 execution test
FAIL: gfortran.dg/unlimited_polymorphic_20.f90 -O3
-fomit-frame-pointer -funroll-loops -fpeel-loops -ftracer
-finline-functions execution test
FAIL: gfortran.dg/unlimited_polymorphic_20.f90 -O3 -g execution test
FAIL: gfortran.dg/unlimited_polymorphic_20.f90 -Os execution test
FAIL: gfortran.dg/unlimited_polymorphic_24.f03 -O0 execution test
FAIL: gfortran.dg/unlimited_polymorphic_24.f03 -O1 execution test
FAIL: gfortran.dg/unlimited_polymorphic_24.f03 -O2 execution test
FAIL: gfortran.dg/unlimited_polymorphic_24.f03 -O3
-fomit-frame-pointer -funroll-loops -fpeel-loops -ftracer
-finline-functions execution test
FAIL: gfortran.dg/unlimited_polymorphic_24.f03 -O3 -g execution test
FAIL: gfortran.dg/unlimited_polymorphic_24.f03 -Os execution test
FAIL: gfortran.dg/unpack_mask_1.f90 -O2 execution test
FAIL: gfortran.dg/unpack_mask_1.f90 -O3 -fomit-frame-pointer
-funroll-loops -fpeel-loops -ftracer -finline-functions execution test
FAIL: gfortran.dg/unpack_mask_1.f90 -O3 -g execution test
FAIL: gfortran.dg/unpack_mask_1.f90 -Os execution test
FAIL: gfortran.dg/widechar_IO_1.f90 -O0 execution test
FAIL: gfortran.dg/widechar_IO_1.f90 -O1 execution test
FAIL: gfortran.dg/widechar_IO_1.f90 -O2 execution test
FAIL: gfortran.dg/widechar_IO_1.f90 -O3 -fomit-frame-pointer
-funroll-loops -fpeel-loops -ftracer -finline-functions execution test
FAIL: gfortran.dg/widechar_IO_1.f90 -O3 -g execution test
FAIL: gfortran.dg/widechar_IO_1.f90 -Os execution test
FAIL: gfortran.dg/widechar_IO_2.f90 -O1 execution test
FAIL: gfortran.dg/widechar_IO_2.f90 -O2 execution test
FAIL: gfortran.dg/widechar_IO_2.f90 -O3 -fomit-frame-pointer
-funroll-loops -fpeel-loops -ftracer -finline-functions execution test
FAIL: gfortran.dg/widechar_IO_2.f90 -O3 -g execution test
FAIL: gfortran.dg/widechar_IO_2.f90 -Os execution test
FAIL: gfortran.dg/widechar_IO_4.f90 -O0 execution test
FAIL: gfortran.dg/widechar_IO_4.f90 -O1 execution test
FAIL: gfortran.dg/widechar_IO_4.f90 -O2 execution test
FAIL: gfortran.dg/widechar_IO_4.f90 -O3 -fomit-frame-pointer
-funroll-loops -fpeel-loops -ftracer -finline-functions execution test
FAIL: gfortran.dg/widechar_IO_4.f90 -O3 -g execution test
FAIL: gfortran.dg/widechar_IO_4.f90 -Os execution test
FAIL: gfortran.dg/write_0_pe_format.f90 -O1 execution test
FAIL: gfortran.dg/write_0_pe_format.f90 -O2 execution test
FAIL: gfortran.dg/write_0_pe_format.f90 -O3 -fomit-frame-pointer
-funroll-loops -fpeel-loops -ftracer -finline-functions execution test
FAIL: gfortran.dg/write_0_pe_format.f90 -O3 -g execution test
FAIL: gfortran.dg/write_0_pe_format.f90 -Os execution test
FAIL: gfortran.dg/write_padding.f90 -O0 execution test
FAIL: gfortran.dg/write_padding.f90 -O1 execution test
FAIL: gfortran.dg/write_padding.f90 -O2 execution test
FAIL: gfortran.dg/write_padding.f90 -O3 -fomit-frame-pointer
-funroll-loops -fpeel-loops -ftracer -finline-functions execution test
FAIL: gfortran.dg/write_padding.f90 -O3 -g execution test
FAIL: gfortran.dg/write_padding.f90 -Os execution test
FAIL: gfortran.dg/write_recursive.f90 -O0 execution test
FAIL: gfortran.dg/write_recursive.f90 -O1 execution test
FAIL: gfortran.dg/write_recursive.f90 -O2 execution test
FAIL: gfortran.dg/write_recursive.f90 -O3 -fomit-frame-pointer
-funroll-loops -fpeel-loops -ftracer -finline-functions execution test
FAIL: gfortran.dg/write_recursive.f90 -O3 -g execution test
FAIL: gfortran.dg/write_recursive.f90 -Os execution test
FAIL: gfortran.dg/write_zero_array.f90 -O0 execution test
FAIL: gfortran.dg/write_zero_array.f90 -O1 execution test
FAIL: gfortran.dg/write_zero_array.f90 -O2 execution test
FAIL: gfortran.dg/write_zero_array.f90 -O3 -fomit-frame-pointer
-funroll-loops -fpeel-loops -ftracer -finline-functions execution test
FAIL: gfortran.dg/write_zero_array.f90 -O3 -g execution test
FAIL: gfortran.dg/write_zero_array.f90 -Os execution test
FAIL: gfortran.dg/zero_length_1.f90 -O0 execution test
FAIL: gfortran.dg/zero_length_1.f90 -O1 execution test
FAIL: gfortran.dg/zero_length_1.f90 -O2 execution test
FAIL: gfortran.dg/zero_length_1.f90 -O3 -fomit-frame-pointer
-funroll-loops -fpeel-loops -ftracer -finline-functions execution test
FAIL: gfortran.dg/zero_length_1.f90 -O3 -g execution test
FAIL: gfortran.dg/zero_length_1.f90 -Os execution test
FAIL: gfortran.dg/g77/1832.f -O1 execution test
FAIL: gfortran.dg/g77/1832.f -O2 execution test
FAIL: gfortran.dg/g77/1832.f -O3 -fomit-frame-pointer -funroll-loops
-fpeel-loops -ftracer -finline-functions execution test
FAIL: gfortran.dg/g77/1832.f -O3 -g execution test
FAIL: gfortran.dg/g77/1832.f -Os execution test
FAIL: gfortran.dg/g77/7388.f -O0 execution test
FAIL: gfortran.dg/g77/7388.f -O1 execution test
FAIL: gfortran.dg/g77/7388.f -O2 execution test
FAIL: gfortran.dg/g77/7388.f -O3 -fomit-frame-pointer -funroll-loops
-fpeel-loops -ftracer -finline-functions execution test
FAIL: gfortran.dg/g77/7388.f -O3 -g execution test
FAIL: gfortran.dg/g77/7388.f -Os execution test
FAIL: gfortran.dg/g77/cpp4.F -O0 execution test
FAIL: gfortran.dg/g77/cpp4.F -O1 execution test
FAIL: gfortran.dg/g77/cpp4.F -O2 execution test
FAIL: gfortran.dg/g77/cpp4.F -O3 -fomit-frame-pointer -funroll-loops
-fpeel-loops -ftracer -finline-functions execution test
FAIL: gfortran.dg/g77/cpp4.F -O3 -g execution test
FAIL: gfortran.dg/g77/cpp4.F -Os execution test
FAIL: gfortran.dg/g77/f77-edit-i-in.f -O2 execution test
FAIL: gfortran.dg/g77/f77-edit-i-in.f -O3 -fomit-frame-pointer
-funroll-loops -fpeel-loops -ftracer -finline-functions execution test
FAIL: gfortran.dg/g77/f77-edit-i-in.f -O3 -g execution test
FAIL: gfortran.dg/g77/f77-edit-i-in.f -Os execution test
FAIL: gfortran.dg/g77/f77-edit-t-in.f -O0 execution test
FAIL: gfortran.dg/g77/f77-edit-t-in.f -O1 execution test
FAIL: gfortran.dg/g77/f77-edit-t-in.f -O2 execution test
FAIL: gfortran.dg/g77/f77-edit-t-in.f -O3 -fomit-frame-pointer
-funroll-loops -fpeel-loops -ftracer -finline-functions execution test
FAIL: gfortran.dg/g77/f77-edit-t-in.f -O3 -g execution test
FAIL: gfortran.dg/g77/f77-edit-t-in.f -Os execution test
FAIL: gfortran.dg/ieee/ieee_1.F90 -O0 execution test
FAIL: gfortran.dg/ieee/ieee_1.F90 -O1 execution test
FAIL: gfortran.dg/ieee/ieee_1.F90 -O2 execution test
FAIL: gfortran.dg/ieee/ieee_1.F90 -O3 -fomit-frame-pointer
-funroll-loops -fpeel-loops -ftracer -finline-functions execution test
FAIL: gfortran.dg/ieee/ieee_1.F90 -O3 -g execution test
FAIL: gfortran.dg/ieee/ieee_1.F90 -Os execution test
FAIL: gfortran.dg/ieee/large_3.F90 -O0 execution test
FAIL: gfortran.dg/ieee/large_3.F90 -O1 execution test
FAIL: gfortran.dg/ieee/large_3.F90 -O2 execution test
FAIL: gfortran.dg/ieee/large_3.F90 -O3 -fomit-frame-pointer
-funroll-loops -fpeel-loops -ftracer -finline-functions execution test
FAIL: gfortran.dg/ieee/large_3.F90 -O3 -g execution test
FAIL: gfortran.dg/ieee/large_3.F90 -Os execution test
FAIL: gfortran.fortran-torture/execute/a_edit_1.f90 execution, -O0
FAIL: gfortran.fortran-torture/execute/a_edit_1.f90 execution, -O1
FAIL: gfortran.fortran-torture/execute/a_edit_1.f90 execution, -O2
FAIL: gfortran.fortran-torture/execute/a_edit_1.f90 execution, -O2
-fomit-frame-pointer -finline-functions
FAIL: gfortran.fortran-torture/execute/a_edit_1.f90 execution, -O2
-fomit-frame-pointer -finline-functions -funroll-loops
FAIL: gfortran.fortran-torture/execute/a_edit_1.f90 execution, -O2
-fbounds-check
FAIL: gfortran.fortran-torture/execute/a_edit_1.f90 execution, -O3 -g
FAIL: gfortran.fortran-torture/execute/a_edit_1.f90 execution, -Os
FAIL: gfortran.fortran-torture/execute/a_edit_1.f90 execution, -O2
-ftree-vectorize -msse2
WARNING: program timed out.
FAIL: gfortran.fortran-torture/execute/der_io.f90 execution, -O0
FAIL: gfortran.fortran-torture/execute/der_io.f90 execution, -O1
FAIL: gfortran.fortran-torture/execute/der_io.f90 execution, -O2
FAIL: gfortran.fortran-torture/execute/der_io.f90 execution, -O2
-fomit-frame-pointer -finline-functions
FAIL: gfortran.fortran-torture/execute/der_io.f90 execution, -O2
-fomit-frame-pointer -finline-functions -funroll-loops
FAIL: gfortran.fortran-torture/execute/der_io.f90 execution, -O2
-fbounds-check
FAIL: gfortran.fortran-torture/execute/der_io.f90 execution, -O3 -g
FAIL: gfortran.fortran-torture/execute/der_io.f90 execution, -Os
FAIL: gfortran.fortran-torture/execute/der_io.f90 execution, -O2
-ftree-vectorize -msse2
FAIL: gfortran.fortran-torture/execute/empty_format.f90 execution, -O0
FAIL: gfortran.fortran-torture/execute/empty_format.f90 execution, -O1
FAIL: gfortran.fortran-torture/execute/empty_format.f90 execution, -O2
FAIL: gfortran.fortran-torture/execute/empty_format.f90 execution, -O2
-fomit-frame-pointer -finline-functions
FAIL: gfortran.fortran-torture/execute/empty_format.f90 execution, -O2
-fomit-frame-pointer -finline-functions -funroll-loops
FAIL: gfortran.fortran-torture/execute/empty_format.f90 execution, -O2
-fbounds-check
FAIL: gfortran.fortran-torture/execute/empty_format.f90 execution, -O3 -g
FAIL: gfortran.fortran-torture/execute/empty_format.f90 execution, -Os
FAIL: gfortran.fortran-torture/execute/empty_format.f90 execution, -O2
-ftree-vectorize -msse2
FAIL: gfortran.fortran-torture/execute/f2_edit_1.f90 execution, -O2
FAIL: gfortran.fortran-torture/execute/f2_edit_1.f90 execution, -O2
-fomit-frame-pointer -finline-functions
FAIL: gfortran.fortran-torture/execute/f2_edit_1.f90 execution, -O2
-fomit-frame-pointer -finline-functions -funroll-loops
FAIL: gfortran.fortran-torture/execute/f2_edit_1.f90 execution, -O2
-fbounds-check
FAIL: gfortran.fortran-torture/execute/f2_edit_1.f90 execution, -O3 -g
FAIL: gfortran.fortran-torture/execute/f2_edit_1.f90 execution, -Os
FAIL: gfortran.fortran-torture/execute/f2_edit_1.f90 execution, -O2
-ftree-vectorize -msse2
FAIL: gfortran.fortran-torture/execute/internal_write.f90 execution, -O0
FAIL: gfortran.fortran-torture/execute/internal_write.f90 execution, -O1
FAIL: gfortran.fortran-torture/execute/internal_write.f90 execution, -O2
FAIL: gfortran.fortran-torture/execute/internal_write.f90 execution,
-O2 -fomit-frame-pointer -finline-functions
FAIL: gfortran.fortran-torture/execute/internal_write.f90 execution,
-O2 -fomit-frame-pointer -finline-functions -funroll-loops
FAIL: gfortran.fortran-torture/execute/internal_write.f90 execution,
-O2 -fbounds-check
FAIL: gfortran.fortran-torture/execute/internal_write.f90 execution,
-O3 -g
FAIL: gfortran.fortran-torture/execute/internal_write.f90 execution, -Os
FAIL: gfortran.fortran-torture/execute/internal_write.f90 execution, -O2
-ftree-vectorize -msse2
FAIL: gfortran.fortran-torture/execute/intrinsic_anyall.f90 execution, -Os
FAIL: gfortran.fortran-torture/execute/intrinsic_count.f90 execution, -O0
FAIL: gfortran.fortran-torture/execute/intrinsic_count.f90 execution, -O1
FAIL: gfortran.fortran-torture/execute/intrinsic_count.f90 execution, -O2
FAIL: gfortran.fortran-torture/execute/intrinsic_count.f90 execution,
-O2 -fomit-frame-pointer -finline-functions
FAIL: gfortran.fortran-torture/execute/intrinsic_count.f90 execution,
-O2 -fomit-frame-pointer -finline-functions -funroll-loops
FAIL: gfortran.fortran-torture/execute/intrinsic_count.f90 execution,
-O2 -fbounds-check
FAIL: gfortran.fortran-torture/execute/intrinsic_count.f90 execution,
-O3 -g
FAIL: gfortran.fortran-torture/execute/intrinsic_count.f90 execution, -Os
FAIL: gfortran.fortran-torture/execute/intrinsic_count.f90 execution,
-O2 -ftree-vectorize -msse2
FAIL: gfortran.fortran-torture/execute/intrinsic_mmloc.f90 execution, -O0
FAIL: gfortran.fortran-torture/execute/intrinsic_mmloc.f90 execution, -O1
FAIL: gfortran.fortran-torture/execute/intrinsic_mmloc.f90 execution, -O2
FAIL: gfortran.fortran-torture/execute/intrinsic_mmloc.f90 execution,
-O2 -fomit-frame-pointer -finline-functions
FAIL: gfortran.fortran-torture/execute/intrinsic_mmloc.f90 execution,
-O2 -fomit-frame-pointer -finline-functions -funroll-loops
FAIL: gfortran.fortran-torture/execute/intrinsic_mmloc.f90 execution,
-O2 -fbounds-check
FAIL: gfortran.fortran-torture/execute/intrinsic_mmloc.f90 execution,
-O3 -g
FAIL: gfortran.fortran-torture/execute/intrinsic_mmloc.f90 execution, -Os
FAIL: gfortran.fortran-torture/execute/intrinsic_mmloc.f90 execution,
-O2 -ftree-vectorize -msse2
FAIL: gfortran.fortran-torture/execute/intrinsic_mmval.f90 execution, -O0
FAIL: gfortran.fortran-torture/execute/intrinsic_mmval.f90 execution, -O1
FAIL: gfortran.fortran-torture/execute/intrinsic_mmval.f90 execution, -O2
FAIL: gfortran.fortran-torture/execute/intrinsic_mmval.f90 execution,
-O2 -fomit-frame-pointer -finline-functions
FAIL: gfortran.fortran-torture/execute/intrinsic_mmval.f90 execution,
-O2 -fomit-frame-pointer -finline-functions -funroll-loops
FAIL: gfortran.fortran-torture/execute/intrinsic_mmval.f90 execution,
-O2 -fbounds-check
FAIL: gfortran.fortran-torture/execute/intrinsic_mmval.f90 execution,
-O3 -g
FAIL: gfortran.fortran-torture/execute/intrinsic_mmval.f90 execution, -Os
FAIL: gfortran.fortran-torture/execute/intrinsic_mmval.f90 execution,
-O2 -ftree-vectorize -msse2
FAIL: gfortran.fortran-torture/execute/intrinsic_product.f90 execution,
-O0
FAIL: gfortran.fortran-torture/execute/intrinsic_product.f90 execution,
-O1
FAIL: gfortran.fortran-torture/execute/intrinsic_product.f90 execution,
-O2
FAIL: gfortran.fortran-torture/execute/intrinsic_product.f90 execution,
-O2 -fomit-frame-pointer -finline-functions
FAIL: gfortran.fortran-torture/execute/intrinsic_product.f90 execution,
-O2 -fomit-frame-pointer -finline-functions -funroll-loops
FAIL: gfortran.fortran-torture/execute/intrinsic_product.f90 execution,
-O2 -fbounds-check
FAIL: gfortran.fortran-torture/execute/intrinsic_product.f90 execution,
-O3 -g
FAIL: gfortran.fortran-torture/execute/intrinsic_product.f90 execution,
-Os
FAIL: gfortran.fortran-torture/execute/intrinsic_product.f90 execution,
-O2 -ftree-vectorize -msse2
FAIL: gfortran.fortran-torture/execute/intrinsic_spread.f90 execution, -O0
FAIL: gfortran.fortran-torture/execute/intrinsic_spread.f90 execution, -O1
FAIL: gfortran.fortran-torture/execute/intrinsic_spread.f90 execution, -O2
FAIL: gfortran.fortran-torture/execute/intrinsic_spread.f90 execution,
-O2 -fomit-frame-pointer -finline-functions
FAIL: gfortran.fortran-torture/execute/intrinsic_spread.f90 execution,
-O2 -fomit-frame-pointer -finline-functions -funroll-loops
FAIL: gfortran.fortran-torture/execute/intrinsic_spread.f90 execution,
-O2 -fbounds-check
FAIL: gfortran.fortran-torture/execute/intrinsic_spread.f90 execution,
-O3 -g
FAIL: gfortran.fortran-torture/execute/intrinsic_spread.f90 execution, -Os
FAIL: gfortran.fortran-torture/execute/intrinsic_spread.f90 execution,
-O2 -ftree-vectorize -msse2
FAIL: gfortran.fortran-torture/execute/intrinsic_sum.f90 execution, -O0
FAIL: gfortran.fortran-torture/execute/intrinsic_sum.f90 execution, -O1
FAIL: gfortran.fortran-torture/execute/intrinsic_sum.f90 execution, -O2
FAIL: gfortran.fortran-torture/execute/intrinsic_sum.f90 execution, -O2
-fomit-frame-pointer -finline-functions
FAIL: gfortran.fortran-torture/execute/intrinsic_sum.f90 execution, -O2
-fomit-frame-pointer -finline-functions -funroll-loops
FAIL: gfortran.fortran-torture/execute/intrinsic_sum.f90 execution, -O2
-fbounds-check
FAIL: gfortran.fortran-torture/execute/intrinsic_sum.f90 execution, -O3 -g
FAIL: gfortran.fortran-torture/execute/intrinsic_sum.f90 execution, -Os
FAIL: gfortran.fortran-torture/execute/intrinsic_sum.f90 execution, -O2
-ftree-vectorize -msse2
FAIL: gfortran.fortran-torture/execute/nan_inf_fmt.f90 execution, -O0
FAIL: gfortran.fortran-torture/execute/nan_inf_fmt.f90 execution, -O1
FAIL: gfortran.fortran-torture/execute/nan_inf_fmt.f90 execution, -O2
FAIL: gfortran.fortran-torture/execute/nan_inf_fmt.f90 execution, -O2
-fomit-frame-pointer -finline-functions
FAIL: gfortran.fortran-torture/execute/nan_inf_fmt.f90 execution, -O2
-fomit-frame-pointer -finline-functions -funroll-loops
FAIL: gfortran.fortran-torture/execute/nan_inf_fmt.f90 execution, -O2
-fbounds-check
FAIL: gfortran.fortran-torture/execute/nan_inf_fmt.f90 execution, -O3 -g
FAIL: gfortran.fortran-torture/execute/nan_inf_fmt.f90 execution, -Os
FAIL: gfortran.fortran-torture/execute/nan_inf_fmt.f90 execution, -O2
-ftree-vectorize -msse2
FAIL: gfortran.fortran-torture/execute/pr32140.f90 execution, -O0
FAIL: gfortran.fortran-torture/execute/pr32140.f90 execution, -O1
FAIL: gfortran.fortran-torture/execute/pr32140.f90 execution, -O2
FAIL: gfortran.fortran-torture/execute/pr32140.f90 execution, -O2
-fomit-frame-pointer -finline-functions
FAIL: gfortran.fortran-torture/execute/pr32140.f90 execution, -O2
-fomit-frame-pointer -finline-functions -funroll-loops
FAIL: gfortran.fortran-torture/execute/pr32140.f90 execution, -O2
-fbounds-check
FAIL: gfortran.fortran-torture/execute/pr32140.f90 execution, -O3 -g
FAIL: gfortran.fortran-torture/execute/pr32140.f90 execution, -Os
FAIL: gfortran.fortran-torture/execute/pr32140.f90 execution, -O2
-ftree-vectorize -msse2
FAIL: gfortran.fortran-torture/execute/t_edit.f90 execution, -O0
FAIL: gfortran.fortran-torture/execute/t_edit.f90 execution, -O1
FAIL: gfortran.fortran-torture/execute/t_edit.f90 execution, -O2
FAIL: gfortran.fortran-torture/execute/t_edit.f90 execution, -O2
-fomit-frame-pointer -finline-functions
FAIL: gfortran.fortran-torture/execute/t_edit.f90 execution, -O2
-fomit-frame-pointer -finline-functions -funroll-loops
FAIL: gfortran.fortran-torture/execute/t_edit.f90 execution, -O2
-fbounds-check
FAIL: gfortran.fortran-torture/execute/t_edit.f90 execution, -O3 -g
FAIL: gfortran.fortran-torture/execute/t_edit.f90 execution, -Os
FAIL: gfortran.fortran-torture/execute/t_edit.f90 execution, -O2
-ftree-vectorize -msse2
FAIL: gfortran.fortran-torture/execute/write_a_1.f90 execution, -O0
FAIL: gfortran.fortran-torture/execute/write_a_1.f90 execution, -O1
FAIL: gfortran.fortran-torture/execute/write_a_1.f90 execution, -O2
FAIL: gfortran.fortran-torture/execute/write_a_1.f90 execution, -O2
-fomit-frame-pointer -finline-functions
FAIL: gfortran.fortran-torture/execute/write_a_1.f90 execution, -O2
-fomit-frame-pointer -finline-functions -funroll-loops
FAIL: gfortran.fortran-torture/execute/write_a_1.f90 execution, -O2
-fbounds-check
FAIL: gfortran.fortran-torture/execute/write_a_1.f90 execution, -O3 -g
FAIL: gfortran.fortran-torture/execute/write_a_1.f90 execution, -Os
FAIL: gfortran.fortran-torture/execute/write_a_1.f90 execution, -O2
-ftree-vectorize -msse2
FAIL: gfortran.fortran-torture/execute/write_logical.f90 execution, -O0
FAIL: gfortran.fortran-torture/execute/write_logical.f90 execution, -O1
FAIL: gfortran.fortran-torture/execute/write_logical.f90 execution, -O2
FAIL: gfortran.fortran-torture/execute/write_logical.f90 execution, -O2
-fomit-frame-pointer -finline-functions
FAIL: gfortran.fortran-torture/execute/write_logical.f90 execution, -O2
-fomit-frame-pointer -finline-functions -funroll-loops
FAIL: gfortran.fortran-torture/execute/write_logical.f90 execution, -O2
-fbounds-check
FAIL: gfortran.fortran-torture/execute/write_logical.f90 execution, -O3 -g
FAIL: gfortran.fortran-torture/execute/write_logical.f90 execution, -Os
FAIL: gfortran.fortran-torture/execute/write_logical.f90 execution, -O2
-ftree-vectorize -msse2
=== gfortran Summary ===
# of expected passes 41048
# of unexpected failures 1913
# of unexpected successes 2
# of expected failures 67
# of unsupported tests 173
/cygdrive/c/users/tim/tim/tim/src/gnu/gcc2/cyg64/gcc/testsuite/gfortran/../../gfortran
version 7.0.0 20161005 (experimental) (GCC)
=== libatomic tests ===
Running target unix
=== libatomic Summary ===
# of expected passes 54
=== libgomp tests ===
Running target unix
FAIL: libgomp.c/examples-4/target-1.c execution test
FAIL: libgomp.c/examples-4/target-3.c execution test
FAIL: libgomp.c/examples-4/target-4.c execution test
FAIL: libgomp.fortran/declare-simd-1.f90 -O1 execution test
FAIL: libgomp.fortran/reduction6.f90 -O0 execution test
FAIL: libgomp.fortran/reduction6.f90 -O1 execution test
FAIL: libgomp.fortran/reduction6.f90 -O2 execution test
FAIL: libgomp.fortran/reduction6.f90 -O3 -fomit-frame-pointer
-funroll-loops -fpeel-loops -ftracer -finline-functions execution test
FAIL: libgomp.fortran/reduction6.f90 -O3 -g execution test
FAIL: libgomp.fortran/reduction6.f90 -Os execution test
FAIL: libgomp.oacc-c/../libgomp.oacc-c-c++-common/kernels-loop-nest.c
-DACC_DEVICE_TYPE_host=1 -DACC_MEM_SHARED=1 -O2 execution test
FAIL: libgomp.oacc-c++/../libgomp.oacc-c-c++-common/kernels-loop-nest.c
-DACC_DEVICE_TYPE_host=1 -DACC_MEM_SHARED=1 -O2 execution test
=== libgomp Summary ===
# of expected passes 5034
# of unexpected failures 12
# of unsupported tests 322
=== libstdc++ tests ===
Running target unix
FAIL: 20_util/bind/ref_neg.cc (test for excess errors)
FAIL: 21_strings/basic_string/numeric_conversions/char/stof.cc execution
test
FAIL: 21_strings/basic_string/numeric_conversions/wchar_t/stof.cc
execution test
FAIL: 22_locale/ctype/scan/wchar_t/1.cc execution test
XPASS: 23_containers/array/element_access/at_neg.cc execution test
FAIL: 30_threads/call_once/constexpr.cc (test for excess errors)
FAIL: 30_threads/mutex/cons/constexpr.cc (test for excess errors)
FAIL: 30_threads/this_thread/60421.cc execution test
FAIL: decimal/conversion-to-integral.cc (test for excess errors)
UNRESOLVED: decimal/conversion-to-integral.cc compilation failed to
produce executable
FAIL: ext/codecvt/wchar_t.cc execution test
FAIL: libstdc++-xmethods/vector.cc print bv1.back()
FAIL: libstdc++-xmethods/vector.cc print bv2.front()
FAIL: libstdc++-xmethods/vector.cc print bv2.back()
FAIL: libstdc++-xmethods/vector.cc print bv3.back()
FAIL: libstdc++-xmethods/vector.cc print v1.at(1)
FAIL: libstdc++-xmethods/vector.cc print bv1.at(0)
FAIL: libstdc++-xmethods/vector.cc print bv1.at(14)
FAIL: libstdc++-xmethods/vector.cc print bv2.at(0)
FAIL: libstdc++-xmethods/vector.cc print bv2.at(63)
FAIL: libstdc++-xmethods/vector.cc print bv3.at(0)
FAIL: libstdc++-xmethods/vector.cc print bv3.at(63)
FAIL: libstdc++-xmethods/vector.cc print bv3.at(64)
FAIL: libstdc++-xmethods/vector.cc whatis v0.empty()
FAIL: libstdc++-xmethods/vector.cc whatis v0.size()
FAIL: libstdc++-xmethods/vector.cc whatis v1.at(1)
FAIL: libstdc++-xmethods/vector.cc whatis bv0.empty()
FAIL: libstdc++-xmethods/vector.cc whatis bv0.size()
=== libstdc++ Summary ===
# of expected passes 10904
# of unexpected failures 26
# of unexpected successes 1
# of expected failures 64
# of unresolved testcases 1
# of unsupported tests 683
Compiler version: 7.0.0 20161004 (experimental) (GCC)
Platform: x86_64-unknown-cygwin
configure flags: --prefix=/usr/local/gcc7 --enable-languages='c c++
fortran' --enable-libgomp --enable-threads=posix --with-dwarf2
--without-libiconv-prefix --without-libintl-prefix --with-system-zlib
--disable-werror --without-cloog --without-isl
--enable-languages=c,c++,fortran,lto --no-create --no-recursion