This is the mail archive of the
gcc-testresults@gcc.gnu.org
mailing list for the GCC project.
Results for 7.0.0 20160923 (experimental) [trunk revision 240386] (GCC) testsuite on hppa64-hp-hpux11.11
- From: John David Anglin <dave at hiauly3 dot hia dot nrc dot ca>
- To: dave at hiauly3 dot hia dot nrc dot ca, gcc-testresults at gcc dot gnu dot org
- Date: Sat, 24 Sep 2016 19:16:03 -0400 (EDT)
- Subject: Results for 7.0.0 20160923 (experimental) [trunk revision 240386] (GCC) testsuite on hppa64-hp-hpux11.11
- Authentication-results: sourceware.org; auth=none
Native configuration is hppa64-hp-hpux11.11
=== g++ tests ===
Running target unix
FAIL: g++.dg/ipa/nothrow-1.C -std=gnu++98 scan-tree-dump optimized "__cxa_begin_catch"
FAIL: g++.dg/ipa/nothrow-1.C -std=gnu++11 scan-tree-dump optimized "__cxa_begin_catch"
FAIL: g++.dg/ipa/nothrow-1.C -std=gnu++14 scan-tree-dump optimized "__cxa_begin_catch"
FAIL: c-c++-common/gomp/clauses-2.c -std=c++98 (test for errors, line 51)
FAIL: c-c++-common/gomp/clauses-2.c -std=c++98 (test for excess errors)
FAIL: c-c++-common/gomp/clauses-2.c -std=c++11 (test for errors, line 51)
FAIL: c-c++-common/gomp/clauses-2.c -std=c++11 (test for excess errors)
FAIL: c-c++-common/gomp/clauses-2.c -std=c++14 (test for errors, line 51)
FAIL: c-c++-common/gomp/clauses-2.c -std=c++14 (test for excess errors)
WARNING: program timed out.
FAIL: g++.old-deja/g++.abi/vtable2.C -std=gnu++98 execution test
FAIL: g++.old-deja/g++.abi/vtable2.C -std=gnu++11 execution test
FAIL: g++.old-deja/g++.abi/vtable2.C -std=gnu++14 execution test
=== g++ Summary ===
# of expected passes 93436
# of unexpected failures 12
# of expected failures 326
# of unsupported tests 4365
/test/gnu/gcc/objdir/gcc/testsuite/g++/../../xg++ version 7.0.0 20160923 (experimental) [trunk revision 240386] (GCC)
=== gcc tests ===
Running target unix
FAIL: gcc.dg/atomic/c11-atomic-exec-5.c -O0 execution test
FAIL: gcc.dg/atomic/c11-atomic-exec-5.c -O1 execution test
FAIL: gcc.dg/atomic/c11-atomic-exec-5.c -O2 execution test
FAIL: gcc.dg/atomic/c11-atomic-exec-5.c -O3 -fomit-frame-pointer -funroll-loops -fpeel-loops -ftracer -finline-functions execution test
FAIL: gcc.dg/atomic/c11-atomic-exec-5.c -O3 -g execution test
FAIL: gcc.dg/atomic/c11-atomic-exec-5.c -Os execution test
FAIL: gcc.dg/atomic/c11-atomic-exec-5.c -O2 -flto -flto-partition=none execution test
FAIL: gcc.dg/atomic/c11-atomic-exec-5.c -O2 -flto execution test
FAIL: gcc.dg/compat/scalar-by-value-4 c_compat_x_tst.o-c_compat_y_tst.o execute
FAIL: gcc.dg/compat/scalar-return-4 c_compat_x_tst.o-c_compat_y_tst.o execute
XPASS: gcc.dg/sibcall-3.c execution test
XPASS: gcc.dg/sibcall-4.c execution test
FAIL: c-c++-common/gomp/clauses-2.c (test for errors, line 51)
FAIL: c-c++-common/gomp/clauses-2.c (test for excess errors)
FAIL: gcc.dg/graphite/scop-19.c scan-tree-dump-times graphite "number of SCoPs: 0" 1
WARNING: program timed out.
FAIL: gcc.dg/plugin/must-tail-call-1.c -fplugin=./must_tail_call_plugin.so (test for excess errors)
FAIL: gcc.dg/tree-ssa/builtin-sprintf-warn-1.c (test for warnings, line 101)
FAIL: gcc.dg/tree-ssa/builtin-sprintf-warn-1.c (test for warnings, line 358)
FAIL: gcc.dg/tree-ssa/builtin-sprintf-warn-1.c (test for excess errors)
FAIL: gcc.dg/tree-ssa/builtin-sprintf-warn-2.c (test for warnings, line 50)
FAIL: gcc.dg/tree-ssa/builtin-sprintf-warn-2.c sprintf transformed into strcpy (test for warnings, line 83)
FAIL: gcc.dg/tree-ssa/builtin-sprintf-warn-2.c sprintf transformed into strcpy (test for warnings, line 84)
FAIL: gcc.dg/tree-ssa/builtin-sprintf-warn-4.c (test for excess errors)
FAIL: gcc.dg/tree-ssa/builtin-sprintf.c execution test
UNRESOLVED: gcc.dg/tree-ssa/pr68198.c scan-tree-dump-times ethread "FSM Thread through multiway branch without threading a multiway branch" 2
FAIL: gcc.dg/tree-ssa/pr69270-3.c scan-tree-dump-times uncprop1 ", 1" 4
FAIL: gcc.dg/tree-ssa/scev-3.c scan-tree-dump-times optimized "&a" 1
FAIL: gcc.dg/tree-ssa/scev-4.c scan-tree-dump-times optimized "&a" 1
FAIL: gcc.dg/tree-ssa/slsr-8.c scan-tree-dump-times optimized " w?\\\\* " 7
FAIL: gcc.dg/tree-ssa/sra-17.c scan-tree-dump-times esra "Removing load: a = \\\\*.?L.?C.?.?.?0;" 1
FAIL: gcc.dg/tree-ssa/sra-17.c scan-tree-dump-times esra "SR\\\\.[0-9_]+ = \\\\*.?L.?C.?.?.?0\\\\[" 4
FAIL: gcc.dg/tree-ssa/sra-18.c scan-tree-dump-times esra "Removing load: a = \\\\*.?L.?C.?.?.?0;" 1
FAIL: gcc.dg/tree-ssa/sra-18.c scan-tree-dump-times esra "SR\\\\.[0-9_]+ = \\\\*.?L.?C.?.?.?0\\\\.b\\\\[0\\\\]\\\\.f\\\\[0\\\\]\\\\.x" 1
FAIL: gcc.dg/tree-ssa/sra-18.c scan-tree-dump-times esra "SR\\\\.[0-9_]+ = \\\\*.?L.?C.?.?.?0\\\\.b\\\\[0\\\\]\\\\.f\\\\[1\\\\]\\\\.x" 1
FAIL: gcc.dg/tree-ssa/sra-18.c scan-tree-dump-times esra "SR\\\\.[0-9_]+ = \\\\*.?L.?C.?.?.?0\\\\.b\\\\[1\\\\]\\\\.f\\\\[0\\\\]\\\\.x" 1
FAIL: gcc.dg/tree-ssa/sra-18.c scan-tree-dump-times esra "SR\\\\.[0-9_]+ = \\\\*.?L.?C.?.?.?0\\\\.b\\\\[1\\\\]\\\\.f\\\\[1\\\\]\\\\.x" 1
FAIL: gcc.target/hppa/shadd-3.c scan-assembler-times sh.add 4
=== gcc Summary ===
# of expected passes 86506
# of unexpected failures 34
# of unexpected successes 2
# of expected failures 166
# of unresolved testcases 1
# of unsupported tests 2179
/test/gnu/gcc/objdir/gcc/xgcc version 7.0.0 20160923 (experimental) [trunk revision 240386] (GCC)
=== gfortran tests ===
Running target unix
FAIL: gfortran.dg/coarray/event_2.f90 -fcoarray=lib -O2 -lcaf_single -latomic execution test
FAIL: gfortran.dg/coarray_alloc_comp_1.f08 -O0 (test for excess errors)
FAIL: gfortran.dg/coarray_alloc_comp_1.f08 -O0 execution test
FAIL: gfortran.dg/coarray_alloc_comp_1.f08 -O1 (test for excess errors)
FAIL: gfortran.dg/coarray_alloc_comp_1.f08 -O1 execution test
FAIL: gfortran.dg/coarray_alloc_comp_1.f08 -O2 (test for excess errors)
FAIL: gfortran.dg/coarray_alloc_comp_1.f08 -O2 execution test
FAIL: gfortran.dg/coarray_alloc_comp_1.f08 -O3 -fomit-frame-pointer -funroll-loops -fpeel-loops -ftracer -finline-functions (test for excess errors)
FAIL: gfortran.dg/coarray_alloc_comp_1.f08 -O3 -fomit-frame-pointer -funroll-loops -fpeel-loops -ftracer -finline-functions execution test
FAIL: gfortran.dg/coarray_alloc_comp_1.f08 -O3 -g (test for excess errors)
FAIL: gfortran.dg/coarray_alloc_comp_1.f08 -O3 -g execution test
FAIL: gfortran.dg/coarray_alloc_comp_1.f08 -Os (test for excess errors)
FAIL: gfortran.dg/coarray_alloc_comp_1.f08 -Os execution test
FAIL: gfortran.dg/coarray_allocate_7.f08 -O0 (test for excess errors)
FAIL: gfortran.dg/coarray_allocate_7.f08 -O0 execution test
FAIL: gfortran.dg/coarray_allocate_7.f08 -O1 (test for excess errors)
FAIL: gfortran.dg/coarray_allocate_7.f08 -O1 execution test
FAIL: gfortran.dg/coarray_allocate_7.f08 -O2 (test for excess errors)
FAIL: gfortran.dg/coarray_allocate_7.f08 -O2 execution test
FAIL: gfortran.dg/coarray_allocate_7.f08 -O3 -fomit-frame-pointer -funroll-loops -fpeel-loops -ftracer -finline-functions (test for excess errors)
FAIL: gfortran.dg/coarray_allocate_7.f08 -O3 -fomit-frame-pointer -funroll-loops -fpeel-loops -ftracer -finline-functions execution test
FAIL: gfortran.dg/coarray_allocate_7.f08 -O3 -g (test for excess errors)
FAIL: gfortran.dg/coarray_allocate_7.f08 -O3 -g execution test
FAIL: gfortran.dg/coarray_allocate_7.f08 -Os (test for excess errors)
FAIL: gfortran.dg/coarray_allocate_7.f08 -Os execution test
FAIL: gfortran.dg/coarray_allocate_8.f08 -O0 (test for excess errors)
FAIL: gfortran.dg/coarray_allocate_8.f08 -O0 execution test
FAIL: gfortran.dg/coarray_allocate_8.f08 -O1 (test for excess errors)
FAIL: gfortran.dg/coarray_allocate_8.f08 -O1 execution test
FAIL: gfortran.dg/coarray_allocate_8.f08 -O2 (test for excess errors)
FAIL: gfortran.dg/coarray_allocate_8.f08 -O2 execution test
FAIL: gfortran.dg/coarray_allocate_8.f08 -O3 -fomit-frame-pointer -funroll-loops -fpeel-loops -ftracer -finline-functions (test for excess errors)
FAIL: gfortran.dg/coarray_allocate_8.f08 -O3 -fomit-frame-pointer -funroll-loops -fpeel-loops -ftracer -finline-functions execution test
FAIL: gfortran.dg/coarray_allocate_8.f08 -O3 -g (test for excess errors)
FAIL: gfortran.dg/coarray_allocate_8.f08 -O3 -g execution test
FAIL: gfortran.dg/coarray_allocate_8.f08 -Os (test for excess errors)
FAIL: gfortran.dg/coarray_allocate_8.f08 -Os execution test
FAIL: gfortran.dg/coarray_allocate_9.f08 -O0 (test for excess errors)
FAIL: gfortran.dg/coarray_allocate_9.f08 -O0 execution test
FAIL: gfortran.dg/coarray_allocate_9.f08 -O1 (test for excess errors)
FAIL: gfortran.dg/coarray_allocate_9.f08 -O1 execution test
FAIL: gfortran.dg/coarray_allocate_9.f08 -O2 (test for excess errors)
FAIL: gfortran.dg/coarray_allocate_9.f08 -O2 execution test
FAIL: gfortran.dg/coarray_allocate_9.f08 -O3 -fomit-frame-pointer -funroll-loops -fpeel-loops -ftracer -finline-functions (test for excess errors)
FAIL: gfortran.dg/coarray_allocate_9.f08 -O3 -fomit-frame-pointer -funroll-loops -fpeel-loops -ftracer -finline-functions execution test
FAIL: gfortran.dg/coarray_allocate_9.f08 -O3 -g (test for excess errors)
FAIL: gfortran.dg/coarray_allocate_9.f08 -O3 -g execution test
FAIL: gfortran.dg/coarray_allocate_9.f08 -Os (test for excess errors)
FAIL: gfortran.dg/coarray_allocate_9.f08 -Os execution test
FAIL: gfortran.dg/dtio_13.f90 -O (test for errors, line 141)
FAIL: gfortran.dg/dtio_13.f90 -O (test for excess errors)
FAIL: gfortran.dg/fmt_fw_d.f90 -O0 execution test
FAIL: gfortran.dg/fmt_fw_d.f90 -O1 execution test
FAIL: gfortran.dg/fmt_fw_d.f90 -O2 execution test
FAIL: gfortran.dg/fmt_fw_d.f90 -O3 -fomit-frame-pointer -funroll-loops -fpeel-loops -ftracer -finline-functions execution test
FAIL: gfortran.dg/fmt_fw_d.f90 -O3 -g execution test
FAIL: gfortran.dg/fmt_fw_d.f90 -Os execution test
FAIL: gfortran.dg/graphite/pr68279.f90 -O (internal compiler error)
FAIL: gfortran.dg/graphite/pr68279.f90 -O (test for excess errors)
=== gfortran Summary ===
# of expected passes 41651
# of unexpected failures 59
# of expected failures 94
# of unsupported tests 333
/test/gnu/gcc/objdir/gcc/testsuite/gfortran/../../gfortran version 7.0.0 20160923 (experimental) [trunk revision 240386] (GCC)
=== obj-c++ tests ===
Running target unix
=== obj-c++ Summary ===
# of expected passes 1446
# of expected failures 10
# of unsupported tests 77
/test/gnu/gcc/objdir/gcc/testsuite/obj-c++/../../xg++ version 7.0.0 20160923 (experimental) [trunk revision 240386] (GCC)
=== objc tests ===
Running target unix
=== objc Summary ===
# of expected passes 2787
# of unsupported tests 69
/test/gnu/gcc/objdir/gcc/xgcc version 7.0.0 20160923 (experimental) [trunk revision 240386] (GCC)
=== libatomic tests ===
Running target unix
=== libatomic Summary ===
# of expected passes 44
# of unsupported tests 5
=== libgomp tests ===
Running target unix
FAIL: libgomp.oacc-c++/../libgomp.oacc-c-c++-common/loop-dim-default.c -DACC_DEVICE_TYPE_host=1 -DACC_MEM_SHARED=1 -O2 (test for excess errors)
UNRESOLVED: libgomp.oacc-c++/../libgomp.oacc-c-c++-common/loop-dim-default.c -DACC_DEVICE_TYPE_host=1 -DACC_MEM_SHARED=1 -O2 compilation failed to produce executable
=== libgomp Summary ===
# of expected passes 4944
# of unexpected failures 1
# of unresolved testcases 1
# of unsupported tests 395
=== libstdc++ tests ===
Running target unix
FAIL: 20_util/variant/compile.cc (test for excess errors)
FAIL: 20_util/variant/run.cc (test for excess errors)
UNRESOLVED: 20_util/variant/run.cc compilation failed to produce executable
FAIL: 22_locale/num_put/put/char/14220.cc execution test
FAIL: 22_locale/num_put/put/wchar_t/14220.cc execution test
FAIL: 27_io/basic_ostream/inserters_arithmetic/char/4402.cc execution test
FAIL: 27_io/basic_ostream/inserters_arithmetic/wchar_t/4402.cc execution test
FAIL: 30_threads/call_once/constexpr.cc (test for excess errors)
FAIL: 30_threads/mutex/cons/constexpr.cc (test for excess errors)
FAIL: 30_threads/once_flag/cons/constexpr.cc (test for excess errors)
FAIL: experimental/numeric/gcd.cc (test for excess errors)
FAIL: experimental/numeric/lcm.cc (test for excess errors)
=== libstdc++ Summary ===
# of expected passes 9572
# of unexpected failures 11
# of expected failures 65
# of unresolved testcases 1
# of unsupported tests 1059
Compiler version: 7.0.0 20160923 (experimental) [trunk revision 240386] (GCC)
Platform: hppa64-hp-hpux11.11
configure flags:Test Run By dave on Fri Sep 23 19:55:04 2016