This is the mail archive of the
gcc-testresults@gcc.gnu.org
mailing list for the GCC project.
Results for 7.0.0 20160923 (experimental) [trunk revision 240458p2] (GCC) testsuite on x86_64-apple-darwin15.6.0
- From: dominiq at lps dot ens dot fr (Dominique Dhumieres)
- To: gcc-testresults at gcc dot gnu dot org
- Date: Sat, 24 Sep 2016 12:06:16 +0200
- Subject: Results for 7.0.0 20160923 (experimental) [trunk revision 240458p2] (GCC) testsuite on x86_64-apple-darwin15.6.0
- Authentication-results: sourceware.org; auth=none
LAST_UPDATED: Updated Fri Sep 23 23:41:55 CEST 2016 to revision 240458
with patches for pr66848, https://gcc.gnu.org/bugzilla/attachment.cgi?id=37100
and for pr71767.
=== acats tests ===
=== acats Summary ===
# of expected passes 2320
# of unexpected failures 0
Native configuration is x86_64-apple-darwin15.6.0
=== g++ tests ===
Running target unix/-m32
FAIL: g++.dg/asan/pr69276.C -O0 output pattern test
FAIL: g++.dg/asan/pr69276.C -O1 output pattern test
FAIL: g++.dg/asan/pr69276.C -O2 output pattern test
FAIL: g++.dg/asan/pr69276.C -O2 -flto output pattern test
FAIL: g++.dg/asan/pr69276.C -O2 -flto -flto-partition=none output pattern test
FAIL: g++.dg/asan/pr69276.C -O3 -g output pattern test
FAIL: g++.dg/asan/pr69276.C -Os output pattern test
FAIL: g++.dg/ext/sync-4.C -std=gnu++11 execution test
FAIL: g++.dg/ext/sync-4.C -std=gnu++14 execution test
FAIL: g++.dg/ext/sync-4.C -std=gnu++98 execution test
FAIL: g++.dg/ipa/pr67056.C scan-ipa-dump cp "Speculative outer type:struct CompositeClass"
UNRESOLVED: g++.dg/lto/pr65276 cp_lto_pr65276_0.o-cp_lto_pr65276_1.o execute -flto -O0 -std=c++11
FAIL: g++.dg/lto/pr65276 cp_lto_pr65276_0.o-cp_lto_pr65276_1.o link, -flto -O0 -std=c++11
FAIL: g++.dg/torture/darwin-cfstring-3.C -O0 scan-assembler \\\\.long[ \\\\t]+___CFConstantStringClassReference\\n[ \\\\t]*\\\\.long[ \\\\t]+1992\\n[ \\\\t]*\\\\.long[ \\\\t]+LC.*\\n[ \\\\t]*\\\\.long[ \\\\t]+10\\n
FAIL: g++.dg/torture/darwin-cfstring-3.C -O0 scan-assembler \\\\.long[ \\\\t]+___CFConstantStringClassReference\\n[ \\\\t]*\\\\.long[ \\\\t]+1992\\n[ \\\\t]*\\\\.long[ \\\\t]+LC.*\\n[ \\\\t]*\\\\.long[ \\\\t]+4\\n
FAIL: g++.dg/torture/darwin-cfstring-3.C -O1 scan-assembler \\\\.long[ \\\\t]+___CFConstantStringClassReference\\n[ \\\\t]*\\\\.long[ \\\\t]+1992\\n[ \\\\t]*\\\\.long[ \\\\t]+LC.*\\n[ \\\\t]*\\\\.long[ \\\\t]+10\\n
FAIL: g++.dg/torture/darwin-cfstring-3.C -O1 scan-assembler \\\\.long[ \\\\t]+___CFConstantStringClassReference\\n[ \\\\t]*\\\\.long[ \\\\t]+1992\\n[ \\\\t]*\\\\.long[ \\\\t]+LC.*\\n[ \\\\t]*\\\\.long[ \\\\t]+4\\n
FAIL: g++.dg/torture/darwin-cfstring-3.C -O2 scan-assembler \\\\.long[ \\\\t]+___CFConstantStringClassReference\\n[ \\\\t]*\\\\.long[ \\\\t]+1992\\n[ \\\\t]*\\\\.long[ \\\\t]+LC.*\\n[ \\\\t]*\\\\.long[ \\\\t]+10\\n
FAIL: g++.dg/torture/darwin-cfstring-3.C -O2 scan-assembler \\\\.long[ \\\\t]+___CFConstantStringClassReference\\n[ \\\\t]*\\\\.long[ \\\\t]+1992\\n[ \\\\t]*\\\\.long[ \\\\t]+LC.*\\n[ \\\\t]*\\\\.long[ \\\\t]+4\\n
FAIL: g++.dg/torture/darwin-cfstring-3.C -O2 -flto scan-assembler \\\\.long[ \\\\t]+___CFConstantStringClassReference\\n[ \\\\t]*\\\\.long[ \\\\t]+1992\\n[ \\\\t]*\\\\.long[ \\\\t]+LC.*\\n[ \\\\t]*\\\\.long[ \\\\t]+10\\n
FAIL: g++.dg/torture/darwin-cfstring-3.C -O2 -flto scan-assembler \\\\.long[ \\\\t]+___CFConstantStringClassReference\\n[ \\\\t]*\\\\.long[ \\\\t]+1992\\n[ \\\\t]*\\\\.long[ \\\\t]+LC.*\\n[ \\\\t]*\\\\.long[ \\\\t]+4\\n
FAIL: g++.dg/torture/darwin-cfstring-3.C -O2 -flto -flto-partition=none scan-assembler \\\\.long[ \\\\t]+___CFConstantStringClassReference\\n[ \\\\t]*\\\\.long[ \\\\t]+1992\\n[ \\\\t]*\\\\.long[ \\\\t]+LC.*\\n[ \\\\t]*\\\\.long[ \\\\t]+10\\n
FAIL: g++.dg/torture/darwin-cfstring-3.C -O2 -flto -flto-partition=none scan-assembler \\\\.long[ \\\\t]+___CFConstantStringClassReference\\n[ \\\\t]*\\\\.long[ \\\\t]+1992\\n[ \\\\t]*\\\\.long[ \\\\t]+LC.*\\n[ \\\\t]*\\\\.long[ \\\\t]+4\\n
FAIL: g++.dg/torture/darwin-cfstring-3.C -O3 -g scan-assembler \\\\.long[ \\\\t]+___CFConstantStringClassReference\\n[ \\\\t]*\\\\.long[ \\\\t]+1992\\n[ \\\\t]*\\\\.long[ \\\\t]+LC.*\\n[ \\\\t]*\\\\.long[ \\\\t]+10\\n
FAIL: g++.dg/torture/darwin-cfstring-3.C -O3 -g scan-assembler \\\\.long[ \\\\t]+___CFConstantStringClassReference\\n[ \\\\t]*\\\\.long[ \\\\t]+1992\\n[ \\\\t]*\\\\.long[ \\\\t]+LC.*\\n[ \\\\t]*\\\\.long[ \\\\t]+4\\n
FAIL: g++.dg/torture/darwin-cfstring-3.C -Os scan-assembler \\\\.long[ \\\\t]+___CFConstantStringClassReference\\n[ \\\\t]*\\\\.long[ \\\\t]+1992\\n[ \\\\t]*\\\\.long[ \\\\t]+LC.*\\n[ \\\\t]*\\\\.long[ \\\\t]+10\\n
FAIL: g++.dg/torture/darwin-cfstring-3.C -Os scan-assembler \\\\.long[ \\\\t]+___CFConstantStringClassReference\\n[ \\\\t]*\\\\.long[ \\\\t]+1992\\n[ \\\\t]*\\\\.long[ \\\\t]+LC.*\\n[ \\\\t]*\\\\.long[ \\\\t]+4\\n
=== g++ Summary for unix/-m32 ===
# of expected passes 102658
# of unexpected failures 26
# of expected failures 335
# of unresolved testcases 1
# of unsupported tests 4111
Running target unix/-m64
FAIL: g++.dg/asan/pr69276.C -O0 output pattern test
FAIL: g++.dg/asan/pr69276.C -O1 output pattern test
FAIL: g++.dg/asan/pr69276.C -O2 output pattern test
FAIL: g++.dg/asan/pr69276.C -O2 -flto output pattern test
FAIL: g++.dg/asan/pr69276.C -O2 -flto -flto-partition=none output pattern test
FAIL: g++.dg/asan/pr69276.C -O3 -g output pattern test
FAIL: g++.dg/asan/pr69276.C -Os output pattern test
FAIL: g++.dg/ext/sync-4.C -std=gnu++11 execution test
FAIL: g++.dg/ext/sync-4.C -std=gnu++14 execution test
FAIL: g++.dg/ext/sync-4.C -std=gnu++98 execution test
FAIL: g++.dg/ipa/pr67056.C scan-ipa-dump cp "Speculative outer type:struct CompositeClass"
UNRESOLVED: g++.dg/lto/pr65276 cp_lto_pr65276_0.o-cp_lto_pr65276_1.o execute -flto -O0 -std=c++11
FAIL: g++.dg/lto/pr65276 cp_lto_pr65276_0.o-cp_lto_pr65276_1.o link, -flto -O0 -std=c++11
=== g++ Summary for unix/-m64 ===
# of expected passes 104105
# of unexpected failures 12
# of expected failures 335
# of unresolved testcases 1
# of unsupported tests 4328
=== g++ Summary ===
# of expected passes 206763
# of unexpected failures 38
# of expected failures 670
# of unresolved testcases 2
# of unsupported tests 8439
/opt/gcc/p_build/gcc/xg++ version 7.0.0 20160923 (experimental) [trunk revision 240458p2] (GCC)
=== gcc tests ===
Running target unix/-m32
FAIL: gcc.c-torture/compile/pr72802.c -O0 (test for excess errors)
FAIL: gcc.c-torture/compile/pr72802.c -O1 (test for excess errors)
FAIL: gcc.c-torture/compile/pr72802.c -O2 (test for excess errors)
FAIL: gcc.c-torture/compile/pr72802.c -O2 -flto (test for excess errors)
FAIL: gcc.c-torture/compile/pr72802.c -O2 -flto -flto-partition=none (test for excess errors)
FAIL: gcc.c-torture/compile/pr72802.c -O3 -fomit-frame-pointer -funroll-loops -fpeel-loops -ftracer -finline-functions (test for excess errors)
FAIL: gcc.c-torture/compile/pr72802.c -O3 -g (test for excess errors)
FAIL: gcc.c-torture/compile/pr72802.c -Os (test for excess errors)
FAIL: gcc.dg/debug/dwarf2/const-2b.c scan-assembler DW_AT_const_value
FAIL: gcc.dg/debug/dwarf2/prod-options.c scan-assembler DW_AT_producer: "GNU C
FAIL: gcc.dg/const-uniq-1.c scan-tree-dump-times gimple "L\\\\\$?C\\\\.*0" 2
FAIL: gcc.dg/darwin-minversion-1.c (test for excess errors)
FAIL: gcc.dg/darwin-minversion-2.c (test for excess errors)
FAIL: gcc.dg/darwin-version-1.c (test for excess errors)
FAIL: gcc.dg/framework-1.c (test for excess errors)
FAIL: gcc.dg/pr77587.c (test for excess errors)
FAIL: gcc.dg/pr77587a.c (test for excess errors)
FAIL: gcc.dg/stack-layout-dynamic-1.c (test for excess errors)
UNRESOLVED: gcc.dg/stack-layout-dynamic-1.c scan-assembler-not cfi_def_cfa_register
FAIL: gcc.dg/uninit-19.c (test for warnings, line 22)
FAIL: gcc.dg/uninit-19.c (test for excess errors)
FAIL: gcc.dg/graphite/scop-19.c scan-tree-dump-times graphite "number of SCoPs: 0" 1
FAIL: gcc.dg/graphite/scop-dsyr2k.c scan-tree-dump-times graphite "number of SCoPs: 1" 1
FAIL: gcc.dg/graphite/scop-dsyrk.c scan-tree-dump-times graphite "number of SCoPs: 1" 1
FAIL: gcc.dg/ipa/pr77653.c scan-ipa-dump icf "Not unifying; address of original may be compared."
UNRESOLVED: gcc.dg/lto/pr61526 c_lto_pr61526_0.o-c_lto_pr61526_1.o execute -fPIC -flto -flto-partition=1to1
FAIL: gcc.dg/lto/pr61526 c_lto_pr61526_0.o-c_lto_pr61526_1.o link, -fPIC -flto -flto-partition=1to1
FAIL: gcc.dg/pch/save-temps-1.c -O1 -I. -Dwith_PCH (internal compiler error)
FAIL: gcc.dg/pch/save-temps-1.c -O1 -I. -Dwith_PCH (test for excess errors)
FAIL: gcc.dg/pch/save-temps-1.c -O1 assembly comparison
FAIL: gcc.dg/torture/builtin-self.c -O0 scan-assembler-not \\tcall
FAIL: gcc.dg/torture/darwin-cfstring-3.c -O0 scan-assembler \\\\.long[ \\\\t]+___CFConstantStringClassReference\\n[ \\\\t]*\\\\.long[ \\\\t]+1992\\n[ \\\\t]*\\\\.long[ \\\\t]+LC.*\\n[ \\\\t]*\\\\.long[ \\\\t]+10\\n
FAIL: gcc.dg/torture/darwin-cfstring-3.c -O0 scan-assembler \\\\.long[ \\\\t]+___CFConstantStringClassReference\\n[ \\\\t]*\\\\.long[ \\\\t]+1992\\n[ \\\\t]*\\\\.long[ \\\\t]+LC.*\\n[ \\\\t]*\\\\.long[ \\\\t]+4\\n
FAIL: gcc.dg/torture/darwin-cfstring-3.c -O1 scan-assembler \\\\.long[ \\\\t]+___CFConstantStringClassReference\\n[ \\\\t]*\\\\.long[ \\\\t]+1992\\n[ \\\\t]*\\\\.long[ \\\\t]+LC.*\\n[ \\\\t]*\\\\.long[ \\\\t]+10\\n
FAIL: gcc.dg/torture/darwin-cfstring-3.c -O1 scan-assembler \\\\.long[ \\\\t]+___CFConstantStringClassReference\\n[ \\\\t]*\\\\.long[ \\\\t]+1992\\n[ \\\\t]*\\\\.long[ \\\\t]+LC.*\\n[ \\\\t]*\\\\.long[ \\\\t]+4\\n
FAIL: gcc.dg/torture/darwin-cfstring-3.c -O2 scan-assembler \\\\.long[ \\\\t]+___CFConstantStringClassReference\\n[ \\\\t]*\\\\.long[ \\\\t]+1992\\n[ \\\\t]*\\\\.long[ \\\\t]+LC.*\\n[ \\\\t]*\\\\.long[ \\\\t]+10\\n
FAIL: gcc.dg/torture/darwin-cfstring-3.c -O2 scan-assembler \\\\.long[ \\\\t]+___CFConstantStringClassReference\\n[ \\\\t]*\\\\.long[ \\\\t]+1992\\n[ \\\\t]*\\\\.long[ \\\\t]+LC.*\\n[ \\\\t]*\\\\.long[ \\\\t]+4\\n
FAIL: gcc.dg/torture/darwin-cfstring-3.c -O2 -flto scan-assembler \\\\.long[ \\\\t]+___CFConstantStringClassReference\\n[ \\\\t]*\\\\.long[ \\\\t]+1992\\n[ \\\\t]*\\\\.long[ \\\\t]+LC.*\\n[ \\\\t]*\\\\.long[ \\\\t]+10\\n
FAIL: gcc.dg/torture/darwin-cfstring-3.c -O2 -flto scan-assembler \\\\.long[ \\\\t]+___CFConstantStringClassReference\\n[ \\\\t]*\\\\.long[ \\\\t]+1992\\n[ \\\\t]*\\\\.long[ \\\\t]+LC.*\\n[ \\\\t]*\\\\.long[ \\\\t]+4\\n
FAIL: gcc.dg/torture/darwin-cfstring-3.c -O2 -flto -flto-partition=none scan-assembler \\\\.long[ \\\\t]+___CFConstantStringClassReference\\n[ \\\\t]*\\\\.long[ \\\\t]+1992\\n[ \\\\t]*\\\\.long[ \\\\t]+LC.*\\n[ \\\\t]*\\\\.long[ \\\\t]+10\\n
FAIL: gcc.dg/torture/darwin-cfstring-3.c -O2 -flto -flto-partition=none scan-assembler \\\\.long[ \\\\t]+___CFConstantStringClassReference\\n[ \\\\t]*\\\\.long[ \\\\t]+1992\\n[ \\\\t]*\\\\.long[ \\\\t]+LC.*\\n[ \\\\t]*\\\\.long[ \\\\t]+4\\n
FAIL: gcc.dg/torture/darwin-cfstring-3.c -O3 -g scan-assembler \\\\.long[ \\\\t]+___CFConstantStringClassReference\\n[ \\\\t]*\\\\.long[ \\\\t]+1992\\n[ \\\\t]*\\\\.long[ \\\\t]+LC.*\\n[ \\\\t]*\\\\.long[ \\\\t]+10\\n
FAIL: gcc.dg/torture/darwin-cfstring-3.c -O3 -g scan-assembler \\\\.long[ \\\\t]+___CFConstantStringClassReference\\n[ \\\\t]*\\\\.long[ \\\\t]+1992\\n[ \\\\t]*\\\\.long[ \\\\t]+LC.*\\n[ \\\\t]*\\\\.long[ \\\\t]+4\\n
FAIL: gcc.dg/torture/darwin-cfstring-3.c -Os scan-assembler \\\\.long[ \\\\t]+___CFConstantStringClassReference\\n[ \\\\t]*\\\\.long[ \\\\t]+1992\\n[ \\\\t]*\\\\.long[ \\\\t]+LC.*\\n[ \\\\t]*\\\\.long[ \\\\t]+10\\n
FAIL: gcc.dg/torture/darwin-cfstring-3.c -Os scan-assembler \\\\.long[ \\\\t]+___CFConstantStringClassReference\\n[ \\\\t]*\\\\.long[ \\\\t]+1992\\n[ \\\\t]*\\\\.long[ \\\\t]+LC.*\\n[ \\\\t]*\\\\.long[ \\\\t]+4\\n
FAIL: gcc.dg/torture/pr68264.c -O0 execution test
FAIL: gcc.dg/torture/pr68264.c -O1 execution test
FAIL: gcc.dg/torture/pr68264.c -O2 execution test
FAIL: gcc.dg/torture/pr68264.c -O2 -flto execution test
FAIL: gcc.dg/torture/pr68264.c -O2 -flto -flto-partition=none execution test
FAIL: gcc.dg/torture/pr68264.c -O3 -g execution test
FAIL: gcc.dg/torture/pr68264.c -Os execution test
FAIL: gcc.dg/tree-ssa/builtin-sprintf-warn-1.c (test for warnings, line 101)
FAIL: gcc.dg/tree-ssa/builtin-sprintf-warn-1.c (test for warnings, line 1222)
FAIL: gcc.dg/tree-ssa/builtin-sprintf-warn-1.c (test for warnings, line 1272)
FAIL: gcc.dg/tree-ssa/builtin-sprintf-warn-1.c (test for warnings, line 1383)
FAIL: gcc.dg/tree-ssa/builtin-sprintf-warn-1.c (test for excess errors)
FAIL: gcc.dg/tree-ssa/builtin-sprintf-warn-4.c (test for excess errors)
UNRESOLVED: gcc.dg/tree-ssa/pr68198.c scan-tree-dump-times ethread "FSM Thread through multiway branch without threading a multiway branch" 2
FAIL: gcc.dg/tree-ssa/pr69270-3.c scan-tree-dump-times uncprop1 ", 1" 4
FAIL: gcc.dg/tree-ssa/scev-5.c scan-tree-dump-times optimized "&a" 1
FAIL: gcc.dg/tree-ssa/slsr-8.c scan-tree-dump-times optimized " w?\\\\* " 7
FAIL: gcc.target/i386/cmov7.c scan-assembler fcmov
XPASS: gcc.target/i386/fuse-caller-save-xmm.c scan-assembler-times addpd\\t%xmm1, %xmm0 1
FAIL: gcc.target/i386/fuse-caller-save-xmm.c scan-assembler-times addpd\\t\\\\.?LC0.*, %xmm0 1
FAIL: gcc.target/i386/iinline-attr-2.c scan-assembler p2align
FAIL: gcc.target/i386/memcpy-strategy-3.c scan-assembler-times memcpy 2
FAIL: gcc.target/i386/memset-strategy-1.c scan-assembler-times memset 2
FAIL: gcc.target/i386/pr22076.c scan-assembler-times movq 3
FAIL: gcc.target/i386/pr24414.c (test for excess errors)
UNRESOLVED: gcc.target/i386/pr24414.c compilation failed to produce executable
FAIL: gcc.target/i386/pr32219-1.c scan-assembler movl[ \\t]xxx@GOTOFF\\\\(%[^,]*\\\\), %eax
FAIL: gcc.target/i386/pr32219-2.c scan-assembler movl[ \\t]xxx@GOT\\\\(%[^,]*\\\\), %
FAIL: gcc.target/i386/pr32219-3.c scan-assembler movl[ \\t]xxx@GOTOFF\\\\(%[^,]*\\\\), %eax
FAIL: gcc.target/i386/pr32219-4.c scan-assembler movl[ \\t]xxx@GOT\\\\(%[^,]*\\\\), %
FAIL: gcc.target/i386/pr32219-5.c scan-assembler movl[ \\t]xxx@GOTOFF\\\\(%[^,]*\\\\), %eax
FAIL: gcc.target/i386/pr32219-6.c scan-assembler movl[ \\t]xxx@GOT\\\\(%[^,]*\\\\), %
FAIL: gcc.target/i386/pr32219-7.c scan-assembler movl[ \\t]xxx@GOTOFF\\\\(%[^,]*\\\\), %eax
FAIL: gcc.target/i386/pr32219-8.c scan-assembler movl[ \\t]xxx@GOT\\\\(%[^,]*\\\\), %
FAIL: gcc.target/i386/pr39013-1.c scan-assembler bar@PLT
FAIL: gcc.target/i386/pr39013-1.c scan-assembler foo@PLT
FAIL: gcc.target/i386/pr39013-2.c scan-assembler bar@PLT
FAIL: gcc.target/i386/pr39013-2.c scan-assembler foo@PLT
FAIL: gcc.target/i386/pr64317.c scan-assembler addl[ \\\\t]+[\$]_GLOBAL_OFFSET_TABLE_, %ebx
FAIL: gcc.target/i386/pr64317.c scan-assembler movl[ \\\\t]+c@GOTOFF[(]%ebx[)]
FAIL: gcc.target/i386/pr66819-3.c scan-assembler-not call
FAIL: gcc.target/i386/pr66819-4.c scan-assembler-not call
FAIL: gcc.target/i386/pr67985-2.c scan-assembler call[ \\t]__mulsf3
FAIL: gcc.target/i386/pr70738-7.c scan-assembler call[ \\t]__mulsf3
FAIL: gcc.target/i386/pr70799-1.c scan-assembler movdqa[ \\\\t]+.?LC0
FAIL: gcc.target/i386/pr71245-1.c scan-assembler-not (fistp|fild)
FAIL: gcc.target/i386/pr71245-2.c scan-assembler-not movlps
=== gcc Summary for unix/-m32 ===
# of expected passes 111709
# of unexpected failures 87
# of unexpected successes 1
# of expected failures 334
# of unresolved testcases 4
# of unsupported tests 3369
Running target unix/-m64
FAIL: gcc.dg/debug/dwarf2/const-2b.c scan-assembler DW_AT_const_value
FAIL: gcc.dg/debug/dwarf2/prod-options.c scan-assembler DW_AT_producer: "GNU C
FAIL: gcc.dg/const-uniq-1.c scan-tree-dump-times gimple "L\\\\\$?C\\\\.*0" 2
FAIL: gcc.dg/darwin-minversion-1.c (test for excess errors)
FAIL: gcc.dg/darwin-minversion-2.c (test for excess errors)
FAIL: gcc.dg/darwin-version-1.c (test for excess errors)
FAIL: gcc.dg/framework-1.c (test for excess errors)
FAIL: gcc.dg/pr77587.c (test for excess errors)
FAIL: gcc.dg/pr77587a.c (test for excess errors)
FAIL: gcc.dg/uninit-19.c (test for warnings, line 22)
FAIL: gcc.dg/uninit-19.c (test for excess errors)
FAIL: gcc.dg/graphite/scop-19.c scan-tree-dump-times graphite "number of SCoPs: 0" 1
FAIL: gcc.dg/ipa/pr77653.c scan-ipa-dump icf "Not unifying; address of original may be compared."
UNRESOLVED: gcc.dg/lto/pr61526 c_lto_pr61526_0.o-c_lto_pr61526_1.o execute -fPIC -flto -flto-partition=1to1
FAIL: gcc.dg/lto/pr61526 c_lto_pr61526_0.o-c_lto_pr61526_1.o link, -fPIC -flto -flto-partition=1to1
FAIL: gcc.dg/pch/save-temps-1.c -O0 -I. -Dwith_PCH (test for excess errors)
FAIL: gcc.dg/pch/save-temps-1.c -O1 -I. -Dwith_PCH (test for excess errors)
FAIL: gcc.dg/pch/save-temps-1.c -O0 assembly comparison
FAIL: gcc.dg/pch/save-temps-1.c -O1 assembly comparison
WARNING: program timed out
FAIL: gcc.dg/torture/pr68264.c -O0 execution test
FAIL: gcc.dg/torture/pr68264.c -O1 execution test
FAIL: gcc.dg/torture/pr68264.c -O2 execution test
FAIL: gcc.dg/torture/pr68264.c -O2 -flto execution test
FAIL: gcc.dg/torture/pr68264.c -O2 -flto -flto-partition=none execution test
FAIL: gcc.dg/torture/pr68264.c -O3 -g execution test
FAIL: gcc.dg/torture/pr68264.c -Os execution test
FAIL: gcc.dg/tree-ssa/builtin-sprintf-warn-1.c (test for warnings, line 101)
FAIL: gcc.dg/tree-ssa/builtin-sprintf-warn-1.c (test for excess errors)
FAIL: gcc.dg/tree-ssa/builtin-sprintf-warn-4.c (test for excess errors)
UNRESOLVED: gcc.dg/tree-ssa/pr68198.c scan-tree-dump-times ethread "FSM Thread through multiway branch without threading a multiway branch" 2
FAIL: gcc.dg/tree-ssa/pr69270-3.c scan-tree-dump-times uncprop1 ", 1" 4
FAIL: gcc.dg/tree-ssa/slsr-8.c scan-tree-dump-times optimized " w?\\\\* " 7
FAIL: gcc.target/i386/fuse-caller-save-xmm.c scan-assembler-times addpd\\t\\\\.?LC0.*, %xmm0 1
FAIL: gcc.target/i386/iinline-attr-2.c scan-assembler p2align
FAIL: gcc.target/i386/memcpy-strategy-3.c scan-assembler-times memcpy 2
FAIL: gcc.target/i386/memset-strategy-1.c scan-assembler-times memset 2
FAIL: gcc.target/i386/pr24414.c (test for excess errors)
UNRESOLVED: gcc.target/i386/pr24414.c compilation failed to produce executable
FAIL: gcc.target/i386/pr32219-1.c scan-assembler movl[ \\t]xxx\\\\(%rip\\\\), %eax
FAIL: gcc.target/i386/pr32219-3.c scan-assembler movl[ \\t]xxx\\\\(%rip\\\\), %eax
FAIL: gcc.target/i386/pr32219-3.c scan-assembler-not xxx@GOTPCREL
FAIL: gcc.target/i386/pr32219-5.c scan-assembler movl[ \\t]xxx\\\\(%rip\\\\), %eax
FAIL: gcc.target/i386/pr32219-6.c scan-assembler xxx@GOTPCREL
FAIL: gcc.target/i386/pr32219-7.c scan-assembler movl[ \\t]xxx\\\\(%rip\\\\), %eax
FAIL: gcc.target/i386/pr32219-7.c scan-assembler-not xxx@GOTPCREL
FAIL: gcc.target/i386/pr39013-1.c scan-assembler bar@PLT
FAIL: gcc.target/i386/pr39013-1.c scan-assembler foo@PLT
FAIL: gcc.target/i386/pr39013-2.c scan-assembler bar@PLT
FAIL: gcc.target/i386/pr39013-2.c scan-assembler foo@PLT
FAIL: gcc.target/i386/pr49866.c (test for excess errors)
FAIL: gcc.target/i386/pr61599-1.c (test for excess errors)
UNRESOLVED: gcc.target/i386/pr61599-1.c compilation failed to produce executable
FAIL: gcc.target/i386/pr63538.c scan-assembler movabs
=== gcc Summary for unix/-m64 ===
# of expected passes 113232
# of unexpected failures 49
# of expected failures 327
# of unresolved testcases 4
# of unsupported tests 3361
=== gcc Summary ===
# of expected passes 224941
# of unexpected failures 136
# of unexpected successes 1
# of expected failures 661
# of unresolved testcases 8
# of unsupported tests 6730
/opt/gcc/p_build/gcc/xgcc version 7.0.0 20160923 (experimental) [trunk revision 240458p2] (GCC)
=== gfortran tests ===
Running target unix/-m32
FAIL: gfortran.dg/assumed_rank_1.f90 -g -flto (test for excess errors)
FAIL: gfortran.dg/assumed_rank_2.f90 -g -flto (test for excess errors)
FAIL: gfortran.dg/assumed_rank_8.f90 -g -flto (test for excess errors)
FAIL: gfortran.dg/assumed_rank_9.f90 -g -flto (test for excess errors)
FAIL: gfortran.dg/coarray_lib_comm_1.f90 -O0 scan-tree-dump-times original "_gfortran_caf_get \\\\(caf_token.0, \\\\(integer\\\\(kind=8\\\\)\\\\) parm.[0-9]+.data - \\\\(integer\\\\(kind=8\\\\)\\\\) a, 1, &parm.[0-9]+, 0B, &p, 4, 4, 1, 0B\\\\);" 1
FAIL: gfortran.dg/coarray_lib_comm_1.f90 -O0 scan-tree-dump-times original "_gfortran_caf_get \\\\(caf_token.1, \\\\(integer\\\\(kind=8\\\\)\\\\) parm.[0-9]+.data - \\\\(integer\\\\(kind=8\\\\)\\\\) b, 1, &parm.[0-9]+, 0B, &p, 4, 4, 0, 0B\\\\);" 1
FAIL: gfortran.dg/coarray_lib_comm_1.f90 -O1 scan-tree-dump-times original "_gfortran_caf_get \\\\(caf_token.0, \\\\(integer\\\\(kind=8\\\\)\\\\) parm.[0-9]+.data - \\\\(integer\\\\(kind=8\\\\)\\\\) a, 1, &parm.[0-9]+, 0B, &p, 4, 4, 1, 0B\\\\);" 1
FAIL: gfortran.dg/coarray_lib_comm_1.f90 -O1 scan-tree-dump-times original "_gfortran_caf_get \\\\(caf_token.1, \\\\(integer\\\\(kind=8\\\\)\\\\) parm.[0-9]+.data - \\\\(integer\\\\(kind=8\\\\)\\\\) b, 1, &parm.[0-9]+, 0B, &p, 4, 4, 0, 0B\\\\);" 1
FAIL: gfortran.dg/coarray_lib_comm_1.f90 -O2 scan-tree-dump-times original "_gfortran_caf_get \\\\(caf_token.0, \\\\(integer\\\\(kind=8\\\\)\\\\) parm.[0-9]+.data - \\\\(integer\\\\(kind=8\\\\)\\\\) a, 1, &parm.[0-9]+, 0B, &p, 4, 4, 1, 0B\\\\);" 1
FAIL: gfortran.dg/coarray_lib_comm_1.f90 -O2 scan-tree-dump-times original "_gfortran_caf_get \\\\(caf_token.1, \\\\(integer\\\\(kind=8\\\\)\\\\) parm.[0-9]+.data - \\\\(integer\\\\(kind=8\\\\)\\\\) b, 1, &parm.[0-9]+, 0B, &p, 4, 4, 0, 0B\\\\);" 1
FAIL: gfortran.dg/coarray_lib_comm_1.f90 -O3 -fomit-frame-pointer -funroll-loops -fpeel-loops -ftracer -finline-functions scan-tree-dump-times original "_gfortran_caf_get \\\\(caf_token.0, \\\\(integer\\\\(kind=8\\\\)\\\\) parm.[0-9]+.data - \\\\(integer\\\\(kind=8\\\\)\\\\) a, 1, &parm.[0-9]+, 0B, &p, 4, 4, 1, 0B\\\\);" 1
FAIL: gfortran.dg/coarray_lib_comm_1.f90 -O3 -fomit-frame-pointer -funroll-loops -fpeel-loops -ftracer -finline-functions scan-tree-dump-times original "_gfortran_caf_get \\\\(caf_token.1, \\\\(integer\\\\(kind=8\\\\)\\\\) parm.[0-9]+.data - \\\\(integer\\\\(kind=8\\\\)\\\\) b, 1, &parm.[0-9]+, 0B, &p, 4, 4, 0, 0B\\\\);" 1
FAIL: gfortran.dg/coarray_lib_comm_1.f90 -O3 -g scan-tree-dump-times original "_gfortran_caf_get \\\\(caf_token.0, \\\\(integer\\\\(kind=8\\\\)\\\\) parm.[0-9]+.data - \\\\(integer\\\\(kind=8\\\\)\\\\) a, 1, &parm.[0-9]+, 0B, &p, 4, 4, 1, 0B\\\\);" 1
FAIL: gfortran.dg/coarray_lib_comm_1.f90 -O3 -g scan-tree-dump-times original "_gfortran_caf_get \\\\(caf_token.1, \\\\(integer\\\\(kind=8\\\\)\\\\) parm.[0-9]+.data - \\\\(integer\\\\(kind=8\\\\)\\\\) b, 1, &parm.[0-9]+, 0B, &p, 4, 4, 0, 0B\\\\);" 1
FAIL: gfortran.dg/coarray_lib_comm_1.f90 -Os scan-tree-dump-times original "_gfortran_caf_get \\\\(caf_token.0, \\\\(integer\\\\(kind=8\\\\)\\\\) parm.[0-9]+.data - \\\\(integer\\\\(kind=8\\\\)\\\\) a, 1, &parm.[0-9]+, 0B, &p, 4, 4, 1, 0B\\\\);" 1
FAIL: gfortran.dg/coarray_lib_comm_1.f90 -Os scan-tree-dump-times original "_gfortran_caf_get \\\\(caf_token.1, \\\\(integer\\\\(kind=8\\\\)\\\\) parm.[0-9]+.data - \\\\(integer\\\\(kind=8\\\\)\\\\) b, 1, &parm.[0-9]+, 0B, &p, 4, 4, 0, 0B\\\\);" 1
FAIL: gfortran.dg/coarray_lib_comm_1.f90 -g -flto scan-tree-dump-times original "_gfortran_caf_get \\\\(caf_token.0, \\\\(integer\\\\(kind=8\\\\)\\\\) parm.[0-9]+.data - \\\\(integer\\\\(kind=8\\\\)\\\\) a, 1, &parm.[0-9]+, 0B, &p, 4, 4, 1, 0B\\\\);" 1
FAIL: gfortran.dg/coarray_lib_comm_1.f90 -g -flto scan-tree-dump-times original "_gfortran_caf_get \\\\(caf_token.1, \\\\(integer\\\\(kind=8\\\\)\\\\) parm.[0-9]+.data - \\\\(integer\\\\(kind=8\\\\)\\\\) b, 1, &parm.[0-9]+, 0B, &p, 4, 4, 0, 0B\\\\);" 1
FAIL: gfortran.dg/dtio_13.f90 -O (test for errors, line 141)
FAIL: gfortran.dg/dtio_13.f90 -O (test for excess errors)
FAIL: gfortran.dg/elemental_subroutine_3.f90 -g -flto (test for excess errors)
FAIL: gfortran.dg/func_derived_1.f90 -g -flto (test for excess errors)
FAIL: gfortran.dg/matmul_3.f90 -g -flto (test for excess errors)
FAIL: gfortran.dg/matmul_6.f90 -g -flto (test for excess errors)
FAIL: gfortran.dg/reshape-complex.f90 -g -flto (test for excess errors)
FAIL: gfortran.dg/shape_8.f90 -g -flto (test for excess errors)
FAIL: gfortran.dg/zero_sized_1.f90 -g -flto (test for excess errors)
=== gfortran Summary for unix/-m32 ===
# of expected passes 47553
# of unexpected failures 27
# of expected failures 79
# of unsupported tests 189
Running target unix/-m64
FAIL: gfortran.dg/assumed_rank_1.f90 -g -flto (test for excess errors)
FAIL: gfortran.dg/assumed_rank_2.f90 -g -flto (test for excess errors)
FAIL: gfortran.dg/assumed_rank_8.f90 -g -flto (test for excess errors)
FAIL: gfortran.dg/assumed_rank_9.f90 -g -flto (test for excess errors)
FAIL: gfortran.dg/cshift_large_1.f90 -g -flto (test for excess errors)
FAIL: gfortran.dg/dtio_13.f90 -O (test for errors, line 141)
FAIL: gfortran.dg/dtio_13.f90 -O (test for excess errors)
FAIL: gfortran.dg/elemental_subroutine_3.f90 -g -flto (test for excess errors)
FAIL: gfortran.dg/eoshift_large_1.f90 -g -flto (test for excess errors)
FAIL: gfortran.dg/func_derived_1.f90 -g -flto (test for excess errors)
FAIL: gfortran.dg/matmul_3.f90 -g -flto (test for excess errors)
FAIL: gfortran.dg/matmul_6.f90 -g -flto (test for excess errors)
FAIL: gfortran.dg/reshape-complex.f90 -g -flto (test for excess errors)
FAIL: gfortran.dg/shape_8.f90 -g -flto (test for excess errors)
FAIL: gfortran.dg/zero_sized_1.f90 -g -flto (test for excess errors)
FAIL: gfortran.dg/graphite/pr68279.f90 -O (internal compiler error)
FAIL: gfortran.dg/graphite/pr68279.f90 -O (test for excess errors)
=== gfortran Summary for unix/-m64 ===
# of expected passes 47817
# of unexpected failures 17
# of expected failures 79
# of unsupported tests 68
=== gfortran Summary ===
# of expected passes 95370
# of unexpected failures 44
# of expected failures 158
# of unsupported tests 257
/opt/gcc/p_build/gcc/gfortran version 7.0.0 20160923 (experimental) [trunk revision 240458p2] (GCC)
=== gnat tests ===
Running target unix/-m32
FAIL: gnat.dg/vect3.adb scan-tree-dump-times vect "vectorized 1 loops" 15
FAIL: gnat.dg/vect6.adb scan-tree-dump-times vect "vectorized 1 loops" 15
=== gnat Summary for unix/-m32 ===
# of expected passes 2512
# of unexpected failures 2
# of expected failures 22
# of unsupported tests 5
Running target unix/-m64
FAIL: gnat.dg/vect3.adb scan-tree-dump-times vect "vectorized 1 loops" 15
FAIL: gnat.dg/vect6.adb scan-tree-dump-times vect "vectorized 1 loops" 15
=== gnat Summary for unix/-m64 ===
# of expected passes 2512
# of unexpected failures 2
# of expected failures 22
# of unsupported tests 5
=== gnat Summary ===
# of expected passes 5024
# of unexpected failures 4
# of expected failures 44
# of unsupported tests 10
/opt/gcc/p_build/gcc/gnatmake version 7.0.0 20160923 (experimental) [trunk revision 240458p2]
=== obj-c++ tests ===
Running target unix/-m32
FAIL: obj-c++.dg/qual-types-1.mm -fgnu-runtime (test for excess errors)
FAIL: obj-c++.dg/cxx-ivars-3.mm -fnext-runtime (test for excess errors)
FAIL: obj-c++.dg/cxx-ivars-3.mm -fnext-runtime execution test
FAIL: obj-c++.dg/gnu-api-2-objc.mm -fnext-runtime execution test
FAIL: obj-c++.dg/plugin/diagnostic-test-expressions-1.mm -fplugin=./diagnostic_plugin_test_tree_expression_range.so (test for warnings, line 60)
FAIL: obj-c++.dg/plugin/diagnostic-test-expressions-1.mm -fplugin=./diagnostic_plugin_test_tree_expression_range.so expected multiline pattern lines 62-63 not found: " __emit_expression_range \\( 0, @selector\\(func0\\) \\);.*\\n \\^~~~~~~~~~~~~~~~\\n"
FAIL: obj-c++.dg/plugin/diagnostic-test-expressions-1.mm -fplugin=./diagnostic_plugin_test_tree_expression_range.so (test for excess errors)
=== obj-c++ Summary for unix/-m32 ===
# of expected passes 3116
# of unexpected failures 7
# of expected failures 2
# of unsupported tests 62
Running target unix/-m64
FAIL: obj-c++.dg/qual-types-1.mm -fgnu-runtime (test for excess errors)
FAIL: obj-c++.dg/cxx-ivars-3.mm -fnext-runtime (test for excess errors)
FAIL: obj-c++.dg/gnu-api-2-objc.mm -fnext-runtime execution test
FAIL: obj-c++.dg/isa-field-1.mm -fnext-runtime (test for excess errors)
FAIL: obj-c++.dg/try-catch-2.mm -fnext-runtime execution test
FAIL: obj-c++.dg/try-catch-9.mm -fnext-runtime execution test
FAIL: obj-c++.dg/plugin/diagnostic-test-expressions-1.mm -fplugin=./diagnostic_plugin_test_tree_expression_range.so (test for warnings, line 60)
FAIL: obj-c++.dg/plugin/diagnostic-test-expressions-1.mm -fplugin=./diagnostic_plugin_test_tree_expression_range.so (test for warnings, line 68)
FAIL: obj-c++.dg/plugin/diagnostic-test-expressions-1.mm -fplugin=./diagnostic_plugin_test_tree_expression_range.so expected multiline pattern lines 62-63 not found: " __emit_expression_range \\( 0, @selector\\(func0\\) \\);.*\\n \\^~~~~~~~~~~~~~~~\\n"
FAIL: obj-c++.dg/plugin/diagnostic-test-expressions-1.mm -fplugin=./diagnostic_plugin_test_tree_expression_range.so expected multiline pattern lines 70-71 not found: " __emit_expression_range \\( 0, @protocol\\(prot\\) \\);.*\\n \\^~~~~~~~~~~~~~~\\n"
FAIL: obj-c++.dg/plugin/diagnostic-test-expressions-1.mm -fplugin=./diagnostic_plugin_test_tree_expression_range.so (test for excess errors)
=== obj-c++ Summary for unix/-m64 ===
# of expected passes 3053
# of unexpected failures 11
# of expected failures 19
# of unsupported tests 68
=== obj-c++ Summary ===
# of expected passes 6169
# of unexpected failures 18
# of expected failures 21
# of unsupported tests 130
/opt/gcc/p_build/gcc/xg++ version 7.0.0 20160923 (experimental) [trunk revision 240458p2] (GCC)
=== objc tests ===
Running target unix/-m32
FAIL: objc.dg/call-super-2.m -fnext-runtime (test for warnings, line 104)
FAIL: objc.dg/call-super-2.m -fnext-runtime (test for warnings, line 74)
FAIL: objc.dg/gnu-api-2-objc.m -fnext-runtime execution test
FAIL: objc.dg/ivar-scope-4.m -fnext-runtime execution test
FAIL: objc.dg/plugin/diagnostic-test-expressions-1.m -fplugin=./diagnostic_plugin_test_tree_expression_range.so (test for warnings, line 60)
FAIL: objc.dg/plugin/diagnostic-test-expressions-1.m -fplugin=./diagnostic_plugin_test_tree_expression_range.so expected multiline pattern lines 62-63 not found: " __emit_expression_range \\( 0, @selector\\(func0\\) \\);.*\\n \\^~~~~~~~~~~~~~~~\\n"
FAIL: objc.dg/plugin/diagnostic-test-expressions-1.m -fplugin=./diagnostic_plugin_test_tree_expression_range.so (test for excess errors)
=== objc Summary for unix/-m32 ===
# of expected passes 5647
# of unexpected failures 7
# of expected failures 6
# of unsupported tests 81
Running target unix/-m64
FAIL: objc.dg/call-super-2.m -fnext-runtime (test for warnings, line 104)
FAIL: objc.dg/call-super-2.m -fnext-runtime (test for warnings, line 74)
FAIL: objc.dg/category-1.m -fnext-runtime execution test
FAIL: objc.dg/exceptions-2.m -fnext-runtime execution test
FAIL: objc.dg/gnu-api-2-objc.m -fnext-runtime execution test
FAIL: objc.dg/isa-field-1.m -fnext-runtime (test for excess errors)
FAIL: objc.dg/super-class-3.m -fnext-runtime execution test
FAIL: objc.dg/plugin/diagnostic-test-expressions-1.m -fplugin=./diagnostic_plugin_test_tree_expression_range.so (test for warnings, line 60)
FAIL: objc.dg/plugin/diagnostic-test-expressions-1.m -fplugin=./diagnostic_plugin_test_tree_expression_range.so (test for warnings, line 68)
FAIL: objc.dg/plugin/diagnostic-test-expressions-1.m -fplugin=./diagnostic_plugin_test_tree_expression_range.so expected multiline pattern lines 62-63 not found: " __emit_expression_range \\( 0, @selector\\(func0\\) \\);.*\\n \\^~~~~~~~~~~~~~~~\\n"
FAIL: objc.dg/plugin/diagnostic-test-expressions-1.m -fplugin=./diagnostic_plugin_test_tree_expression_range.so expected multiline pattern lines 70-71 not found: " __emit_expression_range \\( 0, @protocol\\(prot\\) \\);.*\\n ~~~~~~~~~~~~~~~\\n"
FAIL: objc.dg/plugin/diagnostic-test-expressions-1.m -fplugin=./diagnostic_plugin_test_tree_expression_range.so (test for excess errors)
FAIL: objc.dg/torture/forward-1.m -O0 -fnext-runtime execution test
FAIL: objc.dg/torture/forward-1.m -O1 -fnext-runtime execution test
FAIL: objc.dg/torture/forward-1.m -O2 -fnext-runtime execution test
FAIL: objc.dg/torture/forward-1.m -O2 -flto -fnext-runtime execution test
FAIL: objc.dg/torture/forward-1.m -O2 -flto -flto-partition=none -fnext-runtime execution test
FAIL: objc.dg/torture/forward-1.m -O3 -fomit-frame-pointer -funroll-loops -fpeel-loops -ftracer -finline-functions -fnext-runtime execution test
FAIL: objc.dg/torture/forward-1.m -O3 -g -fnext-runtime execution test
FAIL: objc.dg/torture/forward-1.m -Os -fnext-runtime execution test
=== objc Summary for unix/-m64 ===
# of expected passes 5500
# of unexpected failures 20
# of expected failures 6
# of unsupported tests 87
=== objc Summary ===
# of expected passes 11147
# of unexpected failures 27
# of expected failures 12
# of unsupported tests 168
/opt/gcc/p_build/gcc/xgcc version 7.0.0 20160923 (experimental) [trunk revision 240458p2] (GCC)
=== libatomic tests ===
Running target unix/-m32
=== libatomic Summary for unix/-m32 ===
# of expected passes 44
# of unsupported tests 5
Running target unix/-m64
=== libatomic Summary for unix/-m64 ===
# of expected passes 54
=== libatomic Summary ===
# of expected passes 98
# of unsupported tests 5
=== libgomp tests ===
Running target unix/-m32
=== libgomp Summary for unix/-m32 ===
# of expected passes 5522
# of unsupported tests 396
Running target unix/-m64
=== libgomp Summary for unix/-m64 ===
# of expected passes 5522
# of unsupported tests 396
=== libgomp Summary ===
# of expected passes 11044
# of unsupported tests 792
=== libitm tests ===
Running target unix/-m32
=== libitm Summary for unix/-m32 ===
# of expected passes 40
# of expected failures 3
# of unsupported tests 2
Running target unix/-m64
=== libitm Summary for unix/-m64 ===
# of expected passes 40
# of expected failures 3
# of unsupported tests 2
=== libitm Summary ===
# of expected passes 80
# of expected failures 6
# of unsupported tests 4
=== libstdc++ tests ===
Running target unix/-m32
=== libstdc++ Summary for unix/-m32 ===
# of expected passes 10431
# of expected failures 65
# of unsupported tests 663
Running target unix/-m64
=== libstdc++ Summary for unix/-m64 ===
# of expected passes 10429
# of expected failures 65
# of unsupported tests 664
=== libstdc++ Summary ===
# of expected passes 20860
# of expected failures 130
# of unsupported tests 1327
Compiler version: 7.0.0 20160923 (experimental) [trunk revision 240458p2] (GCC)
Platform: x86_64-apple-darwin15.6.0
configure flags: --prefix=/opt/gcc/gcc7p-240458p2 --enable-languages=c,c++,lto,fortran,ada,objc,obj-c++ --with-gmp=/opt/mp-new --with-system-zlib --enable-checking=release --with-isl=/opt/mp-new --enable-lto --enable-plugin --with-arch=core2 --with-cpu=core2