This is the mail archive of the
gcc-testresults@gcc.gnu.org
mailing list for the GCC project.
Results for 7.0.0 20160916 (experimental) [trunk revision 240175] (GCC) testsuite on x86_64-pc-solaris2.12
- From: Rainer Orth <ro at CeBiTec dot Uni-Bielefeld dot DE>
- To: gcc-testresults at gcc dot gnu dot org
- Date: Sat, 17 Sep 2016 15:44:02 +0200 (MEST)
- Subject: Results for 7.0.0 20160916 (experimental) [trunk revision 240175] (GCC) testsuite on x86_64-pc-solaris2.12
- Authentication-results: sourceware.org; auth=none
LAST_UPDATED: Fri Sep 16 08:29:59 2016 (revision 240175)
Native configuration is x86_64-pc-solaris2.12
=== boehm-gc tests ===
Running target unix/-m32
=== boehm-gc Summary for unix/-m32 ===
# of expected passes 12
# of unsupported tests 1
Running target unix
=== boehm-gc Summary for unix ===
# of expected passes 12
# of unsupported tests 1
=== boehm-gc Summary ===
# of expected passes 24
# of unsupported tests 2
=== libatomic tests ===
Running target unix/-m32
=== libatomic Summary for unix/-m32 ===
# of expected passes 44
# of unsupported tests 5
Running target unix
=== libatomic Summary for unix ===
# of expected passes 54
=== libatomic Summary ===
# of expected passes 98
# of unsupported tests 5
=== libffi tests ===
Running target unix/-m32
=== libffi Summary for unix/-m32 ===
# of expected passes 2799
Running target unix
=== libffi Summary for unix ===
# of expected passes 2214
=== libffi Summary ===
# of expected passes 5013
=== libgo tests ===
Running target unix
FAIL: net
FAIL: go/build
=== libgo Summary for unix ===
# of expected passes 137
# of unexpected failures 2
Running target unix/-m32
FAIL: net
FAIL: go/build
=== libgo Summary for unix/-m32 ===
# of expected passes 137
# of unexpected failures 2
=== libgo Summary ===
# of expected passes 274
# of unexpected failures 4
/var/gcc/regression/trunk/12-gcc-64/build/./gcc/gccgo version 7.0.0 20160916 (experimental) [trunk revision 240175] (GCC)
=== libgomp tests ===
Running target unix/-m32
=== libgomp Summary for unix/-m32 ===
# of expected passes 5068
# of unsupported tests 334
Running target unix
=== libgomp Summary for unix ===
# of expected passes 5068
# of unsupported tests 334
=== libgomp Summary ===
# of expected passes 10136
# of unsupported tests 668
=== libitm tests ===
Running target unix/-m32
=== libitm Summary for unix/-m32 ===
# of expected passes 42
# of expected failures 3
# of unsupported tests 1
Running target unix
=== libitm Summary for unix ===
# of expected passes 42
# of expected failures 3
# of unsupported tests 1
=== libitm Summary ===
# of expected passes 84
# of expected failures 6
# of unsupported tests 2
=== libjava tests ===
Running target unix/-m32
=== libjava Summary for unix/-m32 ===
# of expected passes 2614
# of expected failures 4
Running target unix
=== libjava Summary for unix ===
# of expected passes 2614
# of expected failures 4
=== libjava Summary ===
# of expected passes 5228
# of expected failures 8
=== libstdc++ tests ===
Running target unix
FAIL: experimental/filesystem/operations/copy.cc execution test
FAIL: experimental/filesystem/operations/copy_file.cc execution test
FAIL: experimental/numeric/gcd.cc (test for excess errors)
FAIL: experimental/numeric/lcm.cc (test for excess errors)
=== libstdc++ Summary for unix ===
# of expected passes 10266
# of unexpected failures 4
# of expected failures 66
# of unsupported tests 695
Running target unix/-m32
FAIL: experimental/filesystem/operations/copy.cc execution test
FAIL: experimental/filesystem/operations/copy_file.cc execution test
FAIL: experimental/numeric/gcd.cc (test for excess errors)
FAIL: experimental/numeric/lcm.cc (test for excess errors)
=== libstdc++ Summary for unix/-m32 ===
# of expected passes 10274
# of unexpected failures 4
# of expected failures 66
# of unsupported tests 691
=== libstdc++ Summary ===
# of expected passes 20540
# of unexpected failures 8
# of expected failures 132
# of unsupported tests 1386
=== acats tests ===
=== acats Summary ===
# of expected passes 2320
# of unexpected failures 0
=== g++ tests ===
Running target unix
FAIL: g++.dg/cilk-plus/AN/array_test_ND_tplt.cc -O3 -fcilkplus (test for excess errors)
WARNING: g++.dg/cilk-plus/AN/array_test_ND_tplt.cc -O3 -fcilkplus compilation failed to produce executable
FAIL: g++.dg/cilk-plus/AN/array_test_ND_tplt.cc -O3 -ftree-vectorize -fcilkplus -g (test for excess errors)
WARNING: g++.dg/cilk-plus/AN/array_test_ND_tplt.cc -O3 -ftree-vectorize -fcilkplus -g compilation failed to produce executable
FAIL: g++.dg/cilk-plus/AN/array_test_ND_tplt.cc -g -O3 -fcilkplus (test for excess errors)
WARNING: g++.dg/cilk-plus/AN/array_test_ND_tplt.cc -g -O3 -fcilkplus compilation failed to produce executable
WARNING: program timed out.
WARNING: program timed out.
WARNING: program timed out.
=== g++ Summary for unix ===
# of expected passes 100869
# of unexpected failures 3
# of expected failures 329
# of unsupported tests 3874
Running target unix/-m32
FAIL: g++.dg/opt/pr59470.C -std=gnu++11 (test for excess errors)
WARNING: g++.dg/opt/pr59470.C -std=gnu++11 compilation failed to produce executable
FAIL: g++.dg/opt/pr59470.C -std=gnu++14 (test for excess errors)
WARNING: g++.dg/opt/pr59470.C -std=gnu++14 compilation failed to produce executable
FAIL: g++.dg/opt/pr59470.C -std=gnu++98 (test for excess errors)
WARNING: g++.dg/opt/pr59470.C -std=gnu++98 compilation failed to produce executable
=== g++ Summary for unix/-m32 ===
# of expected passes 99508
# of unexpected failures 3
# of expected failures 329
# of unsupported tests 3630
=== g++ Summary ===
# of expected passes 200377
# of unexpected failures 6
# of expected failures 658
# of unsupported tests 7504
/var/gcc/regression/trunk/12-gcc-64/build/gcc/testsuite/g++/../../xg++ version 7.0.0 20160916 (experimental) [trunk revision 240175] (GCC)
=== gcc tests ===
Running target unix
FAIL: gcc.c-torture/compile/pr61159.c -O0 (test for excess errors)
FAIL: gcc.c-torture/compile/pr61159.c -O1 (test for excess errors)
FAIL: gcc.c-torture/compile/pr61159.c -O2 (test for excess errors)
FAIL: gcc.c-torture/compile/pr61159.c -O2 -flto (test for excess errors)
FAIL: gcc.c-torture/compile/pr61159.c -O2 -flto -flto-partition=none (test for excess errors)
FAIL: gcc.c-torture/compile/pr61159.c -O3 -g (test for excess errors)
FAIL: gcc.c-torture/compile/pr61159.c -Os (test for excess errors)
FAIL: gcc.dg/attr-weakref-1.c (test for excess errors)
WARNING: gcc.dg/attr-weakref-1.c compilation failed to produce executable
FAIL: gcc.dg/tree-ssa/pr69270-3.c scan-tree-dump-times uncprop1 ", 1" 4
FAIL: gcc.dg/tree-ssa/slsr-8.c scan-tree-dump-times optimized " w?\\\\* " 7
=== gcc Summary for unix ===
# of expected passes 112728
# of unexpected failures 10
# of expected failures 327
# of unsupported tests 1977
Running target unix/-m32
FAIL: gcc.c-torture/compile/pr61159.c -O0 (test for excess errors)
FAIL: gcc.c-torture/compile/pr61159.c -O1 (test for excess errors)
FAIL: gcc.c-torture/compile/pr61159.c -O2 (test for excess errors)
FAIL: gcc.c-torture/compile/pr61159.c -O2 -flto (test for excess errors)
FAIL: gcc.c-torture/compile/pr61159.c -O2 -flto -flto-partition=none (test for excess errors)
FAIL: gcc.c-torture/compile/pr61159.c -O3 -g (test for excess errors)
FAIL: gcc.c-torture/compile/pr61159.c -Os (test for excess errors)
FAIL: gcc.dg/attr-weakref-1.c (test for excess errors)
WARNING: gcc.dg/attr-weakref-1.c compilation failed to produce executable
FAIL: gcc.dg/graphite/scop-dsyr2k.c scan-tree-dump-times graphite "number of SCoPs: 1" 1
FAIL: gcc.dg/graphite/scop-dsyrk.c scan-tree-dump-times graphite "number of SCoPs: 1" 1
FAIL: gcc.dg/tree-ssa/pr69270-3.c scan-tree-dump-times uncprop1 ", 1" 4
FAIL: gcc.dg/tree-ssa/scev-5.c scan-tree-dump-times optimized "&a" 1
FAIL: gcc.dg/tree-ssa/slsr-8.c scan-tree-dump-times optimized " w?\\\\* " 7
=== gcc Summary for unix/-m32 ===
# of expected passes 111244
# of unexpected failures 13
# of expected failures 331
# of unsupported tests 1953
=== gcc Summary ===
# of expected passes 223972
# of unexpected failures 23
# of expected failures 658
# of unsupported tests 3930
/var/gcc/regression/trunk/12-gcc-64/build/gcc/xgcc version 7.0.0 20160916 (experimental) [trunk revision 240175] (GCC)
=== gfortran tests ===
Running target unix
FAIL: gfortran.dg/coarray/event_1.f90 -fcoarray=lib -O2 -lcaf_single -latomic execution test
FAIL: gfortran.dg/graphite/pr68279.f90 -O (internal compiler error)
FAIL: gfortran.dg/graphite/pr68279.f90 -O (test for excess errors)
=== gfortran Summary for unix ===
# of expected passes 43061
# of unexpected failures 3
# of expected failures 76
# of unsupported tests 72
Running target unix/-m32
FAIL: gfortran.dg/coarray/event_1.f90 -fcoarray=lib -O2 -lcaf_single -latomic execution test
FAIL: gfortran.dg/coarray/event_2.f90 -fcoarray=lib -O2 -lcaf_single -latomic execution test
=== gfortran Summary for unix/-m32 ===
# of expected passes 42844
# of unexpected failures 2
# of expected failures 76
# of unsupported tests 175
=== gfortran Summary ===
# of expected passes 85905
# of unexpected failures 5
# of expected failures 152
# of unsupported tests 247
/var/gcc/regression/trunk/12-gcc-64/build/gcc/testsuite/gfortran/../../gfortran version 7.0.0 20160916 (experimental) [trunk revision 240175] (GCC)
=== gnat tests ===
Running target unix/-m32
FAIL: gnat.dg/vect3.adb scan-tree-dump-times vect "vectorized 1 loops" 15
FAIL: gnat.dg/vect6.adb scan-tree-dump-times vect "vectorized 1 loops" 15
=== gnat Summary for unix/-m32 ===
# of expected passes 2513
# of unexpected failures 2
# of expected failures 22
# of unsupported tests 5
Running target unix
FAIL: gnat.dg/vect3.adb scan-tree-dump-times vect "vectorized 1 loops" 15
FAIL: gnat.dg/vect6.adb scan-tree-dump-times vect "vectorized 1 loops" 15
=== gnat Summary for unix ===
# of expected passes 2513
# of unexpected failures 2
# of expected failures 22
# of unsupported tests 5
=== gnat Summary ===
# of expected passes 5026
# of unexpected failures 4
# of expected failures 44
# of unsupported tests 10
/var/gcc/regression/trunk/12-gcc-64/build/gcc/gnatmake version 7.0.0 20160916 (experimental) [trunk revision 240175]
=== go tests ===
Running target unix
=== go Summary for unix ===
# of expected passes 7247
# of expected failures 1
# of untested testcases 10
# of unsupported tests 1
Running target unix/-m32
=== go Summary for unix/-m32 ===
# of expected passes 7366
# of expected failures 1
# of untested testcases 10
# of unsupported tests 2
=== go Summary ===
# of expected passes 14613
# of expected failures 2
# of untested testcases 20
# of unsupported tests 3
=== obj-c++ tests ===
Running target unix/-m32
=== obj-c++ Summary for unix/-m32 ===
# of expected passes 1454
# of expected failures 2
# of unsupported tests 77
Running target unix
=== obj-c++ Summary for unix ===
# of expected passes 1446
# of expected failures 10
# of unsupported tests 77
=== obj-c++ Summary ===
# of expected passes 2900
# of expected failures 12
# of unsupported tests 154
/var/gcc/regression/trunk/12-gcc-64/build/gcc/testsuite/obj-c++/../../xg++ version 7.0.0 20160916 (experimental) [trunk revision 240175] (GCC)
=== objc tests ===
Running target unix
=== objc Summary for unix ===
# of expected passes 2783
# of expected failures 6
# of unsupported tests 68
Running target unix/-m32
=== objc Summary for unix/-m32 ===
# of expected passes 2783
# of expected failures 6
# of unsupported tests 68
=== objc Summary ===
# of expected passes 5566
# of expected failures 12
# of unsupported tests 136
/var/gcc/regression/trunk/12-gcc-64/build/gcc/xgcc version 7.0.0 20160916 (experimental) [trunk revision 240175] (GCC)
Compiler version: 7.0.0 20160916 (experimental) [trunk revision 240175] (GCC)
Platform: x86_64-pc-solaris2.12
configure flags: --prefix=/vol/gcc --target=amd64-pc-solaris2.12 --enable-objc-gc --with-as=/usr/ccs/bin/as --without-gnu-as --with-gmp-include=/vol/gcc/include --with-gmp-lib=/vol/gcc/lib/amd64 --with-mpfr-include=/vol/gcc/include --with-mpfr-lib=/vol/gcc/lib/amd64 --with-mpc-include=/vol/gcc/include --with-mpc-lib=/vol/gcc/lib/amd64 --enable-languages=all,ada,obj-c++,go --with-isl-include=/vol/gcc/include --with-isl-lib=/vol/gcc/lib/amd64 --build=amd64-pc-solaris2.12 --host=amd64-pc-solaris2.12
BOOT_CFLAGS=-g -O2