This is the mail archive of the
gcc-testresults@gcc.gnu.org
mailing list for the GCC project.
Results for 7.0.0 20160826 (experimental) (AVR_8_bit_GNU_Toolchain_4.0.0_210) gcc testsuite on avr-unknown-none
- From: <avr-atmega1280@2304e43d5476>
- To: <gcc-testresults at gcc dot gnu dot org>
- Date: Sat, 27 Aug 2016 06:54:48 +0000
- Subject: Results for 7.0.0 20160826 (experimental) (AVR_8_bit_GNU_Toolchain_4.0.0_210) gcc testsuite on avr-unknown-none
- Authentication-results: sourceware.org; auth=none
Target is avr-unknown-none
Host is x86_64-pc-linux-gnu
=== gcc tests ===
Running target atmeldbg-avr
FAIL: gcc.c-torture/execute/pr70460.c -O0 execution test
FAIL: gcc.c-torture/execute/pr70460.c -O2 execution test
FAIL: gcc.c-torture/execute/pr70460.c -O2 -flto -flto-partition=none execution test
FAIL: gcc.c-torture/execute/pr70460.c -O2 -flto execution test
FAIL: gcc.dg/compat/struct-by-value-16a c_compat_x_tst.o-c_compat_y_tst.o execute "-Os -mno-interrupts -mcall-prologues","-Os -mno-interrupts -mcall-prologues"
FAIL: gcc.dg/compat/struct-by-value-17a c_compat_x_tst.o-c_compat_y_tst.o execute "-Os -mno-interrupts -mcall-prologues","-Os -mno-interrupts -mcall-prologues"
FAIL: gcc.dg/compat/struct-by-value-18a c_compat_x_tst.o-c_compat_y_tst.o execute "-Os -mno-interrupts -mcall-prologues","-Os -mno-interrupts -mcall-prologues"
FAIL: gcc.dg/compat/struct-by-value-2 c_compat_x_tst.o-c_compat_y_tst.o execute "-Os -mno-interrupts -mcall-prologues","-Os -mno-interrupts -mcall-prologues"
FAIL: gcc.dg/compat/struct-by-value-4 c_compat_x_tst.o-c_compat_y_tst.o execute "-Os -mno-interrupts -mcall-prologues","-Os -mno-interrupts -mcall-prologues"
FAIL: gcc.dg/compat/struct-by-value-8 c_compat_x_tst.o-c_compat_y_tst.o execute "-Os -mno-interrupts -mcall-prologues","-Os -mno-interrupts -mcall-prologues"
FAIL: gcc.dg/compat/struct-by-value-9 c_compat_x_tst.o-c_compat_y_tst.o execute "-Os -mno-interrupts -mcall-prologues","-Os -mno-interrupts -mcall-prologues"
FAIL: gcc.dg/compat/struct-return-2 c_compat_x_tst.o-c_compat_y_tst.o execute "-Os -mno-interrupts -mcall-prologues","-Os -mno-interrupts -mcall-prologues"
FAIL: gcc.dg/20141029-1.c scan-rtl-dump-times final "mem/v(/.)*:HI" 4
FAIL: gcc.dg/Wno-frame-address.c (test for excess errors)
XPASS: gcc.dg/Wtype-limits-Wextra.c (test for excess errors)
FAIL: gcc.dg/addr_equal-1.c execution test
XPASS: gcc.dg/builtin-return-1.c execution test
FAIL: gcc.dg/ifcvt-4.c scan-rtl-dump ce1 "2 true changes made"
XPASS: gcc.dg/memcpy-1.c scan-tree-dump-times optimized "nasty_local\\\\." 0
FAIL: gcc.dg/pr63387-2.c scan-tree-dump-not optimized "ccc[^\\n\\r]* ord ddd"
FAIL: gcc.dg/pr63387.c scan-tree-dump-not optimized "ccc[^\\n\\r]* unord ddd"
FAIL: gcc.dg/pr64252.c execution test
FAIL: gcc.dg/pr64277.c scan-tree-dump cunroll "loop with 5 iterations completely unrolled"
FAIL: gcc.dg/pr64277.c scan-tree-dump cunroll "loop with 6 iterations completely unrolled"
FAIL: gcc.dg/pr66299-1.c execution test
FAIL: gcc.dg/pr66299-2.c execution test
FAIL: gcc.dg/pr67786.c output pattern test, is , should match 15
FAIL: gcc.dg/stack-layout-dynamic-1.c (internal compiler error)
FAIL: gcc.dg/stack-layout-dynamic-1.c (test for excess errors)
UNRESOLVED: gcc.dg/stack-layout-dynamic-1.c scan-assembler-not cfi_def_cfa_register
XPASS: gcc.dg/strlenopt-8.c scan-tree-dump-times strlen "strlen \\\\(" 0
FAIL: gcc.dg/strlenopt-8.c scan-tree-dump-times strlen "memcpy \\\\(" 2
FAIL: gcc.dg/uninit-19.c (test for warnings, line 13)
FAIL: gcc.dg/uninit-19.c (test for excess errors)
FAIL: c-c++-common/Wlogical-op-1.c -Wc++-compat (test for excess errors)
FAIL: c-c++-common/pr27336.c -Wc++-compat scan-tree-dump vrp1 "return 1;"
ERROR: (DejaGnu) proc "scan-dump-tree-not fail_test optimized" does not exist.
=== gcc Summary ===
# of expected passes 61536
# of unexpected failures 31
# of unexpected successes 4
# of expected failures 67
# of unresolved testcases 1
# of untested testcases 125
# of unsupported tests 1621
/home/toolsbuild/workspace/avr8-gnu-regression-test-mega-trunk/build-linux_x86_64/avr-gcc-full/gcc/xgcc version 7.0.0 20160826 (experimental) (AVR_8_bit_GNU_Toolchain_4.0.0_210)
Compiler version: 7.0.0 20160826 (experimental) (AVR_8_bit_GNU_Toolchain_4.0.0_210) gcc
Platform: avr-unknown-none
configure flags: LDFLAGS=-L/home/toolsbuild/workspace/avr8-gnu-regression-test-mega-trunk/avr8-gnu-regression-test-mega-trunk-linux_x86_64-hostlibs/lib CPPFLAGS= --target=avr --host=x86_64-pc-linux-gnu --build=x86_64-pc-linux-gnu --prefix=/home/toolsbuild/workspace/avr8-gnu-regression-test-mega-trunk/avr8-gnu-regression-test-mega-trunk-linux_x86_64 --libdir=/home/toolsbuild/workspace/avr8-gnu-regression-test-mega-trunk/avr8-gnu-regression-test-mega-trunk-linux_x86_64/lib --enable-languages=c,c++ --with-dwarf2 --enable-doc --disable-shared --disable-libada --disable-libssp --disable-nls --with-avrlibc=yes --with-mpfr=/home/toolsbuild/workspace/avr8-gnu-regression-test-mega-trunk/avr8-gnu-regression-test-mega-trunk-linux_x86_64-hostlibs --with-gmp=/home/toolsbuild/workspace/avr8-gnu-regression-test-mega-trunk/avr8-gnu-regression-test-mega-trunk-linux_x86_64-hostlibs --with-mpc=/home/toolsbuild/workspace/avr8-gnu-regression-test-mega-trunk/avr8-gnu-regression-test-mega-trunk-linux_x86_64-hostlibs --with-pkgversion=AVR_8_bit_GNU_Toolchain_4.0.0_210 --with-bugurl=http://www.atmel.com