This is the mail archive of the
gcc-testresults@gcc.gnu.org
mailing list for the GCC project.
Results for 7.0.0 20160826 (experimental) (GCC) testsuite on x86_64-pc-linux-gnu
- From: Tim Prince <tprince818 dot tp at gmail dot com>
- To: gcc-testresults at gcc dot gnu dot org
- Date: Fri, 26 Aug 2016 17:34:17 -0400
- Subject: Results for 7.0.0 20160826 (experimental) (GCC) testsuite on x86_64-pc-linux-gnu
- Authentication-results: sourceware.org; auth=none
Native configuration is x86_64-pc-linux-gnu
=== gcc tests ===
ERROR: (DejaGnu) proc "scan-dump-tree-not fail_test optimized" does not
exist.
=== gcc Summary ===
# of expected passes 71451
# of unexpected failures 352
# of expected failures 112
# of unsupported tests 495
/mnt/c/Users/tim/gnu/gcc/ubw/gcc/xgcc version 7.0.0 20160826
(experimental) (GCC)
=== gfortran tests ===
Running target unix
FAIL: gfortran.dg/elemental_dependency_4.f90 -O0 execution test
FAIL: gfortran.dg/eof_4.f90 -O0 (test for excess errors)
UNRESOLVED: gfortran.dg/eof_4.f90 -O0 compilation failed to produce
executable
FAIL: gfortran.dg/eof_4.f90 -O1 (test for excess errors)
UNRESOLVED: gfortran.dg/eof_4.f90 -O1 compilation failed to produce
executable
FAIL: gfortran.dg/eof_4.f90 -O2 (test for excess errors)
UNRESOLVED: gfortran.dg/eof_4.f90 -O2 compilation failed to produce
executable
FAIL: gfortran.dg/eof_4.f90 -O3 -fomit-frame-pointer -funroll-loops
-fpeel-loops -ftracer -finline-functions (test for excess errors)
UNRESOLVED: gfortran.dg/eof_4.f90 -O3 -fomit-frame-pointer
-funroll-loops -fpeel-loops -ftracer -finline-functions compilation
failed to produce executable
FAIL: gfortran.dg/eof_4.f90 -O3 -g (test for excess errors)
UNRESOLVED: gfortran.dg/eof_4.f90 -O3 -g compilation failed to
produce executable
FAIL: gfortran.dg/eof_4.f90 -Os (test for excess errors)
UNRESOLVED: gfortran.dg/eof_4.f90 -Os compilation failed to produce
executable
FAIL: gfortran.dg/eof_5.f90 -O0 (test for excess errors)
UNRESOLVED: gfortran.dg/eof_5.f90 -O0 compilation failed to produce
executable
FAIL: gfortran.dg/eof_5.f90 -O1 (test for excess errors)
UNRESOLVED: gfortran.dg/eof_5.f90 -O1 compilation failed to produce
executable
FAIL: gfortran.dg/eof_5.f90 -O2 (test for excess errors)
UNRESOLVED: gfortran.dg/eof_5.f90 -O2 compilation failed to produce
executable
FAIL: gfortran.dg/eof_5.f90 -O3 -fomit-frame-pointer -funroll-loops
-fpeel-loops -ftracer -finline-functions (test for excess errors)
UNRESOLVED: gfortran.dg/eof_5.f90 -O3 -fomit-frame-pointer
-funroll-loops -fpeel-loops -ftracer -finline-functions compilation
failed to produce executable
FAIL: gfortran.dg/eof_5.f90 -O3 -g (test for excess errors)
UNRESOLVED: gfortran.dg/eof_5.f90 -O3 -g compilation failed to
produce executable
FAIL: gfortran.dg/eof_5.f90 -Os (test for excess errors)
UNRESOLVED: gfortran.dg/eof_5.f90 -Os compilation failed to produce
executable
FAIL: gfortran.dg/eor_1.f90 -O0 (test for excess errors)
UNRESOLVED: gfortran.dg/eor_1.f90 -O0 compilation failed to produce
executable
FAIL: gfortran.dg/eor_1.f90 -O1 (test for excess errors)
UNRESOLVED: gfortran.dg/eor_1.f90 -O1 compilation failed to produce
executable
FAIL: gfortran.dg/eor_1.f90 -O2 (test for excess errors)
UNRESOLVED: gfortran.dg/eor_1.f90 -O2 compilation failed to produce
executable
FAIL: gfortran.dg/eor_1.f90 -O3 -fomit-frame-pointer -funroll-loops
-fpeel-loops -ftracer -finline-functions (test for excess errors)
UNRESOLVED: gfortran.dg/eor_1.f90 -O3 -fomit-frame-pointer
-funroll-loops -fpeel-loops -ftracer -finline-functions compilation
failed to produce executable
FAIL: gfortran.dg/eor_1.f90 -O3 -g (test for excess errors)
UNRESOLVED: gfortran.dg/eor_1.f90 -O3 -g compilation failed to
produce executable
FAIL: gfortran.dg/eor_1.f90 -Os (test for excess errors)
UNRESOLVED: gfortran.dg/eor_1.f90 -Os compilation failed to produce
executable
FAIL: gfortran.dg/eor_handling_1.f90 -O0 (test for excess errors)
UNRESOLVED: gfortran.dg/eor_handling_1.f90 -O0 compilation failed to
produce executable
FAIL: gfortran.dg/eor_handling_1.f90 -O1 (test for excess errors)
UNRESOLVED: gfortran.dg/eor_handling_1.f90 -O1 compilation failed to
produce executable
FAIL: gfortran.dg/eor_handling_1.f90 -O2 (test for excess errors)
UNRESOLVED: gfortran.dg/eor_handling_1.f90 -O2 compilation failed to
produce executable
FAIL: gfortran.dg/eor_handling_1.f90 -O3 -fomit-frame-pointer
-funroll-loops -fpeel-loops -ftracer -finline-functions (test for
excess errors)
UNRESOLVED: gfortran.dg/eor_handling_1.f90 -O3 -fomit-frame-pointer
-funroll-loops -fpeel-loops -ftracer -finline-functions compilation
failed to produce executable
FAIL: gfortran.dg/eor_handling_1.f90 -O3 -g (test for excess errors)
UNRESOLVED: gfortran.dg/eor_handling_1.f90 -O3 -g compilation failed
to produce executable
FAIL: gfortran.dg/eor_handling_1.f90 -Os (test for excess errors)
UNRESOLVED: gfortran.dg/eor_handling_1.f90 -Os compilation failed to
produce executable
FAIL: gfortran.dg/eor_handling_2.f90 -O0 (test for excess errors)
UNRESOLVED: gfortran.dg/eor_handling_2.f90 -O0 compilation failed to
produce executable
FAIL: gfortran.dg/eor_handling_2.f90 -O1 (test for excess errors)
UNRESOLVED: gfortran.dg/eor_handling_2.f90 -O1 compilation failed to
produce executable
FAIL: gfortran.dg/eor_handling_2.f90 -O2 (test for excess errors)
UNRESOLVED: gfortran.dg/eor_handling_2.f90 -O2 compilation failed to
produce executable
FAIL: gfortran.dg/eor_handling_2.f90 -O3 -fomit-frame-pointer
-funroll-loops -fpeel-loops -ftracer -finline-functions (test for
excess errors)
UNRESOLVED: gfortran.dg/eor_handling_2.f90 -O3 -fomit-frame-pointer
-funroll-loops -fpeel-loops -ftracer -finline-functions compilation
failed to produce executable
FAIL: gfortran.dg/eor_handling_2.f90 -O3 -g (test for excess errors)
UNRESOLVED: gfortran.dg/eor_handling_2.f90 -O3 -g compilation failed
to produce executable
FAIL: gfortran.dg/eor_handling_2.f90 -Os (test for excess errors)
UNRESOLVED: gfortran.dg/eor_handling_2.f90 -Os compilation failed to
produce executable
FAIL: gfortran.dg/eor_handling_3.f90 -O0 (test for excess errors)
UNRESOLVED: gfortran.dg/eor_handling_3.f90 -O0 compilation failed to
produce executable
FAIL: gfortran.dg/eor_handling_3.f90 -O1 (test for excess errors)
UNRESOLVED: gfortran.dg/eor_handling_3.f90 -O1 compilation failed to
produce executable
FAIL: gfortran.dg/eor_handling_3.f90 -O2 (test for excess errors)
UNRESOLVED: gfortran.dg/eor_handling_3.f90 -O2 compilation failed to
produce executable
FAIL: gfortran.dg/eor_handling_3.f90 -O3 -fomit-frame-pointer
-funroll-loops -fpeel-loops -ftracer -finline-functions (test for
excess errors)
UNRESOLVED: gfortran.dg/eor_handling_3.f90 -O3 -fomit-frame-pointer
-funroll-loops -fpeel-loops -ftracer -finline-functions compilation
failed to produce executable
FAIL: gfortran.dg/eor_handling_3.f90 -O3 -g (test for excess errors)
UNRESOLVED: gfortran.dg/eor_handling_3.f90 -O3 -g compilation failed
to produce executable
FAIL: gfortran.dg/eor_handling_3.f90 -Os (test for excess errors)
UNRESOLVED: gfortran.dg/eor_handling_3.f90 -Os compilation failed to
produce executable
FAIL: gfortran.dg/eor_handling_4.f90 -O0 (test for excess errors)
UNRESOLVED: gfortran.dg/eor_handling_4.f90 -O0 compilation failed to
produce executable
FAIL: gfortran.dg/eor_handling_4.f90 -O1 (test for excess errors)
UNRESOLVED: gfortran.dg/eor_handling_4.f90 -O1 compilation failed to
produce executable
FAIL: gfortran.dg/eor_handling_4.f90 -O2 (test for excess errors)
UNRESOLVED: gfortran.dg/eor_handling_4.f90 -O2 compilation failed to
produce executable
FAIL: gfortran.dg/eor_handling_4.f90 -O3 -fomit-frame-pointer
-funroll-loops -fpeel-loops -ftracer -finline-functions (test for
excess errors)
UNRESOLVED: gfortran.dg/eor_handling_4.f90 -O3 -fomit-frame-pointer
-funroll-loops -fpeel-loops -ftracer -finline-functions compilation
failed to produce executable
FAIL: gfortran.dg/eor_handling_4.f90 -O3 -g (test for excess errors)
UNRESOLVED: gfortran.dg/eor_handling_4.f90 -O3 -g compilation failed
to produce executable
FAIL: gfortran.dg/eor_handling_4.f90 -Os (test for excess errors)
UNRESOLVED: gfortran.dg/eor_handling_4.f90 -Os compilation failed to
produce executable
FAIL: gfortran.dg/eor_handling_5.f90 -O0 (test for excess errors)
UNRESOLVED: gfortran.dg/eor_handling_5.f90 -O0 compilation failed to
produce executable
FAIL: gfortran.dg/eor_handling_5.f90 -O1 (test for excess errors)
UNRESOLVED: gfortran.dg/eor_handling_5.f90 -O1 compilation failed to
produce executable
FAIL: gfortran.dg/eor_handling_5.f90 -O2 (test for excess errors)
UNRESOLVED: gfortran.dg/eor_handling_5.f90 -O2 compilation failed to
produce executable
FAIL: gfortran.dg/eor_handling_5.f90 -O3 -fomit-frame-pointer
-funroll-loops -fpeel-loops -ftracer -finline-functions (test for
excess errors)
UNRESOLVED: gfortran.dg/eor_handling_5.f90 -O3 -fomit-frame-pointer
-funroll-loops -fpeel-loops -ftracer -finline-functions compilation
failed to produce executable
FAIL: gfortran.dg/eor_handling_5.f90 -O3 -g (test for excess errors)
UNRESOLVED: gfortran.dg/eor_handling_5.f90 -O3 -g compilation failed
to produce executable
FAIL: gfortran.dg/eor_handling_5.f90 -Os (test for excess errors)
UNRESOLVED: gfortran.dg/eor_handling_5.f90 -Os compilation failed to
produce executable
FAIL: gfortran.dg/internal_dummy_2.f08 -O0 execution test
FAIL: gfortran.dg/internal_dummy_2.f08 -O1 execution test
FAIL: gfortran.dg/internal_dummy_2.f08 -O2 execution test
FAIL: gfortran.dg/internal_dummy_2.f08 -O3 -fomit-frame-pointer
-funroll-loops -fpeel-loops -ftracer -finline-functions execution test
FAIL: gfortran.dg/internal_dummy_2.f08 -O3 -g execution test
FAIL: gfortran.dg/internal_dummy_2.f08 -Os execution test
FAIL: gfortran.dg/internal_dummy_3.f08 -O0 execution test
FAIL: gfortran.dg/internal_dummy_3.f08 -O1 execution test
FAIL: gfortran.dg/internal_dummy_3.f08 -O2 execution test
FAIL: gfortran.dg/internal_dummy_3.f08 -O3 -fomit-frame-pointer
-funroll-loops -fpeel-loops -ftracer -finline-functions execution test
FAIL: gfortran.dg/internal_dummy_3.f08 -O3 -g execution test
FAIL: gfortran.dg/internal_dummy_3.f08 -Os execution test
FAIL: gfortran.dg/internal_dummy_4.f08 -O0 execution test
FAIL: gfortran.dg/io_constraints_8.f90 -O (test for errors, line 60)
FAIL: gfortran.dg/io_constraints_8.f90 -O (test for errors, line 61)
FAIL: gfortran.dg/io_constraints_8.f90 -O (test for errors, line 62)
FAIL: gfortran.dg/io_constraints_8.f90 -O (test for errors, line 63)
FAIL: gfortran.dg/io_constraints_8.f90 -O (test for errors, line 64)
FAIL: gfortran.dg/io_constraints_8.f90 -O (test for errors, line 65)
FAIL: gfortran.dg/io_constraints_8.f90 -O (test for errors, line 66)
FAIL: gfortran.dg/io_constraints_8.f90 -O (test for errors, line 67)
FAIL: gfortran.dg/io_constraints_8.f90 -O (test for errors, line 68)
FAIL: gfortran.dg/io_constraints_8.f90 -O (test for errors, line 70)
FAIL: gfortran.dg/io_constraints_8.f90 -O (test for errors, line 71)
FAIL: gfortran.dg/io_constraints_8.f90 -O (test for excess errors)
FAIL: gfortran.dg/min_max_conformance.f90 -O (test for errors, line 48)
FAIL: gfortran.dg/min_max_conformance.f90 -O (test for errors, line 49)
FAIL: gfortran.dg/min_max_conformance.f90 -O (test for errors, line 50)
FAIL: gfortran.dg/min_max_conformance.f90 -O (test for excess errors)
FAIL: gfortran.dg/norm2_3.f90 -O0 execution test
FAIL: gfortran.dg/norm2_3.f90 -O1 execution test
FAIL: gfortran.dg/norm2_3.f90 -O2 execution test
FAIL: gfortran.dg/norm2_3.f90 -O3 -fomit-frame-pointer -funroll-loops
-fpeel-loops -ftracer -finline-functions execution test
FAIL: gfortran.dg/norm2_3.f90 -O3 -g execution test
FAIL: gfortran.dg/norm2_3.f90 -Os execution test
FAIL: gfortran.dg/pointer_check_1.f90 -O0 output pattern test, is
FAIL: gfortran.dg/pointer_check_2.f90 -O0 output pattern test, is
FAIL: gfortran.dg/pointer_check_3.f90 -O0 output pattern test, is
FAIL: gfortran.dg/pointer_check_4.f90 -O0 output pattern test, is
FAIL: gfortran.dg/proc_ptr_18.f90 -O0 execution test
FAIL: gfortran.dg/proc_ptr_19.f90 -O0 execution test
FAIL: gfortran.dg/proc_ptr_20.f90 -O0 execution test
FAIL: gfortran.dg/proc_ptr_21.f90 -O0 execution test
FAIL: gfortran.dg/proc_ptr_23.f90 -O0 execution test
FAIL: gfortran.dg/proc_ptr_25.f90 -O0 execution test
FAIL: gfortran.dg/proc_ptr_47.f90 -O0 execution test
FAIL: gfortran.dg/proc_ptr_48.f90 -O0 execution test
FAIL: gfortran.dg/proc_ptr_5.f90 -O0 execution test
FAIL: gfortran.dg/proc_ptr_7.f90 -O0 execution test
FAIL: gfortran.dg/proc_ptr_comp_1.f90 -O0 execution test
FAIL: gfortran.dg/proc_ptr_comp_11.f90 -O0 execution test
FAIL: gfortran.dg/proc_ptr_comp_13.f90 -O0 execution test
FAIL: gfortran.dg/proc_ptr_comp_14.f90 -O0 execution test
FAIL: gfortran.dg/proc_ptr_comp_18.f90 -O0 execution test
FAIL: gfortran.dg/proc_ptr_comp_19.f90 -O0 execution test
FAIL: gfortran.dg/proc_ptr_comp_2.f90 -O0 execution test
FAIL: gfortran.dg/proc_ptr_comp_29.f90 -O0 execution test
FAIL: gfortran.dg/proc_ptr_comp_34.f90 -O0 execution test
FAIL: gfortran.dg/proc_ptr_comp_5.f90 -O0 execution test
FAIL: gfortran.dg/proc_ptr_comp_8.f90 -O0 execution test
FAIL: gfortran.dg/proc_ptr_comp_9.f90 -O0 execution test
FAIL: gfortran.dg/proc_ptr_comp_pass_3.f90 -O0 execution test
FAIL: gfortran.dg/proc_ptr_result_7.f90 -O0 execution test
FAIL: gfortran.dg/stat_1.f90 -O0 execution test
FAIL: gfortran.dg/stat_1.f90 -O1 execution test
FAIL: gfortran.dg/stat_1.f90 -O2 execution test
FAIL: gfortran.dg/stat_1.f90 -O3 -fomit-frame-pointer -funroll-loops
-fpeel-loops -ftracer -finline-functions execution test
FAIL: gfortran.dg/stat_1.f90 -O3 -g execution test
FAIL: gfortran.dg/stat_1.f90 -Os execution test
FAIL: gfortran.dg/stat_2.f90 -O0 execution test
FAIL: gfortran.dg/stat_2.f90 -O1 execution test
FAIL: gfortran.dg/stat_2.f90 -O2 execution test
FAIL: gfortran.dg/stat_2.f90 -O3 -fomit-frame-pointer -funroll-loops
-fpeel-loops -ftracer -finline-functions execution test
FAIL: gfortran.dg/stat_2.f90 -O3 -g execution test
FAIL: gfortran.dg/stat_2.f90 -Os execution test
FAIL: gfortran.dg/structure_constructor_11.f90 -O0 execution test
FAIL: gfortran.dg/structure_constructor_11.f90 -O1 execution test
FAIL: gfortran.dg/structure_constructor_11.f90 -O2 execution test
FAIL: gfortran.dg/structure_constructor_11.f90 -O3
-fomit-frame-pointer -funroll-loops -fpeel-loops -ftracer
-finline-functions execution test
FAIL: gfortran.dg/structure_constructor_11.f90 -O3 -g execution test
FAIL: gfortran.dg/structure_constructor_11.f90 -Os execution test
FAIL: gfortran.dg/unlimited_polymorphic_19.f90 -O0 execution test
FAIL: gfortran.dg/ieee/large_1.f90 -O0 execution test
FAIL: gfortran.dg/ieee/large_2.f90 -O0 execution test
FAIL: gfortran.dg/ieee/large_2.f90 -O1 execution test
FAIL: gfortran.dg/ieee/large_2.f90 -O2 execution test
FAIL: gfortran.dg/ieee/large_2.f90 -O3 -fomit-frame-pointer
-funroll-loops -fpeel-loops -ftracer -finline-functions execution test
FAIL: gfortran.dg/ieee/large_2.f90 -O3 -g execution test
FAIL: gfortran.dg/ieee/large_2.f90 -Os execution test
=== gfortran Summary ===
# of expected passes 42577
# of unexpected failures 138
# of expected failures 66
# of unresolved testcases 48
# of unsupported tests 76
/mnt/c/Users/tim/gnu/gcc/ubw/gcc/testsuite/gfortran/../../gfortran
version 7.0.0 20160826 (experimental) (GCC)
=== libgomp tests ===
Running target unix
FAIL: libgomp.c/pr52547.c execution test
FAIL: libgomp.fortran/threadprivate1.f90 -Os (test for excess errors)
UNRESOLVED: libgomp.fortran/threadprivate1.f90 -Os compilation failed
to produce executable
=== libgomp Summary ===
# of expected passes 5025
# of unexpected failures 2
# of unresolved testcases 1
# of unsupported tests 331
=== libstdc++ tests ===
Running target unix
FAIL: 22_locale/time_get/get/char/2.cc execution test
FAIL: 22_locale/time_get/get/wchar_t/2.cc execution test
FAIL: 27_io/basic_filebuf/close/char/4879.cc execution test
FAIL: 27_io/basic_filebuf/close/char/9964.cc execution test
FAIL: 27_io/basic_filebuf/seekoff/char/26777.cc execution test
FAIL: 27_io/basic_filebuf/showmanyc/char/9533-1.cc execution test
FAIL: 27_io/basic_filebuf/underflow/char/10097.cc execution test
FAIL: 27_io/manipulators/extended/get_time/char/2.cc execution test
FAIL: 27_io/manipulators/extended/get_time/wchar_t/2.cc execution test
FAIL: 27_io/manipulators/extended/put_time/char/2.cc execution test
FAIL: 27_io/manipulators/extended/put_time/wchar_t/2.cc execution test
FAIL: 27_io/objects/char/7.cc execution test
FAIL: 27_io/objects/char/9661-1.cc execution test
FAIL: 27_io/objects/wchar_t/7.cc execution test
FAIL: 27_io/objects/wchar_t/9661-1.cc execution test
FAIL: experimental/filesystem/iterators/directory_iterator.cc execution test
FAIL: experimental/filesystem/iterators/recursive_directory_iterator.cc
execution test
FAIL: experimental/filesystem/operations/permissions.cc execution test
=== libstdc++ Summary ===
# of expected passes 10786
# of unexpected failures 18
# of expected failures 65
# of unsupported tests 544
Compiler version: 7.0.0 20160826 (experimental) (GCC)
Platform: x86_64-pc-linux-gnu
configure flags: --prefix=/usr/local/gcc7 --enable-languages='c c++
fortran' --disable-multilib