This is the mail archive of the
gcc-testresults@gcc.gnu.org
mailing list for the GCC project.
Results for 6.2.0 (GCC) testsuite on i686-pc-linux-gnu
- From: David Ronis <ronis at ronispc dot chem dot mcgill dot ca>
- To: gcc-testresults at gcc dot gnu dot org
- Date: Wed, 24 Aug 2016 12:25:21 -0400
- Subject: Results for 6.2.0 (GCC) testsuite on i686-pc-linux-gnu
- Authentication-results: sourceware.org; auth=none
LAST_UPDATED: Obtained from SVN: tags/gcc_6_2_0_release revision 239652
Native configuration is i686-pc-linux-gnu
=== gcc tests ===
Running target unix
XPASS: gcc.dg/guality/example.c -O0 execution test
XPASS: gcc.dg/guality/example.c -O1 execution test
XPASS: gcc.dg/guality/guality.c -O0 execution test
XPASS: gcc.dg/guality/guality.c -O1 execution test
XPASS: gcc.dg/guality/guality.c -O2 execution test
XPASS: gcc.dg/guality/guality.c -O2 -flto -fno-use-linker-plugin -flto-partition=none execution test
XPASS: gcc.dg/guality/guality.c -O2 -flto -fuse-linker-plugin -fno-fat-lto-objects execution test
XPASS: gcc.dg/guality/guality.c -O3 -g execution test
XPASS: gcc.dg/guality/guality.c -Os execution test
XPASS: gcc.dg/guality/inline-params.c -O2 execution test
XPASS: gcc.dg/guality/inline-params.c -O2 -flto -fno-use-linker-plugin -flto-partition=none execution test
XPASS: gcc.dg/guality/inline-params.c -O3 -g execution test
XPASS: gcc.dg/guality/inline-params.c -Os execution test
XPASS: gcc.dg/guality/pr41353-1.c -O0 line 28 j == 28 + 37
XPASS: gcc.dg/guality/pr41353-1.c -O1 line 28 j == 28 + 37
XPASS: gcc.dg/guality/pr41353-1.c -O2 line 28 j == 28 + 37
XPASS: gcc.dg/guality/pr41353-1.c -O2 -flto -fno-use-linker-plugin -flto-partition=none line 28 j == 28 + 37
XPASS: gcc.dg/guality/pr41353-1.c -O2 -flto -fuse-linker-plugin -fno-fat-lto-objects line 28 j == 28 + 37
XPASS: gcc.dg/guality/pr41353-1.c -O3 -g line 28 j == 28 + 37
XPASS: gcc.dg/guality/pr41353-1.c -Os line 28 j == 28 + 37
FAIL: gcc.dg/guality/pr41447-1.c -O2 execution test
FAIL: gcc.dg/guality/pr41447-1.c -O2 -flto -fno-use-linker-plugin -flto-partition=none execution test
FAIL: gcc.dg/guality/pr41447-1.c -O3 -g execution test
FAIL: gcc.dg/guality/pr41616-1.c -O2 -flto -fuse-linker-plugin -fno-fat-lto-objects execution test
FAIL: gcc.dg/guality/pr45882.c -O2 -flto -fuse-linker-plugin -fno-fat-lto-objects line 16 d == 112
FAIL: gcc.dg/guality/pr45882.c -O2 -flto -fuse-linker-plugin -fno-fat-lto-objects line 16 e == 142
FAIL: gcc.dg/guality/pr54519-1.c -O2 -flto -fno-use-linker-plugin -flto-partition=none line 20 y == 25
FAIL: gcc.dg/guality/pr54519-1.c -O2 -flto -fno-use-linker-plugin -flto-partition=none line 20 z == 6
FAIL: gcc.dg/guality/pr54519-1.c -O2 -flto -fno-use-linker-plugin -flto-partition=none line 23 y == 117
FAIL: gcc.dg/guality/pr54519-1.c -O2 -flto -fno-use-linker-plugin -flto-partition=none line 23 z == 8
FAIL: gcc.dg/guality/pr54519-2.c -O2 -flto -fno-use-linker-plugin -flto-partition=none line 17 y == 25
FAIL: gcc.dg/guality/pr54519-2.c -O2 -flto -fuse-linker-plugin -fno-fat-lto-objects line 17 y == 25
FAIL: gcc.dg/guality/pr54519-3.c -O2 -flto -fno-use-linker-plugin -flto-partition=none line 20 y == 25
FAIL: gcc.dg/guality/pr54519-3.c -O2 -flto -fno-use-linker-plugin -flto-partition=none line 20 z == 6
FAIL: gcc.dg/guality/pr54519-3.c -O2 -flto -fno-use-linker-plugin -flto-partition=none line 23 y == 117
FAIL: gcc.dg/guality/pr54519-3.c -O2 -flto -fno-use-linker-plugin -flto-partition=none line 23 z == 8
FAIL: gcc.dg/guality/pr54519-3.c -O2 -flto -fuse-linker-plugin -fno-fat-lto-objects line 20 y == 25
FAIL: gcc.dg/guality/pr54519-3.c -O2 -flto -fuse-linker-plugin -fno-fat-lto-objects line 20 z == 6
FAIL: gcc.dg/guality/pr54519-3.c -O2 -flto -fuse-linker-plugin -fno-fat-lto-objects line 23 y == 117
FAIL: gcc.dg/guality/pr54519-3.c -O2 -flto -fuse-linker-plugin -fno-fat-lto-objects line 23 z == 8
FAIL: gcc.dg/guality/pr54519-4.c -O2 -flto -fno-use-linker-plugin -flto-partition=none line 17 y == 25
FAIL: gcc.dg/guality/pr54519-4.c -O2 -flto -fuse-linker-plugin -fno-fat-lto-objects line 17 y == 25
FAIL: gcc.dg/guality/pr54519-5.c -O2 -flto -fno-use-linker-plugin -flto-partition=none line 17 y == 25
FAIL: gcc.dg/guality/pr54519-5.c -O2 -flto -fuse-linker-plugin -fno-fat-lto-objects line 17 y == 25
FAIL: gcc.dg/guality/pr68860-1.c -O2 -flto -fno-use-linker-plugin -flto-partition=none line 14 arg1 == 1
FAIL: gcc.dg/guality/pr68860-1.c -O2 -flto -fno-use-linker-plugin -flto-partition=none line 14 arg2 == 2
FAIL: gcc.dg/guality/pr68860-1.c -O2 -flto -fno-use-linker-plugin -flto-partition=none line 14 arg3 == 3
FAIL: gcc.dg/guality/pr68860-1.c -O2 -flto -fno-use-linker-plugin -flto-partition=none line 14 arg4 == 4
FAIL: gcc.dg/guality/pr68860-1.c -O2 -flto -fno-use-linker-plugin -flto-partition=none line 14 arg5 == 5
FAIL: gcc.dg/guality/pr68860-1.c -O2 -flto -fno-use-linker-plugin -flto-partition=none line 14 arg6 == 6
FAIL: gcc.dg/guality/pr68860-1.c -O2 -flto -fno-use-linker-plugin -flto-partition=none line 16 arg1 == 1
FAIL: gcc.dg/guality/pr68860-1.c -O2 -flto -fno-use-linker-plugin -flto-partition=none line 16 arg2 == 2
FAIL: gcc.dg/guality/pr68860-1.c -O2 -flto -fno-use-linker-plugin -flto-partition=none line 16 arg3 == 3
FAIL: gcc.dg/guality/pr68860-1.c -O2 -flto -fno-use-linker-plugin -flto-partition=none line 16 arg4 == 4
FAIL: gcc.dg/guality/pr68860-1.c -O2 -flto -fno-use-linker-plugin -flto-partition=none line 16 arg5 == 5
FAIL: gcc.dg/guality/pr68860-1.c -O2 -flto -fno-use-linker-plugin -flto-partition=none line 16 arg6 == 6
FAIL: gcc.dg/guality/pr68860-1.c -O2 -flto -fuse-linker-plugin -fno-fat-lto-objects line 14 arg1 == 1
FAIL: gcc.dg/guality/pr68860-1.c -O2 -flto -fuse-linker-plugin -fno-fat-lto-objects line 14 arg2 == 2
FAIL: gcc.dg/guality/pr68860-1.c -O2 -flto -fuse-linker-plugin -fno-fat-lto-objects line 14 arg3 == 3
FAIL: gcc.dg/guality/pr68860-1.c -O2 -flto -fuse-linker-plugin -fno-fat-lto-objects line 14 arg4 == 4
FAIL: gcc.dg/guality/pr68860-1.c -O2 -flto -fuse-linker-plugin -fno-fat-lto-objects line 14 arg5 == 5
FAIL: gcc.dg/guality/pr68860-1.c -O2 -flto -fuse-linker-plugin -fno-fat-lto-objects line 14 arg6 == 6
FAIL: gcc.dg/guality/pr68860-1.c -O2 -flto -fuse-linker-plugin -fno-fat-lto-objects line 16 arg1 == 1
FAIL: gcc.dg/guality/pr68860-1.c -O2 -flto -fuse-linker-plugin -fno-fat-lto-objects line 16 arg2 == 2
FAIL: gcc.dg/guality/pr68860-1.c -O2 -flto -fuse-linker-plugin -fno-fat-lto-objects line 16 arg3 == 3
FAIL: gcc.dg/guality/pr68860-1.c -O2 -flto -fuse-linker-plugin -fno-fat-lto-objects line 16 arg4 == 4
FAIL: gcc.dg/guality/pr68860-1.c -O2 -flto -fuse-linker-plugin -fno-fat-lto-objects line 16 arg5 == 5
FAIL: gcc.dg/guality/pr68860-1.c -O2 -flto -fuse-linker-plugin -fno-fat-lto-objects line 16 arg6 == 6
FAIL: gcc.dg/guality/vla-1.c -O1 line 17 sizeof (a) == 6
FAIL: gcc.dg/guality/vla-1.c -O2 line 17 sizeof (a) == 6
FAIL: gcc.dg/guality/vla-1.c -O2 -flto -fno-use-linker-plugin -flto-partition=none line 17 sizeof (a) == 6
FAIL: gcc.dg/guality/vla-1.c -O2 -flto -fuse-linker-plugin -fno-fat-lto-objects line 17 sizeof (a) == 6
FAIL: gcc.dg/guality/vla-1.c -O3 -g line 17 sizeof (a) == 6
FAIL: gcc.dg/guality/vla-1.c -Os line 17 sizeof (a) == 6
FAIL: gcc.target/i386/pr65105-2.c scan-assembler por
FAIL: gcc.target/i386/mpx/alloca-1-lbv.c -O0 execution test
FAIL: gcc.target/i386/mpx/alloca-1-lbv.c -O1 execution test
FAIL: gcc.target/i386/mpx/alloca-1-lbv.c -O2 execution test
FAIL: gcc.target/i386/mpx/alloca-1-lbv.c -O2 -flto -fno-use-linker-plugin -flto-partition=none execution test
FAIL: gcc.target/i386/mpx/alloca-1-lbv.c -O2 -flto -fuse-linker-plugin -fno-fat-lto-objects execution test
FAIL: gcc.target/i386/mpx/alloca-1-lbv.c -O3 -g execution test
FAIL: gcc.target/i386/mpx/alloca-1-lbv.c -Os execution test
FAIL: gcc.target/i386/mpx/alloca-1-ubv.c -O0 execution test
FAIL: gcc.target/i386/mpx/alloca-1-ubv.c -O1 execution test
FAIL: gcc.target/i386/mpx/alloca-1-ubv.c -O2 execution test
FAIL: gcc.target/i386/mpx/alloca-1-ubv.c -O2 -flto -fno-use-linker-plugin -flto-partition=none execution test
FAIL: gcc.target/i386/mpx/alloca-1-ubv.c -O2 -flto -fuse-linker-plugin -fno-fat-lto-objects execution test
FAIL: gcc.target/i386/mpx/alloca-1-ubv.c -O3 -g execution test
FAIL: gcc.target/i386/mpx/alloca-1-ubv.c -Os execution test
FAIL: gcc.target/i386/mpx/arg-addr-1-lbv.c -O0 execution test
FAIL: gcc.target/i386/mpx/arg-addr-1-lbv.c -O1 execution test
FAIL: gcc.target/i386/mpx/arg-addr-1-lbv.c -O2 execution test
FAIL: gcc.target/i386/mpx/arg-addr-1-lbv.c -O2 -flto -fno-use-linker-plugin -flto-partition=none execution test
FAIL: gcc.target/i386/mpx/arg-addr-1-lbv.c -O2 -flto -fuse-linker-plugin -fno-fat-lto-objects execution test
FAIL: gcc.target/i386/mpx/arg-addr-1-lbv.c -O3 -g execution test
FAIL: gcc.target/i386/mpx/arg-addr-1-lbv.c -Os execution test
FAIL: gcc.target/i386/mpx/arg-addr-1-ubv.c -O0 execution test
FAIL: gcc.target/i386/mpx/arg-addr-1-ubv.c -O1 execution test
FAIL: gcc.target/i386/mpx/arg-addr-1-ubv.c -O2 execution test
FAIL: gcc.target/i386/mpx/arg-addr-1-ubv.c -O2 -flto -fno-use-linker-plugin -flto-partition=none execution test
FAIL: gcc.target/i386/mpx/arg-addr-1-ubv.c -O2 -flto -fuse-linker-plugin -fno-fat-lto-objects execution test
FAIL: gcc.target/i386/mpx/arg-addr-1-ubv.c -O3 -g execution test
FAIL: gcc.target/i386/mpx/arg-addr-1-ubv.c -Os execution test
FAIL: gcc.target/i386/mpx/bitfields-1-lbv.c -O0 execution test
FAIL: gcc.target/i386/mpx/bitfields-1-lbv.c -O1 execution test
FAIL: gcc.target/i386/mpx/bitfields-1-lbv.c -O2 execution test
FAIL: gcc.target/i386/mpx/bitfields-1-lbv.c -O2 -flto -fno-use-linker-plugin -flto-partition=none execution test
FAIL: gcc.target/i386/mpx/bitfields-1-lbv.c -O2 -flto -fuse-linker-plugin -fno-fat-lto-objects execution test
FAIL: gcc.target/i386/mpx/bitfields-1-lbv.c -O3 -g execution test
FAIL: gcc.target/i386/mpx/bitfields-1-lbv.c -Os execution test
FAIL: gcc.target/i386/mpx/bitfields-1-ubv.c -O0 execution test
FAIL: gcc.target/i386/mpx/bitfields-1-ubv.c -O1 execution test
FAIL: gcc.target/i386/mpx/bitfields-1-ubv.c -O2 execution test
FAIL: gcc.target/i386/mpx/bitfields-1-ubv.c -O2 -flto -fno-use-linker-plugin -flto-partition=none execution test
FAIL: gcc.target/i386/mpx/bitfields-1-ubv.c -O2 -flto -fuse-linker-plugin -fno-fat-lto-objects execution test
FAIL: gcc.target/i386/mpx/bitfields-1-ubv.c -O3 -g execution test
FAIL: gcc.target/i386/mpx/bitfields-1-ubv.c -Os execution test
FAIL: gcc.target/i386/mpx/builtin-bnd-chk-ptr-bounds-1-lbv.c -O0 execution test
FAIL: gcc.target/i386/mpx/builtin-bnd-chk-ptr-bounds-1-lbv.c -O1 execution test
FAIL: gcc.target/i386/mpx/builtin-bnd-chk-ptr-bounds-1-lbv.c -O2 execution test
FAIL: gcc.target/i386/mpx/builtin-bnd-chk-ptr-bounds-1-lbv.c -O2 -flto -fno-use-linker-plugin -flto-partition=none execution test
FAIL: gcc.target/i386/mpx/builtin-bnd-chk-ptr-bounds-1-lbv.c -O2 -flto -fuse-linker-plugin -fno-fat-lto-objects execution test
FAIL: gcc.target/i386/mpx/builtin-bnd-chk-ptr-bounds-1-lbv.c -O3 -g execution test
FAIL: gcc.target/i386/mpx/builtin-bnd-chk-ptr-bounds-1-lbv.c -Os execution test
FAIL: gcc.target/i386/mpx/builtin-bnd-chk-ptr-bounds-1-ubv.c -O0 execution test
FAIL: gcc.target/i386/mpx/builtin-bnd-chk-ptr-bounds-1-ubv.c -O1 execution test
FAIL: gcc.target/i386/mpx/builtin-bnd-chk-ptr-bounds-1-ubv.c -O2 execution test
FAIL: gcc.target/i386/mpx/builtin-bnd-chk-ptr-bounds-1-ubv.c -O2 -flto -fno-use-linker-plugin -flto-partition=none execution test
FAIL: gcc.target/i386/mpx/builtin-bnd-chk-ptr-bounds-1-ubv.c -O2 -flto -fuse-linker-plugin -fno-fat-lto-objects execution test
FAIL: gcc.target/i386/mpx/builtin-bnd-chk-ptr-bounds-1-ubv.c -O3 -g execution test
FAIL: gcc.target/i386/mpx/builtin-bnd-chk-ptr-bounds-1-ubv.c -Os execution test
FAIL: gcc.target/i386/mpx/builtin-bnd-chk-ptr-lbounds-1-lbv.c -O0 execution test
FAIL: gcc.target/i386/mpx/builtin-bnd-chk-ptr-lbounds-1-lbv.c -O1 execution test
FAIL: gcc.target/i386/mpx/builtin-bnd-chk-ptr-lbounds-1-lbv.c -O2 execution test
FAIL: gcc.target/i386/mpx/builtin-bnd-chk-ptr-lbounds-1-lbv.c -O2 -flto -fno-use-linker-plugin -flto-partition=none execution test
FAIL: gcc.target/i386/mpx/builtin-bnd-chk-ptr-lbounds-1-lbv.c -O2 -flto -fuse-linker-plugin -fno-fat-lto-objects execution test
FAIL: gcc.target/i386/mpx/builtin-bnd-chk-ptr-lbounds-1-lbv.c -O3 -g execution test
FAIL: gcc.target/i386/mpx/builtin-bnd-chk-ptr-lbounds-1-lbv.c -Os execution test
FAIL: gcc.target/i386/mpx/builtin-bnd-chk-ptr-ubounds-1-ubv.c -O0 execution test
FAIL: gcc.target/i386/mpx/builtin-bnd-chk-ptr-ubounds-1-ubv.c -O1 execution test
FAIL: gcc.target/i386/mpx/builtin-bnd-chk-ptr-ubounds-1-ubv.c -O2 execution test
FAIL: gcc.target/i386/mpx/builtin-bnd-chk-ptr-ubounds-1-ubv.c -O2 -flto -fno-use-linker-plugin -flto-partition=none execution test
FAIL: gcc.target/i386/mpx/builtin-bnd-chk-ptr-ubounds-1-ubv.c -O2 -flto -fuse-linker-plugin -fno-fat-lto-objects execution test
FAIL: gcc.target/i386/mpx/builtin-bnd-chk-ptr-ubounds-1-ubv.c -O3 -g execution test
FAIL: gcc.target/i386/mpx/builtin-bnd-chk-ptr-ubounds-1-ubv.c -Os execution test
FAIL: gcc.target/i386/mpx/builtin-bnd-copy-ptr-bounds-2-lbv.c -O0 execution test
FAIL: gcc.target/i386/mpx/builtin-bnd-copy-ptr-bounds-2-lbv.c -O1 execution test
FAIL: gcc.target/i386/mpx/builtin-bnd-copy-ptr-bounds-2-lbv.c -O2 execution test
FAIL: gcc.target/i386/mpx/builtin-bnd-copy-ptr-bounds-2-lbv.c -O2 -flto -fno-use-linker-plugin -flto-partition=none execution test
FAIL: gcc.target/i386/mpx/builtin-bnd-copy-ptr-bounds-2-lbv.c -O2 -flto -fuse-linker-plugin -fno-fat-lto-objects execution test
FAIL: gcc.target/i386/mpx/builtin-bnd-copy-ptr-bounds-2-lbv.c -O3 -g execution test
FAIL: gcc.target/i386/mpx/builtin-bnd-copy-ptr-bounds-2-lbv.c -Os execution test
FAIL: gcc.target/i386/mpx/builtin-bnd-copy-ptr-bounds-2-ubv.c -O0 execution test
FAIL: gcc.target/i386/mpx/builtin-bnd-copy-ptr-bounds-2-ubv.c -O1 execution test
FAIL: gcc.target/i386/mpx/builtin-bnd-copy-ptr-bounds-2-ubv.c -O2 execution test
FAIL: gcc.target/i386/mpx/builtin-bnd-copy-ptr-bounds-2-ubv.c -O2 -flto -fno-use-linker-plugin -flto-partition=none execution test
FAIL: gcc.target/i386/mpx/builtin-bnd-copy-ptr-bounds-2-ubv.c -O2 -flto -fuse-linker-plugin -fno-fat-lto-objects execution test
FAIL: gcc.target/i386/mpx/builtin-bnd-copy-ptr-bounds-2-ubv.c -O3 -g execution test
FAIL: gcc.target/i386/mpx/builtin-bnd-copy-ptr-bounds-2-ubv.c -Os execution test
FAIL: gcc.target/i386/mpx/builtin-bnd-narrow-ptr-bounds-2-lbv.c -O0 execution test
FAIL: gcc.target/i386/mpx/builtin-bnd-narrow-ptr-bounds-2-lbv.c -O1 execution test
FAIL: gcc.target/i386/mpx/builtin-bnd-narrow-ptr-bounds-2-lbv.c -O2 execution test
FAIL: gcc.target/i386/mpx/builtin-bnd-narrow-ptr-bounds-2-lbv.c -O2 -flto -fno-use-linker-plugin -flto-partition=none execution test
FAIL: gcc.target/i386/mpx/builtin-bnd-narrow-ptr-bounds-2-lbv.c -O2 -flto -fuse-linker-plugin -fno-fat-lto-objects execution test
FAIL: gcc.target/i386/mpx/builtin-bnd-narrow-ptr-bounds-2-lbv.c -O3 -g execution test
FAIL: gcc.target/i386/mpx/builtin-bnd-narrow-ptr-bounds-2-lbv.c -Os execution test
FAIL: gcc.target/i386/mpx/builtin-bnd-narrow-ptr-bounds-2-ubv.c -O0 execution test
FAIL: gcc.target/i386/mpx/builtin-bnd-narrow-ptr-bounds-2-ubv.c -O1 execution test
FAIL: gcc.target/i386/mpx/builtin-bnd-narrow-ptr-bounds-2-ubv.c -O2 execution test
FAIL: gcc.target/i386/mpx/builtin-bnd-narrow-ptr-bounds-2-ubv.c -O2 -flto -fno-use-linker-plugin -flto-partition=none execution test
FAIL: gcc.target/i386/mpx/builtin-bnd-narrow-ptr-bounds-2-ubv.c -O2 -flto -fuse-linker-plugin -fno-fat-lto-objects execution test
FAIL: gcc.target/i386/mpx/builtin-bnd-narrow-ptr-bounds-2-ubv.c -O3 -g execution test
FAIL: gcc.target/i386/mpx/builtin-bnd-narrow-ptr-bounds-2-ubv.c -Os execution test
FAIL: gcc.target/i386/mpx/builtin-bnd-narrow-ptr-bounds-3-lbv.c -O0 execution test
FAIL: gcc.target/i386/mpx/builtin-bnd-narrow-ptr-bounds-3-lbv.c -O1 execution test
FAIL: gcc.target/i386/mpx/builtin-bnd-narrow-ptr-bounds-3-lbv.c -O2 execution test
FAIL: gcc.target/i386/mpx/builtin-bnd-narrow-ptr-bounds-3-lbv.c -O2 -flto -fno-use-linker-plugin -flto-partition=none execution test
FAIL: gcc.target/i386/mpx/builtin-bnd-narrow-ptr-bounds-3-lbv.c -O2 -flto -fuse-linker-plugin -fno-fat-lto-objects execution test
FAIL: gcc.target/i386/mpx/builtin-bnd-narrow-ptr-bounds-3-lbv.c -O3 -g execution test
FAIL: gcc.target/i386/mpx/builtin-bnd-narrow-ptr-bounds-3-lbv.c -Os execution test
FAIL: gcc.target/i386/mpx/builtin-bnd-narrow-ptr-bounds-3-ubv.c -O0 execution test
FAIL: gcc.target/i386/mpx/builtin-bnd-narrow-ptr-bounds-3-ubv.c -O1 execution test
FAIL: gcc.target/i386/mpx/builtin-bnd-narrow-ptr-bounds-3-ubv.c -O2 execution test
FAIL: gcc.target/i386/mpx/builtin-bnd-narrow-ptr-bounds-3-ubv.c -O2 -flto -fno-use-linker-plugin -flto-partition=none execution test
FAIL: gcc.target/i386/mpx/builtin-bnd-narrow-ptr-bounds-3-ubv.c -O2 -flto -fuse-linker-plugin -fno-fat-lto-objects execution test
FAIL: gcc.target/i386/mpx/builtin-bnd-narrow-ptr-bounds-3-ubv.c -O3 -g execution test
FAIL: gcc.target/i386/mpx/builtin-bnd-narrow-ptr-bounds-3-ubv.c -Os execution test
FAIL: gcc.target/i386/mpx/builtin-bnd-null-ptr-bounds-1-bbv.c -O0 execution test
FAIL: gcc.target/i386/mpx/builtin-bnd-null-ptr-bounds-1-bbv.c -O1 execution test
FAIL: gcc.target/i386/mpx/builtin-bnd-null-ptr-bounds-1-bbv.c -O2 execution test
FAIL: gcc.target/i386/mpx/builtin-bnd-null-ptr-bounds-1-bbv.c -O2 -flto -fno-use-linker-plugin -flto-partition=none execution test
FAIL: gcc.target/i386/mpx/builtin-bnd-null-ptr-bounds-1-bbv.c -O2 -flto -fuse-linker-plugin -fno-fat-lto-objects execution test
FAIL: gcc.target/i386/mpx/builtin-bnd-null-ptr-bounds-1-bbv.c -O3 -g execution test
FAIL: gcc.target/i386/mpx/builtin-bnd-null-ptr-bounds-1-bbv.c -Os execution test
FAIL: gcc.target/i386/mpx/builtin-bnd-set-ptr-bounds-2-lbv.c -O0 execution test
FAIL: gcc.target/i386/mpx/builtin-bnd-set-ptr-bounds-2-lbv.c -O1 execution test
FAIL: gcc.target/i386/mpx/builtin-bnd-set-ptr-bounds-2-lbv.c -O2 execution test
FAIL: gcc.target/i386/mpx/builtin-bnd-set-ptr-bounds-2-lbv.c -O2 -flto -fno-use-linker-plugin -flto-partition=none execution test
FAIL: gcc.target/i386/mpx/builtin-bnd-set-ptr-bounds-2-lbv.c -O2 -flto -fuse-linker-plugin -fno-fat-lto-objects execution test
FAIL: gcc.target/i386/mpx/builtin-bnd-set-ptr-bounds-2-lbv.c -O3 -g execution test
FAIL: gcc.target/i386/mpx/builtin-bnd-set-ptr-bounds-2-lbv.c -Os execution test
FAIL: gcc.target/i386/mpx/builtin-bnd-set-ptr-bounds-2-ubv.c -O0 execution test
FAIL: gcc.target/i386/mpx/builtin-bnd-set-ptr-bounds-2-ubv.c -O1 execution test
FAIL: gcc.target/i386/mpx/builtin-bnd-set-ptr-bounds-2-ubv.c -O2 execution test
FAIL: gcc.target/i386/mpx/builtin-bnd-set-ptr-bounds-2-ubv.c -O2 -flto -fno-use-linker-plugin -flto-partition=none execution test
FAIL: gcc.target/i386/mpx/builtin-bnd-set-ptr-bounds-2-ubv.c -O2 -flto -fuse-linker-plugin -fno-fat-lto-objects execution test
FAIL: gcc.target/i386/mpx/builtin-bnd-set-ptr-bounds-2-ubv.c -O3 -g execution test
FAIL: gcc.target/i386/mpx/builtin-bnd-set-ptr-bounds-2-ubv.c -Os execution test
FAIL: gcc.target/i386/mpx/builtin-bnd-store-ptr-bounds-1-lbv.c -O0 execution test
FAIL: gcc.target/i386/mpx/builtin-bnd-store-ptr-bounds-1-lbv.c -O1 execution test
FAIL: gcc.target/i386/mpx/builtin-bnd-store-ptr-bounds-1-lbv.c -O2 execution test
FAIL: gcc.target/i386/mpx/builtin-bnd-store-ptr-bounds-1-lbv.c -O2 -flto -fno-use-linker-plugin -flto-partition=none execution test
FAIL: gcc.target/i386/mpx/builtin-bnd-store-ptr-bounds-1-lbv.c -O2 -flto -fuse-linker-plugin -fno-fat-lto-objects execution test
FAIL: gcc.target/i386/mpx/builtin-bnd-store-ptr-bounds-1-lbv.c -O3 -g execution test
FAIL: gcc.target/i386/mpx/builtin-bnd-store-ptr-bounds-1-lbv.c -Os execution test
FAIL: gcc.target/i386/mpx/builtin-bnd-store-ptr-bounds-1-ubv.c -O0 execution test
FAIL: gcc.target/i386/mpx/builtin-bnd-store-ptr-bounds-1-ubv.c -O1 execution test
FAIL: gcc.target/i386/mpx/builtin-bnd-store-ptr-bounds-1-ubv.c -O2 execution test
FAIL: gcc.target/i386/mpx/builtin-bnd-store-ptr-bounds-1-ubv.c -O2 -flto -fno-use-linker-plugin -flto-partition=none execution test
FAIL: gcc.target/i386/mpx/builtin-bnd-store-ptr-bounds-1-ubv.c -O2 -flto -fuse-linker-plugin -fno-fat-lto-objects execution test
FAIL: gcc.target/i386/mpx/builtin-bnd-store-ptr-bounds-1-ubv.c -O3 -g execution test
FAIL: gcc.target/i386/mpx/builtin-bnd-store-ptr-bounds-1-ubv.c -Os execution test
FAIL: gcc.target/i386/mpx/calloc-1-lbv.c -O0 execution test
FAIL: gcc.target/i386/mpx/calloc-1-lbv.c -O1 execution test
FAIL: gcc.target/i386/mpx/calloc-1-lbv.c -O2 execution test
FAIL: gcc.target/i386/mpx/calloc-1-lbv.c -O2 -flto -fno-use-linker-plugin -flto-partition=none execution test
FAIL: gcc.target/i386/mpx/calloc-1-lbv.c -O2 -flto -fuse-linker-plugin -fno-fat-lto-objects execution test
FAIL: gcc.target/i386/mpx/calloc-1-lbv.c -O3 -g execution test
FAIL: gcc.target/i386/mpx/calloc-1-lbv.c -Os execution test
FAIL: gcc.target/i386/mpx/calloc-1-ubv.c -O0 execution test
FAIL: gcc.target/i386/mpx/calloc-1-ubv.c -O1 execution test
FAIL: gcc.target/i386/mpx/calloc-1-ubv.c -O2 execution test
FAIL: gcc.target/i386/mpx/calloc-1-ubv.c -O2 -flto -fno-use-linker-plugin -flto-partition=none execution test
FAIL: gcc.target/i386/mpx/calloc-1-ubv.c -O2 -flto -fuse-linker-plugin -fno-fat-lto-objects execution test
FAIL: gcc.target/i386/mpx/calloc-1-ubv.c -O3 -g execution test
FAIL: gcc.target/i386/mpx/calloc-1-ubv.c -Os execution test
FAIL: gcc.target/i386/mpx/fastcall-1-lbv.c -O0 execution test
FAIL: gcc.target/i386/mpx/fastcall-1-lbv.c -O1 execution test
FAIL: gcc.target/i386/mpx/fastcall-1-lbv.c -O2 execution test
FAIL: gcc.target/i386/mpx/fastcall-1-lbv.c -O2 -flto -fno-use-linker-plugin -flto-partition=none execution test
FAIL: gcc.target/i386/mpx/fastcall-1-lbv.c -O2 -flto -fuse-linker-plugin -fno-fat-lto-objects execution test
FAIL: gcc.target/i386/mpx/fastcall-1-lbv.c -O3 -g execution test
FAIL: gcc.target/i386/mpx/fastcall-1-lbv.c -Os execution test
FAIL: gcc.target/i386/mpx/fastcall-1-ubv.c -O0 execution test
FAIL: gcc.target/i386/mpx/fastcall-1-ubv.c -O1 execution test
FAIL: gcc.target/i386/mpx/fastcall-1-ubv.c -O2 execution test
FAIL: gcc.target/i386/mpx/fastcall-1-ubv.c -O2 -flto -fno-use-linker-plugin -flto-partition=none execution test
FAIL: gcc.target/i386/mpx/fastcall-1-ubv.c -O2 -flto -fuse-linker-plugin -fno-fat-lto-objects execution test
FAIL: gcc.target/i386/mpx/fastcall-1-ubv.c -O3 -g execution test
FAIL: gcc.target/i386/mpx/fastcall-1-ubv.c -Os execution test
FAIL: gcc.target/i386/mpx/fastcall-2-lbv.c -O0 execution test
FAIL: gcc.target/i386/mpx/fastcall-2-lbv.c -O1 execution test
FAIL: gcc.target/i386/mpx/fastcall-2-lbv.c -O2 execution test
FAIL: gcc.target/i386/mpx/fastcall-2-lbv.c -O2 -flto -fno-use-linker-plugin -flto-partition=none execution test
FAIL: gcc.target/i386/mpx/fastcall-2-lbv.c -O2 -flto -fuse-linker-plugin -fno-fat-lto-objects execution test
FAIL: gcc.target/i386/mpx/fastcall-2-lbv.c -O3 -g execution test
FAIL: gcc.target/i386/mpx/fastcall-2-lbv.c -Os execution test
FAIL: gcc.target/i386/mpx/fastcall-2-ubv.c -O0 execution test
FAIL: gcc.target/i386/mpx/fastcall-2-ubv.c -O1 execution test
FAIL: gcc.target/i386/mpx/fastcall-2-ubv.c -O2 execution test
FAIL: gcc.target/i386/mpx/fastcall-2-ubv.c -O2 -flto -fno-use-linker-plugin -flto-partition=none execution test
FAIL: gcc.target/i386/mpx/fastcall-2-ubv.c -O2 -flto -fuse-linker-plugin -fno-fat-lto-objects execution test
FAIL: gcc.target/i386/mpx/fastcall-2-ubv.c -O3 -g execution test
FAIL: gcc.target/i386/mpx/fastcall-2-ubv.c -Os execution test
FAIL: gcc.target/i386/mpx/field-addr-1-lbv.c -O0 execution test
FAIL: gcc.target/i386/mpx/field-addr-1-lbv.c -O1 execution test
FAIL: gcc.target/i386/mpx/field-addr-1-lbv.c -O2 execution test
FAIL: gcc.target/i386/mpx/field-addr-1-lbv.c -O2 -flto -fno-use-linker-plugin -flto-partition=none execution test
FAIL: gcc.target/i386/mpx/field-addr-1-lbv.c -O2 -flto -fuse-linker-plugin -fno-fat-lto-objects execution test
FAIL: gcc.target/i386/mpx/field-addr-1-lbv.c -O3 -g execution test
FAIL: gcc.target/i386/mpx/field-addr-1-lbv.c -Os execution test
FAIL: gcc.target/i386/mpx/field-addr-1-ubv.c -O0 execution test
FAIL: gcc.target/i386/mpx/field-addr-1-ubv.c -O1 execution test
FAIL: gcc.target/i386/mpx/field-addr-1-ubv.c -O2 execution test
FAIL: gcc.target/i386/mpx/field-addr-1-ubv.c -O2 -flto -fno-use-linker-plugin -flto-partition=none execution test
FAIL: gcc.target/i386/mpx/field-addr-1-ubv.c -O2 -flto -fuse-linker-plugin -fno-fat-lto-objects execution test
FAIL: gcc.target/i386/mpx/field-addr-1-ubv.c -O3 -g execution test
FAIL: gcc.target/i386/mpx/field-addr-1-ubv.c -Os execution test
FAIL: gcc.target/i386/mpx/field-addr-10-lbv.c -O0 execution test
FAIL: gcc.target/i386/mpx/field-addr-10-lbv.c -O1 execution test
FAIL: gcc.target/i386/mpx/field-addr-10-lbv.c -O2 execution test
FAIL: gcc.target/i386/mpx/field-addr-10-lbv.c -O2 -flto -fno-use-linker-plugin -flto-partition=none execution test
FAIL: gcc.target/i386/mpx/field-addr-10-lbv.c -O2 -flto -fuse-linker-plugin -fno-fat-lto-objects execution test
FAIL: gcc.target/i386/mpx/field-addr-10-lbv.c -O3 -g execution test
FAIL: gcc.target/i386/mpx/field-addr-10-lbv.c -Os execution test
FAIL: gcc.target/i386/mpx/field-addr-10-ubv.c -O0 execution test
FAIL: gcc.target/i386/mpx/field-addr-10-ubv.c -O1 execution test
FAIL: gcc.target/i386/mpx/field-addr-10-ubv.c -O2 execution test
FAIL: gcc.target/i386/mpx/field-addr-10-ubv.c -O2 -flto -fno-use-linker-plugin -flto-partition=none execution test
FAIL: gcc.target/i386/mpx/field-addr-10-ubv.c -O2 -flto -fuse-linker-plugin -fno-fat-lto-objects execution test
FAIL: gcc.target/i386/mpx/field-addr-10-ubv.c -O3 -g execution test
FAIL: gcc.target/i386/mpx/field-addr-10-ubv.c -Os execution test
FAIL: gcc.target/i386/mpx/field-addr-2-lbv.c -O0 execution test
FAIL: gcc.target/i386/mpx/field-addr-2-lbv.c -O1 execution test
FAIL: gcc.target/i386/mpx/field-addr-2-lbv.c -O2 execution test
FAIL: gcc.target/i386/mpx/field-addr-2-lbv.c -O2 -flto -fno-use-linker-plugin -flto-partition=none execution test
FAIL: gcc.target/i386/mpx/field-addr-2-lbv.c -O2 -flto -fuse-linker-plugin -fno-fat-lto-objects execution test
FAIL: gcc.target/i386/mpx/field-addr-2-lbv.c -O3 -g execution test
FAIL: gcc.target/i386/mpx/field-addr-2-lbv.c -Os execution test
FAIL: gcc.target/i386/mpx/field-addr-2-ubv.c -O0 execution test
FAIL: gcc.target/i386/mpx/field-addr-2-ubv.c -O1 execution test
FAIL: gcc.target/i386/mpx/field-addr-2-ubv.c -O2 execution test
FAIL: gcc.target/i386/mpx/field-addr-2-ubv.c -O2 -flto -fno-use-linker-plugin -flto-partition=none execution test
FAIL: gcc.target/i386/mpx/field-addr-2-ubv.c -O2 -flto -fuse-linker-plugin -fno-fat-lto-objects execution test
FAIL: gcc.target/i386/mpx/field-addr-2-ubv.c -O3 -g execution test
FAIL: gcc.target/i386/mpx/field-addr-2-ubv.c -Os execution test
FAIL: gcc.target/i386/mpx/field-addr-3-lbv.c -O0 execution test
FAIL: gcc.target/i386/mpx/field-addr-3-lbv.c -O1 execution test
FAIL: gcc.target/i386/mpx/field-addr-3-lbv.c -O2 execution test
FAIL: gcc.target/i386/mpx/field-addr-3-lbv.c -O2 -flto -fno-use-linker-plugin -flto-partition=none execution test
FAIL: gcc.target/i386/mpx/field-addr-3-lbv.c -O2 -flto -fuse-linker-plugin -fno-fat-lto-objects execution test
FAIL: gcc.target/i386/mpx/field-addr-3-lbv.c -O3 -g execution test
FAIL: gcc.target/i386/mpx/field-addr-3-lbv.c -Os execution test
FAIL: gcc.target/i386/mpx/field-addr-3-ubv.c -O0 execution test
FAIL: gcc.target/i386/mpx/field-addr-3-ubv.c -O1 execution test
FAIL: gcc.target/i386/mpx/field-addr-3-ubv.c -O2 execution test
FAIL: gcc.target/i386/mpx/field-addr-3-ubv.c -O2 -flto -fno-use-linker-plugin -flto-partition=none execution test
FAIL: gcc.target/i386/mpx/field-addr-3-ubv.c -O2 -flto -fuse-linker-plugin -fno-fat-lto-objects execution test
FAIL: gcc.target/i386/mpx/field-addr-3-ubv.c -O3 -g execution test
FAIL: gcc.target/i386/mpx/field-addr-3-ubv.c -Os execution test
FAIL: gcc.target/i386/mpx/field-addr-4-lbv.c -O0 execution test
FAIL: gcc.target/i386/mpx/field-addr-4-lbv.c -O1 execution test
FAIL: gcc.target/i386/mpx/field-addr-4-lbv.c -O2 execution test
FAIL: gcc.target/i386/mpx/field-addr-4-lbv.c -O2 -flto -fno-use-linker-plugin -flto-partition=none execution test
FAIL: gcc.target/i386/mpx/field-addr-4-lbv.c -O2 -flto -fuse-linker-plugin -fno-fat-lto-objects execution test
FAIL: gcc.target/i386/mpx/field-addr-4-lbv.c -O3 -g execution test
FAIL: gcc.target/i386/mpx/field-addr-4-lbv.c -Os execution test
FAIL: gcc.target/i386/mpx/field-addr-4-ubv.c -O0 execution test
FAIL: gcc.target/i386/mpx/field-addr-4-ubv.c -O1 execution test
FAIL: gcc.target/i386/mpx/field-addr-4-ubv.c -O2 execution test
FAIL: gcc.target/i386/mpx/field-addr-4-ubv.c -O2 -flto -fno-use-linker-plugin -flto-partition=none execution test
FAIL: gcc.target/i386/mpx/field-addr-4-ubv.c -O2 -flto -fuse-linker-plugin -fno-fat-lto-objects execution test
FAIL: gcc.target/i386/mpx/field-addr-4-ubv.c -O3 -g execution test
FAIL: gcc.target/i386/mpx/field-addr-4-ubv.c -Os execution test
FAIL: gcc.target/i386/mpx/field-addr-5-lbv.c -O0 execution test
FAIL: gcc.target/i386/mpx/field-addr-5-lbv.c -O1 execution test
FAIL: gcc.target/i386/mpx/field-addr-5-lbv.c -O2 execution test
FAIL: gcc.target/i386/mpx/field-addr-5-lbv.c -O2 -flto -fno-use-linker-plugin -flto-partition=none execution test
FAIL: gcc.target/i386/mpx/field-addr-5-lbv.c -O2 -flto -fuse-linker-plugin -fno-fat-lto-objects execution test
FAIL: gcc.target/i386/mpx/field-addr-5-lbv.c -O3 -g execution test
FAIL: gcc.target/i386/mpx/field-addr-5-lbv.c -Os execution test
FAIL: gcc.target/i386/mpx/field-addr-5-ubv.c -O0 execution test
FAIL: gcc.target/i386/mpx/field-addr-5-ubv.c -O1 execution test
FAIL: gcc.target/i386/mpx/field-addr-5-ubv.c -O2 execution test
FAIL: gcc.target/i386/mpx/field-addr-5-ubv.c -O2 -flto -fno-use-linker-plugin -flto-partition=none execution test
FAIL: gcc.target/i386/mpx/field-addr-5-ubv.c -O2 -flto -fuse-linker-plugin -fno-fat-lto-objects execution test
FAIL: gcc.target/i386/mpx/field-addr-5-ubv.c -O3 -g execution test
FAIL: gcc.target/i386/mpx/field-addr-5-ubv.c -Os execution test
FAIL: gcc.target/i386/mpx/field-addr-6-lbv.c -O0 execution test
FAIL: gcc.target/i386/mpx/field-addr-6-lbv.c -O1 execution test
FAIL: gcc.target/i386/mpx/field-addr-6-lbv.c -O2 execution test
FAIL: gcc.target/i386/mpx/field-addr-6-lbv.c -O2 -flto -fno-use-linker-plugin -flto-partition=none execution test
FAIL: gcc.target/i386/mpx/field-addr-6-lbv.c -O2 -flto -fuse-linker-plugin -fno-fat-lto-objects execution test
FAIL: gcc.target/i386/mpx/field-addr-6-lbv.c -O3 -g execution test
FAIL: gcc.target/i386/mpx/field-addr-6-lbv.c -Os execution test
FAIL: gcc.target/i386/mpx/field-addr-6-ubv.c -O0 execution test
FAIL: gcc.target/i386/mpx/field-addr-6-ubv.c -O1 execution test
FAIL: gcc.target/i386/mpx/field-addr-6-ubv.c -O2 execution test
FAIL: gcc.target/i386/mpx/field-addr-6-ubv.c -O2 -flto -fno-use-linker-plugin -flto-partition=none execution test
FAIL: gcc.target/i386/mpx/field-addr-6-ubv.c -O2 -flto -fuse-linker-plugin -fno-fat-lto-objects execution test
FAIL: gcc.target/i386/mpx/field-addr-6-ubv.c -O3 -g execution test
FAIL: gcc.target/i386/mpx/field-addr-6-ubv.c -Os execution test
FAIL: gcc.target/i386/mpx/field-addr-7-lbv.c -O0 execution test
FAIL: gcc.target/i386/mpx/field-addr-7-lbv.c -O1 execution test
FAIL: gcc.target/i386/mpx/field-addr-7-lbv.c -O2 execution test
FAIL: gcc.target/i386/mpx/field-addr-7-lbv.c -O2 -flto -fno-use-linker-plugin -flto-partition=none execution test
FAIL: gcc.target/i386/mpx/field-addr-7-lbv.c -O2 -flto -fuse-linker-plugin -fno-fat-lto-objects execution test
FAIL: gcc.target/i386/mpx/field-addr-7-lbv.c -O3 -g execution test
FAIL: gcc.target/i386/mpx/field-addr-7-lbv.c -Os execution test
FAIL: gcc.target/i386/mpx/field-addr-7-ubv.c -O0 execution test
FAIL: gcc.target/i386/mpx/field-addr-7-ubv.c -O1 execution test
FAIL: gcc.target/i386/mpx/field-addr-7-ubv.c -O2 execution test
FAIL: gcc.target/i386/mpx/field-addr-7-ubv.c -O2 -flto -fno-use-linker-plugin -flto-partition=none execution test
FAIL: gcc.target/i386/mpx/field-addr-7-ubv.c -O2 -flto -fuse-linker-plugin -fno-fat-lto-objects execution test
FAIL: gcc.target/i386/mpx/field-addr-7-ubv.c -O3 -g execution test
FAIL: gcc.target/i386/mpx/field-addr-7-ubv.c -Os execution test
FAIL: gcc.target/i386/mpx/field-addr-8-lbv.c -O0 execution test
FAIL: gcc.target/i386/mpx/field-addr-8-lbv.c -O1 execution test
FAIL: gcc.target/i386/mpx/field-addr-8-lbv.c -O2 execution test
FAIL: gcc.target/i386/mpx/field-addr-8-lbv.c -O2 -flto -fno-use-linker-plugin -flto-partition=none execution test
FAIL: gcc.target/i386/mpx/field-addr-8-lbv.c -O2 -flto -fuse-linker-plugin -fno-fat-lto-objects execution test
FAIL: gcc.target/i386/mpx/field-addr-8-lbv.c -O3 -g execution test
FAIL: gcc.target/i386/mpx/field-addr-8-lbv.c -Os execution test
FAIL: gcc.target/i386/mpx/field-addr-8-ubv.c -O0 execution test
FAIL: gcc.target/i386/mpx/field-addr-8-ubv.c -O1 execution test
FAIL: gcc.target/i386/mpx/field-addr-8-ubv.c -O2 execution test
FAIL: gcc.target/i386/mpx/field-addr-8-ubv.c -O2 -flto -fno-use-linker-plugin -flto-partition=none execution test
FAIL: gcc.target/i386/mpx/field-addr-8-ubv.c -O2 -flto -fuse-linker-plugin -fno-fat-lto-objects execution test
FAIL: gcc.target/i386/mpx/field-addr-8-ubv.c -O3 -g execution test
FAIL: gcc.target/i386/mpx/field-addr-8-ubv.c -Os execution test
FAIL: gcc.target/i386/mpx/field-addr-9-lbv.c -O0 execution test
FAIL: gcc.target/i386/mpx/field-addr-9-lbv.c -O1 execution test
FAIL: gcc.target/i386/mpx/field-addr-9-lbv.c -O2 execution test
FAIL: gcc.target/i386/mpx/field-addr-9-lbv.c -O2 -flto -fno-use-linker-plugin -flto-partition=none execution test
FAIL: gcc.target/i386/mpx/field-addr-9-lbv.c -O2 -flto -fuse-linker-plugin -fno-fat-lto-objects execution test
FAIL: gcc.target/i386/mpx/field-addr-9-lbv.c -O3 -g execution test
FAIL: gcc.target/i386/mpx/field-addr-9-lbv.c -Os execution test
FAIL: gcc.target/i386/mpx/field-addr-9-ubv.c -O0 execution test
FAIL: gcc.target/i386/mpx/field-addr-9-ubv.c -O1 execution test
FAIL: gcc.target/i386/mpx/field-addr-9-ubv.c -O2 execution test
FAIL: gcc.target/i386/mpx/field-addr-9-ubv.c -O2 -flto -fno-use-linker-plugin -flto-partition=none execution test
FAIL: gcc.target/i386/mpx/field-addr-9-ubv.c -O2 -flto -fuse-linker-plugin -fno-fat-lto-objects execution test
FAIL: gcc.target/i386/mpx/field-addr-9-ubv.c -O3 -g execution test
FAIL: gcc.target/i386/mpx/field-addr-9-ubv.c -Os execution test
FAIL: gcc.target/i386/mpx/if-stmt-1-lbv.c -O0 execution test
FAIL: gcc.target/i386/mpx/if-stmt-1-lbv.c -O1 execution test
FAIL: gcc.target/i386/mpx/if-stmt-1-lbv.c -O2 execution test
FAIL: gcc.target/i386/mpx/if-stmt-1-lbv.c -O2 -flto -fno-use-linker-plugin -flto-partition=none execution test
FAIL: gcc.target/i386/mpx/if-stmt-1-lbv.c -O2 -flto -fuse-linker-plugin -fno-fat-lto-objects execution test
FAIL: gcc.target/i386/mpx/if-stmt-1-lbv.c -O3 -g execution test
FAIL: gcc.target/i386/mpx/if-stmt-1-lbv.c -Os execution test
FAIL: gcc.target/i386/mpx/if-stmt-1-ubv.c -O0 execution test
FAIL: gcc.target/i386/mpx/if-stmt-1-ubv.c -O1 execution test
FAIL: gcc.target/i386/mpx/if-stmt-1-ubv.c -O2 execution test
FAIL: gcc.target/i386/mpx/if-stmt-1-ubv.c -O2 -flto -fno-use-linker-plugin -flto-partition=none execution test
FAIL: gcc.target/i386/mpx/if-stmt-1-ubv.c -O2 -flto -fuse-linker-plugin -fno-fat-lto-objects execution test
FAIL: gcc.target/i386/mpx/if-stmt-1-ubv.c -O3 -g execution test
FAIL: gcc.target/i386/mpx/if-stmt-1-ubv.c -Os execution test
FAIL: gcc.target/i386/mpx/if-stmt-2-lbv.c -O0 execution test
FAIL: gcc.target/i386/mpx/if-stmt-2-lbv.c -O1 execution test
FAIL: gcc.target/i386/mpx/if-stmt-2-lbv.c -O2 execution test
FAIL: gcc.target/i386/mpx/if-stmt-2-lbv.c -O2 -flto -fno-use-linker-plugin -flto-partition=none execution test
FAIL: gcc.target/i386/mpx/if-stmt-2-lbv.c -O2 -flto -fuse-linker-plugin -fno-fat-lto-objects execution test
FAIL: gcc.target/i386/mpx/if-stmt-2-lbv.c -O3 -g execution test
FAIL: gcc.target/i386/mpx/if-stmt-2-lbv.c -Os execution test
FAIL: gcc.target/i386/mpx/if-stmt-2-ubv.c -O0 execution test
FAIL: gcc.target/i386/mpx/if-stmt-2-ubv.c -O1 execution test
FAIL: gcc.target/i386/mpx/if-stmt-2-ubv.c -O2 execution test
FAIL: gcc.target/i386/mpx/if-stmt-2-ubv.c -O2 -flto -fno-use-linker-plugin -flto-partition=none execution test
FAIL: gcc.target/i386/mpx/if-stmt-2-ubv.c -O2 -flto -fuse-linker-plugin -fno-fat-lto-objects execution test
FAIL: gcc.target/i386/mpx/if-stmt-2-ubv.c -O3 -g execution test
FAIL: gcc.target/i386/mpx/if-stmt-2-ubv.c -Os execution test
FAIL: gcc.target/i386/mpx/malloc-1-lbv.c -O0 execution test
FAIL: gcc.target/i386/mpx/malloc-1-lbv.c -O1 execution test
FAIL: gcc.target/i386/mpx/malloc-1-lbv.c -O2 execution test
FAIL: gcc.target/i386/mpx/malloc-1-lbv.c -O2 -flto -fno-use-linker-plugin -flto-partition=none execution test
FAIL: gcc.target/i386/mpx/malloc-1-lbv.c -O2 -flto -fuse-linker-plugin -fno-fat-lto-objects execution test
FAIL: gcc.target/i386/mpx/malloc-1-lbv.c -O3 -g execution test
FAIL: gcc.target/i386/mpx/malloc-1-lbv.c -Os execution test
FAIL: gcc.target/i386/mpx/malloc-1-ubv.c -O0 execution test
FAIL: gcc.target/i386/mpx/malloc-1-ubv.c -O1 execution test
FAIL: gcc.target/i386/mpx/malloc-1-ubv.c -O2 execution test
FAIL: gcc.target/i386/mpx/malloc-1-ubv.c -O2 -flto -fno-use-linker-plugin -flto-partition=none execution test
FAIL: gcc.target/i386/mpx/malloc-1-ubv.c -O2 -flto -fuse-linker-plugin -fno-fat-lto-objects execution test
FAIL: gcc.target/i386/mpx/malloc-1-ubv.c -O3 -g execution test
FAIL: gcc.target/i386/mpx/malloc-1-ubv.c -Os execution test
FAIL: gcc.target/i386/mpx/nested-function-1-lbv.c -O0 execution test
FAIL: gcc.target/i386/mpx/nested-function-1-lbv.c -O1 execution test
FAIL: gcc.target/i386/mpx/nested-function-1-lbv.c -O2 execution test
FAIL: gcc.target/i386/mpx/nested-function-1-lbv.c -O2 -flto -fno-use-linker-plugin -flto-partition=none execution test
FAIL: gcc.target/i386/mpx/nested-function-1-lbv.c -O2 -flto -fuse-linker-plugin -fno-fat-lto-objects execution test
FAIL: gcc.target/i386/mpx/nested-function-1-lbv.c -O3 -g execution test
FAIL: gcc.target/i386/mpx/nested-function-1-lbv.c -Os execution test
FAIL: gcc.target/i386/mpx/nested-function-1-ubv.c -O0 execution test
FAIL: gcc.target/i386/mpx/nested-function-1-ubv.c -O1 execution test
FAIL: gcc.target/i386/mpx/nested-function-1-ubv.c -O2 execution test
FAIL: gcc.target/i386/mpx/nested-function-1-ubv.c -O2 -flto -fno-use-linker-plugin -flto-partition=none execution test
FAIL: gcc.target/i386/mpx/nested-function-1-ubv.c -O2 -flto -fuse-linker-plugin -fno-fat-lto-objects execution test
FAIL: gcc.target/i386/mpx/nested-function-1-ubv.c -O3 -g execution test
FAIL: gcc.target/i386/mpx/nested-function-1-ubv.c -Os execution test
FAIL: gcc.target/i386/mpx/pointer-arg-1-lbv.c -O0 execution test
FAIL: gcc.target/i386/mpx/pointer-arg-1-lbv.c -O1 execution test
FAIL: gcc.target/i386/mpx/pointer-arg-1-lbv.c -O2 execution test
FAIL: gcc.target/i386/mpx/pointer-arg-1-lbv.c -O2 -flto -fno-use-linker-plugin -flto-partition=none execution test
FAIL: gcc.target/i386/mpx/pointer-arg-1-lbv.c -O2 -flto -fuse-linker-plugin -fno-fat-lto-objects execution test
FAIL: gcc.target/i386/mpx/pointer-arg-1-lbv.c -O3 -g execution test
FAIL: gcc.target/i386/mpx/pointer-arg-1-lbv.c -Os execution test
FAIL: gcc.target/i386/mpx/pointer-arg-1-ubv.c -O0 execution test
FAIL: gcc.target/i386/mpx/pointer-arg-1-ubv.c -O1 execution test
FAIL: gcc.target/i386/mpx/pointer-arg-1-ubv.c -O2 execution test
FAIL: gcc.target/i386/mpx/pointer-arg-1-ubv.c -O2 -flto -fno-use-linker-plugin -flto-partition=none execution test
FAIL: gcc.target/i386/mpx/pointer-arg-1-ubv.c -O2 -flto -fuse-linker-plugin -fno-fat-lto-objects execution test
FAIL: gcc.target/i386/mpx/pointer-arg-1-ubv.c -O3 -g execution test
FAIL: gcc.target/i386/mpx/pointer-arg-1-ubv.c -Os execution test
FAIL: gcc.target/i386/mpx/pointer-arg-2-lbv.c -O0 execution test
FAIL: gcc.target/i386/mpx/pointer-arg-2-lbv.c -O1 execution test
FAIL: gcc.target/i386/mpx/pointer-arg-2-lbv.c -O2 execution test
FAIL: gcc.target/i386/mpx/pointer-arg-2-lbv.c -O2 -flto -fno-use-linker-plugin -flto-partition=none execution test
FAIL: gcc.target/i386/mpx/pointer-arg-2-lbv.c -O2 -flto -fuse-linker-plugin -fno-fat-lto-objects execution test
FAIL: gcc.target/i386/mpx/pointer-arg-2-lbv.c -O3 -g execution test
FAIL: gcc.target/i386/mpx/pointer-arg-2-lbv.c -Os execution test
FAIL: gcc.target/i386/mpx/pointer-arg-2-ubv.c -O0 execution test
FAIL: gcc.target/i386/mpx/pointer-arg-2-ubv.c -O1 execution test
FAIL: gcc.target/i386/mpx/pointer-arg-2-ubv.c -O2 execution test
FAIL: gcc.target/i386/mpx/pointer-arg-2-ubv.c -O2 -flto -fno-use-linker-plugin -flto-partition=none execution test
FAIL: gcc.target/i386/mpx/pointer-arg-2-ubv.c -O2 -flto -fuse-linker-plugin -fno-fat-lto-objects execution test
FAIL: gcc.target/i386/mpx/pointer-arg-2-ubv.c -O3 -g execution test
FAIL: gcc.target/i386/mpx/pointer-arg-2-ubv.c -Os execution test
FAIL: gcc.target/i386/mpx/pointer-arg-3-lbv.c -O0 execution test
FAIL: gcc.target/i386/mpx/pointer-arg-3-lbv.c -O1 execution test
FAIL: gcc.target/i386/mpx/pointer-arg-3-lbv.c -O2 execution test
FAIL: gcc.target/i386/mpx/pointer-arg-3-lbv.c -O2 -flto -fno-use-linker-plugin -flto-partition=none execution test
FAIL: gcc.target/i386/mpx/pointer-arg-3-lbv.c -O2 -flto -fuse-linker-plugin -fno-fat-lto-objects execution test
FAIL: gcc.target/i386/mpx/pointer-arg-3-lbv.c -O3 -g execution test
FAIL: gcc.target/i386/mpx/pointer-arg-3-lbv.c -Os execution test
FAIL: gcc.target/i386/mpx/pointer-arg-3-ubv.c -O0 execution test
FAIL: gcc.target/i386/mpx/pointer-arg-3-ubv.c -O1 execution test
FAIL: gcc.target/i386/mpx/pointer-arg-3-ubv.c -O2 execution test
FAIL: gcc.target/i386/mpx/pointer-arg-3-ubv.c -O2 -flto -fno-use-linker-plugin -flto-partition=none execution test
FAIL: gcc.target/i386/mpx/pointer-arg-3-ubv.c -O2 -flto -fuse-linker-plugin -fno-fat-lto-objects execution test
FAIL: gcc.target/i386/mpx/pointer-arg-3-ubv.c -O3 -g execution test
FAIL: gcc.target/i386/mpx/pointer-arg-3-ubv.c -Os execution test
FAIL: gcc.target/i386/mpx/pointer-arg-4-lbv.c -O0 execution test
FAIL: gcc.target/i386/mpx/pointer-arg-4-lbv.c -O1 execution test
FAIL: gcc.target/i386/mpx/pointer-arg-4-lbv.c -O2 execution test
FAIL: gcc.target/i386/mpx/pointer-arg-4-lbv.c -O2 -flto -fno-use-linker-plugin -flto-partition=none execution test
FAIL: gcc.target/i386/mpx/pointer-arg-4-lbv.c -O2 -flto -fuse-linker-plugin -fno-fat-lto-objects execution test
FAIL: gcc.target/i386/mpx/pointer-arg-4-lbv.c -O3 -g execution test
FAIL: gcc.target/i386/mpx/pointer-arg-4-lbv.c -Os execution test
FAIL: gcc.target/i386/mpx/pointer-arg-4-ubv.c -O0 execution test
FAIL: gcc.target/i386/mpx/pointer-arg-4-ubv.c -O1 execution test
FAIL: gcc.target/i386/mpx/pointer-arg-4-ubv.c -O2 execution test
FAIL: gcc.target/i386/mpx/pointer-arg-4-ubv.c -O2 -flto -fno-use-linker-plugin -flto-partition=none execution test
FAIL: gcc.target/i386/mpx/pointer-arg-4-ubv.c -O2 -flto -fuse-linker-plugin -fno-fat-lto-objects execution test
FAIL: gcc.target/i386/mpx/pointer-arg-4-ubv.c -O3 -g execution test
FAIL: gcc.target/i386/mpx/pointer-arg-4-ubv.c -Os execution test
FAIL: gcc.target/i386/mpx/pointer-arg-5-lbv.c -O0 execution test
FAIL: gcc.target/i386/mpx/pointer-arg-5-lbv.c -O1 execution test
FAIL: gcc.target/i386/mpx/pointer-arg-5-lbv.c -O2 execution test
FAIL: gcc.target/i386/mpx/pointer-arg-5-lbv.c -O2 -flto -fno-use-linker-plugin -flto-partition=none execution test
FAIL: gcc.target/i386/mpx/pointer-arg-5-lbv.c -O2 -flto -fuse-linker-plugin -fno-fat-lto-objects execution test
FAIL: gcc.target/i386/mpx/pointer-arg-5-lbv.c -O3 -g execution test
FAIL: gcc.target/i386/mpx/pointer-arg-5-lbv.c -Os execution test
FAIL: gcc.target/i386/mpx/pointer-arg-5-ubv.c -O0 execution test
FAIL: gcc.target/i386/mpx/pointer-arg-5-ubv.c -O1 execution test
FAIL: gcc.target/i386/mpx/pointer-arg-5-ubv.c -O2 execution test
FAIL: gcc.target/i386/mpx/pointer-arg-5-ubv.c -O2 -flto -fno-use-linker-plugin -flto-partition=none execution test
FAIL: gcc.target/i386/mpx/pointer-arg-5-ubv.c -O2 -flto -fuse-linker-plugin -fno-fat-lto-objects execution test
FAIL: gcc.target/i386/mpx/pointer-arg-5-ubv.c -O3 -g execution test
FAIL: gcc.target/i386/mpx/pointer-arg-5-ubv.c -Os execution test
FAIL: gcc.target/i386/mpx/pointer-store-1-lbv.c -O0 execution test
FAIL: gcc.target/i386/mpx/pointer-store-1-lbv.c -O1 execution test
FAIL: gcc.target/i386/mpx/pointer-store-1-lbv.c -O2 execution test
FAIL: gcc.target/i386/mpx/pointer-store-1-lbv.c -O2 -flto -fno-use-linker-plugin -flto-partition=none execution test
FAIL: gcc.target/i386/mpx/pointer-store-1-lbv.c -O2 -flto -fuse-linker-plugin -fno-fat-lto-objects execution test
FAIL: gcc.target/i386/mpx/pointer-store-1-lbv.c -O3 -g execution test
FAIL: gcc.target/i386/mpx/pointer-store-1-lbv.c -Os execution test
FAIL: gcc.target/i386/mpx/pointer-store-1-ubv.c -O0 execution test
FAIL: gcc.target/i386/mpx/pointer-store-1-ubv.c -O1 execution test
FAIL: gcc.target/i386/mpx/pointer-store-1-ubv.c -O2 execution test
FAIL: gcc.target/i386/mpx/pointer-store-1-ubv.c -O2 -flto -fno-use-linker-plugin -flto-partition=none execution test
FAIL: gcc.target/i386/mpx/pointer-store-1-ubv.c -O2 -flto -fuse-linker-plugin -fno-fat-lto-objects execution test
FAIL: gcc.target/i386/mpx/pointer-store-1-ubv.c -O3 -g execution test
FAIL: gcc.target/i386/mpx/pointer-store-1-ubv.c -Os execution test
FAIL: gcc.target/i386/mpx/realloc-1-lbv.c -O0 execution test
FAIL: gcc.target/i386/mpx/realloc-1-lbv.c -O1 execution test
FAIL: gcc.target/i386/mpx/realloc-1-lbv.c -O2 execution test
FAIL: gcc.target/i386/mpx/realloc-1-lbv.c -O2 -flto -fno-use-linker-plugin -flto-partition=none execution test
FAIL: gcc.target/i386/mpx/realloc-1-lbv.c -O2 -flto -fuse-linker-plugin -fno-fat-lto-objects execution test
FAIL: gcc.target/i386/mpx/realloc-1-lbv.c -O3 -g execution test
FAIL: gcc.target/i386/mpx/realloc-1-lbv.c -Os execution test
FAIL: gcc.target/i386/mpx/realloc-1-ubv.c -O0 execution test
FAIL: gcc.target/i386/mpx/realloc-1-ubv.c -O1 execution test
FAIL: gcc.target/i386/mpx/realloc-1-ubv.c -O2 execution test
FAIL: gcc.target/i386/mpx/realloc-1-ubv.c -O2 -flto -fno-use-linker-plugin -flto-partition=none execution test
FAIL: gcc.target/i386/mpx/realloc-1-ubv.c -O2 -flto -fuse-linker-plugin -fno-fat-lto-objects execution test
FAIL: gcc.target/i386/mpx/realloc-1-ubv.c -O3 -g execution test
FAIL: gcc.target/i386/mpx/realloc-1-ubv.c -Os execution test
FAIL: gcc.target/i386/mpx/realloc-2-lbv.c -O0 execution test
FAIL: gcc.target/i386/mpx/realloc-2-lbv.c -O1 execution test
FAIL: gcc.target/i386/mpx/realloc-2-lbv.c -O2 execution test
FAIL: gcc.target/i386/mpx/realloc-2-lbv.c -O2 -flto -fno-use-linker-plugin -flto-partition=none execution test
FAIL: gcc.target/i386/mpx/realloc-2-lbv.c -O2 -flto -fuse-linker-plugin -fno-fat-lto-objects execution test
FAIL: gcc.target/i386/mpx/realloc-2-lbv.c -O3 -g execution test
FAIL: gcc.target/i386/mpx/realloc-2-lbv.c -Os execution test
FAIL: gcc.target/i386/mpx/realloc-2-ubv.c -O0 execution test
FAIL: gcc.target/i386/mpx/realloc-2-ubv.c -O1 execution test
FAIL: gcc.target/i386/mpx/realloc-2-ubv.c -O2 execution test
FAIL: gcc.target/i386/mpx/realloc-2-ubv.c -O2 -flto -fno-use-linker-plugin -flto-partition=none execution test
FAIL: gcc.target/i386/mpx/realloc-2-ubv.c -O2 -flto -fuse-linker-plugin -fno-fat-lto-objects execution test
FAIL: gcc.target/i386/mpx/realloc-2-ubv.c -O3 -g execution test
FAIL: gcc.target/i386/mpx/realloc-2-ubv.c -Os execution test
FAIL: gcc.target/i386/mpx/reference-1-lbv.cpp -O0 execution test
FAIL: gcc.target/i386/mpx/reference-1-lbv.cpp -O1 execution test
FAIL: gcc.target/i386/mpx/reference-1-lbv.cpp -O2 execution test
FAIL: gcc.target/i386/mpx/reference-1-lbv.cpp -O2 -flto -fno-use-linker-plugin -flto-partition=none execution test
FAIL: gcc.target/i386/mpx/reference-1-lbv.cpp -O2 -flto -fuse-linker-plugin -fno-fat-lto-objects execution test
FAIL: gcc.target/i386/mpx/reference-1-lbv.cpp -O3 -g execution test
FAIL: gcc.target/i386/mpx/reference-1-lbv.cpp -Os execution test
FAIL: gcc.target/i386/mpx/reference-1-ubv.cpp -O0 execution test
FAIL: gcc.target/i386/mpx/reference-1-ubv.cpp -O1 execution test
FAIL: gcc.target/i386/mpx/reference-1-ubv.cpp -O2 execution test
FAIL: gcc.target/i386/mpx/reference-1-ubv.cpp -O2 -flto -fno-use-linker-plugin -flto-partition=none execution test
FAIL: gcc.target/i386/mpx/reference-1-ubv.cpp -O2 -flto -fuse-linker-plugin -fno-fat-lto-objects execution test
FAIL: gcc.target/i386/mpx/reference-1-ubv.cpp -O3 -g execution test
FAIL: gcc.target/i386/mpx/reference-1-ubv.cpp -Os execution test
FAIL: gcc.target/i386/mpx/reference-2-lbv.cpp -O0 execution test
FAIL: gcc.target/i386/mpx/reference-2-lbv.cpp -O1 execution test
FAIL: gcc.target/i386/mpx/reference-2-lbv.cpp -O2 execution test
FAIL: gcc.target/i386/mpx/reference-2-lbv.cpp -O2 -flto -fno-use-linker-plugin -flto-partition=none execution test
FAIL: gcc.target/i386/mpx/reference-2-lbv.cpp -O2 -flto -fuse-linker-plugin -fno-fat-lto-objects execution test
FAIL: gcc.target/i386/mpx/reference-2-lbv.cpp -O3 -g execution test
FAIL: gcc.target/i386/mpx/reference-2-lbv.cpp -Os execution test
FAIL: gcc.target/i386/mpx/reference-2-ubv.cpp -O0 execution test
FAIL: gcc.target/i386/mpx/reference-2-ubv.cpp -O1 execution test
FAIL: gcc.target/i386/mpx/reference-2-ubv.cpp -O2 execution test
FAIL: gcc.target/i386/mpx/reference-2-ubv.cpp -O2 -flto -fno-use-linker-plugin -flto-partition=none execution test
FAIL: gcc.target/i386/mpx/reference-2-ubv.cpp -O2 -flto -fuse-linker-plugin -fno-fat-lto-objects execution test
FAIL: gcc.target/i386/mpx/reference-2-ubv.cpp -O3 -g execution test
FAIL: gcc.target/i386/mpx/reference-2-ubv.cpp -Os execution test
FAIL: gcc.target/i386/mpx/reference-3-lbv.cpp -O0 execution test
FAIL: gcc.target/i386/mpx/reference-3-lbv.cpp -O1 execution test
FAIL: gcc.target/i386/mpx/reference-3-lbv.cpp -O2 execution test
FAIL: gcc.target/i386/mpx/reference-3-lbv.cpp -O2 -flto -fno-use-linker-plugin -flto-partition=none execution test
FAIL: gcc.target/i386/mpx/reference-3-lbv.cpp -O2 -flto -fuse-linker-plugin -fno-fat-lto-objects execution test
FAIL: gcc.target/i386/mpx/reference-3-lbv.cpp -O3 -g execution test
FAIL: gcc.target/i386/mpx/reference-3-lbv.cpp -Os execution test
FAIL: gcc.target/i386/mpx/reference-3-ubv.cpp -O0 execution test
FAIL: gcc.target/i386/mpx/reference-3-ubv.cpp -O1 execution test
FAIL: gcc.target/i386/mpx/reference-3-ubv.cpp -O2 execution test
FAIL: gcc.target/i386/mpx/reference-3-ubv.cpp -O2 -flto -fno-use-linker-plugin -flto-partition=none execution test
FAIL: gcc.target/i386/mpx/reference-3-ubv.cpp -O2 -flto -fuse-linker-plugin -fno-fat-lto-objects execution test
FAIL: gcc.target/i386/mpx/reference-3-ubv.cpp -O3 -g execution test
FAIL: gcc.target/i386/mpx/reference-3-ubv.cpp -Os execution test
FAIL: gcc.target/i386/mpx/reference-4-lbv.cpp -O0 execution test
FAIL: gcc.target/i386/mpx/reference-4-lbv.cpp -O1 execution test
FAIL: gcc.target/i386/mpx/reference-4-lbv.cpp -O2 execution test
FAIL: gcc.target/i386/mpx/reference-4-lbv.cpp -O2 -flto -fno-use-linker-plugin -flto-partition=none execution test
FAIL: gcc.target/i386/mpx/reference-4-lbv.cpp -O2 -flto -fuse-linker-plugin -fno-fat-lto-objects execution test
FAIL: gcc.target/i386/mpx/reference-4-lbv.cpp -O3 -g execution test
FAIL: gcc.target/i386/mpx/reference-4-lbv.cpp -Os execution test
FAIL: gcc.target/i386/mpx/reference-4-ubv.cpp -O0 execution test
FAIL: gcc.target/i386/mpx/reference-4-ubv.cpp -O1 execution test
FAIL: gcc.target/i386/mpx/reference-4-ubv.cpp -O2 execution test
FAIL: gcc.target/i386/mpx/reference-4-ubv.cpp -O2 -flto -fno-use-linker-plugin -flto-partition=none execution test
FAIL: gcc.target/i386/mpx/reference-4-ubv.cpp -O2 -flto -fuse-linker-plugin -fno-fat-lto-objects execution test
FAIL: gcc.target/i386/mpx/reference-4-ubv.cpp -O3 -g execution test
FAIL: gcc.target/i386/mpx/reference-4-ubv.cpp -Os execution test
FAIL: gcc.target/i386/mpx/return-pointer-1-lbv.c -O0 execution test
FAIL: gcc.target/i386/mpx/return-pointer-1-lbv.c -O1 execution test
FAIL: gcc.target/i386/mpx/return-pointer-1-lbv.c -O2 execution test
FAIL: gcc.target/i386/mpx/return-pointer-1-lbv.c -O2 -flto -fno-use-linker-plugin -flto-partition=none execution test
FAIL: gcc.target/i386/mpx/return-pointer-1-lbv.c -O2 -flto -fuse-linker-plugin -fno-fat-lto-objects execution test
FAIL: gcc.target/i386/mpx/return-pointer-1-lbv.c -O3 -g execution test
FAIL: gcc.target/i386/mpx/return-pointer-1-lbv.c -Os execution test
FAIL: gcc.target/i386/mpx/return-pointer-1-ubv.c -O0 execution test
FAIL: gcc.target/i386/mpx/return-pointer-1-ubv.c -O1 execution test
FAIL: gcc.target/i386/mpx/return-pointer-1-ubv.c -O2 execution test
FAIL: gcc.target/i386/mpx/return-pointer-1-ubv.c -O2 -flto -fno-use-linker-plugin -flto-partition=none execution test
FAIL: gcc.target/i386/mpx/return-pointer-1-ubv.c -O2 -flto -fuse-linker-plugin -fno-fat-lto-objects execution test
FAIL: gcc.target/i386/mpx/return-pointer-1-ubv.c -O3 -g execution test
FAIL: gcc.target/i386/mpx/return-pointer-1-ubv.c -Os execution test
FAIL: gcc.target/i386/mpx/return-struct-1-lbv.c -O0 execution test
FAIL: gcc.target/i386/mpx/return-struct-1-lbv.c -O1 execution test
FAIL: gcc.target/i386/mpx/return-struct-1-lbv.c -O2 execution test
FAIL: gcc.target/i386/mpx/return-struct-1-lbv.c -O2 -flto -fno-use-linker-plugin -flto-partition=none execution test
FAIL: gcc.target/i386/mpx/return-struct-1-lbv.c -O2 -flto -fuse-linker-plugin -fno-fat-lto-objects execution test
FAIL: gcc.target/i386/mpx/return-struct-1-lbv.c -O3 -g execution test
FAIL: gcc.target/i386/mpx/return-struct-1-lbv.c -Os execution test
FAIL: gcc.target/i386/mpx/return-struct-1-ubv.c -O0 execution test
FAIL: gcc.target/i386/mpx/return-struct-1-ubv.c -O1 execution test
FAIL: gcc.target/i386/mpx/return-struct-1-ubv.c -O2 execution test
FAIL: gcc.target/i386/mpx/return-struct-1-ubv.c -O2 -flto -fno-use-linker-plugin -flto-partition=none execution test
FAIL: gcc.target/i386/mpx/return-struct-1-ubv.c -O2 -flto -fuse-linker-plugin -fno-fat-lto-objects execution test
FAIL: gcc.target/i386/mpx/return-struct-1-ubv.c -O3 -g execution test
FAIL: gcc.target/i386/mpx/return-struct-1-ubv.c -Os execution test
FAIL: gcc.target/i386/mpx/return-struct-2-lbv.c -O0 execution test
FAIL: gcc.target/i386/mpx/return-struct-2-lbv.c -O1 execution test
FAIL: gcc.target/i386/mpx/return-struct-2-lbv.c -O2 execution test
FAIL: gcc.target/i386/mpx/return-struct-2-lbv.c -O2 -flto -fno-use-linker-plugin -flto-partition=none execution test
FAIL: gcc.target/i386/mpx/return-struct-2-lbv.c -O2 -flto -fuse-linker-plugin -fno-fat-lto-objects execution test
FAIL: gcc.target/i386/mpx/return-struct-2-lbv.c -O3 -g execution test
FAIL: gcc.target/i386/mpx/return-struct-2-lbv.c -Os execution test
FAIL: gcc.target/i386/mpx/return-struct-2-ubv.c -O0 execution test
FAIL: gcc.target/i386/mpx/return-struct-2-ubv.c -O1 execution test
FAIL: gcc.target/i386/mpx/return-struct-2-ubv.c -O2 execution test
FAIL: gcc.target/i386/mpx/return-struct-2-ubv.c -O2 -flto -fno-use-linker-plugin -flto-partition=none execution test
FAIL: gcc.target/i386/mpx/return-struct-2-ubv.c -O2 -flto -fuse-linker-plugin -fno-fat-lto-objects execution test
FAIL: gcc.target/i386/mpx/return-struct-2-ubv.c -O3 -g execution test
FAIL: gcc.target/i386/mpx/return-struct-2-ubv.c -Os execution test
FAIL: gcc.target/i386/mpx/return-struct-3-lbv.c -O0 execution test
FAIL: gcc.target/i386/mpx/return-struct-3-lbv.c -O1 execution test
FAIL: gcc.target/i386/mpx/return-struct-3-lbv.c -O2 execution test
FAIL: gcc.target/i386/mpx/return-struct-3-lbv.c -O2 -flto -fno-use-linker-plugin -flto-partition=none execution test
FAIL: gcc.target/i386/mpx/return-struct-3-lbv.c -O2 -flto -fuse-linker-plugin -fno-fat-lto-objects execution test
FAIL: gcc.target/i386/mpx/return-struct-3-lbv.c -O3 -g execution test
FAIL: gcc.target/i386/mpx/return-struct-3-lbv.c -Os execution test
FAIL: gcc.target/i386/mpx/return-struct-3-ubv.c -O0 execution test
FAIL: gcc.target/i386/mpx/return-struct-3-ubv.c -O1 execution test
FAIL: gcc.target/i386/mpx/return-struct-3-ubv.c -O2 execution test
FAIL: gcc.target/i386/mpx/return-struct-3-ubv.c -O2 -flto -fno-use-linker-plugin -flto-partition=none execution test
FAIL: gcc.target/i386/mpx/return-struct-3-ubv.c -O2 -flto -fuse-linker-plugin -fno-fat-lto-objects execution test
FAIL: gcc.target/i386/mpx/return-struct-3-ubv.c -O3 -g execution test
FAIL: gcc.target/i386/mpx/return-struct-3-ubv.c -Os execution test
FAIL: gcc.target/i386/mpx/return-struct-4-lbv.c -O0 execution test
FAIL: gcc.target/i386/mpx/return-struct-4-lbv.c -O1 execution test
FAIL: gcc.target/i386/mpx/return-struct-4-lbv.c -O2 execution test
FAIL: gcc.target/i386/mpx/return-struct-4-lbv.c -O2 -flto -fno-use-linker-plugin -flto-partition=none execution test
FAIL: gcc.target/i386/mpx/return-struct-4-lbv.c -O2 -flto -fuse-linker-plugin -fno-fat-lto-objects execution test
FAIL: gcc.target/i386/mpx/return-struct-4-lbv.c -O3 -g execution test
FAIL: gcc.target/i386/mpx/return-struct-4-lbv.c -Os execution test
FAIL: gcc.target/i386/mpx/return-struct-4-ubv.c -O0 execution test
FAIL: gcc.target/i386/mpx/return-struct-4-ubv.c -O1 execution test
FAIL: gcc.target/i386/mpx/return-struct-4-ubv.c -O2 execution test
FAIL: gcc.target/i386/mpx/return-struct-4-ubv.c -O2 -flto -fno-use-linker-plugin -flto-partition=none execution test
FAIL: gcc.target/i386/mpx/return-struct-4-ubv.c -O2 -flto -fuse-linker-plugin -fno-fat-lto-objects execution test
FAIL: gcc.target/i386/mpx/return-struct-4-ubv.c -O3 -g execution test
FAIL: gcc.target/i386/mpx/return-struct-4-ubv.c -Os execution test
FAIL: gcc.target/i386/mpx/return-struct-5-lbv.c -O0 execution test
FAIL: gcc.target/i386/mpx/return-struct-5-lbv.c -O1 execution test
FAIL: gcc.target/i386/mpx/return-struct-5-lbv.c -O2 execution test
FAIL: gcc.target/i386/mpx/return-struct-5-lbv.c -O2 -flto -fno-use-linker-plugin -flto-partition=none execution test
FAIL: gcc.target/i386/mpx/return-struct-5-lbv.c -O2 -flto -fuse-linker-plugin -fno-fat-lto-objects execution test
FAIL: gcc.target/i386/mpx/return-struct-5-lbv.c -O3 -g execution test
FAIL: gcc.target/i386/mpx/return-struct-5-lbv.c -Os execution test
FAIL: gcc.target/i386/mpx/return-struct-5-ubv.c -O0 execution test
FAIL: gcc.target/i386/mpx/return-struct-5-ubv.c -O1 execution test
FAIL: gcc.target/i386/mpx/return-struct-5-ubv.c -O2 execution test
FAIL: gcc.target/i386/mpx/return-struct-5-ubv.c -O2 -flto -fno-use-linker-plugin -flto-partition=none execution test
FAIL: gcc.target/i386/mpx/return-struct-5-ubv.c -O2 -flto -fuse-linker-plugin -fno-fat-lto-objects execution test
FAIL: gcc.target/i386/mpx/return-struct-5-ubv.c -O3 -g execution test
FAIL: gcc.target/i386/mpx/return-struct-5-ubv.c -Os execution test
FAIL: gcc.target/i386/mpx/return-struct-6-lbv.c -O0 execution test
FAIL: gcc.target/i386/mpx/return-struct-6-lbv.c -O1 execution test
FAIL: gcc.target/i386/mpx/return-struct-6-lbv.c -O2 execution test
FAIL: gcc.target/i386/mpx/return-struct-6-lbv.c -O2 -flto -fno-use-linker-plugin -flto-partition=none execution test
FAIL: gcc.target/i386/mpx/return-struct-6-lbv.c -O2 -flto -fuse-linker-plugin -fno-fat-lto-objects execution test
FAIL: gcc.target/i386/mpx/return-struct-6-lbv.c -O3 -g execution test
FAIL: gcc.target/i386/mpx/return-struct-6-lbv.c -Os execution test
FAIL: gcc.target/i386/mpx/return-struct-6-ubv.c -O0 execution test
FAIL: gcc.target/i386/mpx/return-struct-6-ubv.c -O1 execution test
FAIL: gcc.target/i386/mpx/return-struct-6-ubv.c -O2 execution test
FAIL: gcc.target/i386/mpx/return-struct-6-ubv.c -O2 -flto -fno-use-linker-plugin -flto-partition=none execution test
FAIL: gcc.target/i386/mpx/return-struct-6-ubv.c -O2 -flto -fuse-linker-plugin -fno-fat-lto-objects execution test
FAIL: gcc.target/i386/mpx/return-struct-6-ubv.c -O3 -g execution test
FAIL: gcc.target/i386/mpx/return-struct-6-ubv.c -Os execution test
FAIL: gcc.target/i386/mpx/static-array-1-lbv.c -O0 execution test
FAIL: gcc.target/i386/mpx/static-array-1-lbv.c -O1 execution test
FAIL: gcc.target/i386/mpx/static-array-1-lbv.c -O2 execution test
FAIL: gcc.target/i386/mpx/static-array-1-lbv.c -O2 -flto -fno-use-linker-plugin -flto-partition=none execution test
FAIL: gcc.target/i386/mpx/static-array-1-lbv.c -O2 -flto -fuse-linker-plugin -fno-fat-lto-objects execution test
FAIL: gcc.target/i386/mpx/static-array-1-lbv.c -O3 -g execution test
FAIL: gcc.target/i386/mpx/static-array-1-lbv.c -Os execution test
FAIL: gcc.target/i386/mpx/static-array-1-ubv.c -O0 execution test
FAIL: gcc.target/i386/mpx/static-array-1-ubv.c -O1 execution test
FAIL: gcc.target/i386/mpx/static-array-1-ubv.c -O2 execution test
FAIL: gcc.target/i386/mpx/static-array-1-ubv.c -O2 -flto -fno-use-linker-plugin -flto-partition=none execution test
FAIL: gcc.target/i386/mpx/static-array-1-ubv.c -O2 -flto -fuse-linker-plugin -fno-fat-lto-objects execution test
FAIL: gcc.target/i386/mpx/static-array-1-ubv.c -O3 -g execution test
FAIL: gcc.target/i386/mpx/static-array-1-ubv.c -Os execution test
FAIL: gcc.target/i386/mpx/static-init-1-lbv.c -O0 execution test
FAIL: gcc.target/i386/mpx/static-init-1-lbv.c -O1 execution test
FAIL: gcc.target/i386/mpx/static-init-1-lbv.c -O2 execution test
FAIL: gcc.target/i386/mpx/static-init-1-lbv.c -O2 -flto -fno-use-linker-plugin -flto-partition=none execution test
FAIL: gcc.target/i386/mpx/static-init-1-lbv.c -O2 -flto -fuse-linker-plugin -fno-fat-lto-objects execution test
FAIL: gcc.target/i386/mpx/static-init-1-lbv.c -O3 -g execution test
FAIL: gcc.target/i386/mpx/static-init-1-lbv.c -Os execution test
FAIL: gcc.target/i386/mpx/static-init-1-ubv.c -O0 execution test
FAIL: gcc.target/i386/mpx/static-init-1-ubv.c -O1 execution test
FAIL: gcc.target/i386/mpx/static-init-1-ubv.c -O2 execution test
FAIL: gcc.target/i386/mpx/static-init-1-ubv.c -O2 -flto -fno-use-linker-plugin -flto-partition=none execution test
FAIL: gcc.target/i386/mpx/static-init-1-ubv.c -O2 -flto -fuse-linker-plugin -fno-fat-lto-objects execution test
FAIL: gcc.target/i386/mpx/static-init-1-ubv.c -O3 -g execution test
FAIL: gcc.target/i386/mpx/static-init-1-ubv.c -Os execution test
FAIL: gcc.target/i386/mpx/static-init-2-lbv.c -O0 execution test
FAIL: gcc.target/i386/mpx/static-init-2-lbv.c -O1 execution test
FAIL: gcc.target/i386/mpx/static-init-2-lbv.c -O2 execution test
FAIL: gcc.target/i386/mpx/static-init-2-lbv.c -O2 -flto -fno-use-linker-plugin -flto-partition=none execution test
FAIL: gcc.target/i386/mpx/static-init-2-lbv.c -O2 -flto -fuse-linker-plugin -fno-fat-lto-objects execution test
FAIL: gcc.target/i386/mpx/static-init-2-lbv.c -O3 -g execution test
FAIL: gcc.target/i386/mpx/static-init-2-lbv.c -Os execution test
FAIL: gcc.target/i386/mpx/static-init-2-ubv.c -O0 execution test
FAIL: gcc.target/i386/mpx/static-init-2-ubv.c -O1 execution test
FAIL: gcc.target/i386/mpx/static-init-2-ubv.c -O2 execution test
FAIL: gcc.target/i386/mpx/static-init-2-ubv.c -O2 -flto -fno-use-linker-plugin -flto-partition=none execution test
FAIL: gcc.target/i386/mpx/static-init-2-ubv.c -O2 -flto -fuse-linker-plugin -fno-fat-lto-objects execution test
FAIL: gcc.target/i386/mpx/static-init-2-ubv.c -O3 -g execution test
FAIL: gcc.target/i386/mpx/static-init-2-ubv.c -Os execution test
FAIL: gcc.target/i386/mpx/static-init-3-lbv.c -O0 execution test
FAIL: gcc.target/i386/mpx/static-init-3-lbv.c -O1 execution test
FAIL: gcc.target/i386/mpx/static-init-3-lbv.c -O2 execution test
FAIL: gcc.target/i386/mpx/static-init-3-lbv.c -O2 -flto -fno-use-linker-plugin -flto-partition=none execution test
FAIL: gcc.target/i386/mpx/static-init-3-lbv.c -O2 -flto -fuse-linker-plugin -fno-fat-lto-objects execution test
FAIL: gcc.target/i386/mpx/static-init-3-lbv.c -O3 -g execution test
FAIL: gcc.target/i386/mpx/static-init-3-lbv.c -Os execution test
FAIL: gcc.target/i386/mpx/static-init-3-ubv.c -O0 execution test
FAIL: gcc.target/i386/mpx/static-init-3-ubv.c -O1 execution test
FAIL: gcc.target/i386/mpx/static-init-3-ubv.c -O2 execution test
FAIL: gcc.target/i386/mpx/static-init-3-ubv.c -O2 -flto -fno-use-linker-plugin -flto-partition=none execution test
FAIL: gcc.target/i386/mpx/static-init-3-ubv.c -O2 -flto -fuse-linker-plugin -fno-fat-lto-objects execution test
FAIL: gcc.target/i386/mpx/static-init-3-ubv.c -O3 -g execution test
FAIL: gcc.target/i386/mpx/static-init-3-ubv.c -Os execution test
FAIL: gcc.target/i386/mpx/static-init-4-lbv.c -O0 execution test
FAIL: gcc.target/i386/mpx/static-init-4-lbv.c -O1 execution test
FAIL: gcc.target/i386/mpx/static-init-4-lbv.c -O2 execution test
FAIL: gcc.target/i386/mpx/static-init-4-lbv.c -O2 -flto -fno-use-linker-plugin -flto-partition=none execution test
FAIL: gcc.target/i386/mpx/static-init-4-lbv.c -O2 -flto -fuse-linker-plugin -fno-fat-lto-objects execution test
FAIL: gcc.target/i386/mpx/static-init-4-lbv.c -O3 -g execution test
FAIL: gcc.target/i386/mpx/static-init-4-lbv.c -Os execution test
FAIL: gcc.target/i386/mpx/static-init-4-ubv.c -O0 execution test
FAIL: gcc.target/i386/mpx/static-init-4-ubv.c -O1 execution test
FAIL: gcc.target/i386/mpx/static-init-4-ubv.c -O2 execution test
FAIL: gcc.target/i386/mpx/static-init-4-ubv.c -O2 -flto -fno-use-linker-plugin -flto-partition=none execution test
FAIL: gcc.target/i386/mpx/static-init-4-ubv.c -O2 -flto -fuse-linker-plugin -fno-fat-lto-objects execution test
FAIL: gcc.target/i386/mpx/static-init-4-ubv.c -O3 -g execution test
FAIL: gcc.target/i386/mpx/static-init-4-ubv.c -Os execution test
FAIL: gcc.target/i386/mpx/static-init-5-lbv.c -O0 execution test
FAIL: gcc.target/i386/mpx/static-init-5-lbv.c -O1 execution test
FAIL: gcc.target/i386/mpx/static-init-5-lbv.c -O2 execution test
FAIL: gcc.target/i386/mpx/static-init-5-lbv.c -O2 -flto -fno-use-linker-plugin -flto-partition=none execution test
FAIL: gcc.target/i386/mpx/static-init-5-lbv.c -O2 -flto -fuse-linker-plugin -fno-fat-lto-objects execution test
FAIL: gcc.target/i386/mpx/static-init-5-lbv.c -O3 -g execution test
FAIL: gcc.target/i386/mpx/static-init-5-lbv.c -Os execution test
FAIL: gcc.target/i386/mpx/static-init-5-ubv.c -O0 execution test
FAIL: gcc.target/i386/mpx/static-init-5-ubv.c -O1 execution test
FAIL: gcc.target/i386/mpx/static-init-5-ubv.c -O2 execution test
FAIL: gcc.target/i386/mpx/static-init-5-ubv.c -O2 -flto -fno-use-linker-plugin -flto-partition=none execution test
FAIL: gcc.target/i386/mpx/static-init-5-ubv.c -O2 -flto -fuse-linker-plugin -fno-fat-lto-objects execution test
FAIL: gcc.target/i386/mpx/static-init-5-ubv.c -O3 -g execution test
FAIL: gcc.target/i386/mpx/static-init-5-ubv.c -Os execution test
FAIL: gcc.target/i386/mpx/static-init-6-lbv.c -O0 execution test
FAIL: gcc.target/i386/mpx/static-init-6-lbv.c -O1 execution test
FAIL: gcc.target/i386/mpx/static-init-6-lbv.c -O2 execution test
FAIL: gcc.target/i386/mpx/static-init-6-lbv.c -O2 -flto -fno-use-linker-plugin -flto-partition=none execution test
FAIL: gcc.target/i386/mpx/static-init-6-lbv.c -O2 -flto -fuse-linker-plugin -fno-fat-lto-objects execution test
FAIL: gcc.target/i386/mpx/static-init-6-lbv.c -O3 -g execution test
FAIL: gcc.target/i386/mpx/static-init-6-lbv.c -Os execution test
FAIL: gcc.target/i386/mpx/static-init-6-ubv.c -O0 execution test
FAIL: gcc.target/i386/mpx/static-init-6-ubv.c -O1 execution test
FAIL: gcc.target/i386/mpx/static-init-6-ubv.c -O2 execution test
FAIL: gcc.target/i386/mpx/static-init-6-ubv.c -O2 -flto -fno-use-linker-plugin -flto-partition=none execution test
FAIL: gcc.target/i386/mpx/static-init-6-ubv.c -O2 -flto -fuse-linker-plugin -fno-fat-lto-objects execution test
FAIL: gcc.target/i386/mpx/static-init-6-ubv.c -O3 -g execution test
FAIL: gcc.target/i386/mpx/static-init-6-ubv.c -Os execution test
FAIL: gcc.target/i386/mpx/static-string-1-lbv.c -O0 execution test
FAIL: gcc.target/i386/mpx/static-string-1-lbv.c -O1 execution test
FAIL: gcc.target/i386/mpx/static-string-1-lbv.c -O2 execution test
FAIL: gcc.target/i386/mpx/static-string-1-lbv.c -O2 -flto -fno-use-linker-plugin -flto-partition=none execution test
FAIL: gcc.target/i386/mpx/static-string-1-lbv.c -O2 -flto -fuse-linker-plugin -fno-fat-lto-objects execution test
FAIL: gcc.target/i386/mpx/static-string-1-lbv.c -O3 -g execution test
FAIL: gcc.target/i386/mpx/static-string-1-lbv.c -Os execution test
FAIL: gcc.target/i386/mpx/static-string-1-ubv.c -O0 execution test
FAIL: gcc.target/i386/mpx/static-string-1-ubv.c -O1 execution test
FAIL: gcc.target/i386/mpx/static-string-1-ubv.c -O2 execution test
FAIL: gcc.target/i386/mpx/static-string-1-ubv.c -O2 -flto -fno-use-linker-plugin -flto-partition=none execution test
FAIL: gcc.target/i386/mpx/static-string-1-ubv.c -O2 -flto -fuse-linker-plugin -fno-fat-lto-objects execution test
FAIL: gcc.target/i386/mpx/static-string-1-ubv.c -O3 -g execution test
FAIL: gcc.target/i386/mpx/static-string-1-ubv.c -Os execution test
FAIL: gcc.target/i386/mpx/struct-arg-1-lbv.c -O0 execution test
FAIL: gcc.target/i386/mpx/struct-arg-1-lbv.c -O1 execution test
FAIL: gcc.target/i386/mpx/struct-arg-1-lbv.c -O2 execution test
FAIL: gcc.target/i386/mpx/struct-arg-1-lbv.c -O2 -flto -fno-use-linker-plugin -flto-partition=none execution test
FAIL: gcc.target/i386/mpx/struct-arg-1-lbv.c -O2 -flto -fuse-linker-plugin -fno-fat-lto-objects execution test
FAIL: gcc.target/i386/mpx/struct-arg-1-lbv.c -O3 -g execution test
FAIL: gcc.target/i386/mpx/struct-arg-1-lbv.c -Os execution test
FAIL: gcc.target/i386/mpx/struct-arg-1-ubv.c -O0 execution test
FAIL: gcc.target/i386/mpx/struct-arg-1-ubv.c -O1 execution test
FAIL: gcc.target/i386/mpx/struct-arg-1-ubv.c -O2 execution test
FAIL: gcc.target/i386/mpx/struct-arg-1-ubv.c -O2 -flto -fno-use-linker-plugin -flto-partition=none execution test
FAIL: gcc.target/i386/mpx/struct-arg-1-ubv.c -O2 -flto -fuse-linker-plugin -fno-fat-lto-objects execution test
FAIL: gcc.target/i386/mpx/struct-arg-1-ubv.c -O3 -g execution test
FAIL: gcc.target/i386/mpx/struct-arg-1-ubv.c -Os execution test
FAIL: gcc.target/i386/mpx/struct-arg-10-lbv.c -O0 execution test
FAIL: gcc.target/i386/mpx/struct-arg-10-lbv.c -O1 execution test
FAIL: gcc.target/i386/mpx/struct-arg-10-lbv.c -O2 execution test
FAIL: gcc.target/i386/mpx/struct-arg-10-lbv.c -O2 -flto -fno-use-linker-plugin -flto-partition=none execution test
FAIL: gcc.target/i386/mpx/struct-arg-10-lbv.c -O2 -flto -fuse-linker-plugin -fno-fat-lto-objects execution test
FAIL: gcc.target/i386/mpx/struct-arg-10-lbv.c -O3 -g execution test
FAIL: gcc.target/i386/mpx/struct-arg-10-lbv.c -Os execution test
FAIL: gcc.target/i386/mpx/struct-arg-10-ubv.c -O0 execution test
FAIL: gcc.target/i386/mpx/struct-arg-10-ubv.c -O1 execution test
FAIL: gcc.target/i386/mpx/struct-arg-10-ubv.c -O2 execution test
FAIL: gcc.target/i386/mpx/struct-arg-10-ubv.c -O2 -flto -fno-use-linker-plugin -flto-partition=none execution test
FAIL: gcc.target/i386/mpx/struct-arg-10-ubv.c -O2 -flto -fuse-linker-plugin -fno-fat-lto-objects execution test
FAIL: gcc.target/i386/mpx/struct-arg-10-ubv.c -O3 -g execution test
FAIL: gcc.target/i386/mpx/struct-arg-10-ubv.c -Os execution test
FAIL: gcc.target/i386/mpx/struct-arg-2-lbv.c -O0 execution test
FAIL: gcc.target/i386/mpx/struct-arg-2-lbv.c -O1 execution test
FAIL: gcc.target/i386/mpx/struct-arg-2-lbv.c -O2 execution test
FAIL: gcc.target/i386/mpx/struct-arg-2-lbv.c -O2 -flto -fno-use-linker-plugin -flto-partition=none execution test
FAIL: gcc.target/i386/mpx/struct-arg-2-lbv.c -O2 -flto -fuse-linker-plugin -fno-fat-lto-objects execution test
FAIL: gcc.target/i386/mpx/struct-arg-2-lbv.c -O3 -g execution test
FAIL: gcc.target/i386/mpx/struct-arg-2-lbv.c -Os execution test
FAIL: gcc.target/i386/mpx/struct-arg-2-ubv.c -O0 execution test
FAIL: gcc.target/i386/mpx/struct-arg-2-ubv.c -O1 execution test
FAIL: gcc.target/i386/mpx/struct-arg-2-ubv.c -O2 execution test
FAIL: gcc.target/i386/mpx/struct-arg-2-ubv.c -O2 -flto -fno-use-linker-plugin -flto-partition=none execution test
FAIL: gcc.target/i386/mpx/struct-arg-2-ubv.c -O2 -flto -fuse-linker-plugin -fno-fat-lto-objects execution test
FAIL: gcc.target/i386/mpx/struct-arg-2-ubv.c -O3 -g execution test
FAIL: gcc.target/i386/mpx/struct-arg-2-ubv.c -Os execution test
FAIL: gcc.target/i386/mpx/struct-arg-3-lbv.c -O0 execution test
FAIL: gcc.target/i386/mpx/struct-arg-3-lbv.c -O1 execution test
FAIL: gcc.target/i386/mpx/struct-arg-3-lbv.c -O2 execution test
FAIL: gcc.target/i386/mpx/struct-arg-3-lbv.c -O2 -flto -fno-use-linker-plugin -flto-partition=none execution test
FAIL: gcc.target/i386/mpx/struct-arg-3-lbv.c -O2 -flto -fuse-linker-plugin -fno-fat-lto-objects execution test
FAIL: gcc.target/i386/mpx/struct-arg-3-lbv.c -O3 -g execution test
FAIL: gcc.target/i386/mpx/struct-arg-3-lbv.c -Os execution test
FAIL: gcc.target/i386/mpx/struct-arg-3-ubv.c -O0 execution test
FAIL: gcc.target/i386/mpx/struct-arg-3-ubv.c -O1 execution test
FAIL: gcc.target/i386/mpx/struct-arg-3-ubv.c -O2 execution test
FAIL: gcc.target/i386/mpx/struct-arg-3-ubv.c -O2 -flto -fno-use-linker-plugin -flto-partition=none execution test
FAIL: gcc.target/i386/mpx/struct-arg-3-ubv.c -O2 -flto -fuse-linker-plugin -fno-fat-lto-objects execution test
FAIL: gcc.target/i386/mpx/struct-arg-3-ubv.c -O3 -g execution test
FAIL: gcc.target/i386/mpx/struct-arg-3-ubv.c -Os execution test
FAIL: gcc.target/i386/mpx/struct-arg-4-lbv.c -O0 execution test
FAIL: gcc.target/i386/mpx/struct-arg-4-lbv.c -O1 execution test
FAIL: gcc.target/i386/mpx/struct-arg-4-lbv.c -O2 execution test
FAIL: gcc.target/i386/mpx/struct-arg-4-lbv.c -O2 -flto -fno-use-linker-plugin -flto-partition=none execution test
FAIL: gcc.target/i386/mpx/struct-arg-4-lbv.c -O2 -flto -fuse-linker-plugin -fno-fat-lto-objects execution test
FAIL: gcc.target/i386/mpx/struct-arg-4-lbv.c -O3 -g execution test
FAIL: gcc.target/i386/mpx/struct-arg-4-lbv.c -Os execution test
FAIL: gcc.target/i386/mpx/struct-arg-4-ubv.c -O0 execution test
FAIL: gcc.target/i386/mpx/struct-arg-4-ubv.c -O1 execution test
FAIL: gcc.target/i386/mpx/struct-arg-4-ubv.c -O2 execution test
FAIL: gcc.target/i386/mpx/struct-arg-4-ubv.c -O2 -flto -fno-use-linker-plugin -flto-partition=none execution test
FAIL: gcc.target/i386/mpx/struct-arg-4-ubv.c -O2 -flto -fuse-linker-plugin -fno-fat-lto-objects execution test
FAIL: gcc.target/i386/mpx/struct-arg-4-ubv.c -O3 -g execution test
FAIL: gcc.target/i386/mpx/struct-arg-4-ubv.c -Os execution test
FAIL: gcc.target/i386/mpx/struct-arg-5-lbv.c -O0 execution test
FAIL: gcc.target/i386/mpx/struct-arg-5-lbv.c -O1 execution test
FAIL: gcc.target/i386/mpx/struct-arg-5-lbv.c -O2 execution test
FAIL: gcc.target/i386/mpx/struct-arg-5-lbv.c -O2 -flto -fno-use-linker-plugin -flto-partition=none execution test
FAIL: gcc.target/i386/mpx/struct-arg-5-lbv.c -O2 -flto -fuse-linker-plugin -fno-fat-lto-objects execution test
FAIL: gcc.target/i386/mpx/struct-arg-5-lbv.c -O3 -g execution test
FAIL: gcc.target/i386/mpx/struct-arg-5-lbv.c -Os execution test
FAIL: gcc.target/i386/mpx/struct-arg-5-ubv.c -O0 execution test
FAIL: gcc.target/i386/mpx/struct-arg-5-ubv.c -O1 execution test
FAIL: gcc.target/i386/mpx/struct-arg-5-ubv.c -O2 execution test
FAIL: gcc.target/i386/mpx/struct-arg-5-ubv.c -O2 -flto -fno-use-linker-plugin -flto-partition=none execution test
FAIL: gcc.target/i386/mpx/struct-arg-5-ubv.c -O2 -flto -fuse-linker-plugin -fno-fat-lto-objects execution test
FAIL: gcc.target/i386/mpx/struct-arg-5-ubv.c -O3 -g execution test
FAIL: gcc.target/i386/mpx/struct-arg-5-ubv.c -Os execution test
FAIL: gcc.target/i386/mpx/struct-arg-6-lbv.c -O0 execution test
FAIL: gcc.target/i386/mpx/struct-arg-6-lbv.c -O1 execution test
FAIL: gcc.target/i386/mpx/struct-arg-6-lbv.c -O2 execution test
FAIL: gcc.target/i386/mpx/struct-arg-6-lbv.c -O2 -flto -fno-use-linker-plugin -flto-partition=none execution test
FAIL: gcc.target/i386/mpx/struct-arg-6-lbv.c -O2 -flto -fuse-linker-plugin -fno-fat-lto-objects execution test
FAIL: gcc.target/i386/mpx/struct-arg-6-lbv.c -O3 -g execution test
FAIL: gcc.target/i386/mpx/struct-arg-6-lbv.c -Os execution test
FAIL: gcc.target/i386/mpx/struct-arg-6-ubv.c -O0 execution test
FAIL: gcc.target/i386/mpx/struct-arg-6-ubv.c -O1 execution test
FAIL: gcc.target/i386/mpx/struct-arg-6-ubv.c -O2 execution test
FAIL: gcc.target/i386/mpx/struct-arg-6-ubv.c -O2 -flto -fno-use-linker-plugin -flto-partition=none execution test
FAIL: gcc.target/i386/mpx/struct-arg-6-ubv.c -O2 -flto -fuse-linker-plugin -fno-fat-lto-objects execution test
FAIL: gcc.target/i386/mpx/struct-arg-6-ubv.c -O3 -g execution test
FAIL: gcc.target/i386/mpx/struct-arg-6-ubv.c -Os execution test
FAIL: gcc.target/i386/mpx/struct-arg-7-lbv.c -O0 execution test
FAIL: gcc.target/i386/mpx/struct-arg-7-lbv.c -O1 execution test
FAIL: gcc.target/i386/mpx/struct-arg-7-lbv.c -O2 execution test
FAIL: gcc.target/i386/mpx/struct-arg-7-lbv.c -O2 -flto -fno-use-linker-plugin -flto-partition=none execution test
FAIL: gcc.target/i386/mpx/struct-arg-7-lbv.c -O2 -flto -fuse-linker-plugin -fno-fat-lto-objects execution test
FAIL: gcc.target/i386/mpx/struct-arg-7-lbv.c -O3 -g execution test
FAIL: gcc.target/i386/mpx/struct-arg-7-lbv.c -Os execution test
FAIL: gcc.target/i386/mpx/struct-arg-7-ubv.c -O0 execution test
FAIL: gcc.target/i386/mpx/struct-arg-7-ubv.c -O1 execution test
FAIL: gcc.target/i386/mpx/struct-arg-7-ubv.c -O2 execution test
FAIL: gcc.target/i386/mpx/struct-arg-7-ubv.c -O2 -flto -fno-use-linker-plugin -flto-partition=none execution test
FAIL: gcc.target/i386/mpx/struct-arg-7-ubv.c -O2 -flto -fuse-linker-plugin -fno-fat-lto-objects execution test
FAIL: gcc.target/i386/mpx/struct-arg-7-ubv.c -O3 -g execution test
FAIL: gcc.target/i386/mpx/struct-arg-7-ubv.c -Os execution test
FAIL: gcc.target/i386/mpx/struct-arg-8-lbv.c -O0 execution test
FAIL: gcc.target/i386/mpx/struct-arg-8-lbv.c -O1 execution test
FAIL: gcc.target/i386/mpx/struct-arg-8-lbv.c -O2 execution test
FAIL: gcc.target/i386/mpx/struct-arg-8-lbv.c -O2 -flto -fno-use-linker-plugin -flto-partition=none execution test
FAIL: gcc.target/i386/mpx/struct-arg-8-lbv.c -O2 -flto -fuse-linker-plugin -fno-fat-lto-objects execution test
FAIL: gcc.target/i386/mpx/struct-arg-8-lbv.c -O3 -g execution test
FAIL: gcc.target/i386/mpx/struct-arg-8-lbv.c -Os execution test
FAIL: gcc.target/i386/mpx/struct-arg-8-ubv.c -O0 execution test
FAIL: gcc.target/i386/mpx/struct-arg-8-ubv.c -O1 execution test
FAIL: gcc.target/i386/mpx/struct-arg-8-ubv.c -O2 execution test
FAIL: gcc.target/i386/mpx/struct-arg-8-ubv.c -O2 -flto -fno-use-linker-plugin -flto-partition=none execution test
FAIL: gcc.target/i386/mpx/struct-arg-8-ubv.c -O2 -flto -fuse-linker-plugin -fno-fat-lto-objects execution test
FAIL: gcc.target/i386/mpx/struct-arg-8-ubv.c -O3 -g execution test
FAIL: gcc.target/i386/mpx/struct-arg-8-ubv.c -Os execution test
FAIL: gcc.target/i386/mpx/struct-arg-9-lbv.c -O0 execution test
FAIL: gcc.target/i386/mpx/struct-arg-9-lbv.c -O1 execution test
FAIL: gcc.target/i386/mpx/struct-arg-9-lbv.c -O2 execution test
FAIL: gcc.target/i386/mpx/struct-arg-9-lbv.c -O2 -flto -fno-use-linker-plugin -flto-partition=none execution test
FAIL: gcc.target/i386/mpx/struct-arg-9-lbv.c -O2 -flto -fuse-linker-plugin -fno-fat-lto-objects execution test
FAIL: gcc.target/i386/mpx/struct-arg-9-lbv.c -O3 -g execution test
FAIL: gcc.target/i386/mpx/struct-arg-9-lbv.c -Os execution test
FAIL: gcc.target/i386/mpx/struct-arg-9-ubv.c -O0 execution test
FAIL: gcc.target/i386/mpx/struct-arg-9-ubv.c -O1 execution test
FAIL: gcc.target/i386/mpx/struct-arg-9-ubv.c -O2 execution test
FAIL: gcc.target/i386/mpx/struct-arg-9-ubv.c -O2 -flto -fno-use-linker-plugin -flto-partition=none execution test
FAIL: gcc.target/i386/mpx/struct-arg-9-ubv.c -O2 -flto -fuse-linker-plugin -fno-fat-lto-objects execution test
FAIL: gcc.target/i386/mpx/struct-arg-9-ubv.c -O3 -g execution test
FAIL: gcc.target/i386/mpx/struct-arg-9-ubv.c -Os execution test
FAIL: gcc.target/i386/mpx/struct-copy-1-lbv.c -O0 execution test
FAIL: gcc.target/i386/mpx/struct-copy-1-lbv.c -O1 execution test
FAIL: gcc.target/i386/mpx/struct-copy-1-lbv.c -O2 execution test
FAIL: gcc.target/i386/mpx/struct-copy-1-lbv.c -O2 -flto -fno-use-linker-plugin -flto-partition=none execution test
FAIL: gcc.target/i386/mpx/struct-copy-1-lbv.c -O2 -flto -fuse-linker-plugin -fno-fat-lto-objects execution test
FAIL: gcc.target/i386/mpx/struct-copy-1-lbv.c -O3 -g execution test
FAIL: gcc.target/i386/mpx/struct-copy-1-lbv.c -Os execution test
FAIL: gcc.target/i386/mpx/struct-copy-1-ubv.c -O0 execution test
FAIL: gcc.target/i386/mpx/struct-copy-1-ubv.c -O1 execution test
FAIL: gcc.target/i386/mpx/struct-copy-1-ubv.c -O2 execution test
FAIL: gcc.target/i386/mpx/struct-copy-1-ubv.c -O2 -flto -fno-use-linker-plugin -flto-partition=none execution test
FAIL: gcc.target/i386/mpx/struct-copy-1-ubv.c -O2 -flto -fuse-linker-plugin -fno-fat-lto-objects execution test
FAIL: gcc.target/i386/mpx/struct-copy-1-ubv.c -O3 -g execution test
FAIL: gcc.target/i386/mpx/struct-copy-1-ubv.c -Os execution test
FAIL: gcc.target/i386/mpx/struct-copy-2-lbv.c -O0 execution test
FAIL: gcc.target/i386/mpx/struct-copy-2-lbv.c -O1 execution test
FAIL: gcc.target/i386/mpx/struct-copy-2-lbv.c -O2 execution test
FAIL: gcc.target/i386/mpx/struct-copy-2-lbv.c -O2 -flto -fno-use-linker-plugin -flto-partition=none execution test
FAIL: gcc.target/i386/mpx/struct-copy-2-lbv.c -O2 -flto -fuse-linker-plugin -fno-fat-lto-objects execution test
FAIL: gcc.target/i386/mpx/struct-copy-2-lbv.c -O3 -g execution test
FAIL: gcc.target/i386/mpx/struct-copy-2-lbv.c -Os execution test
FAIL: gcc.target/i386/mpx/struct-copy-2-ubv.c -O0 execution test
FAIL: gcc.target/i386/mpx/struct-copy-2-ubv.c -O1 execution test
FAIL: gcc.target/i386/mpx/struct-copy-2-ubv.c -O2 execution test
FAIL: gcc.target/i386/mpx/struct-copy-2-ubv.c -O2 -flto -fno-use-linker-plugin -flto-partition=none execution test
FAIL: gcc.target/i386/mpx/struct-copy-2-ubv.c -O2 -flto -fuse-linker-plugin -fno-fat-lto-objects execution test
FAIL: gcc.target/i386/mpx/struct-copy-2-ubv.c -O3 -g execution test
FAIL: gcc.target/i386/mpx/struct-copy-2-ubv.c -Os execution test
FAIL: gcc.target/i386/mpx/thread-local-var-1-lbv.c -O0 execution test
FAIL: gcc.target/i386/mpx/thread-local-var-1-lbv.c -O1 execution test
FAIL: gcc.target/i386/mpx/thread-local-var-1-lbv.c -O2 execution test
FAIL: gcc.target/i386/mpx/thread-local-var-1-lbv.c -O2 -flto -fno-use-linker-plugin -flto-partition=none execution test
FAIL: gcc.target/i386/mpx/thread-local-var-1-lbv.c -O2 -flto -fuse-linker-plugin -fno-fat-lto-objects execution test
FAIL: gcc.target/i386/mpx/thread-local-var-1-lbv.c -O3 -g execution test
FAIL: gcc.target/i386/mpx/thread-local-var-1-lbv.c -Os execution test
FAIL: gcc.target/i386/mpx/thread-local-var-1-ubv.c -O0 execution test
FAIL: gcc.target/i386/mpx/thread-local-var-1-ubv.c -O1 execution test
FAIL: gcc.target/i386/mpx/thread-local-var-1-ubv.c -O2 execution test
FAIL: gcc.target/i386/mpx/thread-local-var-1-ubv.c -O2 -flto -fno-use-linker-plugin -flto-partition=none execution test
FAIL: gcc.target/i386/mpx/thread-local-var-1-ubv.c -O2 -flto -fuse-linker-plugin -fno-fat-lto-objects execution test
FAIL: gcc.target/i386/mpx/thread-local-var-1-ubv.c -O3 -g execution test
FAIL: gcc.target/i386/mpx/thread-local-var-1-ubv.c -Os execution test
FAIL: gcc.target/i386/mpx/union-arg-1-lbv.c -O0 execution test
FAIL: gcc.target/i386/mpx/union-arg-1-lbv.c -O1 execution test
FAIL: gcc.target/i386/mpx/union-arg-1-lbv.c -O2 execution test
FAIL: gcc.target/i386/mpx/union-arg-1-lbv.c -O2 -flto -fno-use-linker-plugin -flto-partition=none execution test
FAIL: gcc.target/i386/mpx/union-arg-1-lbv.c -O2 -flto -fuse-linker-plugin -fno-fat-lto-objects execution test
FAIL: gcc.target/i386/mpx/union-arg-1-lbv.c -O3 -g execution test
FAIL: gcc.target/i386/mpx/union-arg-1-lbv.c -Os execution test
FAIL: gcc.target/i386/mpx/union-arg-1-ubv.c -O0 execution test
FAIL: gcc.target/i386/mpx/union-arg-1-ubv.c -O1 execution test
FAIL: gcc.target/i386/mpx/union-arg-1-ubv.c -O2 execution test
FAIL: gcc.target/i386/mpx/union-arg-1-ubv.c -O2 -flto -fno-use-linker-plugin -flto-partition=none execution test
FAIL: gcc.target/i386/mpx/union-arg-1-ubv.c -O2 -flto -fuse-linker-plugin -fno-fat-lto-objects execution test
FAIL: gcc.target/i386/mpx/union-arg-1-ubv.c -O3 -g execution test
FAIL: gcc.target/i386/mpx/union-arg-1-ubv.c -Os execution test
FAIL: gcc.target/i386/mpx/va-arg-pack-1-lbv.c -O0 execution test
FAIL: gcc.target/i386/mpx/va-arg-pack-1-lbv.c -O1 execution test
FAIL: gcc.target/i386/mpx/va-arg-pack-1-lbv.c -O2 execution test
FAIL: gcc.target/i386/mpx/va-arg-pack-1-lbv.c -O2 -flto -fno-use-linker-plugin -flto-partition=none execution test
FAIL: gcc.target/i386/mpx/va-arg-pack-1-lbv.c -O2 -flto -fuse-linker-plugin -fno-fat-lto-objects execution test
FAIL: gcc.target/i386/mpx/va-arg-pack-1-lbv.c -O3 -g execution test
FAIL: gcc.target/i386/mpx/va-arg-pack-1-lbv.c -Os execution test
FAIL: gcc.target/i386/mpx/va-arg-pack-1-ubv.c -O0 execution test
FAIL: gcc.target/i386/mpx/va-arg-pack-1-ubv.c -O1 execution test
FAIL: gcc.target/i386/mpx/va-arg-pack-1-ubv.c -O2 execution test
FAIL: gcc.target/i386/mpx/va-arg-pack-1-ubv.c -O2 -flto -fno-use-linker-plugin -flto-partition=none execution test
FAIL: gcc.target/i386/mpx/va-arg-pack-1-ubv.c -O2 -flto -fuse-linker-plugin -fno-fat-lto-objects execution test
FAIL: gcc.target/i386/mpx/va-arg-pack-1-ubv.c -O3 -g execution test
FAIL: gcc.target/i386/mpx/va-arg-pack-1-ubv.c -Os execution test
FAIL: gcc.target/i386/mpx/va-arg-pack-2-lbv.c -O0 execution test
FAIL: gcc.target/i386/mpx/va-arg-pack-2-lbv.c -O1 execution test
FAIL: gcc.target/i386/mpx/va-arg-pack-2-lbv.c -O2 execution test
FAIL: gcc.target/i386/mpx/va-arg-pack-2-lbv.c -O2 -flto -fno-use-linker-plugin -flto-partition=none execution test
FAIL: gcc.target/i386/mpx/va-arg-pack-2-lbv.c -O2 -flto -fuse-linker-plugin -fno-fat-lto-objects execution test
FAIL: gcc.target/i386/mpx/va-arg-pack-2-lbv.c -O3 -g execution test
FAIL: gcc.target/i386/mpx/va-arg-pack-2-lbv.c -Os execution test
FAIL: gcc.target/i386/mpx/va-arg-pack-2-ubv.c -O0 execution test
FAIL: gcc.target/i386/mpx/va-arg-pack-2-ubv.c -O1 execution test
FAIL: gcc.target/i386/mpx/va-arg-pack-2-ubv.c -O2 execution test
FAIL: gcc.target/i386/mpx/va-arg-pack-2-ubv.c -O2 -flto -fno-use-linker-plugin -flto-partition=none execution test
FAIL: gcc.target/i386/mpx/va-arg-pack-2-ubv.c -O2 -flto -fuse-linker-plugin -fno-fat-lto-objects execution test
FAIL: gcc.target/i386/mpx/va-arg-pack-2-ubv.c -O3 -g execution test
FAIL: gcc.target/i386/mpx/va-arg-pack-2-ubv.c -Os execution test
FAIL: gcc.target/i386/mpx/vararg-1-lbv.c -O0 execution test
FAIL: gcc.target/i386/mpx/vararg-1-lbv.c -O1 execution test
FAIL: gcc.target/i386/mpx/vararg-1-lbv.c -O2 execution test
FAIL: gcc.target/i386/mpx/vararg-1-lbv.c -O2 -flto -fno-use-linker-plugin -flto-partition=none execution test
FAIL: gcc.target/i386/mpx/vararg-1-lbv.c -O2 -flto -fuse-linker-plugin -fno-fat-lto-objects execution test
FAIL: gcc.target/i386/mpx/vararg-1-lbv.c -O3 -fomit-frame-pointer -funroll-loops -fpeel-loops -ftracer -finline-functions execution test
FAIL: gcc.target/i386/mpx/vararg-1-lbv.c -O3 -g execution test
FAIL: gcc.target/i386/mpx/vararg-1-lbv.c -Os execution test
FAIL: gcc.target/i386/mpx/vararg-1-ubv.c -O0 execution test
FAIL: gcc.target/i386/mpx/vararg-1-ubv.c -O1 execution test
FAIL: gcc.target/i386/mpx/vararg-1-ubv.c -O2 execution test
FAIL: gcc.target/i386/mpx/vararg-1-ubv.c -O2 -flto -fno-use-linker-plugin -flto-partition=none execution test
FAIL: gcc.target/i386/mpx/vararg-1-ubv.c -O2 -flto -fuse-linker-plugin -fno-fat-lto-objects execution test
FAIL: gcc.target/i386/mpx/vararg-1-ubv.c -O3 -fomit-frame-pointer -funroll-loops -fpeel-loops -ftracer -finline-functions execution test
FAIL: gcc.target/i386/mpx/vararg-1-ubv.c -O3 -g execution test
FAIL: gcc.target/i386/mpx/vararg-1-ubv.c -Os execution test
FAIL: gcc.target/i386/mpx/vararg-2-lbv.c -O0 execution test
FAIL: gcc.target/i386/mpx/vararg-2-lbv.c -O1 execution test
FAIL: gcc.target/i386/mpx/vararg-2-lbv.c -O2 execution test
FAIL: gcc.target/i386/mpx/vararg-2-lbv.c -O2 -flto -fno-use-linker-plugin -flto-partition=none execution test
FAIL: gcc.target/i386/mpx/vararg-2-lbv.c -O2 -flto -fuse-linker-plugin -fno-fat-lto-objects execution test
FAIL: gcc.target/i386/mpx/vararg-2-lbv.c -O3 -fomit-frame-pointer -funroll-loops -fpeel-loops -ftracer -finline-functions execution test
FAIL: gcc.target/i386/mpx/vararg-2-lbv.c -O3 -g execution test
FAIL: gcc.target/i386/mpx/vararg-2-lbv.c -Os execution test
FAIL: gcc.target/i386/mpx/vararg-2-ubv.c -O0 execution test
FAIL: gcc.target/i386/mpx/vararg-2-ubv.c -O1 execution test
FAIL: gcc.target/i386/mpx/vararg-2-ubv.c -O2 execution test
FAIL: gcc.target/i386/mpx/vararg-2-ubv.c -O2 -flto -fno-use-linker-plugin -flto-partition=none execution test
FAIL: gcc.target/i386/mpx/vararg-2-ubv.c -O2 -flto -fuse-linker-plugin -fno-fat-lto-objects execution test
FAIL: gcc.target/i386/mpx/vararg-2-ubv.c -O3 -fomit-frame-pointer -funroll-loops -fpeel-loops -ftracer -finline-functions execution test
FAIL: gcc.target/i386/mpx/vararg-2-ubv.c -O3 -g execution test
FAIL: gcc.target/i386/mpx/vararg-2-ubv.c -Os execution test
FAIL: gcc.target/i386/mpx/vararg-3-lbv.c -O0 execution test
FAIL: gcc.target/i386/mpx/vararg-3-lbv.c -O1 execution test
FAIL: gcc.target/i386/mpx/vararg-3-lbv.c -O2 execution test
FAIL: gcc.target/i386/mpx/vararg-3-lbv.c -O2 -flto -fno-use-linker-plugin -flto-partition=none execution test
FAIL: gcc.target/i386/mpx/vararg-3-lbv.c -O2 -flto -fuse-linker-plugin -fno-fat-lto-objects execution test
FAIL: gcc.target/i386/mpx/vararg-3-lbv.c -O3 -fomit-frame-pointer -funroll-loops -fpeel-loops -ftracer -finline-functions execution test
FAIL: gcc.target/i386/mpx/vararg-3-lbv.c -O3 -g execution test
FAIL: gcc.target/i386/mpx/vararg-3-lbv.c -Os execution test
FAIL: gcc.target/i386/mpx/vararg-3-ubv.c -O0 execution test
FAIL: gcc.target/i386/mpx/vararg-3-ubv.c -O1 execution test
FAIL: gcc.target/i386/mpx/vararg-3-ubv.c -O2 execution test
FAIL: gcc.target/i386/mpx/vararg-3-ubv.c -O2 -flto -fno-use-linker-plugin -flto-partition=none execution test
FAIL: gcc.target/i386/mpx/vararg-3-ubv.c -O2 -flto -fuse-linker-plugin -fno-fat-lto-objects execution test
FAIL: gcc.target/i386/mpx/vararg-3-ubv.c -O3 -fomit-frame-pointer -funroll-loops -fpeel-loops -ftracer -finline-functions execution test
FAIL: gcc.target/i386/mpx/vararg-3-ubv.c -O3 -g execution test
FAIL: gcc.target/i386/mpx/vararg-3-ubv.c -Os execution test
FAIL: gcc.target/i386/mpx/vararg-4-lbv.c -O0 execution test
FAIL: gcc.target/i386/mpx/vararg-4-lbv.c -O1 execution test
FAIL: gcc.target/i386/mpx/vararg-4-lbv.c -O2 execution test
FAIL: gcc.target/i386/mpx/vararg-4-lbv.c -O2 -flto -fno-use-linker-plugin -flto-partition=none execution test
FAIL: gcc.target/i386/mpx/vararg-4-lbv.c -O2 -flto -fuse-linker-plugin -fno-fat-lto-objects execution test
FAIL: gcc.target/i386/mpx/vararg-4-lbv.c -O3 -fomit-frame-pointer -funroll-loops -fpeel-loops -ftracer -finline-functions execution test
FAIL: gcc.target/i386/mpx/vararg-4-lbv.c -O3 -g execution test
FAIL: gcc.target/i386/mpx/vararg-4-lbv.c -Os execution test
FAIL: gcc.target/i386/mpx/vararg-4-ubv.c -O0 execution test
FAIL: gcc.target/i386/mpx/vararg-4-ubv.c -O1 execution test
FAIL: gcc.target/i386/mpx/vararg-4-ubv.c -O2 execution test
FAIL: gcc.target/i386/mpx/vararg-4-ubv.c -O2 -flto -fno-use-linker-plugin -flto-partition=none execution test
FAIL: gcc.target/i386/mpx/vararg-4-ubv.c -O2 -flto -fuse-linker-plugin -fno-fat-lto-objects execution test
FAIL: gcc.target/i386/mpx/vararg-4-ubv.c -O3 -fomit-frame-pointer -funroll-loops -fpeel-loops -ftracer -finline-functions execution test
FAIL: gcc.target/i386/mpx/vararg-4-ubv.c -O3 -g execution test
FAIL: gcc.target/i386/mpx/vararg-4-ubv.c -Os execution test
FAIL: gcc.target/i386/mpx/vararg-5-lbv.c -O0 execution test
FAIL: gcc.target/i386/mpx/vararg-5-lbv.c -O1 execution test
FAIL: gcc.target/i386/mpx/vararg-5-lbv.c -O2 execution test
FAIL: gcc.target/i386/mpx/vararg-5-lbv.c -O2 -flto -fno-use-linker-plugin -flto-partition=none execution test
FAIL: gcc.target/i386/mpx/vararg-5-lbv.c -O2 -flto -fuse-linker-plugin -fno-fat-lto-objects execution test
FAIL: gcc.target/i386/mpx/vararg-5-lbv.c -O3 -fomit-frame-pointer -funroll-loops -fpeel-loops -ftracer -finline-functions execution test
FAIL: gcc.target/i386/mpx/vararg-5-lbv.c -O3 -g execution test
FAIL: gcc.target/i386/mpx/vararg-5-lbv.c -Os execution test
FAIL: gcc.target/i386/mpx/vararg-5-ubv.c -O0 execution test
FAIL: gcc.target/i386/mpx/vararg-5-ubv.c -O1 execution test
FAIL: gcc.target/i386/mpx/vararg-5-ubv.c -O2 execution test
FAIL: gcc.target/i386/mpx/vararg-5-ubv.c -O2 -flto -fno-use-linker-plugin -flto-partition=none execution test
FAIL: gcc.target/i386/mpx/vararg-5-ubv.c -O2 -flto -fuse-linker-plugin -fno-fat-lto-objects execution test
FAIL: gcc.target/i386/mpx/vararg-5-ubv.c -O3 -fomit-frame-pointer -funroll-loops -fpeel-loops -ftracer -finline-functions execution test
FAIL: gcc.target/i386/mpx/vararg-5-ubv.c -O3 -g execution test
FAIL: gcc.target/i386/mpx/vararg-5-ubv.c -Os execution test
FAIL: gcc.target/i386/mpx/vararg-6-lbv.c -O0 execution test
FAIL: gcc.target/i386/mpx/vararg-6-lbv.c -O1 execution test
FAIL: gcc.target/i386/mpx/vararg-6-lbv.c -O2 execution test
FAIL: gcc.target/i386/mpx/vararg-6-lbv.c -O2 -flto -fno-use-linker-plugin -flto-partition=none execution test
FAIL: gcc.target/i386/mpx/vararg-6-lbv.c -O2 -flto -fuse-linker-plugin -fno-fat-lto-objects execution test
FAIL: gcc.target/i386/mpx/vararg-6-lbv.c -O3 -fomit-frame-pointer -funroll-loops -fpeel-loops -ftracer -finline-functions execution test
FAIL: gcc.target/i386/mpx/vararg-6-lbv.c -O3 -g execution test
FAIL: gcc.target/i386/mpx/vararg-6-lbv.c -Os execution test
FAIL: gcc.target/i386/mpx/vararg-6-ubv.c -O0 execution test
FAIL: gcc.target/i386/mpx/vararg-6-ubv.c -O1 execution test
FAIL: gcc.target/i386/mpx/vararg-6-ubv.c -O2 execution test
FAIL: gcc.target/i386/mpx/vararg-6-ubv.c -O2 -flto -fno-use-linker-plugin -flto-partition=none execution test
FAIL: gcc.target/i386/mpx/vararg-6-ubv.c -O2 -flto -fuse-linker-plugin -fno-fat-lto-objects execution test
FAIL: gcc.target/i386/mpx/vararg-6-ubv.c -O3 -fomit-frame-pointer -funroll-loops -fpeel-loops -ftracer -finline-functions execution test
FAIL: gcc.target/i386/mpx/vararg-6-ubv.c -O3 -g execution test
FAIL: gcc.target/i386/mpx/vararg-6-ubv.c -Os execution test
FAIL: gcc.target/i386/mpx/vararg-7-lbv.c -O0 execution test
FAIL: gcc.target/i386/mpx/vararg-7-lbv.c -O1 execution test
FAIL: gcc.target/i386/mpx/vararg-7-lbv.c -O2 execution test
FAIL: gcc.target/i386/mpx/vararg-7-lbv.c -O2 -flto -fno-use-linker-plugin -flto-partition=none execution test
FAIL: gcc.target/i386/mpx/vararg-7-lbv.c -O2 -flto -fuse-linker-plugin -fno-fat-lto-objects execution test
FAIL: gcc.target/i386/mpx/vararg-7-lbv.c -O3 -fomit-frame-pointer -funroll-loops -fpeel-loops -ftracer -finline-functions execution test
FAIL: gcc.target/i386/mpx/vararg-7-lbv.c -O3 -g execution test
FAIL: gcc.target/i386/mpx/vararg-7-lbv.c -Os execution test
FAIL: gcc.target/i386/mpx/vararg-7-ubv.c -O0 execution test
FAIL: gcc.target/i386/mpx/vararg-7-ubv.c -O1 execution test
FAIL: gcc.target/i386/mpx/vararg-7-ubv.c -O2 execution test
FAIL: gcc.target/i386/mpx/vararg-7-ubv.c -O2 -flto -fno-use-linker-plugin -flto-partition=none execution test
FAIL: gcc.target/i386/mpx/vararg-7-ubv.c -O2 -flto -fuse-linker-plugin -fno-fat-lto-objects execution test
FAIL: gcc.target/i386/mpx/vararg-7-ubv.c -O3 -fomit-frame-pointer -funroll-loops -fpeel-loops -ftracer -finline-functions execution test
FAIL: gcc.target/i386/mpx/vararg-7-ubv.c -O3 -g execution test
FAIL: gcc.target/i386/mpx/vararg-7-ubv.c -Os execution test
FAIL: gcc.target/i386/mpx/vararg-8-lbv.c -O0 execution test
FAIL: gcc.target/i386/mpx/vararg-8-lbv.c -O1 execution test
FAIL: gcc.target/i386/mpx/vararg-8-lbv.c -O2 execution test
FAIL: gcc.target/i386/mpx/vararg-8-lbv.c -O2 -flto -fno-use-linker-plugin -flto-partition=none execution test
FAIL: gcc.target/i386/mpx/vararg-8-lbv.c -O2 -flto -fuse-linker-plugin -fno-fat-lto-objects execution test
FAIL: gcc.target/i386/mpx/vararg-8-lbv.c -O3 -g execution test
FAIL: gcc.target/i386/mpx/vararg-8-lbv.c -Os execution test
FAIL: gcc.target/i386/mpx/vararg-8-ubv.c -O0 execution test
FAIL: gcc.target/i386/mpx/vararg-8-ubv.c -O1 execution test
FAIL: gcc.target/i386/mpx/vararg-8-ubv.c -O2 execution test
FAIL: gcc.target/i386/mpx/vararg-8-ubv.c -O2 -flto -fno-use-linker-plugin -flto-partition=none execution test
FAIL: gcc.target/i386/mpx/vararg-8-ubv.c -O2 -flto -fuse-linker-plugin -fno-fat-lto-objects execution test
FAIL: gcc.target/i386/mpx/vararg-8-ubv.c -O3 -g execution test
FAIL: gcc.target/i386/mpx/vararg-8-ubv.c -Os execution test
FAIL: gcc.target/i386/mpx/vla-1-lbv.c -O0 execution test
FAIL: gcc.target/i386/mpx/vla-1-lbv.c -O1 execution test
FAIL: gcc.target/i386/mpx/vla-1-lbv.c -O2 execution test
FAIL: gcc.target/i386/mpx/vla-1-lbv.c -O2 -flto -fno-use-linker-plugin -flto-partition=none execution test
FAIL: gcc.target/i386/mpx/vla-1-lbv.c -O2 -flto -fuse-linker-plugin -fno-fat-lto-objects execution test
FAIL: gcc.target/i386/mpx/vla-1-lbv.c -O3 -g execution test
FAIL: gcc.target/i386/mpx/vla-1-lbv.c -Os execution test
FAIL: gcc.target/i386/mpx/vla-1-ubv.c -O0 execution test
FAIL: gcc.target/i386/mpx/vla-1-ubv.c -O1 execution test
FAIL: gcc.target/i386/mpx/vla-1-ubv.c -O2 execution test
FAIL: gcc.target/i386/mpx/vla-1-ubv.c -O2 -flto -fno-use-linker-plugin -flto-partition=none execution test
FAIL: gcc.target/i386/mpx/vla-1-ubv.c -O2 -flto -fuse-linker-plugin -fno-fat-lto-objects execution test
FAIL: gcc.target/i386/mpx/vla-1-ubv.c -O3 -g execution test
FAIL: gcc.target/i386/mpx/vla-1-ubv.c -Os execution test
FAIL: gcc.target/i386/mpx/vla-2-lbv.c -O0 execution test
FAIL: gcc.target/i386/mpx/vla-2-lbv.c -O1 execution test
FAIL: gcc.target/i386/mpx/vla-2-lbv.c -O2 execution test
FAIL: gcc.target/i386/mpx/vla-2-lbv.c -O2 -flto -fno-use-linker-plugin -flto-partition=none execution test
FAIL: gcc.target/i386/mpx/vla-2-lbv.c -O2 -flto -fuse-linker-plugin -fno-fat-lto-objects execution test
FAIL: gcc.target/i386/mpx/vla-2-lbv.c -O3 -g execution test
FAIL: gcc.target/i386/mpx/vla-2-lbv.c -Os execution test
FAIL: gcc.target/i386/mpx/vla-2-ubv.c -O0 execution test
FAIL: gcc.target/i386/mpx/vla-2-ubv.c -O1 execution test
FAIL: gcc.target/i386/mpx/vla-2-ubv.c -O2 execution test
FAIL: gcc.target/i386/mpx/vla-2-ubv.c -O2 -flto -fno-use-linker-plugin -flto-partition=none execution test
FAIL: gcc.target/i386/mpx/vla-2-ubv.c -O2 -flto -fuse-linker-plugin -fno-fat-lto-objects execution test
FAIL: gcc.target/i386/mpx/vla-2-ubv.c -O3 -g execution test
FAIL: gcc.target/i386/mpx/vla-2-ubv.c -Os execution test
=== gcc Summary ===
# of expected passes 118737
# of unexpected failures 1196
# of unexpected successes 20
# of expected failures 326
# of unsupported tests 1723
/home/ronis/objdir/gcc/xgcc version 6.2.0 (GCC)
=== gfortran tests ===
Running target unix
=== gfortran Summary ===
# of expected passes 42401
# of expected failures 78
# of unsupported tests 168
/home/ronis/objdir/gcc/testsuite/gfortran/../../gfortran version 6.2.0 (GCC)
=== g++ tests ===
Running target unix
FAIL: g++.dg/guality/pr55665.C -O2 line 23 p == 40
FAIL: g++.dg/guality/pr55665.C -O3 -g line 23 p == 40
=== g++ Summary ===
# of expected passes 103893
# of unexpected failures 2
# of expected failures 320
# of unsupported tests 3537
/home/ronis/objdir/gcc/testsuite/g++/../../xg++ version 6.2.0 (GCC)
=== objc tests ===
Running target unix
=== objc Summary ===
# of expected passes 2783
# of expected failures 6
# of unsupported tests 68
/home/ronis/objdir/gcc/xgcc version 6.2.0 (GCC)
=== boehm-gc tests ===
Running target unix
=== boehm-gc Summary ===
# of expected passes 12
# of unsupported tests 1
=== libatomic tests ===
Running target unix
=== libatomic Summary ===
# of expected passes 44
# of unsupported tests 5
=== libffi tests ===
Running target unix
=== libffi Summary ===
# of expected passes 2799
=== libgomp tests ===
Running target unix
=== libgomp Summary ===
# of expected passes 5140
# of unsupported tests 271
=== libitm tests ===
Running target unix
=== libitm Summary ===
# of expected passes 42
# of expected failures 3
# of unsupported tests 1
=== libjava tests ===
Running target unix
=== libjava Summary ===
# of expected passes 2582
# of expected failures 4
=== libstdc++ tests ===
Running target unix
=== libstdc++ Summary ===
# of expected passes 11346
# of expected failures 66
# of unsupported tests 230
Compiler version: 6.2.0 (GCC)
Platform: i686-pc-linux-gnu
configure flags: --prefix=/usr --with-gnu-as --enable-shared --with-gnu-ld --enable-threads=posix --with-ecj-jar=/usr/share/java/ecj.jar --enable-languages=c,c++,fortran,java,objc --enable-bootstrap --disable-multiarch --disable-multilib --with-isl=/usr
BOOT_CFLAGS=
CFLAGS (set before configure)=
CXXFLAGS (set before configure)=
Counting all warnings,
there are 0 warnings in stage3 of this bootstrap.
Number of warnings per file:
Number of warning types: