This is the mail archive of the
gcc-testresults@gcc.gnu.org
mailing list for the GCC project.
Results for 7.0.0 20160817 (experimental) (GCC) testsuite on x86_64-pc-linux-gnu
- From: ataignu at gmail dot com
- To: gcc-testresults at gcc dot gnu dot org
- Date: Wed, 17 Aug 2016 10:39:59 -0700
- Subject: Results for 7.0.0 20160817 (experimental) (GCC) testsuite on x86_64-pc-linux-gnu
- Authentication-results: sourceware.org; auth=none
Native configuration is x86_64-pc-linux-gnu
=== gcc tests ===
Running target unix
FAIL: gcc.dg/autopar/pr46193.c scan-tree-dump-times parloops2 "parallelizing inner loop" 2
FAIL: gcc.dg/tree-ssa/pr69270-3.c scan-tree-dump-times uncprop1 ", 1" 4
FAIL: gcc.dg/tree-ssa/slsr-8.c scan-tree-dump-times optimized " w?\\\\* " 7
FAIL: c-c++-common/ubsan/float-cast-overflow-10.c -O2 output pattern test
FAIL: c-c++-common/ubsan/float-cast-overflow-10.c -O2 -flto -fno-use-linker-plugin -flto-partition=none output pattern test
FAIL: c-c++-common/ubsan/float-cast-overflow-10.c -O2 -flto -fuse-linker-plugin -fno-fat-lto-objects output pattern test
FAIL: c-c++-common/ubsan/float-cast-overflow-2.c -O0 output pattern test
FAIL: c-c++-common/ubsan/float-cast-overflow-2.c -O1 output pattern test
FAIL: c-c++-common/ubsan/float-cast-overflow-2.c -O2 -flto -fno-use-linker-plugin -flto-partition=none output pattern test
FAIL: c-c++-common/ubsan/float-cast-overflow-2.c -O2 -flto -fuse-linker-plugin -fno-fat-lto-objects output pattern test
FAIL: c-c++-common/ubsan/float-cast-overflow-2.c -O3 -g output pattern test
FAIL: c-c++-common/ubsan/float-cast-overflow-2.c -Os output pattern test
FAIL: c-c++-common/ubsan/float-cast-overflow-8.c -O2 output pattern test
FAIL: c-c++-common/ubsan/float-cast-overflow-8.c -O2 -flto -fno-use-linker-plugin -flto-partition=none output pattern test
FAIL: c-c++-common/ubsan/float-cast-overflow-8.c -O2 -flto -fuse-linker-plugin -fno-fat-lto-objects output pattern test
FAIL: c-c++-common/ubsan/overflow-mul-4.c -O0 output pattern test
FAIL: c-c++-common/ubsan/overflow-mul-4.c -O1 output pattern test
FAIL: c-c++-common/ubsan/overflow-mul-4.c -O2 output pattern test
FAIL: c-c++-common/ubsan/overflow-mul-4.c -O2 -flto -fno-use-linker-plugin -flto-partition=none output pattern test
FAIL: c-c++-common/ubsan/overflow-mul-4.c -O2 -flto -fuse-linker-plugin -fno-fat-lto-objects output pattern test
FAIL: c-c++-common/ubsan/overflow-mul-4.c -O3 -fomit-frame-pointer -funroll-loops -fpeel-loops -ftracer -finline-functions output pattern test
FAIL: c-c++-common/ubsan/overflow-mul-4.c -O3 -g output pattern test
FAIL: c-c++-common/ubsan/overflow-mul-4.c -Os output pattern test
=== gcc Summary ===
# of expected passes 120615
# of unexpected failures 23
# of expected failures 323
# of unsupported tests 1840
/hdd/share/software/gcc/build/gcc/xgcc version 7.0.0 20160817 (experimental) (GCC)
=== g++ tests ===
Running target unix
UNRESOLVED: g++.dg/bprob/g++-bprob-2.C scan-assembler .ascii bar
UNRESOLVED: g++.dg/bprob/g++-bprob-2.C scan-assembler .ascii foo
XPASS: g++.dg/tls/thread_local-order2.C -std=c++11 execution test
XPASS: g++.dg/tls/thread_local-order2.C -std=c++14 execution test
UNRESOLVED: g++.dg/tree-prof/pr57451.C scan-assembler-not __tsan_func_entry
UNRESOLVED: g++.dg/tree-prof/pr57451.C scan-assembler-not __tsan_func_exit
FAIL: c-c++-common/ubsan/float-cast-overflow-10.c -O2 output pattern test
FAIL: c-c++-common/ubsan/float-cast-overflow-10.c -O2 -flto -fno-use-linker-plugin -flto-partition=none output pattern test
FAIL: c-c++-common/ubsan/float-cast-overflow-10.c -O2 -flto -fuse-linker-plugin -fno-fat-lto-objects output pattern test
FAIL: c-c++-common/ubsan/float-cast-overflow-2.c -O0 output pattern test
FAIL: c-c++-common/ubsan/float-cast-overflow-2.c -O1 output pattern test
FAIL: c-c++-common/ubsan/float-cast-overflow-2.c -O2 -flto -fuse-linker-plugin -fno-fat-lto-objects output pattern test
FAIL: c-c++-common/ubsan/float-cast-overflow-2.c -O3 -g output pattern test
FAIL: c-c++-common/ubsan/float-cast-overflow-2.c -Os output pattern test
FAIL: c-c++-common/ubsan/float-cast-overflow-8.c -O2 output pattern test
FAIL: c-c++-common/ubsan/float-cast-overflow-8.c -O2 -flto -fno-use-linker-plugin -flto-partition=none output pattern test
FAIL: c-c++-common/ubsan/float-cast-overflow-8.c -O2 -flto -fuse-linker-plugin -fno-fat-lto-objects output pattern test
FAIL: c-c++-common/ubsan/overflow-mul-4.c -O0 output pattern test
FAIL: c-c++-common/ubsan/overflow-mul-4.c -O1 output pattern test
FAIL: c-c++-common/ubsan/overflow-mul-4.c -O2 output pattern test
FAIL: c-c++-common/ubsan/overflow-mul-4.c -O2 -flto -fno-use-linker-plugin -flto-partition=none output pattern test
FAIL: c-c++-common/ubsan/overflow-mul-4.c -O2 -flto -fuse-linker-plugin -fno-fat-lto-objects output pattern test
FAIL: c-c++-common/ubsan/overflow-mul-4.c -O3 -fomit-frame-pointer -funroll-loops -fpeel-loops -ftracer -finline-functions output pattern test
FAIL: c-c++-common/ubsan/overflow-mul-4.c -O3 -g output pattern test
FAIL: c-c++-common/ubsan/overflow-mul-4.c -Os output pattern test
=== g++ Summary ===
# of expected passes 107852
# of unexpected failures 19
# of unexpected successes 2
# of expected failures 324
# of unresolved testcases 4
# of unsupported tests 3915
/hdd/share/software/gcc/build/gcc/testsuite/g++/../../xg++ version 7.0.0 20160817 (experimental) (GCC)
=== libatomic tests ===
Running target unix
=== libatomic Summary ===
# of expected passes 54
=== libgomp tests ===
Running target unix
=== libgomp Summary ===
# of expected passes 1704
# of unsupported tests 203
=== libitm tests ===
Running target unix
=== libitm Summary ===
# of expected passes 42
# of expected failures 3
# of unsupported tests 1
=== libstdc++ tests ===
Running target unix
FAIL: 22_locale/time_get/get_date/wchar_t/4.cc execution test
=== libstdc++ Summary ===
# of expected passes 11003
# of unexpected failures 1
# of expected failures 65
# of unsupported tests 550
Compiler version: 7.0.0 20160817 (experimental) (GCC)
Platform: x86_64-pc-linux-gnu
configure flags: --prefix=/share/software/gcc/build/../installed --enable-languages=c,c++ --disable-multilib