This is the mail archive of the
gcc-testresults@gcc.gnu.org
mailing list for the GCC project.
Results for 7.0.0 20160729 (experimental) [master revision 3addff4:0e870a4:5034d13878ee2a824cdef597adf40c667217cc96] (Cavium Inc. (Build 218)) testsuite on aarch64-unknown-linux-gnu
- From: Jenkins <jenkins at cavium dot com>
- To: gcc-testresults at gcc dot gnu dot org
- Date: Fri, 29 Jul 2016 07:51:38 -0700
- Subject: Results for 7.0.0 20160729 (experimental) [master revision 3addff4:0e870a4:5034d13878ee2a824cdef597adf40c667217cc96] (Cavium Inc. (Build 218)) testsuite on aarch64-unknown-linux-gnu
- Authentication-results: sourceware.org; auth=none
LAST_UPDATED: Fri Jul 29 13:03:15 UTC 2016 (revision 3addff4:0e870a4:5034d13878ee2a824cdef597adf40c667217cc96)
Native configuration is aarch64-unknown-linux-gnu
=== libatomic tests ===
Running target unix
=== libatomic Summary ===
# of expected passes 54
=== libffi tests ===
Running target unix
=== libffi Summary ===
# of expected passes 2214
=== libgo tests ===
Running target unix
FAIL: crypto/sha1
FAIL: text/template
=== libgo Summary ===
# of expected passes 135
# of unexpected failures 2
/home/jenkins/workspace/BuildThunderX_native_gcc_upstream/objdir/./gcc/gccgo version 7.0.0 20160729 (experimental) [master revision 3addff4:0e870a4:5034d13878ee2a824cdef597adf40c667217cc96] (Cavium Inc. (Build 218))
=== libgomp tests ===
Running target unix
FAIL: libgomp.fortran/simd3.f90 -O3 -fomit-frame-pointer -funroll-loops -fpeel-loops -ftracer -finline-functions execution test
FAIL: libgomp.fortran/simd3.f90 -O3 -g execution test
FAIL: libgomp.fortran/simd4.f90 -O3 -fomit-frame-pointer -funroll-loops -fpeel-loops -ftracer -finline-functions execution test
FAIL: libgomp.fortran/simd4.f90 -O3 -g execution test
=== libgomp Summary ===
# of expected passes 4888
# of unexpected failures 4
# of unsupported tests 380
=== libitm tests ===
Running target unix
=== libitm Summary ===
# of expected passes 42
# of expected failures 3
# of unsupported tests 1
=== libstdc++ tests ===
Running target unix
FAIL: 27_io/manipulators/extended/get_money/char/1.cc execution test
=== libstdc++ Summary ===
# of expected passes 10765
# of unexpected failures 1
# of expected failures 66
# of unsupported tests 545
=== gcc tests ===
Running target unix
FAIL: gcc.dg/tree-ssa/scev-4.c scan-tree-dump-times optimized "&a" 1
FAIL: gcc.dg/tree-ssa/slsr-8.c scan-tree-dump-times optimized " w?\\\\* " 7
FAIL: gcc.dg/vect/pr56541.c -flto -ffat-lto-objects scan-tree-dump-times vect "vectorized 1 loops" 1
FAIL: gcc.dg/vect/pr56541.c scan-tree-dump-times vect "vectorized 1 loops" 1
XPASS: gcc.dg/vect/vect-24.c -flto -ffat-lto-objects scan-tree-dump-times vect "vectorized 3 loops" 1
XPASS: gcc.dg/vect/vect-24.c scan-tree-dump-times vect "vectorized 3 loops" 1
FAIL: gcc.target/aarch64/vect-abs-compile.c scan-assembler abs\\\\tv[0-9]+.16b
FAIL: gcc.target/aarch64/vect-abs-compile.c scan-assembler abs\\\\tv[0-9]+.8h
=== gcc Summary ===
# of expected passes 100483
# of unexpected failures 6
# of unexpected successes 2
# of expected failures 274
# of unsupported tests 1750
/home/jenkins/workspace/BuildThunderX_native_gcc_upstream/objdir/gcc/xgcc version 7.0.0 20160729 (experimental) [master revision 3addff4:0e870a4:5034d13878ee2a824cdef597adf40c667217cc96] (Cavium Inc. (Build 218))
=== gfortran tests ===
Running target unix
FAIL: gfortran.dg/ieee/ieee_6.f90 -O0 execution test
FAIL: gfortran.dg/ieee/ieee_6.f90 -O1 execution test
FAIL: gfortran.dg/ieee/ieee_6.f90 -O2 execution test
FAIL: gfortran.dg/ieee/ieee_6.f90 -O3 -fomit-frame-pointer -funroll-loops -fpeel-loops -ftracer -finline-functions execution test
FAIL: gfortran.dg/ieee/ieee_6.f90 -O3 -g execution test
FAIL: gfortran.dg/ieee/ieee_6.f90 -Os execution test
=== gfortran Summary ===
# of expected passes 41992
# of unexpected failures 6
# of expected failures 69
# of unsupported tests 60
/home/jenkins/workspace/BuildThunderX_native_gcc_upstream/objdir/gcc/testsuite/gfortran/../../gfortran version 7.0.0 20160729 (experimental) [master revision 3addff4:0e870a4:5034d13878ee2a824cdef597adf40c667217cc96] (Cavium Inc. (Build 218))
=== g++ tests ===
Running target unix
XPASS: g++.dg/tls/thread_local-order2.C -std=c++11 execution test
XPASS: g++.dg/tls/thread_local-order2.C -std=c++14 execution test
=== g++ Summary ===
# of expected passes 95697
# of unexpected successes 2
# of expected failures 305
# of unsupported tests 3930
/home/jenkins/workspace/BuildThunderX_native_gcc_upstream/objdir/gcc/testsuite/g++/../../xg++ version 7.0.0 20160729 (experimental) [master revision 3addff4:0e870a4:5034d13878ee2a824cdef597adf40c667217cc96] (Cavium Inc. (Build 218))
=== go tests ===
Running target unix
FAIL: go.test/test/cmplxdivide.go
FAIL: go.test/test/ken/cplx2.go execution, -O2 -g
WARNING: program timed out.
=== go Summary ===
# of expected passes 7243
# of unexpected failures 2
# of expected failures 1
# of untested testcases 10
# of unsupported tests 3
/home/jenkins/workspace/BuildThunderX_native_gcc_upstream/objdir/gcc/testsuite/go/../../gccgo version 7.0.0 20160729 (experimental) [master revision 3addff4:0e870a4:5034d13878ee2a824cdef597adf40c667217cc96] (Cavium Inc. (Build 218))
Compiler version: 7.0.0 20160729 (experimental) [master revision 3addff4:0e870a4:5034d13878ee2a824cdef597adf40c667217cc96] (Cavium Inc. (Build 218))
Platform: aarch64-unknown-linux-gnu
configure flags: --disable-libsanitizer --prefix=/home/jenkins/workspace/BuildThunderX_native_gcc_upstream/objdir/../tools --with-cpu=thunderx+lse --enable-languages=c,c++,fortran,go --disable-werror --with-sysroot=/ --enable-plugins --enable-gnu-indirect-function --with-pkgversion='Cavium Inc. (Build 218)'