This is the mail archive of the
gcc-testresults@gcc.gnu.org
mailing list for the GCC project.
Results for 7.0.0 20160724 (experimental) [trunk revision 238680] (GCC) testsuite on sh4-unknown-linux-gnu
- From: Kaz Kojima <kkojima at rr dot iij4u dot or dot jp>
- To: gcc-testresults at gcc dot gnu dot org
- Date: Mon, 25 Jul 2016 07:55:27 +0900 (JST)
- Subject: Results for 7.0.0 20160724 (experimental) [trunk revision 238680] (GCC) testsuite on sh4-unknown-linux-gnu
- Authentication-results: sourceware.org; auth=none
Remote host: linux 3.18.0 sh4
GNU C Library version 2.20.90
Skipped gfortran temporarily because libgfortran fails to build during
compiling intrinsics/reshape_generic.c with
internal compiler error: in maybe_record_trace_start, at dwarf2cfi.c:2284
Looks PR71109.
LAST_UPDATED: Sun Jul 24 00:54:13 UTC 2016 (revision 238680)
Target is sh4-unknown-linux-gnu
Host is i686-pc-linux-gnu
=== g++ tests ===
Running target unix
WARNING: Assuming target board is the local machine (which is probably wrong).
FAIL: g++.dg/Wno-frame-address.C -std=gnu++98 (test for excess errors)
FAIL: g++.dg/Wno-frame-address.C -std=gnu++11 (test for excess errors)
FAIL: g++.dg/Wno-frame-address.C -std=gnu++14 (test for excess errors)
FAIL: g++.dg/init/elide5.C -std=c++11 (test for excess errors)
FAIL: g++.dg/init/elide5.C -std=c++14 (test for excess errors)
XPASS: g++.dg/tls/thread_local-order2.C -std=c++11 execution test
XPASS: g++.dg/tls/thread_local-order2.C -std=c++14 execution test
=== g++ Summary ===
# of expected passes 94264
# of unexpected failures 5
# of unexpected successes 2
# of expected failures 299
# of unsupported tests 4020
/home/ldroot/dodes/xsh-gcc-orig/gcc/testsuite/g++/../../xg++ version 7.0.0 20160724 (experimental) [trunk revision 238680] (GCC)
Host is i686-pc-linux-gnu
=== gcc tests ===
Running target unix
WARNING: Assuming target board is the local machine (which is probably wrong).
FAIL: gcc.dg/atomic/c11-atomic-exec-5.c -O3 -fomit-frame-pointer -funroll-loops -fpeel-loops -ftracer -finline-functions execution test
ERROR: gcc.dg/atomic/pr71675.c -O0 : syntax error in target selector "target c11" for " dg-do 3 compile { target c11 } "
UNRESOLVED: gcc.dg/atomic/pr71675.c -O0 : syntax error in target selector "target c11" for " dg-do 3 compile { target c11 } "
ERROR: gcc.dg/atomic/pr71675.c -O1 : syntax error in target selector "target c11" for " dg-do 3 compile { target c11 } "
UNRESOLVED: gcc.dg/atomic/pr71675.c -O1 : syntax error in target selector "target c11" for " dg-do 3 compile { target c11 } "
ERROR: gcc.dg/atomic/pr71675.c -O2 : syntax error in target selector "target c11" for " dg-do 3 compile { target c11 } "
UNRESOLVED: gcc.dg/atomic/pr71675.c -O2 : syntax error in target selector "target c11" for " dg-do 3 compile { target c11 } "
ERROR: gcc.dg/atomic/pr71675.c -O3 -fomit-frame-pointer -funroll-loops -fpeel-loops -ftracer -finline-functions : syntax error in target selector "target c11" for " dg-do 3 compile { target c11 } "
UNRESOLVED: gcc.dg/atomic/pr71675.c -O3 -fomit-frame-pointer -funroll-loops -fpeel-loops -ftracer -finline-functions : syntax error in target selector "target c11" for " dg-do 3 compile { target c11 } "
ERROR: gcc.dg/atomic/pr71675.c -O3 -g : syntax error in target selector "target c11" for " dg-do 3 compile { target c11 } "
UNRESOLVED: gcc.dg/atomic/pr71675.c -O3 -g : syntax error in target selector "target c11" for " dg-do 3 compile { target c11 } "
ERROR: gcc.dg/atomic/pr71675.c -Os : syntax error in target selector "target c11" for " dg-do 3 compile { target c11 } "
UNRESOLVED: gcc.dg/atomic/pr71675.c -Os : syntax error in target selector "target c11" for " dg-do 3 compile { target c11 } "
ERROR: gcc.dg/atomic/pr71675.c -O2 -flto -fno-use-linker-plugin -flto-partition=none : syntax error in target selector "target c11" for " dg-do 3 compile { target c11 } "
UNRESOLVED: gcc.dg/atomic/pr71675.c -O2 -flto -fno-use-linker-plugin -flto-partition=none : syntax error in target selector "target c11" for " dg-do 3 compile { target c11 } "
ERROR: gcc.dg/atomic/pr71675.c -O2 -flto -fuse-linker-plugin -fno-fat-lto-objects : syntax error in target selector "target c11" for " dg-do 3 compile { target c11 } "
UNRESOLVED: gcc.dg/atomic/pr71675.c -O2 -flto -fuse-linker-plugin -fno-fat-lto-objects : syntax error in target selector "target c11" for " dg-do 3 compile { target c11 } "
FAIL: gcc.dg/Wno-frame-address.c (test for excess errors)
FAIL: gcc.dg/ifcvt-4.c scan-rtl-dump ce1 "2 true changes made"
FAIL: gcc.dg/pr59833.c execution test
FAIL: gcc.dg/ipa/iinline-attr.c scan-ipa-dump inline "hooray[^\\\\n]*inline copy in test"
FAIL: gcc.dg/torture/pr68264.c -O0 execution test
FAIL: gcc.dg/torture/pr68264.c -Os execution test
FAIL: gcc.dg/tree-prof/time-profiler-2.c scan-ipa-dump-times profile "Read tp_first_run: 0" 2
FAIL: gcc.dg/tree-prof/time-profiler-2.c scan-ipa-dump-times profile "Read tp_first_run: 2" 1
FAIL: gcc.dg/tree-prof/time-profiler-2.c scan-ipa-dump-times profile "Read tp_first_run: 3" 1
FAIL: gcc.dg/tree-ssa/pr71347.c scan-tree-dump-not optimized ".* = MEM.*;"
FAIL: gcc.dg/tree-ssa/scev-3.c scan-tree-dump-times optimized "&a" 1
FAIL: gcc.dg/tree-ssa/scev-4.c scan-tree-dump-times optimized "&a" 1
FAIL: gcc.dg/tree-ssa/scev-5.c scan-tree-dump-times optimized "&a" 1
FAIL: gcc.dg/tree-ssa/slsr-8.c scan-tree-dump-times optimized " w?\\\\* " 7
FAIL: gcc.target/sh/pr51244-11.c scan-assembler-not subc|and
FAIL: gcc.target/sh/pr51244-19.c scan-assembler-not movt
=== gcc Summary ===
# of expected passes 86792
# of unexpected failures 17
# of expected failures 153
# of unresolved testcases 8
# of unsupported tests 1812
/home/ldroot/dodes/xsh-gcc-orig/gcc/xgcc version 7.0.0 20160724 (experimental) [trunk revision 238680] (GCC)
Host is i686-pc-linux-gnu
=== objc tests ===
Running target unix
WARNING: Assuming target board is the local machine (which is probably wrong).
=== objc Summary ===
# of expected passes 2789
# of unsupported tests 68
/home/ldroot/dodes/xsh-gcc-orig/gcc/xgcc version 7.0.0 20160724 (experimental) [trunk revision 238680] (GCC)
Host is sh4-unknown-linux-gnu
=== libatomic tests ===
Running target unix
WARNING: Assuming target board is the local machine (which is probably wrong).
=== libatomic Summary ===
# of expected passes 44
# of unsupported tests 5
Host is sh4-unknown-linux-gnu
=== libgomp tests ===
Running target unix
WARNING: Assuming target board is the local machine (which is probably wrong).
=== libgomp Summary ===
# of expected passes 1662
# of unsupported tests 217
Host is sh4-unknown-linux-gnu
=== libitm tests ===
Running target unix
WARNING: Assuming target board is the local machine (which is probably wrong).
=== libitm Summary ===
# of expected passes 42
# of expected failures 3
# of unsupported tests 1
Host is sh4-unknown-linux-gnu
=== libstdc++ tests ===
Running target unix
WARNING: Assuming target board is the local machine (which is probably wrong).
=== libstdc++ Summary ===
# of expected passes 10285
# of expected failures 66
# of unsupported tests 601
Compiler version: 7.0.0 20160724 (experimental) [trunk revision 238680] (GCC)
Platform: sh4-unknown-linux-gnu
configure flags: --target=sh4-unknown-linux-gnu --enable-build-with-cxx --enable-lto --enable-shared --enable-threads=posix --enable-clocale=gnu --enable-libitm --with-ld=/usr/local/bin/sh4-unknown-linux-gnu-ld --with-as=/usr/local/bin/sh4-unknown-linux-gnu-as --with-sysroot=/exp/ldroot --with-mpfr=/opt3/i686-pc-linux-gnu --with-mpc=/opt3/i686-pc-linux-gnu --with-libelf=/opt3/i686-pc-linux-gnu --with-ppl=no target_alias=sh4-unknown-linux-gnu --enable-languages=c,c++,lto,objc