This is the mail archive of the
gcc-testresults@gcc.gnu.org
mailing list for the GCC project.
Results for 5.4.1 20160714 [gcc-5-branch revision 238325] (GCC) testsuite on powerpc64le-unknown-linux-gnu
- From: "Bill Seurer (POWER8)" <seurer at linux dot vnet dot ibm dot com>
- To: gcc-testresults at gcc dot gnu dot org
- Date: Wed, 13 Jul 2016 23:48:47 -0500
- Subject: Results for 5.4.1 20160714 [gcc-5-branch revision 238325] (GCC) testsuite on powerpc64le-unknown-linux-gnu
- Authentication-results: sourceware.org; auth=none
Linux 3.13.0-35-generic ppc64le
GNU C Library (Ubuntu EGLIBC 2.19-0ubuntu6.6) stable release version 2.19
GNU ld (GNU Binutils) 2.26.20160125
GNU assembler (GNU Binutils) 2.26.20160125
GNU Make 3.81
DejaGnu:
Expect version is 5.45
Tcl version is 8.6
Framework version is 1.5
64-bit
LAST_UPDATED: Thu Jul 14 03:08:25 UTC 2016 (revision 238325)
Native configuration is powerpc64le-unknown-linux-gnu
=== gcc tests ===
Running target unix
FAIL: gcc.dg/sms-4.c scan-rtl-dump-times sms "SMS succeeded" 1
FAIL: gcc.dg/stmt-expr-label-1.c (test for excess errors)
FAIL: gcc.dg/simulate-thread/atomic-other-short.c -O0 -g thread simulation test
FAIL: gcc.dg/simulate-thread/atomic-other-short.c -O2 -g thread simulation test
FAIL: gcc.dg/simulate-thread/atomic-other-short.c -O3 -g thread simulation test
FAIL: gcc.dg/tree-ssa/ivopts-lt-2.c scan-tree-dump-times ivopts "PHI <p_" 1
FAIL: gcc.dg/tree-ssa/ivopts-lt-2.c scan-tree-dump-times ivopts "PHI" 1
FAIL: gcc.dg/tree-ssa/ivopts-lt-2.c scan-tree-dump-times ivopts "p_[0-9]* <" 1
FAIL: gcc.dg/vect/costmodel/ppc/costmodel-vect-33.c scan-tree-dump-times vect "vectorization not profitable" 1
=== gcc Summary ===
# of expected passes 98063
# of unexpected failures 9
# of expected failures 279
# of unsupported tests 1718
/home/gccbuild/build/nightly/build-gcc-5/gcc/xgcc version 5.4.1 20160714 [gcc-5-branch revision 238325] (GCC)
=== gfortran tests ===
Running target unix
=== gfortran Summary ===
# of expected passes 49533
# of expected failures 81
# of unsupported tests 98
/home/gccbuild/build/nightly/build-gcc-5/gcc/testsuite/gfortran/../../gfortran version 5.4.1 20160714 [gcc-5-branch revision 238325] (GCC)
=== g++ tests ===
Running target unix
FAIL: g++.dg/cpp1y/vla-initlist1.C -std=gnu++11 execution test
FAIL: g++.dg/cpp1y/vla-initlist1.C -std=gnu++14 execution test
XPASS: g++.dg/tls/thread_local-order2.C -std=c++11 execution test
XPASS: g++.dg/tls/thread_local-order2.C -std=c++14 execution test
=== g++ Summary ===
# of expected passes 85384
# of unexpected failures 2
# of unexpected successes 2
# of expected failures 286
# of unsupported tests 3651
/home/gccbuild/build/nightly/build-gcc-5/gcc/testsuite/g++/../../xg++ version 5.4.1 20160714 [gcc-5-branch revision 238325] (GCC)
=== go tests ===
Running target unix
FAIL: go.test/test/235.go execution, -O2 -g
FAIL: go.test/test/ken/cplx2.go execution, -O2 -g
=== go Summary ===
# of expected passes 7238
# of unexpected failures 2
# of expected failures 1
# of untested testcases 11
# of unsupported tests 3
/home/gccbuild/build/nightly/build-gcc-5/gcc/testsuite/go/../../gccgo version 5.4.1 20160714 [gcc-5-branch revision 238325] (GCC)
=== obj-c++ tests ===
Running target unix
=== obj-c++ Summary ===
# of expected passes 1445
# of expected failures 10
# of unsupported tests 86
/home/gccbuild/build/nightly/build-gcc-5/gcc/testsuite/obj-c++/../../xg++ version 5.4.1 20160714 [gcc-5-branch revision 238325] (GCC)
=== objc tests ===
Running target unix
=== objc Summary ===
# of expected passes 3016
# of unsupported tests 74
/home/gccbuild/build/nightly/build-gcc-5/gcc/xgcc version 5.4.1 20160714 [gcc-5-branch revision 238325] (GCC)
=== boehm-gc tests ===
Running target unix
=== boehm-gc Summary ===
# of expected passes 12
# of unsupported tests 1
=== libatomic tests ===
Running target unix
=== libatomic Summary ===
# of expected passes 54
=== libffi tests ===
Running target unix
=== libffi Summary ===
# of expected passes 1934
# of unsupported tests 28
=== libgo tests ===
Running target unix
FAIL: math
FAIL: net
FAIL: net/http
=== libgo Summary ===
# of expected passes 121
# of unexpected failures 3
/home/gccbuild/build/nightly/build-gcc-5/./gcc/gccgo version 5.4.1 20160714 [gcc-5-branch revision 238325] (GCC)
=== libgomp tests ===
Running target unix
=== libgomp Summary ===
# of expected passes 5826
# of unsupported tests 296
=== libitm tests ===
Running target unix
=== libitm Summary ===
# of expected passes 26
# of expected failures 3
# of unsupported tests 1
=== libjava tests ===
Running target unix
=== libjava Summary ===
# of expected passes 2582
# of expected failures 4
=== libstdc++ tests ===
Running target unix
=== libstdc++ Summary ===
# of expected passes 10363
# of expected failures 65
# of unsupported tests 383
Compiler version: 5.4.1 20160714 [gcc-5-branch revision 238325] (GCC)
Platform: powerpc64le-unknown-linux-gnu
configure flags: --prefix=/opt/gcc-nightly/5 --with-as=/home/gccbuild/binutils/install/binutils-2.26/bin/as --with-ld=/home/gccbuild/binutils/install/binutils-2.26/bin/ld --enable-languages=c,c++,fortran,objc,obj-c++,java,go --disable-multilib --disable-libsanitizer --with-cpu=power8 --enable-lto --enable-decimal-float --with-long-double-128