This is the mail archive of the
gcc-testresults@gcc.gnu.org
mailing list for the GCC project.
Results for 6.1.1 20160706 (GCC) (build config: standard; languages: all,go,ada,jit --enable-host-shared; gcc-6-branch revision 238062) testsuite on x86_64-pc-linux-gnu
- From: Toon Moene <toon at moene dot org>
- To: gcc-testresults at gcc dot gnu dot org
- Date: Thu, 07 Jul 2016 02:40:35 +0200
- Subject: Results for 6.1.1 20160706 (GCC) (build config: standard; languages: all,go,ada,jit --enable-host-shared; gcc-6-branch revision 238062) testsuite on x86_64-pc-linux-gnu
- Authentication-results: sourceware.org; auth=none
LAST_UPDATED: Wed Jul 6 23:30:11 UTC 2016 (revision 238062)
=== acats tests ===
=== acats Summary ===
# of expected passes 2320
# of unexpected failures 0
Native configuration is x86_64-pc-linux-gnu
=== gcc tests ===
Running target unix
XPASS: gcc.dg/guality/example.c -O0 execution test
XPASS: gcc.dg/guality/example.c -O1 execution test
XPASS: gcc.dg/guality/guality.c -O0 execution test
XPASS: gcc.dg/guality/guality.c -O1 execution test
XPASS: gcc.dg/guality/guality.c -O2 execution test
XPASS: gcc.dg/guality/guality.c -O2 -flto -fno-use-linker-plugin -flto-partition=none execution test
XPASS: gcc.dg/guality/guality.c -O2 -flto -fuse-linker-plugin -fno-fat-lto-objects execution test
XPASS: gcc.dg/guality/guality.c -O3 -g execution test
XPASS: gcc.dg/guality/guality.c -Os execution test
XPASS: gcc.dg/guality/inline-params.c -O2 execution test
XPASS: gcc.dg/guality/inline-params.c -O2 -flto -fno-use-linker-plugin -flto-partition=none execution test
XPASS: gcc.dg/guality/inline-params.c -O3 -g execution test
XPASS: gcc.dg/guality/inline-params.c -Os execution test
XPASS: gcc.dg/guality/pr41353-1.c -O0 line 28 j == 28 + 37
XPASS: gcc.dg/guality/pr41353-1.c -O1 line 28 j == 28 + 37
XPASS: gcc.dg/guality/pr41353-1.c -O2 line 28 j == 28 + 37
XPASS: gcc.dg/guality/pr41353-1.c -O2 -flto -fno-use-linker-plugin -flto-partition=none line 28 j == 28 + 37
XPASS: gcc.dg/guality/pr41353-1.c -O2 -flto -fuse-linker-plugin -fno-fat-lto-objects line 28 j == 28 + 37
XPASS: gcc.dg/guality/pr41353-1.c -O3 -g line 28 j == 28 + 37
XPASS: gcc.dg/guality/pr41353-1.c -Os line 28 j == 28 + 37
FAIL: gcc.dg/guality/pr41616-1.c -O2 -flto -fuse-linker-plugin -fno-fat-lto-objects execution test
FAIL: gcc.dg/guality/pr45882.c -O2 -flto -fuse-linker-plugin -fno-fat-lto-objects line 16 d == 112
FAIL: gcc.dg/guality/pr45882.c -O2 -flto -fuse-linker-plugin -fno-fat-lto-objects line 16 e == 142
FAIL: gcc.dg/guality/pr54200.c -Os line 20 z == 3
FAIL: gcc.dg/guality/pr54519-1.c -O2 -flto -fno-use-linker-plugin -flto-partition=none line 20 y == 25
FAIL: gcc.dg/guality/pr54519-1.c -O2 -flto -fno-use-linker-plugin -flto-partition=none line 20 z == 6
FAIL: gcc.dg/guality/pr54519-1.c -O2 -flto -fno-use-linker-plugin -flto-partition=none line 23 y == 117
FAIL: gcc.dg/guality/pr54519-1.c -O2 -flto -fno-use-linker-plugin -flto-partition=none line 23 z == 8
FAIL: gcc.dg/guality/pr54519-2.c -O2 -flto -fno-use-linker-plugin -flto-partition=none line 17 y == 25
FAIL: gcc.dg/guality/pr54519-2.c -O2 -flto -fuse-linker-plugin -fno-fat-lto-objects line 17 y == 25
FAIL: gcc.dg/guality/pr54519-3.c -O2 -flto -fno-use-linker-plugin -flto-partition=none line 20 y == 25
FAIL: gcc.dg/guality/pr54519-3.c -O2 -flto -fno-use-linker-plugin -flto-partition=none line 20 z == 6
FAIL: gcc.dg/guality/pr54519-3.c -O2 -flto -fno-use-linker-plugin -flto-partition=none line 23 y == 117
FAIL: gcc.dg/guality/pr54519-3.c -O2 -flto -fno-use-linker-plugin -flto-partition=none line 23 z == 8
FAIL: gcc.dg/guality/pr54519-3.c -O2 -flto -fuse-linker-plugin -fno-fat-lto-objects line 20 y == 25
FAIL: gcc.dg/guality/pr54519-3.c -O2 -flto -fuse-linker-plugin -fno-fat-lto-objects line 20 z == 6
FAIL: gcc.dg/guality/pr54519-3.c -O2 -flto -fuse-linker-plugin -fno-fat-lto-objects line 23 y == 117
FAIL: gcc.dg/guality/pr54519-3.c -O2 -flto -fuse-linker-plugin -fno-fat-lto-objects line 23 z == 8
FAIL: gcc.dg/guality/pr54519-4.c -O2 -flto -fno-use-linker-plugin -flto-partition=none line 17 y == 25
FAIL: gcc.dg/guality/pr54519-4.c -O2 -flto -fuse-linker-plugin -fno-fat-lto-objects line 17 y == 25
FAIL: gcc.dg/guality/pr54519-5.c -O2 -flto -fno-use-linker-plugin -flto-partition=none line 17 y == 25
FAIL: gcc.dg/guality/pr54519-5.c -O2 -flto -fuse-linker-plugin -fno-fat-lto-objects line 17 y == 25
FAIL: gcc.dg/guality/pr68860-1.c -O2 -flto -fno-use-linker-plugin -flto-partition=none line 14 arg1 == 1
FAIL: gcc.dg/guality/pr68860-1.c -O2 -flto -fno-use-linker-plugin -flto-partition=none line 14 arg2 == 2
FAIL: gcc.dg/guality/pr68860-1.c -O2 -flto -fno-use-linker-plugin -flto-partition=none line 14 arg3 == 3
FAIL: gcc.dg/guality/pr68860-1.c -O2 -flto -fno-use-linker-plugin -flto-partition=none line 14 arg4 == 4
FAIL: gcc.dg/guality/pr68860-1.c -O2 -flto -fno-use-linker-plugin -flto-partition=none line 14 arg5 == 5
FAIL: gcc.dg/guality/pr68860-1.c -O2 -flto -fno-use-linker-plugin -flto-partition=none line 14 arg6 == 6
FAIL: gcc.dg/guality/pr68860-1.c -O2 -flto -fno-use-linker-plugin -flto-partition=none line 16 arg1 == 1
FAIL: gcc.dg/guality/pr68860-1.c -O2 -flto -fno-use-linker-plugin -flto-partition=none line 16 arg2 == 2
FAIL: gcc.dg/guality/pr68860-1.c -O2 -flto -fno-use-linker-plugin -flto-partition=none line 16 arg3 == 3
FAIL: gcc.dg/guality/pr68860-1.c -O2 -flto -fno-use-linker-plugin -flto-partition=none line 16 arg4 == 4
FAIL: gcc.dg/guality/pr68860-1.c -O2 -flto -fno-use-linker-plugin -flto-partition=none line 16 arg5 == 5
FAIL: gcc.dg/guality/pr68860-1.c -O2 -flto -fno-use-linker-plugin -flto-partition=none line 16 arg6 == 6
FAIL: gcc.dg/guality/pr68860-1.c -O2 -flto -fuse-linker-plugin -fno-fat-lto-objects line 14 arg1 == 1
FAIL: gcc.dg/guality/pr68860-1.c -O2 -flto -fuse-linker-plugin -fno-fat-lto-objects line 14 arg2 == 2
FAIL: gcc.dg/guality/pr68860-1.c -O2 -flto -fuse-linker-plugin -fno-fat-lto-objects line 14 arg3 == 3
FAIL: gcc.dg/guality/pr68860-1.c -O2 -flto -fuse-linker-plugin -fno-fat-lto-objects line 14 arg4 == 4
FAIL: gcc.dg/guality/pr68860-1.c -O2 -flto -fuse-linker-plugin -fno-fat-lto-objects line 14 arg5 == 5
FAIL: gcc.dg/guality/pr68860-1.c -O2 -flto -fuse-linker-plugin -fno-fat-lto-objects line 14 arg6 == 6
FAIL: gcc.dg/guality/pr68860-1.c -O2 -flto -fuse-linker-plugin -fno-fat-lto-objects line 16 arg1 == 1
FAIL: gcc.dg/guality/pr68860-1.c -O2 -flto -fuse-linker-plugin -fno-fat-lto-objects line 16 arg2 == 2
FAIL: gcc.dg/guality/pr68860-1.c -O2 -flto -fuse-linker-plugin -fno-fat-lto-objects line 16 arg3 == 3
FAIL: gcc.dg/guality/pr68860-1.c -O2 -flto -fuse-linker-plugin -fno-fat-lto-objects line 16 arg4 == 4
FAIL: gcc.dg/guality/pr68860-1.c -O2 -flto -fuse-linker-plugin -fno-fat-lto-objects line 16 arg5 == 5
FAIL: gcc.dg/guality/pr68860-1.c -O2 -flto -fuse-linker-plugin -fno-fat-lto-objects line 16 arg6 == 6
FAIL: gcc.dg/guality/vla-1.c -O1 line 17 sizeof (a) == 6
FAIL: gcc.dg/guality/vla-1.c -O2 line 17 sizeof (a) == 6
FAIL: gcc.dg/guality/vla-1.c -O2 -flto -fno-use-linker-plugin -flto-partition=none line 17 sizeof (a) == 6
FAIL: gcc.dg/guality/vla-1.c -O2 -flto -fuse-linker-plugin -fno-fat-lto-objects line 17 sizeof (a) == 6
FAIL: gcc.dg/guality/vla-1.c -O3 -g line 17 sizeof (a) == 6
FAIL: gcc.dg/guality/vla-1.c -Os line 17 sizeof (a) == 6
FAIL: gcc.dg/vect/no-section-anchors-vect-31.c scan-tree-dump-times vect "Alignment of access forced using peeling" 2
FAIL: gcc.dg/vect/no-section-anchors-vect-31.c scan-tree-dump-times vect "Vectorizing an unaligned access" 0
XPASS: gcc.dg/vect/pr61194.c -flto -ffat-lto-objects scan-tree-dump-times vect "vectorized 1 loops" 1
XPASS: gcc.dg/vect/pr61194.c scan-tree-dump-times vect "vectorized 1 loops" 1
XPASS: gcc.dg/vect/pr65947-1.c -flto -ffat-lto-objects scan-tree-dump-times vect "LOOP VECTORIZED" 2
XPASS: gcc.dg/vect/pr65947-1.c -flto -ffat-lto-objects scan-tree-dump-times vect "condition expression based on integer induction." 4
XPASS: gcc.dg/vect/pr65947-1.c scan-tree-dump-times vect "LOOP VECTORIZED" 2
XPASS: gcc.dg/vect/pr65947-1.c scan-tree-dump-times vect "condition expression based on integer induction." 4
XPASS: gcc.dg/vect/pr65947-10.c -flto -ffat-lto-objects scan-tree-dump-times vect "LOOP VECTORIZED" 2
XPASS: gcc.dg/vect/pr65947-10.c scan-tree-dump-times vect "LOOP VECTORIZED" 2
XPASS: gcc.dg/vect/pr65947-12.c -flto -ffat-lto-objects scan-tree-dump-times vect "LOOP VECTORIZED" 2
XPASS: gcc.dg/vect/pr65947-12.c scan-tree-dump-times vect "LOOP VECTORIZED" 2
XPASS: gcc.dg/vect/pr65947-13.c -flto -ffat-lto-objects scan-tree-dump-times vect "LOOP VECTORIZED" 2
XPASS: gcc.dg/vect/pr65947-13.c scan-tree-dump-times vect "LOOP VECTORIZED" 2
XPASS: gcc.dg/vect/pr65947-2.c -flto -ffat-lto-objects scan-tree-dump-times vect "LOOP VECTORIZED" 2
XPASS: gcc.dg/vect/pr65947-2.c scan-tree-dump-times vect "LOOP VECTORIZED" 2
XPASS: gcc.dg/vect/pr65947-3.c -flto -ffat-lto-objects scan-tree-dump-times vect "LOOP VECTORIZED" 2
XPASS: gcc.dg/vect/pr65947-3.c scan-tree-dump-times vect "LOOP VECTORIZED" 2
XPASS: gcc.dg/vect/pr65947-4.c -flto -ffat-lto-objects scan-tree-dump-times vect "LOOP VECTORIZED" 2
XPASS: gcc.dg/vect/pr65947-4.c -flto -ffat-lto-objects scan-tree-dump-times vect "condition expression based on integer induction." 4
XPASS: gcc.dg/vect/pr65947-4.c scan-tree-dump-times vect "LOOP VECTORIZED" 2
XPASS: gcc.dg/vect/pr65947-4.c scan-tree-dump-times vect "condition expression based on integer induction." 4
XPASS: gcc.dg/vect/pr65947-5.c -flto -ffat-lto-objects scan-tree-dump vect "loop size is greater than data size"
XPASS: gcc.dg/vect/pr65947-5.c scan-tree-dump vect "loop size is greater than data size"
XPASS: gcc.dg/vect/pr65947-6.c -flto -ffat-lto-objects scan-tree-dump-times vect "LOOP VECTORIZED" 2
XPASS: gcc.dg/vect/pr65947-6.c scan-tree-dump-times vect "LOOP VECTORIZED" 2
XPASS: gcc.dg/vect/pr65947-9.c -flto -ffat-lto-objects scan-tree-dump vect "loop size is greater than data size"
XPASS: gcc.dg/vect/pr65947-9.c scan-tree-dump vect "loop size is greater than data size"
FAIL: gcc.dg/vect/slp-perm-9.c -flto -ffat-lto-objects scan-tree-dump-times vect "vectorized 1 loops" 2
FAIL: gcc.dg/vect/slp-perm-9.c scan-tree-dump-times vect "vectorized 1 loops" 2
FAIL: gcc.dg/vect/vect-92.c -flto -ffat-lto-objects scan-tree-dump-times vect "Alignment of access forced using peeling" 3
FAIL: gcc.dg/vect/vect-92.c -flto -ffat-lto-objects scan-tree-dump-times vect "Vectorizing an unaligned access" 0
FAIL: gcc.dg/vect/vect-92.c scan-tree-dump-times vect "Alignment of access forced using peeling" 3
FAIL: gcc.dg/vect/vect-92.c scan-tree-dump-times vect "Vectorizing an unaligned access" 0
FAIL: gcc.dg/vect/vect-93.c -flto -ffat-lto-objects scan-tree-dump-times vect "Vectorizing an unaligned access" 1
FAIL: gcc.dg/vect/vect-93.c scan-tree-dump-times vect "Vectorizing an unaligned access" 1
=== gcc Summary ===
# of expected passes 121183
# of unexpected failures 62
# of unexpected successes 46
# of expected failures 307
# of unsupported tests 1769
/scratch/toon/build10702/gcc/xgcc version 6.1.1 20160706 (GCC)
=== gfortran tests ===
Running target unix
FAIL: gfortran.dg/vect/fast-math-mgrid-resid.f -O scan-tree-dump-times pcom "Executing predictive commoning without unrolling" 1
FAIL: gfortran.dg/vect/fast-math-mgrid-resid.f -O scan-tree-dump-times pcom "Predictive commoning failed: no suitable chains" 0
=== gfortran Summary ===
# of expected passes 42504
# of unexpected failures 2
# of expected failures 78
# of unsupported tests 65
/scratch/toon/build10702/gcc/gfortran version 6.1.1 20160706 (GCC)
=== g++ tests ===
Running target unix
FAIL: g++.dg/guality/pr55665.C -O2 line 23 p == 40
FAIL: g++.dg/guality/pr55665.C -O3 -g line 23 p == 40
XPASS: g++.dg/tls/thread_local-order2.C -std=c++11 execution test
XPASS: g++.dg/tls/thread_local-order2.C -std=c++14 execution test
FAIL: g++.dg/vect/slp-pr56812.cc -std=c++11 scan-tree-dump-times slp1 "basic block vectorized" 1
FAIL: g++.dg/vect/slp-pr56812.cc -std=c++14 scan-tree-dump-times slp1 "basic block vectorized" 1
FAIL: g++.dg/vect/slp-pr56812.cc -std=c++98 scan-tree-dump-times slp1 "basic block vectorized" 1
=== g++ Summary ===
# of expected passes 105237
# of unexpected failures 5
# of unexpected successes 2
# of expected failures 318
# of unsupported tests 3736
/scratch/toon/build10702/gcc/xg++ version 6.1.1 20160706 (GCC)
=== gnat tests ===
Running target unix
FAIL: gnat.dg/specs/alignment2.ads (test for warnings, line 14)
FAIL: gnat.dg/specs/alignment2.ads (test for warnings, line 20)
FAIL: gnat.dg/specs/alignment2.ads (test for warnings, line 38)
FAIL: gnat.dg/specs/alignment2.ads (test for warnings, line 42)
=== gnat Summary ===
# of expected passes 2503
# of unexpected failures 4
# of expected failures 22
# of unsupported tests 3
/scratch/toon/build10702/gcc/gnatmake version 6.1.1 20160706
=== go tests ===
Running target unix
FAIL: go.test/test/ken/cplx2.go execution, -O2 -g
=== go Summary ===
# of expected passes 7254
# of unexpected failures 1
# of expected failures 1
# of untested testcases 6
# of unsupported tests 1
/scratch/toon/build10702/gcc/gccgo version 6.1.1 20160706 (GCC)
=== jit tests ===
Running target unix
FAIL: jit.dg/test-threads.c, initial compilation
=== jit Summary ===
# of expected passes 6392
# of unexpected failures 1
=== objc tests ===
Running target unix
=== objc Summary ===
# of expected passes 2783
# of expected failures 6
# of unsupported tests 68
/scratch/toon/build10702/gcc/xgcc version 6.1.1 20160706 (GCC)
=== boehm-gc tests ===
Running target unix
=== boehm-gc Summary ===
# of expected passes 12
# of unsupported tests 1
=== libatomic tests ===
Running target unix
=== libatomic Summary ===
# of expected passes 54
=== libffi tests ===
Running target unix
=== libffi Summary ===
# of expected passes 2214
=== libgo tests ===
Running target unix
=== libgo Summary ===
# of expected passes 134
/scratch/toon/build10702/./gcc/gccgo version 6.1.1 20160706 (GCC)
=== libgomp tests ===
Running target unix
=== libgomp Summary ===
# of expected passes 5140
# of unsupported tests 271
=== libitm tests ===
Running target unix
=== libitm Summary ===
# of expected passes 42
# of expected failures 3
# of unsupported tests 1
=== libjava tests ===
Running target unix
=== libjava Summary ===
# of expected passes 2582
# of expected failures 4
=== libstdc++ tests ===
Running target unix
=== libstdc++ Summary ===
# of expected passes 10413
# of expected failures 67
# of unsupported tests 548
Compiler version: 6.1.1 20160706 (GCC)
Platform: x86_64-pc-linux-gnu
configure flags: --prefix=/home/toon/compilers/install --with-gnu-as --with-gnu-ld --enable-languages=all,go,ada,jit --enable-host-shared --disable-multilib --disable-nls --with-arch=haswell --with-tune=haswell