This is the mail archive of the
gcc-testresults@gcc.gnu.org
mailing list for the GCC project.
Results for 6.1.1 20160624 [gcc-6-branch revision 237752] (GCC) testsuite on i386-pc-solaris2.11
- From: Rainer Orth <ro at CeBiTec dot Uni-Bielefeld dot DE>
- To: gcc-testresults at gcc dot gnu dot org
- Date: Sat, 25 Jun 2016 08:30:03 +0200 (CEST)
- Subject: Results for 6.1.1 20160624 [gcc-6-branch revision 237752] (GCC) testsuite on i386-pc-solaris2.11
- Authentication-results: sourceware.org; auth=none
LAST_UPDATED: Fri Jun 24 09:03:18 2016 (revision 237752)
=== acats tests ===
=== acats Summary ===
# of expected passes 2320
# of unexpected failures 0
Native configuration is i386-pc-solaris2.11
=== g++ tests ===
Running target unix
=== g++ Summary for unix ===
# of expected passes 96497
# of expected failures 323
# of unsupported tests 3445
Running target unix/-m64
=== g++ Summary for unix/-m64 ===
# of expected passes 97839
# of expected failures 323
# of unsupported tests 3697
=== g++ Summary ===
# of expected passes 194336
# of expected failures 646
# of unsupported tests 7142
/var/gcc/regression/gcc-6-branch/11-gcc-gas/build/gcc/testsuite/g++/../../xg++ version 6.1.1 20160624 [gcc-6-branch revision 237752] (GCC)
=== gcc tests ===
Running target unix
FAIL: gcc.dg/visibility-22.c execution test
=== gcc Summary for unix ===
# of expected passes 107291
# of unexpected failures 1
# of expected failures 322
# of unsupported tests 1555
Running target unix/-m64
FAIL: gcc.dg/visibility-22.c execution test
=== gcc Summary for unix/-m64 ===
# of expected passes 108293
# of unexpected failures 1
# of expected failures 318
# of unsupported tests 1690
=== gcc Summary ===
# of expected passes 215584
# of unexpected failures 2
# of expected failures 640
# of unsupported tests 3245
/var/gcc/regression/gcc-6-branch/11-gcc-gas/build/gcc/xgcc version 6.1.1 20160624 [gcc-6-branch revision 237752] (GCC)
=== gfortran tests ===
Running target unix
FAIL: gfortran.dg/coarray/event_1.f90 -fcoarray=lib -O2 -lcaf_single -latomic execution test
FAIL: gfortran.dg/coarray/event_2.f90 -fcoarray=lib -O2 -lcaf_single -latomic execution test
=== gfortran Summary for unix ===
# of expected passes 42218
# of unexpected failures 2
# of expected failures 78
# of unsupported tests 174
Running target unix/-m64
FAIL: gfortran.dg/coarray/event_1.f90 -fcoarray=lib -O2 -lcaf_single -latomic execution test
=== gfortran Summary for unix/-m64 ===
# of expected passes 42436
# of unexpected failures 1
# of expected failures 78
# of unsupported tests 71
=== gfortran Summary ===
# of expected passes 84654
# of unexpected failures 3
# of expected failures 156
# of unsupported tests 245
/var/gcc/regression/gcc-6-branch/11-gcc-gas/build/gcc/testsuite/gfortran/../../gfortran version 6.1.1 20160624 [gcc-6-branch revision 237752] (GCC)
=== gnat tests ===
Running target unix
=== gnat Summary for unix ===
# of expected passes 2504
# of expected failures 22
# of unsupported tests 5
Running target unix/-m64
=== gnat Summary for unix/-m64 ===
# of expected passes 2504
# of expected failures 22
# of unsupported tests 5
=== gnat Summary ===
# of expected passes 5008
# of expected failures 44
# of unsupported tests 10
/var/gcc/regression/gcc-6-branch/11-gcc-gas/build/gcc/gnatmake version 6.1.1 20160624 [gcc-6-branch revision 237752]
=== go tests ===
Running target unix
=== go Summary for unix ===
# of expected passes 7366
# of expected failures 1
# of untested testcases 10
# of unsupported tests 2
Running target unix/-m64
=== go Summary for unix/-m64 ===
# of expected passes 7247
# of expected failures 1
# of untested testcases 10
# of unsupported tests 1
=== go Summary ===
# of expected passes 14613
# of expected failures 2
# of untested testcases 20
# of unsupported tests 3
=== obj-c++ tests ===
Running target unix
=== obj-c++ Summary for unix ===
# of expected passes 1454
# of expected failures 2
# of unsupported tests 77
Running target unix/-m64
=== obj-c++ Summary for unix/-m64 ===
# of expected passes 1446
# of expected failures 10
# of unsupported tests 77
=== obj-c++ Summary ===
# of expected passes 2900
# of expected failures 12
# of unsupported tests 154
/var/gcc/regression/gcc-6-branch/11-gcc-gas/build/gcc/testsuite/obj-c++/../../xg++ version 6.1.1 20160624 [gcc-6-branch revision 237752] (GCC)
=== objc tests ===
Running target unix
=== objc Summary for unix ===
# of expected passes 2783
# of expected failures 6
# of unsupported tests 68
Running target unix/-m64
=== objc Summary for unix/-m64 ===
# of expected passes 2783
# of expected failures 6
# of unsupported tests 68
=== objc Summary ===
# of expected passes 5566
# of expected failures 12
# of unsupported tests 136
/var/gcc/regression/gcc-6-branch/11-gcc-gas/build/gcc/xgcc version 6.1.1 20160624 [gcc-6-branch revision 237752] (GCC)
=== boehm-gc tests ===
Running target unix
=== boehm-gc Summary for unix ===
# of expected passes 12
# of unsupported tests 1
Running target unix/-m64
=== boehm-gc Summary for unix/-m64 ===
# of expected passes 12
# of unsupported tests 1
=== boehm-gc Summary ===
# of expected passes 24
# of unsupported tests 2
=== libatomic tests ===
Running target unix
=== libatomic Summary for unix ===
# of expected passes 44
# of unsupported tests 5
Running target unix/-m64
=== libatomic Summary for unix/-m64 ===
# of expected passes 54
=== libatomic Summary ===
# of expected passes 98
# of unsupported tests 5
=== libffi tests ===
Running target unix
=== libffi Summary for unix ===
# of expected passes 2799
Running target unix/-m64
=== libffi Summary for unix/-m64 ===
# of expected passes 2214
=== libffi Summary ===
# of expected passes 5013
=== libgo tests ===
Running target unix
FAIL: go/build
=== libgo Summary for unix ===
# of expected passes 133
# of unexpected failures 1
Running target unix/-m64
FAIL: go/build
=== libgo Summary for unix/-m64 ===
# of expected passes 133
# of unexpected failures 1
=== libgo Summary ===
# of expected passes 266
# of unexpected failures 2
/var/gcc/regression/gcc-6-branch/11-gcc-gas/build/./gcc/gccgo version 6.1.1 20160624 [gcc-6-branch revision 237752] (GCC)
=== libgomp tests ===
Running target unix
=== libgomp Summary for unix ===
# of expected passes 5122
# of unsupported tests 274
Running target unix/-m64
=== libgomp Summary for unix/-m64 ===
# of expected passes 5122
# of unsupported tests 274
=== libgomp Summary ===
# of expected passes 10244
# of unsupported tests 548
=== libitm tests ===
Running target unix
=== libitm Summary for unix ===
# of expected passes 42
# of expected failures 3
# of unsupported tests 1
Running target unix/-m64
=== libitm Summary for unix/-m64 ===
# of expected passes 42
# of expected failures 3
# of unsupported tests 1
=== libitm Summary ===
# of expected passes 84
# of expected failures 6
# of unsupported tests 2
=== libjava tests ===
Running target unix
=== libjava Summary for unix ===
# of expected passes 2582
# of expected failures 4
Running target unix/-m64
=== libjava Summary for unix/-m64 ===
# of expected passes 2582
# of expected failures 4
=== libjava Summary ===
# of expected passes 5164
# of expected failures 8
=== libstdc++ tests ===
Running target unix
=== libstdc++ Summary for unix ===
# of expected passes 9873
# of expected failures 68
# of unsupported tests 691
Running target unix/-m64
=== libstdc++ Summary for unix/-m64 ===
# of expected passes 9873
# of expected failures 68
# of unsupported tests 691
=== libstdc++ Summary ===
# of expected passes 19746
# of expected failures 136
# of unsupported tests 1382
Compiler version: 6.1.1 20160624 [gcc-6-branch revision 237752] (GCC)
Platform: i386-pc-solaris2.11
configure flags: --prefix=/vol/gcc --target=i386-pc-solaris2.11 --enable-objc-gc --enable-libmudflap --with-as=/vol/gcc/bin/gas-2.26 --with-gnu-as --with-gmp-include=/vol/gcc/include --with-gmp-lib=/vol/gcc/lib --with-mpfr-include=/vol/gcc/include --with-mpfr-lib=/vol/gcc/lib --with-mpc-include=/vol/gcc/include --with-mpc-lib=/vol/gcc/lib --enable-languages=all,ada,obj-c++,go --with-isl-include=/vol/gcc/include --with-isl-lib=/vol/gcc/lib
BOOT_CFLAGS=-g -O2