This is the mail archive of the
gcc-testresults@gcc.gnu.org
mailing list for the GCC project.
Results for 6.1.0 (GCC) testsuite on i386-pc-solaris2.10
- From: Juan Carlos Franzoy <jfranzoy at gmail dot com>
- To: gcc-testresults at gcc dot gnu dot org
- Date: Wed, 25 May 2016 17:03:55 -0300
- Subject: Results for 6.1.0 (GCC) testsuite on i386-pc-solaris2.10
- Authentication-results: sourceware.org; auth=none
LAST_UPDATED: Obtained from SVN: tags/gcc_6_1_0_release revision 235474
Native configuration is i386-pc-solaris2.10
=== g++ tests ===
Running target unix
FAIL: g++.dg/cilk-plus/AN/array_test1_tplt.cc -O1 -fcilkplus execution test
FAIL: g++.dg/cilk-plus/AN/array_test2_tplt.cc -O1 -fcilkplus execution test
FAIL: g++.dg/cilk-plus/AN/array_test1_tplt.cc -O2 -ftree-vectorize
-fcilkplus execution test
FAIL: g++.dg/cilk-plus/AN/array_test2_tplt.cc -O2 -ftree-vectorize
-fcilkplus execution test
FAIL: g++.dg/cilk-plus/AN/array_test1_tplt.cc -O3 -fcilkplus execution test
FAIL: g++.dg/cilk-plus/AN/array_test2_tplt.cc -O3 -fcilkplus execution test
FAIL: g++.dg/cilk-plus/AN/array_test1_tplt.cc -g -O1 -fcilkplus execution test
FAIL: g++.dg/cilk-plus/AN/array_test2_tplt.cc -g -O1 -fcilkplus execution test
FAIL: g++.dg/cilk-plus/AN/array_test1_tplt.cc -g -O2 -ftree-vectorize
-fcilkplus execution test
FAIL: g++.dg/cilk-plus/AN/array_test2_tplt.cc -g -O2 -ftree-vectorize
-fcilkplus execution test
FAIL: g++.dg/cilk-plus/AN/array_test1_tplt.cc -g -O3 -fcilkplus execution test
FAIL: g++.dg/cilk-plus/AN/array_test2_tplt.cc -g -O3 -fcilkplus execution test
FAIL: g++.dg/cilk-plus/AN/array_test1_tplt.cc -O3 -ftree-vectorize
-fcilkplus -g execution test
FAIL: g++.dg/cilk-plus/AN/array_test2_tplt.cc -O3 -ftree-vectorize
-fcilkplus -g execution test
FAIL: g++.dg/cilk-plus/CK/catch_exc.cc -O1 -fcilkplus execution test
FAIL: g++.dg/cilk-plus/CK/catch_exc.cc -O3 -fcilkplus execution test
FAIL: g++.dg/cilk-plus/CK/catch_exc.cc -g -fcilkplus execution test
FAIL: g++.dg/cilk-plus/CK/catch_exc.cc -g -O2 -fcilkplus execution test
FAIL: g++.dg/guality/pr55665.C -O2 line 23 p == 40
FAIL: g++.dg/guality/pr55665.C -O3 -g line 23 p == 40
FAIL: g++.dg/guality/pr55665.C -O2 -flto -flto-partition=none line 23 p == 40
FAIL: g++.dg/guality/pr55665.C -O2 -flto line 23 p == 40
=== g++ Summary ===
# of expected passes 96031
# of unexpected failures 22
# of expected failures 320
# of unsupported tests 3460
/export/home/bcpp/jfranzoy/gcc-6.1.0-build/gcc/xg++ version 6.1.0 (GCC)
=== gcc tests ===
Running target unix
FAIL: gcc.dg/visibility-22.c execution test
XPASS: gcc.dg/guality/example.c -O0 execution test
XPASS: gcc.dg/guality/example.c -O1 execution test
XPASS: gcc.dg/guality/example.c -O2 execution test
XPASS: gcc.dg/guality/example.c -O2 -flto -flto-partition=none execution test
XPASS: gcc.dg/guality/example.c -O2 -flto execution test
XPASS: gcc.dg/guality/guality.c -O0 execution test
XPASS: gcc.dg/guality/guality.c -O1 execution test
XPASS: gcc.dg/guality/guality.c -O2 execution test
XPASS: gcc.dg/guality/guality.c -O3 -g execution test
XPASS: gcc.dg/guality/guality.c -Os execution test
XPASS: gcc.dg/guality/guality.c -O2 -flto -flto-partition=none execution test
XPASS: gcc.dg/guality/guality.c -O2 -flto execution test
XPASS: gcc.dg/guality/inline-params.c -O2 execution test
XPASS: gcc.dg/guality/inline-params.c -O3 -g execution test
XPASS: gcc.dg/guality/inline-params.c -Os execution test
XPASS: gcc.dg/guality/inline-params.c -O2 -flto -flto-partition=none
execution test
XPASS: gcc.dg/guality/inline-params.c -O2 -flto execution test
XPASS: gcc.dg/guality/pr41353-1.c -O0 line 28 j == 28 + 37
XPASS: gcc.dg/guality/pr41353-1.c -O1 line 28 j == 28 + 37
XPASS: gcc.dg/guality/pr41353-1.c -O2 line 28 j == 28 + 37
XPASS: gcc.dg/guality/pr41353-1.c -O3 -g line 28 j == 28 + 37
XPASS: gcc.dg/guality/pr41353-1.c -Os line 28 j == 28 + 37
XPASS: gcc.dg/guality/pr41353-1.c -O2 -flto -flto-partition=none
line 28 j == 28 + 37
XPASS: gcc.dg/guality/pr41353-1.c -O2 -flto line 28 j == 28 + 37
FAIL: gcc.dg/guality/pr54519-1.c -O2 -flto -flto-partition=none
line 20 y == 25
FAIL: gcc.dg/guality/pr54519-1.c -O2 -flto -flto-partition=none
line 20 z == 6
FAIL: gcc.dg/guality/pr54519-1.c -O2 -flto -flto-partition=none
line 23 y == 117
FAIL: gcc.dg/guality/pr54519-1.c -O2 -flto -flto-partition=none
line 23 z == 8
FAIL: gcc.dg/guality/pr54519-1.c -O2 -flto line 20 y == 25
FAIL: gcc.dg/guality/pr54519-1.c -O2 -flto line 20 z == 6
FAIL: gcc.dg/guality/pr54519-1.c -O2 -flto line 23 y == 117
FAIL: gcc.dg/guality/pr54519-1.c -O2 -flto line 23 z == 8
FAIL: gcc.dg/guality/pr54519-2.c -O2 -flto -flto-partition=none
line 17 y == 25
FAIL: gcc.dg/guality/pr54519-2.c -O2 -flto line 17 y == 25
FAIL: gcc.dg/guality/pr54519-3.c -O2 -flto -flto-partition=none
line 20 y == 25
FAIL: gcc.dg/guality/pr54519-3.c -O2 -flto -flto-partition=none
line 20 z == 6
FAIL: gcc.dg/guality/pr54519-3.c -O2 -flto -flto-partition=none
line 23 y == 117
FAIL: gcc.dg/guality/pr54519-3.c -O2 -flto -flto-partition=none
line 23 z == 8
FAIL: gcc.dg/guality/pr54519-3.c -O2 -flto line 20 y == 25
FAIL: gcc.dg/guality/pr54519-3.c -O2 -flto line 20 z == 6
FAIL: gcc.dg/guality/pr54519-3.c -O2 -flto line 23 y == 117
FAIL: gcc.dg/guality/pr54519-3.c -O2 -flto line 23 z == 8
FAIL: gcc.dg/guality/pr54519-4.c -O2 -flto -flto-partition=none
line 17 y == 25
FAIL: gcc.dg/guality/pr54519-4.c -O2 -flto line 17 y == 25
FAIL: gcc.dg/guality/pr54519-5.c -O2 -flto -flto-partition=none
line 17 y == 25
FAIL: gcc.dg/guality/pr54519-5.c -O2 -flto line 17 y == 25
FAIL: gcc.dg/guality/pr68860-1.c -O2 -flto -flto-partition=none
line 14 arg1 == 1
FAIL: gcc.dg/guality/pr68860-1.c -O2 -flto -flto-partition=none
line 14 arg2 == 2
FAIL: gcc.dg/guality/pr68860-1.c -O2 -flto -flto-partition=none
line 14 arg3 == 3
FAIL: gcc.dg/guality/pr68860-1.c -O2 -flto -flto-partition=none
line 14 arg4 == 4
FAIL: gcc.dg/guality/pr68860-1.c -O2 -flto -flto-partition=none
line 14 arg5 == 5
FAIL: gcc.dg/guality/pr68860-1.c -O2 -flto -flto-partition=none
line 14 arg6 == 6
FAIL: gcc.dg/guality/pr68860-1.c -O2 -flto -flto-partition=none
line 16 arg1 == 1
FAIL: gcc.dg/guality/pr68860-1.c -O2 -flto -flto-partition=none
line 16 arg2 == 2
FAIL: gcc.dg/guality/pr68860-1.c -O2 -flto -flto-partition=none
line 16 arg3 == 3
FAIL: gcc.dg/guality/pr68860-1.c -O2 -flto -flto-partition=none
line 16 arg4 == 4
FAIL: gcc.dg/guality/pr68860-1.c -O2 -flto -flto-partition=none
line 16 arg5 == 5
FAIL: gcc.dg/guality/pr68860-1.c -O2 -flto -flto-partition=none
line 16 arg6 == 6
FAIL: gcc.dg/guality/pr68860-1.c -O2 -flto line 14 arg1 == 1
FAIL: gcc.dg/guality/pr68860-1.c -O2 -flto line 14 arg2 == 2
FAIL: gcc.dg/guality/pr68860-1.c -O2 -flto line 14 arg3 == 3
FAIL: gcc.dg/guality/pr68860-1.c -O2 -flto line 14 arg4 == 4
FAIL: gcc.dg/guality/pr68860-1.c -O2 -flto line 14 arg5 == 5
FAIL: gcc.dg/guality/pr68860-1.c -O2 -flto line 14 arg6 == 6
FAIL: gcc.dg/guality/pr68860-1.c -O2 -flto line 16 arg1 == 1
FAIL: gcc.dg/guality/pr68860-1.c -O2 -flto line 16 arg2 == 2
FAIL: gcc.dg/guality/pr68860-1.c -O2 -flto line 16 arg3 == 3
FAIL: gcc.dg/guality/pr68860-1.c -O2 -flto line 16 arg4 == 4
FAIL: gcc.dg/guality/pr68860-1.c -O2 -flto line 16 arg5 == 5
FAIL: gcc.dg/guality/pr68860-1.c -O2 -flto line 16 arg6 == 6
FAIL: gcc.dg/guality/vla-1.c -O0 line 17 sizeof (a) == 6
FAIL: gcc.dg/guality/vla-1.c -O0 line 24 sizeof (a) == 17 * sizeof (short)
FAIL: gcc.dg/guality/vla-1.c -O1 line 17 sizeof (a) == 6
FAIL: gcc.dg/guality/vla-1.c -O1 line 24 sizeof (a) == 17 * sizeof (short)
FAIL: gcc.dg/guality/vla-1.c -O2 line 17 sizeof (a) == 6
FAIL: gcc.dg/guality/vla-1.c -O2 line 24 sizeof (a) == 17 * sizeof (short)
FAIL: gcc.dg/guality/vla-1.c -O3 -g line 17 sizeof (a) == 6
FAIL: gcc.dg/guality/vla-1.c -O3 -g line 24 sizeof (a) == 17 * sizeof (short)
FAIL: gcc.dg/guality/vla-1.c -Os line 17 sizeof (a) == 6
FAIL: gcc.dg/guality/vla-1.c -Os line 24 sizeof (a) == 17 * sizeof (short)
FAIL: gcc.dg/guality/vla-1.c -O2 -flto -flto-partition=none line 17
sizeof (a) == 6
FAIL: gcc.dg/guality/vla-1.c -O2 -flto -flto-partition=none line 24
sizeof (a) == 17 * sizeof (short)
FAIL: gcc.dg/guality/vla-1.c -O2 -flto line 17 sizeof (a) == 6
FAIL: gcc.dg/guality/vla-1.c -O2 -flto line 24 sizeof (a) == 17 *
sizeof (short)
FAIL: gcc.dg/guality/vla-2.c -O0 line 16 sizeof (a) == 5 * sizeof (int)
FAIL: gcc.dg/guality/vla-2.c -O0 line 25 sizeof (a) == 6 * sizeof (int)
FAIL: gcc.dg/guality/vla-2.c -O1 line 16 sizeof (a) == 5 * sizeof (int)
FAIL: gcc.dg/guality/vla-2.c -O1 line 25 sizeof (a) == 6 * sizeof (int)
FAIL: gcc.dg/guality/vla-2.c -O2 line 16 sizeof (a) == 5 * sizeof (int)
FAIL: gcc.dg/guality/vla-2.c -O2 line 25 sizeof (a) == 6 * sizeof (int)
FAIL: gcc.dg/guality/vla-2.c -O3 -g line 16 sizeof (a) == 5 * sizeof (int)
FAIL: gcc.dg/guality/vla-2.c -O3 -g line 25 sizeof (a) == 6 * sizeof (int)
FAIL: gcc.dg/guality/vla-2.c -Os line 16 sizeof (a) == 5 * sizeof (int)
FAIL: gcc.dg/guality/vla-2.c -Os line 25 sizeof (a) == 6 * sizeof (int)
FAIL: gcc.dg/guality/vla-2.c -O2 -flto -flto-partition=none line 16
sizeof (a) == 5 * sizeof (int)
FAIL: gcc.dg/guality/vla-2.c -O2 -flto -flto-partition=none line 25
sizeof (a) == 6 * sizeof (int)
FAIL: gcc.dg/guality/vla-2.c -O2 -flto line 16 sizeof (a) == 5 * sizeof (int)
FAIL: gcc.dg/guality/vla-2.c -O2 -flto line 25 sizeof (a) == 6 * sizeof (int)
=== gcc Summary ===
# of expected passes 107480
# of unexpected failures 75
# of unexpected successes 24
# of expected failures 323
# of unsupported tests 2857
/export/home/bcpp/jfranzoy/gcc-6.1.0-build/gcc/xgcc version 6.1.0 (GCC)
=== libatomic tests ===
Running target unix
=== libatomic Summary ===
# of expected passes 44
# of unsupported tests 5
=== libgomp tests ===
Running target unix
=== libgomp Summary ===
# of expected passes 1818
# of unsupported tests 164
=== libitm tests ===
Running target unix
=== libitm Summary ===
# of expected passes 42
# of expected failures 3
# of unsupported tests 1
=== libstdc++ tests ===
Running target unix
FAIL: 17_intro/static.cc (test for excess errors)
FAIL: 22_locale/money_get/get/char/14.cc execution test
FAIL: 22_locale/money_get/get/char/22131.cc execution test
FAIL: 22_locale/money_get/get/char/6.cc execution test
FAIL: 22_locale/money_get/get/char/8.cc execution test
FAIL: 22_locale/money_put/put/char/12971.cc execution test
FAIL: 22_locale/money_put/put/char/4.cc execution test
FAIL: 22_locale/money_put/put/char/5.cc execution test
FAIL: 22_locale/money_put/put/wchar_t/12971.cc execution test
FAIL: 22_locale/money_put/put/wchar_t/4.cc execution test
FAIL: 22_locale/num_put/put/char/11.cc execution test
FAIL: 22_locale/num_put/put/char/23953.cc execution test
FAIL: 22_locale/num_put/put/char/38196.cc execution test
FAIL: 22_locale/numpunct/members/char/cache_1.cc execution test
FAIL: 22_locale/numpunct/members/char/cache_2.cc execution test
FAIL: 26_numerics/complex/inserters_extractors/char/1.cc execution test
FAIL: 27_io/basic_istream/extractors_arithmetic/char/08.cc execution test
FAIL: 27_io/basic_istream/extractors_arithmetic/char/exceptions_failbit.cc
execution test
FAIL: 27_io/basic_ostream/inserters_arithmetic/char/3.cc execution test
FAIL: 28_regex/algorithms/regex_match/awk/cstring_01.cc execution test
FAIL: 28_regex/algorithms/regex_match/basic/empty_range.cc execution test
FAIL: 28_regex/algorithms/regex_match/basic/string_01.cc execution test
FAIL: 28_regex/algorithms/regex_match/basic/string_range_00_03.cc execution test
FAIL: 28_regex/algorithms/regex_match/basic/string_range_01_03.cc execution test
FAIL: 28_regex/algorithms/regex_match/basic/string_range_02_03.cc execution test
FAIL: 28_regex/algorithms/regex_match/cstring_bracket_01.cc execution test
FAIL: 28_regex/algorithms/regex_match/ecma/char/53622.cc execution test
FAIL: 28_regex/algorithms/regex_match/ecma/char/57173.cc execution test
FAIL: 28_regex/algorithms/regex_match/ecma/char/58576.cc execution test
FAIL: 28_regex/algorithms/regex_match/ecma/char/backref.cc execution test
FAIL: 28_regex/algorithms/regex_match/ecma/char/empty_range.cc execution test
FAIL: 28_regex/algorithms/regex_match/ecma/char/emptygroup.cc execution test
FAIL: 28_regex/algorithms/regex_match/ecma/char/hex.cc execution test
FAIL: 28_regex/algorithms/regex_match/ecma/char/quoted_char.cc execution test
FAIL: 28_regex/algorithms/regex_match/ecma/char/ungreedy.cc execution test
FAIL: 28_regex/algorithms/regex_match/ecma/wchar_t/63199.cc execution test
FAIL: 28_regex/algorithms/regex_match/ecma/wchar_t/cjk_match.cc execution test
FAIL: 28_regex/algorithms/regex_match/ecma/wchar_t/hex.cc execution test
FAIL: 28_regex/algorithms/regex_match/extended/cstring_plus.cc execution test
FAIL: 28_regex/algorithms/regex_match/extended/cstring_questionmark.cc
execution test
FAIL: 28_regex/algorithms/regex_match/extended/cstring_range.cc execution test
FAIL: 28_regex/algorithms/regex_match/extended/string_any.cc execution test
FAIL: 28_regex/algorithms/regex_match/extended/string_range_00_03.cc
execution test
FAIL: 28_regex/algorithms/regex_match/extended/string_range_01_03.cc
execution test
FAIL: 28_regex/algorithms/regex_match/extended/string_range_02_03.cc
execution test
FAIL: 28_regex/algorithms/regex_replace/char/basic_replace.cc execution test
FAIL: 28_regex/algorithms/regex_replace/char/dr2213.cc execution test
FAIL: 28_regex/algorithms/regex_search/61424.cc execution test
FAIL: 28_regex/algorithms/regex_search/basic/string_01.cc execution test
FAIL: 28_regex/algorithms/regex_search/ecma/assertion.cc execution test
FAIL: 28_regex/algorithms/regex_search/ecma/flags.cc execution test
FAIL: 28_regex/algorithms/regex_search/ecma/greedy.cc execution test
FAIL: 28_regex/basic_regex/assign/char/cstring.cc execution test
FAIL: 28_regex/basic_regex/assign/char/moveable.cc execution test
FAIL: 28_regex/basic_regex/assign/char/string.cc execution test
FAIL: 28_regex/basic_regex/ctors/basic/pstring_char.cc execution test
FAIL: 28_regex/basic_regex/ctors/basic/pstring_wchar_t.cc execution test
FAIL: 28_regex/basic_regex/ctors/basic/raw_string.cc execution test
FAIL: 28_regex/basic_regex/ctors/basic/string_range_01_02_03.cc execution test
FAIL: 28_regex/basic_regex/ctors/copy_char.cc execution test
FAIL: 28_regex/basic_regex/ctors/extended/cstring.cc execution test
FAIL: 28_regex/basic_regex/ctors/extended/string_range_01_02_03.cc
execution test
FAIL: 28_regex/basic_regex/ctors/move_char.cc execution test
FAIL: 28_regex/basic_regex/imbue/string.cc execution test
FAIL: 28_regex/basic_regex/multiple_quantifiers.cc execution test
FAIL: 28_regex/init-list.cc execution test
FAIL: 28_regex/iterators/regex_iterator/char/64140.cc execution test
FAIL: 28_regex/iterators/regex_iterator/char/string_01.cc execution test
FAIL: 28_regex/iterators/regex_iterator/char/string_position_01.cc
execution test
FAIL: 28_regex/iterators/regex_iterator/wchar_t/string_01.cc execution test
FAIL: 28_regex/iterators/regex_token_iterator/char/string_01.cc execution test
FAIL: 28_regex/iterators/regex_token_iterator/wchar_t/string_01.cc
execution test
FAIL: 28_regex/match_results/format.cc execution test
FAIL: 28_regex/match_results/out_of_range_submatches.cc execution test
FAIL: 28_regex/match_results/swap.cc execution test
FAIL: 28_regex/regression.cc execution test
=== libstdc++ Summary ===
# of expected passes 9985
# of unexpected failures 76
# of expected failures 69
# of unsupported tests 614
Compiler version: 6.1.0 (GCC)
Platform: i386-pc-solaris2.10
configure flags: --prefix=/export/home/local/gcc-6.1.0
--enable-threads=posix --without-gnu-ld --with-ld=/usr/ccs/bin/ld
--with-gnu-as --with-as=/export/home/local/usr/local/bin/as
--enable-languages=c,c++