This is the mail archive of the
gcc-testresults@gcc.gnu.org
mailing list for the GCC project.
Results for 7.0.0 20160516 (experimental) [trunk revision 236286] (GCC) testsuite on i686-pc-linux-gnu
- From: ia32corei7 at gnu-34 dot sc dot intel dot com (H.J. Lu (ia32 Core i7))
- To: gcc-testresults at gcc dot gnu dot org
- Date: Mon, 16 May 2016 09:05:02 -0700
- Subject: Results for 7.0.0 20160516 (experimental) [trunk revision 236286] (GCC) testsuite on i686-pc-linux-gnu
- Authentication-results: sourceware.org; auth=none
Native configuration is i686-pc-linux-gnu
=== gcc tests ===
Running target unix
XPASS: gcc.dg/guality/example.c -O0 execution test
XPASS: gcc.dg/guality/example.c -O1 execution test
XPASS: gcc.dg/guality/guality.c -O0 execution test
XPASS: gcc.dg/guality/guality.c -O1 execution test
XPASS: gcc.dg/guality/guality.c -O2 execution test
XPASS: gcc.dg/guality/guality.c -O2 -flto -fno-use-linker-plugin -flto-partition=none execution test
XPASS: gcc.dg/guality/guality.c -O2 -flto -fuse-linker-plugin -fno-fat-lto-objects execution test
XPASS: gcc.dg/guality/guality.c -O3 -g execution test
XPASS: gcc.dg/guality/guality.c -Os execution test
XPASS: gcc.dg/guality/inline-params.c -O2 execution test
XPASS: gcc.dg/guality/inline-params.c -O2 -flto -fno-use-linker-plugin -flto-partition=none execution test
XPASS: gcc.dg/guality/inline-params.c -O3 -g execution test
XPASS: gcc.dg/guality/inline-params.c -Os execution test
XPASS: gcc.dg/guality/pr41353-1.c -O0 line 28 j == 28 + 37
XPASS: gcc.dg/guality/pr41353-1.c -O1 line 28 j == 28 + 37
XPASS: gcc.dg/guality/pr41353-1.c -O2 line 28 j == 28 + 37
XPASS: gcc.dg/guality/pr41353-1.c -O2 -flto -fno-use-linker-plugin -flto-partition=none line 28 j == 28 + 37
XPASS: gcc.dg/guality/pr41353-1.c -O2 -flto -fuse-linker-plugin -fno-fat-lto-objects line 28 j == 28 + 37
XPASS: gcc.dg/guality/pr41353-1.c -O3 -g line 28 j == 28 + 37
XPASS: gcc.dg/guality/pr41353-1.c -Os line 28 j == 28 + 37
FAIL: gcc.dg/guality/pr41447-1.c -O2 execution test
FAIL: gcc.dg/guality/pr41447-1.c -O2 -flto -fno-use-linker-plugin -flto-partition=none execution test
FAIL: gcc.dg/guality/pr41447-1.c -O3 -g execution test
FAIL: gcc.dg/guality/pr41616-1.c -O2 -flto -fuse-linker-plugin -fno-fat-lto-objects execution test
FAIL: gcc.dg/guality/pr45882.c -O2 -flto -fuse-linker-plugin -fno-fat-lto-objects line 16 d == 112
FAIL: gcc.dg/guality/pr45882.c -O2 -flto -fuse-linker-plugin -fno-fat-lto-objects line 16 e == 142
FAIL: gcc.dg/guality/pr54519-1.c -O2 -flto -fno-use-linker-plugin -flto-partition=none line 20 y == 25
FAIL: gcc.dg/guality/pr54519-1.c -O2 -flto -fno-use-linker-plugin -flto-partition=none line 20 z == 6
FAIL: gcc.dg/guality/pr54519-1.c -O2 -flto -fno-use-linker-plugin -flto-partition=none line 23 y == 117
FAIL: gcc.dg/guality/pr54519-1.c -O2 -flto -fno-use-linker-plugin -flto-partition=none line 23 z == 8
FAIL: gcc.dg/guality/pr54519-2.c -O2 -flto -fno-use-linker-plugin -flto-partition=none line 17 y == 25
FAIL: gcc.dg/guality/pr54519-2.c -O2 -flto -fuse-linker-plugin -fno-fat-lto-objects line 17 y == 25
FAIL: gcc.dg/guality/pr54519-3.c -O2 -flto -fno-use-linker-plugin -flto-partition=none line 20 y == 25
FAIL: gcc.dg/guality/pr54519-3.c -O2 -flto -fno-use-linker-plugin -flto-partition=none line 20 z == 6
FAIL: gcc.dg/guality/pr54519-3.c -O2 -flto -fno-use-linker-plugin -flto-partition=none line 23 y == 117
FAIL: gcc.dg/guality/pr54519-3.c -O2 -flto -fno-use-linker-plugin -flto-partition=none line 23 z == 8
FAIL: gcc.dg/guality/pr54519-3.c -O2 -flto -fuse-linker-plugin -fno-fat-lto-objects line 20 y == 25
FAIL: gcc.dg/guality/pr54519-3.c -O2 -flto -fuse-linker-plugin -fno-fat-lto-objects line 20 z == 6
FAIL: gcc.dg/guality/pr54519-3.c -O2 -flto -fuse-linker-plugin -fno-fat-lto-objects line 23 y == 117
FAIL: gcc.dg/guality/pr54519-3.c -O2 -flto -fuse-linker-plugin -fno-fat-lto-objects line 23 z == 8
FAIL: gcc.dg/guality/pr54519-4.c -O2 -flto -fno-use-linker-plugin -flto-partition=none line 17 y == 25
FAIL: gcc.dg/guality/pr54519-4.c -O2 -flto -fuse-linker-plugin -fno-fat-lto-objects line 17 y == 25
FAIL: gcc.dg/guality/pr54519-5.c -O2 -flto -fno-use-linker-plugin -flto-partition=none line 17 y == 25
FAIL: gcc.dg/guality/pr54519-5.c -O2 -flto -fuse-linker-plugin -fno-fat-lto-objects line 17 y == 25
FAIL: gcc.dg/guality/pr68860-1.c -O2 -flto -fno-use-linker-plugin -flto-partition=none line 14 arg1 == 1
FAIL: gcc.dg/guality/pr68860-1.c -O2 -flto -fno-use-linker-plugin -flto-partition=none line 14 arg2 == 2
FAIL: gcc.dg/guality/pr68860-1.c -O2 -flto -fno-use-linker-plugin -flto-partition=none line 14 arg3 == 3
FAIL: gcc.dg/guality/pr68860-1.c -O2 -flto -fno-use-linker-plugin -flto-partition=none line 14 arg4 == 4
FAIL: gcc.dg/guality/pr68860-1.c -O2 -flto -fno-use-linker-plugin -flto-partition=none line 14 arg5 == 5
FAIL: gcc.dg/guality/pr68860-1.c -O2 -flto -fno-use-linker-plugin -flto-partition=none line 14 arg6 == 6
FAIL: gcc.dg/guality/pr68860-1.c -O2 -flto -fno-use-linker-plugin -flto-partition=none line 16 arg1 == 1
FAIL: gcc.dg/guality/pr68860-1.c -O2 -flto -fno-use-linker-plugin -flto-partition=none line 16 arg2 == 2
FAIL: gcc.dg/guality/pr68860-1.c -O2 -flto -fno-use-linker-plugin -flto-partition=none line 16 arg3 == 3
FAIL: gcc.dg/guality/pr68860-1.c -O2 -flto -fno-use-linker-plugin -flto-partition=none line 16 arg4 == 4
FAIL: gcc.dg/guality/pr68860-1.c -O2 -flto -fno-use-linker-plugin -flto-partition=none line 16 arg5 == 5
FAIL: gcc.dg/guality/pr68860-1.c -O2 -flto -fno-use-linker-plugin -flto-partition=none line 16 arg6 == 6
FAIL: gcc.dg/guality/pr68860-1.c -O2 -flto -fuse-linker-plugin -fno-fat-lto-objects line 14 arg1 == 1
FAIL: gcc.dg/guality/pr68860-1.c -O2 -flto -fuse-linker-plugin -fno-fat-lto-objects line 14 arg2 == 2
FAIL: gcc.dg/guality/pr68860-1.c -O2 -flto -fuse-linker-plugin -fno-fat-lto-objects line 14 arg3 == 3
FAIL: gcc.dg/guality/pr68860-1.c -O2 -flto -fuse-linker-plugin -fno-fat-lto-objects line 14 arg4 == 4
FAIL: gcc.dg/guality/pr68860-1.c -O2 -flto -fuse-linker-plugin -fno-fat-lto-objects line 14 arg5 == 5
FAIL: gcc.dg/guality/pr68860-1.c -O2 -flto -fuse-linker-plugin -fno-fat-lto-objects line 14 arg6 == 6
FAIL: gcc.dg/guality/pr68860-1.c -O2 -flto -fuse-linker-plugin -fno-fat-lto-objects line 16 arg1 == 1
FAIL: gcc.dg/guality/pr68860-1.c -O2 -flto -fuse-linker-plugin -fno-fat-lto-objects line 16 arg2 == 2
FAIL: gcc.dg/guality/pr68860-1.c -O2 -flto -fuse-linker-plugin -fno-fat-lto-objects line 16 arg3 == 3
FAIL: gcc.dg/guality/pr68860-1.c -O2 -flto -fuse-linker-plugin -fno-fat-lto-objects line 16 arg4 == 4
FAIL: gcc.dg/guality/pr68860-1.c -O2 -flto -fuse-linker-plugin -fno-fat-lto-objects line 16 arg5 == 5
FAIL: gcc.dg/guality/pr68860-1.c -O2 -flto -fuse-linker-plugin -fno-fat-lto-objects line 16 arg6 == 6
FAIL: gcc.dg/guality/vla-1.c -O1 line 17 sizeof (a) == 6
FAIL: gcc.dg/guality/vla-1.c -O2 line 17 sizeof (a) == 6
FAIL: gcc.dg/guality/vla-1.c -O2 -flto -fno-use-linker-plugin -flto-partition=none line 17 sizeof (a) == 6
FAIL: gcc.dg/guality/vla-1.c -O2 -flto -fuse-linker-plugin -fno-fat-lto-objects line 17 sizeof (a) == 6
FAIL: gcc.dg/guality/vla-1.c -O3 -g line 17 sizeof (a) == 6
FAIL: gcc.dg/guality/vla-1.c -Os line 17 sizeof (a) == 6
UNRESOLVED: gcc.dg/lto/chkp-ctor-merge c_lto_chkp-ctor-merge_0.o-c_lto_chkp-ctor-merge_0.o execute -O2 -flto -fcheck-pointer-bounds -mmpx -nodefaultlibs -lc
FAIL: gcc.dg/lto/chkp-ctor-merge c_lto_chkp-ctor-merge_0.o-c_lto_chkp-ctor-merge_0.o link, -O2 -flto -fcheck-pointer-bounds -mmpx -nodefaultlibs -lc (internal compiler error)
UNRESOLVED: gcc.dg/lto/chkp-privatize-1 c_lto_chkp-privatize-1_0.o-c_lto_chkp-privatize-1_1.o execute -Ofast -flto -fcheck-pointer-bounds -mmpx
FAIL: gcc.dg/lto/chkp-privatize-1 c_lto_chkp-privatize-1_0.o-c_lto_chkp-privatize-1_1.o link, -Ofast -flto -fcheck-pointer-bounds -mmpx (internal compiler error)
UNRESOLVED: gcc.dg/lto/chkp-privatize-2 c_lto_chkp-privatize-2_0.o-c_lto_chkp-privatize-2_1.o execute -Ofast -flto -fcheck-pointer-bounds -mmpx
FAIL: gcc.dg/lto/chkp-privatize-2 c_lto_chkp-privatize-2_0.o-c_lto_chkp-privatize-2_1.o link, -Ofast -flto -fcheck-pointer-bounds -mmpx (internal compiler error)
UNRESOLVED: gcc.dg/lto/chkp-removed-alias c_lto_chkp-removed-alias_0.o-c_lto_chkp-removed-alias_0.o execute -O2 -flto -flto-partition=max -fcheck-pointer-bounds -mmpx
FAIL: gcc.dg/lto/chkp-removed-alias c_lto_chkp-removed-alias_0.o-c_lto_chkp-removed-alias_0.o link, -O2 -flto -flto-partition=max -fcheck-pointer-bounds -mmpx (internal compiler error)
UNRESOLVED: gcc.dg/lto/chkp-wrap-asm-name c_lto_chkp-wrap-asm-name_0.o-c_lto_chkp-wrap-asm-name_0.o execute -O2 -flto -fcheck-pointer-bounds -mmpx
FAIL: gcc.dg/lto/chkp-wrap-asm-name c_lto_chkp-wrap-asm-name_0.o-c_lto_chkp-wrap-asm-name_0.o link, -O2 -flto -fcheck-pointer-bounds -mmpx (internal compiler error)
UNRESOLVED: gcc.dg/lto/pr66221 c_lto_pr66221_0.o-c_lto_pr66221_1.o execute -O2 -flto -fcheck-pointer-bounds -mmpx
FAIL: gcc.dg/lto/pr66221 c_lto_pr66221_0.o-c_lto_pr66221_1.o link, -O2 -flto -fcheck-pointer-bounds -mmpx (internal compiler error)
FAIL: gcc.dg/tree-ssa/vrp47.c scan-tree-dump-times vrp2 " & 1;" 0
FAIL: gcc.target/i386/avx512f-vprord-1.c scan-assembler-times vprord[ \\\\t]+[^{\\n]*%zmm[0-9]+(?:\\n|[ \\\\t]+#) 1
FAIL: gcc.target/i386/avx512f-vprord-1.c scan-assembler-times vprord[ \\\\t]+[^{\\n]*%zmm[0-9]+{%k[1-7]}(?:\\n|[ \\\\t]+#) 1
FAIL: gcc.target/i386/avx512f-vprord-1.c scan-assembler-times vprord[ \\\\t]+[^{\\n]*%zmm[0-9]+{%k[1-7]}{z}(?:\\n|[ \\\\t]+#) 1
FAIL: gcc.target/i386/chkp-pr69044.c (internal compiler error)
FAIL: gcc.target/i386/chkp-pr69044.c (test for excess errors)
FAIL: gcc.target/i386/mpx/alloca-1-lbv.c -O2 -flto -fuse-linker-plugin -fno-fat-lto-objects (internal compiler error)
FAIL: gcc.target/i386/mpx/alloca-1-lbv.c -O2 -flto -fuse-linker-plugin -fno-fat-lto-objects (test for excess errors)
UNRESOLVED: gcc.target/i386/mpx/alloca-1-lbv.c -O2 -flto -fuse-linker-plugin -fno-fat-lto-objects compilation failed to produce executable
FAIL: gcc.target/i386/mpx/alloca-1-lbv.c -O3 -g (internal compiler error)
FAIL: gcc.target/i386/mpx/alloca-1-lbv.c -O3 -g (test for excess errors)
UNRESOLVED: gcc.target/i386/mpx/alloca-1-lbv.c -O3 -g compilation failed to produce executable
FAIL: gcc.target/i386/mpx/alloca-1-nov.c -O2 -flto -fuse-linker-plugin -fno-fat-lto-objects (internal compiler error)
FAIL: gcc.target/i386/mpx/alloca-1-nov.c -O2 -flto -fuse-linker-plugin -fno-fat-lto-objects (test for excess errors)
UNRESOLVED: gcc.target/i386/mpx/alloca-1-nov.c -O2 -flto -fuse-linker-plugin -fno-fat-lto-objects compilation failed to produce executable
FAIL: gcc.target/i386/mpx/alloca-1-nov.c -O3 -g (internal compiler error)
FAIL: gcc.target/i386/mpx/alloca-1-nov.c -O3 -g (test for excess errors)
UNRESOLVED: gcc.target/i386/mpx/alloca-1-nov.c -O3 -g compilation failed to produce executable
FAIL: gcc.target/i386/mpx/alloca-1-ubv.c -O2 -flto -fuse-linker-plugin -fno-fat-lto-objects (internal compiler error)
FAIL: gcc.target/i386/mpx/alloca-1-ubv.c -O2 -flto -fuse-linker-plugin -fno-fat-lto-objects (test for excess errors)
UNRESOLVED: gcc.target/i386/mpx/alloca-1-ubv.c -O2 -flto -fuse-linker-plugin -fno-fat-lto-objects compilation failed to produce executable
FAIL: gcc.target/i386/mpx/alloca-1-ubv.c -O3 -g (internal compiler error)
FAIL: gcc.target/i386/mpx/alloca-1-ubv.c -O3 -g (test for excess errors)
UNRESOLVED: gcc.target/i386/mpx/alloca-1-ubv.c -O3 -g compilation failed to produce executable
FAIL: gcc.target/i386/mpx/arg-addr-1-lbv.c -O2 -flto -fuse-linker-plugin -fno-fat-lto-objects (internal compiler error)
FAIL: gcc.target/i386/mpx/arg-addr-1-lbv.c -O2 -flto -fuse-linker-plugin -fno-fat-lto-objects (test for excess errors)
UNRESOLVED: gcc.target/i386/mpx/arg-addr-1-lbv.c -O2 -flto -fuse-linker-plugin -fno-fat-lto-objects compilation failed to produce executable
FAIL: gcc.target/i386/mpx/arg-addr-1-lbv.c -O3 -g (internal compiler error)
FAIL: gcc.target/i386/mpx/arg-addr-1-lbv.c -O3 -g (test for excess errors)
UNRESOLVED: gcc.target/i386/mpx/arg-addr-1-lbv.c -O3 -g compilation failed to produce executable
FAIL: gcc.target/i386/mpx/arg-addr-1-nov.c -O2 -flto -fuse-linker-plugin -fno-fat-lto-objects (internal compiler error)
FAIL: gcc.target/i386/mpx/arg-addr-1-nov.c -O2 -flto -fuse-linker-plugin -fno-fat-lto-objects (test for excess errors)
UNRESOLVED: gcc.target/i386/mpx/arg-addr-1-nov.c -O2 -flto -fuse-linker-plugin -fno-fat-lto-objects compilation failed to produce executable
FAIL: gcc.target/i386/mpx/arg-addr-1-nov.c -O3 -g (internal compiler error)
FAIL: gcc.target/i386/mpx/arg-addr-1-nov.c -O3 -g (test for excess errors)
UNRESOLVED: gcc.target/i386/mpx/arg-addr-1-nov.c -O3 -g compilation failed to produce executable
FAIL: gcc.target/i386/mpx/arg-addr-1-ubv.c -O2 -flto -fuse-linker-plugin -fno-fat-lto-objects (internal compiler error)
FAIL: gcc.target/i386/mpx/arg-addr-1-ubv.c -O2 -flto -fuse-linker-plugin -fno-fat-lto-objects (test for excess errors)
UNRESOLVED: gcc.target/i386/mpx/arg-addr-1-ubv.c -O2 -flto -fuse-linker-plugin -fno-fat-lto-objects compilation failed to produce executable
FAIL: gcc.target/i386/mpx/arg-addr-1-ubv.c -O3 -g (internal compiler error)
FAIL: gcc.target/i386/mpx/arg-addr-1-ubv.c -O3 -g (test for excess errors)
UNRESOLVED: gcc.target/i386/mpx/arg-addr-1-ubv.c -O3 -g compilation failed to produce executable
FAIL: gcc.target/i386/mpx/bitfields-1-lbv.c -O2 -flto -fuse-linker-plugin -fno-fat-lto-objects (internal compiler error)
FAIL: gcc.target/i386/mpx/bitfields-1-lbv.c -O2 -flto -fuse-linker-plugin -fno-fat-lto-objects (test for excess errors)
UNRESOLVED: gcc.target/i386/mpx/bitfields-1-lbv.c -O2 -flto -fuse-linker-plugin -fno-fat-lto-objects compilation failed to produce executable
FAIL: gcc.target/i386/mpx/bitfields-1-lbv.c -O3 -g (internal compiler error)
FAIL: gcc.target/i386/mpx/bitfields-1-lbv.c -O3 -g (test for excess errors)
UNRESOLVED: gcc.target/i386/mpx/bitfields-1-lbv.c -O3 -g compilation failed to produce executable
FAIL: gcc.target/i386/mpx/bitfields-1-nov.c -O2 -flto -fuse-linker-plugin -fno-fat-lto-objects (internal compiler error)
FAIL: gcc.target/i386/mpx/bitfields-1-nov.c -O2 -flto -fuse-linker-plugin -fno-fat-lto-objects (test for excess errors)
UNRESOLVED: gcc.target/i386/mpx/bitfields-1-nov.c -O2 -flto -fuse-linker-plugin -fno-fat-lto-objects compilation failed to produce executable
FAIL: gcc.target/i386/mpx/bitfields-1-nov.c -O3 -g (internal compiler error)
FAIL: gcc.target/i386/mpx/bitfields-1-nov.c -O3 -g (test for excess errors)
UNRESOLVED: gcc.target/i386/mpx/bitfields-1-nov.c -O3 -g compilation failed to produce executable
FAIL: gcc.target/i386/mpx/bitfields-1-ubv.c -O2 -flto -fuse-linker-plugin -fno-fat-lto-objects (internal compiler error)
FAIL: gcc.target/i386/mpx/bitfields-1-ubv.c -O2 -flto -fuse-linker-plugin -fno-fat-lto-objects (test for excess errors)
UNRESOLVED: gcc.target/i386/mpx/bitfields-1-ubv.c -O2 -flto -fuse-linker-plugin -fno-fat-lto-objects compilation failed to produce executable
FAIL: gcc.target/i386/mpx/bitfields-1-ubv.c -O3 -g (internal compiler error)
FAIL: gcc.target/i386/mpx/bitfields-1-ubv.c -O3 -g (test for excess errors)
UNRESOLVED: gcc.target/i386/mpx/bitfields-1-ubv.c -O3 -g compilation failed to produce executable
FAIL: gcc.target/i386/mpx/builtin-bnd-chk-ptr-bounds-1-lbv.c -O2 -flto -fuse-linker-plugin -fno-fat-lto-objects (internal compiler error)
FAIL: gcc.target/i386/mpx/builtin-bnd-chk-ptr-bounds-1-lbv.c -O2 -flto -fuse-linker-plugin -fno-fat-lto-objects (test for excess errors)
UNRESOLVED: gcc.target/i386/mpx/builtin-bnd-chk-ptr-bounds-1-lbv.c -O2 -flto -fuse-linker-plugin -fno-fat-lto-objects compilation failed to produce executable
FAIL: gcc.target/i386/mpx/builtin-bnd-chk-ptr-bounds-1-lbv.c -O3 -g (internal compiler error)
FAIL: gcc.target/i386/mpx/builtin-bnd-chk-ptr-bounds-1-lbv.c -O3 -g (test for excess errors)
UNRESOLVED: gcc.target/i386/mpx/builtin-bnd-chk-ptr-bounds-1-lbv.c -O3 -g compilation failed to produce executable
FAIL: gcc.target/i386/mpx/builtin-bnd-chk-ptr-bounds-1-nov.c -O2 -flto -fuse-linker-plugin -fno-fat-lto-objects (internal compiler error)
FAIL: gcc.target/i386/mpx/builtin-bnd-chk-ptr-bounds-1-nov.c -O2 -flto -fuse-linker-plugin -fno-fat-lto-objects (test for excess errors)
UNRESOLVED: gcc.target/i386/mpx/builtin-bnd-chk-ptr-bounds-1-nov.c -O2 -flto -fuse-linker-plugin -fno-fat-lto-objects compilation failed to produce executable
FAIL: gcc.target/i386/mpx/builtin-bnd-chk-ptr-bounds-1-nov.c -O3 -g (internal compiler error)
FAIL: gcc.target/i386/mpx/builtin-bnd-chk-ptr-bounds-1-nov.c -O3 -g (test for excess errors)
UNRESOLVED: gcc.target/i386/mpx/builtin-bnd-chk-ptr-bounds-1-nov.c -O3 -g compilation failed to produce executable
FAIL: gcc.target/i386/mpx/builtin-bnd-chk-ptr-bounds-1-ubv.c -O2 -flto -fuse-linker-plugin -fno-fat-lto-objects (internal compiler error)
FAIL: gcc.target/i386/mpx/builtin-bnd-chk-ptr-bounds-1-ubv.c -O2 -flto -fuse-linker-plugin -fno-fat-lto-objects (test for excess errors)
UNRESOLVED: gcc.target/i386/mpx/builtin-bnd-chk-ptr-bounds-1-ubv.c -O2 -flto -fuse-linker-plugin -fno-fat-lto-objects compilation failed to produce executable
FAIL: gcc.target/i386/mpx/builtin-bnd-chk-ptr-bounds-1-ubv.c -O3 -g (internal compiler error)
FAIL: gcc.target/i386/mpx/builtin-bnd-chk-ptr-bounds-1-ubv.c -O3 -g (test for excess errors)
UNRESOLVED: gcc.target/i386/mpx/builtin-bnd-chk-ptr-bounds-1-ubv.c -O3 -g compilation failed to produce executable
FAIL: gcc.target/i386/mpx/builtin-bnd-chk-ptr-lbounds-1-lbv.c -O2 -flto -fuse-linker-plugin -fno-fat-lto-objects (internal compiler error)
FAIL: gcc.target/i386/mpx/builtin-bnd-chk-ptr-lbounds-1-lbv.c -O2 -flto -fuse-linker-plugin -fno-fat-lto-objects (test for excess errors)
UNRESOLVED: gcc.target/i386/mpx/builtin-bnd-chk-ptr-lbounds-1-lbv.c -O2 -flto -fuse-linker-plugin -fno-fat-lto-objects compilation failed to produce executable
FAIL: gcc.target/i386/mpx/builtin-bnd-chk-ptr-lbounds-1-lbv.c -O3 -g (internal compiler error)
FAIL: gcc.target/i386/mpx/builtin-bnd-chk-ptr-lbounds-1-lbv.c -O3 -g (test for excess errors)
UNRESOLVED: gcc.target/i386/mpx/builtin-bnd-chk-ptr-lbounds-1-lbv.c -O3 -g compilation failed to produce executable
FAIL: gcc.target/i386/mpx/builtin-bnd-chk-ptr-lbounds-1-nov.c -O2 -flto -fuse-linker-plugin -fno-fat-lto-objects (internal compiler error)
FAIL: gcc.target/i386/mpx/builtin-bnd-chk-ptr-lbounds-1-nov.c -O2 -flto -fuse-linker-plugin -fno-fat-lto-objects (test for excess errors)
UNRESOLVED: gcc.target/i386/mpx/builtin-bnd-chk-ptr-lbounds-1-nov.c -O2 -flto -fuse-linker-plugin -fno-fat-lto-objects compilation failed to produce executable
FAIL: gcc.target/i386/mpx/builtin-bnd-chk-ptr-lbounds-1-nov.c -O3 -g (internal compiler error)
FAIL: gcc.target/i386/mpx/builtin-bnd-chk-ptr-lbounds-1-nov.c -O3 -g (test for excess errors)
UNRESOLVED: gcc.target/i386/mpx/builtin-bnd-chk-ptr-lbounds-1-nov.c -O3 -g compilation failed to produce executable
FAIL: gcc.target/i386/mpx/builtin-bnd-chk-ptr-ubounds-1-nov.c -O2 -flto -fuse-linker-plugin -fno-fat-lto-objects (internal compiler error)
FAIL: gcc.target/i386/mpx/builtin-bnd-chk-ptr-ubounds-1-nov.c -O2 -flto -fuse-linker-plugin -fno-fat-lto-objects (test for excess errors)
UNRESOLVED: gcc.target/i386/mpx/builtin-bnd-chk-ptr-ubounds-1-nov.c -O2 -flto -fuse-linker-plugin -fno-fat-lto-objects compilation failed to produce executable
FAIL: gcc.target/i386/mpx/builtin-bnd-chk-ptr-ubounds-1-nov.c -O3 -g (internal compiler error)
FAIL: gcc.target/i386/mpx/builtin-bnd-chk-ptr-ubounds-1-nov.c -O3 -g (test for excess errors)
UNRESOLVED: gcc.target/i386/mpx/builtin-bnd-chk-ptr-ubounds-1-nov.c -O3 -g compilation failed to produce executable
FAIL: gcc.target/i386/mpx/builtin-bnd-chk-ptr-ubounds-1-ubv.c -O2 -flto -fuse-linker-plugin -fno-fat-lto-objects (internal compiler error)
FAIL: gcc.target/i386/mpx/builtin-bnd-chk-ptr-ubounds-1-ubv.c -O2 -flto -fuse-linker-plugin -fno-fat-lto-objects (test for excess errors)
UNRESOLVED: gcc.target/i386/mpx/builtin-bnd-chk-ptr-ubounds-1-ubv.c -O2 -flto -fuse-linker-plugin -fno-fat-lto-objects compilation failed to produce executable
FAIL: gcc.target/i386/mpx/builtin-bnd-chk-ptr-ubounds-1-ubv.c -O3 -g (internal compiler error)
FAIL: gcc.target/i386/mpx/builtin-bnd-chk-ptr-ubounds-1-ubv.c -O3 -g (test for excess errors)
UNRESOLVED: gcc.target/i386/mpx/builtin-bnd-chk-ptr-ubounds-1-ubv.c -O3 -g compilation failed to produce executable
FAIL: gcc.target/i386/mpx/builtin-bnd-copy-ptr-bounds-1.c -O2 -flto -fuse-linker-plugin -fno-fat-lto-objects (internal compiler error)
FAIL: gcc.target/i386/mpx/builtin-bnd-copy-ptr-bounds-1.c -O2 -flto -fuse-linker-plugin -fno-fat-lto-objects (test for excess errors)
UNRESOLVED: gcc.target/i386/mpx/builtin-bnd-copy-ptr-bounds-1.c -O2 -flto -fuse-linker-plugin -fno-fat-lto-objects compilation failed to produce executable
FAIL: gcc.target/i386/mpx/builtin-bnd-copy-ptr-bounds-1.c -O3 -g (internal compiler error)
FAIL: gcc.target/i386/mpx/builtin-bnd-copy-ptr-bounds-1.c -O3 -g (test for excess errors)
UNRESOLVED: gcc.target/i386/mpx/builtin-bnd-copy-ptr-bounds-1.c -O3 -g compilation failed to produce executable
FAIL: gcc.target/i386/mpx/builtin-bnd-copy-ptr-bounds-2-lbv.c -O2 -flto -fuse-linker-plugin -fno-fat-lto-objects (internal compiler error)
FAIL: gcc.target/i386/mpx/builtin-bnd-copy-ptr-bounds-2-lbv.c -O2 -flto -fuse-linker-plugin -fno-fat-lto-objects (test for excess errors)
UNRESOLVED: gcc.target/i386/mpx/builtin-bnd-copy-ptr-bounds-2-lbv.c -O2 -flto -fuse-linker-plugin -fno-fat-lto-objects compilation failed to produce executable
FAIL: gcc.target/i386/mpx/builtin-bnd-copy-ptr-bounds-2-lbv.c -O3 -g (internal compiler error)
FAIL: gcc.target/i386/mpx/builtin-bnd-copy-ptr-bounds-2-lbv.c -O3 -g (test for excess errors)
UNRESOLVED: gcc.target/i386/mpx/builtin-bnd-copy-ptr-bounds-2-lbv.c -O3 -g compilation failed to produce executable
FAIL: gcc.target/i386/mpx/builtin-bnd-copy-ptr-bounds-2-nov.c -O2 -flto -fuse-linker-plugin -fno-fat-lto-objects (internal compiler error)
FAIL: gcc.target/i386/mpx/builtin-bnd-copy-ptr-bounds-2-nov.c -O2 -flto -fuse-linker-plugin -fno-fat-lto-objects (test for excess errors)
UNRESOLVED: gcc.target/i386/mpx/builtin-bnd-copy-ptr-bounds-2-nov.c -O2 -flto -fuse-linker-plugin -fno-fat-lto-objects compilation failed to produce executable
FAIL: gcc.target/i386/mpx/builtin-bnd-copy-ptr-bounds-2-nov.c -O3 -g (internal compiler error)
FAIL: gcc.target/i386/mpx/builtin-bnd-copy-ptr-bounds-2-nov.c -O3 -g (test for excess errors)
UNRESOLVED: gcc.target/i386/mpx/builtin-bnd-copy-ptr-bounds-2-nov.c -O3 -g compilation failed to produce executable
FAIL: gcc.target/i386/mpx/builtin-bnd-copy-ptr-bounds-2-ubv.c -O2 -flto -fuse-linker-plugin -fno-fat-lto-objects (internal compiler error)
FAIL: gcc.target/i386/mpx/builtin-bnd-copy-ptr-bounds-2-ubv.c -O2 -flto -fuse-linker-plugin -fno-fat-lto-objects (test for excess errors)
UNRESOLVED: gcc.target/i386/mpx/builtin-bnd-copy-ptr-bounds-2-ubv.c -O2 -flto -fuse-linker-plugin -fno-fat-lto-objects compilation failed to produce executable
FAIL: gcc.target/i386/mpx/builtin-bnd-copy-ptr-bounds-2-ubv.c -O3 -g (internal compiler error)
FAIL: gcc.target/i386/mpx/builtin-bnd-copy-ptr-bounds-2-ubv.c -O3 -g (test for excess errors)
UNRESOLVED: gcc.target/i386/mpx/builtin-bnd-copy-ptr-bounds-2-ubv.c -O3 -g compilation failed to produce executable
FAIL: gcc.target/i386/mpx/builtin-bnd-get-ptr-lbound-1.c -O2 -flto -fuse-linker-plugin -fno-fat-lto-objects (internal compiler error)
FAIL: gcc.target/i386/mpx/builtin-bnd-get-ptr-lbound-1.c -O2 -flto -fuse-linker-plugin -fno-fat-lto-objects (test for excess errors)
UNRESOLVED: gcc.target/i386/mpx/builtin-bnd-get-ptr-lbound-1.c -O2 -flto -fuse-linker-plugin -fno-fat-lto-objects compilation failed to produce executable
FAIL: gcc.target/i386/mpx/builtin-bnd-get-ptr-lbound-1.c -O3 -g (internal compiler error)
FAIL: gcc.target/i386/mpx/builtin-bnd-get-ptr-lbound-1.c -O3 -g (test for excess errors)
UNRESOLVED: gcc.target/i386/mpx/builtin-bnd-get-ptr-lbound-1.c -O3 -g compilation failed to produce executable
FAIL: gcc.target/i386/mpx/builtin-bnd-get-ptr-ubound-1.c -O2 -flto -fuse-linker-plugin -fno-fat-lto-objects (internal compiler error)
FAIL: gcc.target/i386/mpx/builtin-bnd-get-ptr-ubound-1.c -O2 -flto -fuse-linker-plugin -fno-fat-lto-objects (test for excess errors)
UNRESOLVED: gcc.target/i386/mpx/builtin-bnd-get-ptr-ubound-1.c -O2 -flto -fuse-linker-plugin -fno-fat-lto-objects compilation failed to produce executable
FAIL: gcc.target/i386/mpx/builtin-bnd-get-ptr-ubound-1.c -O3 -g (internal compiler error)
FAIL: gcc.target/i386/mpx/builtin-bnd-get-ptr-ubound-1.c -O3 -g (test for excess errors)
UNRESOLVED: gcc.target/i386/mpx/builtin-bnd-get-ptr-ubound-1.c -O3 -g compilation failed to produce executable
FAIL: gcc.target/i386/mpx/builtin-bnd-init-ptr-bounds-1.c -O2 -flto -fuse-linker-plugin -fno-fat-lto-objects (internal compiler error)
FAIL: gcc.target/i386/mpx/builtin-bnd-init-ptr-bounds-1.c -O2 -flto -fuse-linker-plugin -fno-fat-lto-objects (test for excess errors)
UNRESOLVED: gcc.target/i386/mpx/builtin-bnd-init-ptr-bounds-1.c -O2 -flto -fuse-linker-plugin -fno-fat-lto-objects compilation failed to produce executable
FAIL: gcc.target/i386/mpx/builtin-bnd-init-ptr-bounds-1.c -O3 -g (internal compiler error)
FAIL: gcc.target/i386/mpx/builtin-bnd-init-ptr-bounds-1.c -O3 -g (test for excess errors)
UNRESOLVED: gcc.target/i386/mpx/builtin-bnd-init-ptr-bounds-1.c -O3 -g compilation failed to produce executable
FAIL: gcc.target/i386/mpx/builtin-bnd-init-ptr-bounds-2-nov.c -O2 -flto -fuse-linker-plugin -fno-fat-lto-objects (internal compiler error)
FAIL: gcc.target/i386/mpx/builtin-bnd-init-ptr-bounds-2-nov.c -O2 -flto -fuse-linker-plugin -fno-fat-lto-objects (test for excess errors)
UNRESOLVED: gcc.target/i386/mpx/builtin-bnd-init-ptr-bounds-2-nov.c -O2 -flto -fuse-linker-plugin -fno-fat-lto-objects compilation failed to produce executable
FAIL: gcc.target/i386/mpx/builtin-bnd-init-ptr-bounds-2-nov.c -O3 -g (internal compiler error)
FAIL: gcc.target/i386/mpx/builtin-bnd-init-ptr-bounds-2-nov.c -O3 -g (test for excess errors)
UNRESOLVED: gcc.target/i386/mpx/builtin-bnd-init-ptr-bounds-2-nov.c -O3 -g compilation failed to produce executable
FAIL: gcc.target/i386/mpx/builtin-bnd-narrow-ptr-bounds-1.c -O2 -flto -fuse-linker-plugin -fno-fat-lto-objects (internal compiler error)
FAIL: gcc.target/i386/mpx/builtin-bnd-narrow-ptr-bounds-1.c -O2 -flto -fuse-linker-plugin -fno-fat-lto-objects (test for excess errors)
UNRESOLVED: gcc.target/i386/mpx/builtin-bnd-narrow-ptr-bounds-1.c -O2 -flto -fuse-linker-plugin -fno-fat-lto-objects compilation failed to produce executable
FAIL: gcc.target/i386/mpx/builtin-bnd-narrow-ptr-bounds-1.c -O3 -g (internal compiler error)
FAIL: gcc.target/i386/mpx/builtin-bnd-narrow-ptr-bounds-1.c -O3 -g (test for excess errors)
UNRESOLVED: gcc.target/i386/mpx/builtin-bnd-narrow-ptr-bounds-1.c -O3 -g compilation failed to produce executable
FAIL: gcc.target/i386/mpx/builtin-bnd-narrow-ptr-bounds-2-lbv.c -O2 -flto -fuse-linker-plugin -fno-fat-lto-objects (internal compiler error)
FAIL: gcc.target/i386/mpx/builtin-bnd-narrow-ptr-bounds-2-lbv.c -O2 -flto -fuse-linker-plugin -fno-fat-lto-objects (test for excess errors)
UNRESOLVED: gcc.target/i386/mpx/builtin-bnd-narrow-ptr-bounds-2-lbv.c -O2 -flto -fuse-linker-plugin -fno-fat-lto-objects compilation failed to produce executable
FAIL: gcc.target/i386/mpx/builtin-bnd-narrow-ptr-bounds-2-lbv.c -O3 -g (internal compiler error)
FAIL: gcc.target/i386/mpx/builtin-bnd-narrow-ptr-bounds-2-lbv.c -O3 -g (test for excess errors)
UNRESOLVED: gcc.target/i386/mpx/builtin-bnd-narrow-ptr-bounds-2-lbv.c -O3 -g compilation failed to produce executable
FAIL: gcc.target/i386/mpx/builtin-bnd-narrow-ptr-bounds-2-nov.c -O2 -flto -fuse-linker-plugin -fno-fat-lto-objects (internal compiler error)
FAIL: gcc.target/i386/mpx/builtin-bnd-narrow-ptr-bounds-2-nov.c -O2 -flto -fuse-linker-plugin -fno-fat-lto-objects (test for excess errors)
UNRESOLVED: gcc.target/i386/mpx/builtin-bnd-narrow-ptr-bounds-2-nov.c -O2 -flto -fuse-linker-plugin -fno-fat-lto-objects compilation failed to produce executable
FAIL: gcc.target/i386/mpx/builtin-bnd-narrow-ptr-bounds-2-nov.c -O3 -g (internal compiler error)
FAIL: gcc.target/i386/mpx/builtin-bnd-narrow-ptr-bounds-2-nov.c -O3 -g (test for excess errors)
UNRESOLVED: gcc.target/i386/mpx/builtin-bnd-narrow-ptr-bounds-2-nov.c -O3 -g compilation failed to produce executable
FAIL: gcc.target/i386/mpx/builtin-bnd-narrow-ptr-bounds-2-ubv.c -O2 -flto -fuse-linker-plugin -fno-fat-lto-objects (internal compiler error)
FAIL: gcc.target/i386/mpx/builtin-bnd-narrow-ptr-bounds-2-ubv.c -O2 -flto -fuse-linker-plugin -fno-fat-lto-objects (test for excess errors)
UNRESOLVED: gcc.target/i386/mpx/builtin-bnd-narrow-ptr-bounds-2-ubv.c -O2 -flto -fuse-linker-plugin -fno-fat-lto-objects compilation failed to produce executable
FAIL: gcc.target/i386/mpx/builtin-bnd-narrow-ptr-bounds-2-ubv.c -O3 -g (internal compiler error)
FAIL: gcc.target/i386/mpx/builtin-bnd-narrow-ptr-bounds-2-ubv.c -O3 -g (test for excess errors)
UNRESOLVED: gcc.target/i386/mpx/builtin-bnd-narrow-ptr-bounds-2-ubv.c -O3 -g compilation failed to produce executable
FAIL: gcc.target/i386/mpx/builtin-bnd-narrow-ptr-bounds-3-lbv.c -O2 -flto -fuse-linker-plugin -fno-fat-lto-objects (internal compiler error)
FAIL: gcc.target/i386/mpx/builtin-bnd-narrow-ptr-bounds-3-lbv.c -O2 -flto -fuse-linker-plugin -fno-fat-lto-objects (test for excess errors)
UNRESOLVED: gcc.target/i386/mpx/builtin-bnd-narrow-ptr-bounds-3-lbv.c -O2 -flto -fuse-linker-plugin -fno-fat-lto-objects compilation failed to produce executable
FAIL: gcc.target/i386/mpx/builtin-bnd-narrow-ptr-bounds-3-lbv.c -O3 -g (internal compiler error)
FAIL: gcc.target/i386/mpx/builtin-bnd-narrow-ptr-bounds-3-lbv.c -O3 -g (test for excess errors)
UNRESOLVED: gcc.target/i386/mpx/builtin-bnd-narrow-ptr-bounds-3-lbv.c -O3 -g compilation failed to produce executable
FAIL: gcc.target/i386/mpx/builtin-bnd-narrow-ptr-bounds-3-nov.c -O2 -flto -fuse-linker-plugin -fno-fat-lto-objects (internal compiler error)
FAIL: gcc.target/i386/mpx/builtin-bnd-narrow-ptr-bounds-3-nov.c -O2 -flto -fuse-linker-plugin -fno-fat-lto-objects (test for excess errors)
UNRESOLVED: gcc.target/i386/mpx/builtin-bnd-narrow-ptr-bounds-3-nov.c -O2 -flto -fuse-linker-plugin -fno-fat-lto-objects compilation failed to produce executable
FAIL: gcc.target/i386/mpx/builtin-bnd-narrow-ptr-bounds-3-nov.c -O3 -g (internal compiler error)
FAIL: gcc.target/i386/mpx/builtin-bnd-narrow-ptr-bounds-3-nov.c -O3 -g (test for excess errors)
UNRESOLVED: gcc.target/i386/mpx/builtin-bnd-narrow-ptr-bounds-3-nov.c -O3 -g compilation failed to produce executable
FAIL: gcc.target/i386/mpx/builtin-bnd-narrow-ptr-bounds-3-ubv.c -O2 -flto -fuse-linker-plugin -fno-fat-lto-objects (internal compiler error)
FAIL: gcc.target/i386/mpx/builtin-bnd-narrow-ptr-bounds-3-ubv.c -O2 -flto -fuse-linker-plugin -fno-fat-lto-objects (test for excess errors)
UNRESOLVED: gcc.target/i386/mpx/builtin-bnd-narrow-ptr-bounds-3-ubv.c -O2 -flto -fuse-linker-plugin -fno-fat-lto-objects compilation failed to produce executable
FAIL: gcc.target/i386/mpx/builtin-bnd-narrow-ptr-bounds-3-ubv.c -O3 -g (internal compiler error)
FAIL: gcc.target/i386/mpx/builtin-bnd-narrow-ptr-bounds-3-ubv.c -O3 -g (test for excess errors)
UNRESOLVED: gcc.target/i386/mpx/builtin-bnd-narrow-ptr-bounds-3-ubv.c -O3 -g compilation failed to produce executable
FAIL: gcc.target/i386/mpx/builtin-bnd-null-ptr-bounds-1-bbv.c -O2 -flto -fuse-linker-plugin -fno-fat-lto-objects (internal compiler error)
FAIL: gcc.target/i386/mpx/builtin-bnd-null-ptr-bounds-1-bbv.c -O2 -flto -fuse-linker-plugin -fno-fat-lto-objects (test for excess errors)
UNRESOLVED: gcc.target/i386/mpx/builtin-bnd-null-ptr-bounds-1-bbv.c -O2 -flto -fuse-linker-plugin -fno-fat-lto-objects compilation failed to produce executable
FAIL: gcc.target/i386/mpx/builtin-bnd-null-ptr-bounds-1-bbv.c -O3 -g (internal compiler error)
FAIL: gcc.target/i386/mpx/builtin-bnd-null-ptr-bounds-1-bbv.c -O3 -g (test for excess errors)
UNRESOLVED: gcc.target/i386/mpx/builtin-bnd-null-ptr-bounds-1-bbv.c -O3 -g compilation failed to produce executable
FAIL: gcc.target/i386/mpx/builtin-bnd-set-ptr-bounds-1.c -O2 -flto -fuse-linker-plugin -fno-fat-lto-objects (internal compiler error)
FAIL: gcc.target/i386/mpx/builtin-bnd-set-ptr-bounds-1.c -O2 -flto -fuse-linker-plugin -fno-fat-lto-objects (test for excess errors)
UNRESOLVED: gcc.target/i386/mpx/builtin-bnd-set-ptr-bounds-1.c -O2 -flto -fuse-linker-plugin -fno-fat-lto-objects compilation failed to produce executable
FAIL: gcc.target/i386/mpx/builtin-bnd-set-ptr-bounds-1.c -O3 -g (internal compiler error)
FAIL: gcc.target/i386/mpx/builtin-bnd-set-ptr-bounds-1.c -O3 -g (test for excess errors)
UNRESOLVED: gcc.target/i386/mpx/builtin-bnd-set-ptr-bounds-1.c -O3 -g compilation failed to produce executable
FAIL: gcc.target/i386/mpx/builtin-bnd-set-ptr-bounds-2-lbv.c -O2 -flto -fuse-linker-plugin -fno-fat-lto-objects (internal compiler error)
FAIL: gcc.target/i386/mpx/builtin-bnd-set-ptr-bounds-2-lbv.c -O2 -flto -fuse-linker-plugin -fno-fat-lto-objects (test for excess errors)
UNRESOLVED: gcc.target/i386/mpx/builtin-bnd-set-ptr-bounds-2-lbv.c -O2 -flto -fuse-linker-plugin -fno-fat-lto-objects compilation failed to produce executable
FAIL: gcc.target/i386/mpx/builtin-bnd-set-ptr-bounds-2-lbv.c -O3 -g (internal compiler error)
FAIL: gcc.target/i386/mpx/builtin-bnd-set-ptr-bounds-2-lbv.c -O3 -g (test for excess errors)
UNRESOLVED: gcc.target/i386/mpx/builtin-bnd-set-ptr-bounds-2-lbv.c -O3 -g compilation failed to produce executable
FAIL: gcc.target/i386/mpx/builtin-bnd-set-ptr-bounds-2-nov.c -O2 -flto -fuse-linker-plugin -fno-fat-lto-objects (internal compiler error)
FAIL: gcc.target/i386/mpx/builtin-bnd-set-ptr-bounds-2-nov.c -O2 -flto -fuse-linker-plugin -fno-fat-lto-objects (test for excess errors)
UNRESOLVED: gcc.target/i386/mpx/builtin-bnd-set-ptr-bounds-2-nov.c -O2 -flto -fuse-linker-plugin -fno-fat-lto-objects compilation failed to produce executable
FAIL: gcc.target/i386/mpx/builtin-bnd-set-ptr-bounds-2-nov.c -O3 -g (internal compiler error)
FAIL: gcc.target/i386/mpx/builtin-bnd-set-ptr-bounds-2-nov.c -O3 -g (test for excess errors)
UNRESOLVED: gcc.target/i386/mpx/builtin-bnd-set-ptr-bounds-2-nov.c -O3 -g compilation failed to produce executable
FAIL: gcc.target/i386/mpx/builtin-bnd-set-ptr-bounds-2-ubv.c -O2 -flto -fuse-linker-plugin -fno-fat-lto-objects (internal compiler error)
FAIL: gcc.target/i386/mpx/builtin-bnd-set-ptr-bounds-2-ubv.c -O2 -flto -fuse-linker-plugin -fno-fat-lto-objects (test for excess errors)
UNRESOLVED: gcc.target/i386/mpx/builtin-bnd-set-ptr-bounds-2-ubv.c -O2 -flto -fuse-linker-plugin -fno-fat-lto-objects compilation failed to produce executable
FAIL: gcc.target/i386/mpx/builtin-bnd-set-ptr-bounds-2-ubv.c -O3 -g (internal compiler error)
FAIL: gcc.target/i386/mpx/builtin-bnd-set-ptr-bounds-2-ubv.c -O3 -g (test for excess errors)
UNRESOLVED: gcc.target/i386/mpx/builtin-bnd-set-ptr-bounds-2-ubv.c -O3 -g compilation failed to produce executable
FAIL: gcc.target/i386/mpx/builtin-bnd-store-ptr-bounds-1-lbv.c -O2 -flto -fuse-linker-plugin -fno-fat-lto-objects (internal compiler error)
FAIL: gcc.target/i386/mpx/builtin-bnd-store-ptr-bounds-1-lbv.c -O2 -flto -fuse-linker-plugin -fno-fat-lto-objects (test for excess errors)
UNRESOLVED: gcc.target/i386/mpx/builtin-bnd-store-ptr-bounds-1-lbv.c -O2 -flto -fuse-linker-plugin -fno-fat-lto-objects compilation failed to produce executable
FAIL: gcc.target/i386/mpx/builtin-bnd-store-ptr-bounds-1-lbv.c -O3 -g (internal compiler error)
FAIL: gcc.target/i386/mpx/builtin-bnd-store-ptr-bounds-1-lbv.c -O3 -g (test for excess errors)
UNRESOLVED: gcc.target/i386/mpx/builtin-bnd-store-ptr-bounds-1-lbv.c -O3 -g compilation failed to produce executable
FAIL: gcc.target/i386/mpx/builtin-bnd-store-ptr-bounds-1-nov.c -O2 -flto -fuse-linker-plugin -fno-fat-lto-objects (internal compiler error)
FAIL: gcc.target/i386/mpx/builtin-bnd-store-ptr-bounds-1-nov.c -O2 -flto -fuse-linker-plugin -fno-fat-lto-objects (test for excess errors)
UNRESOLVED: gcc.target/i386/mpx/builtin-bnd-store-ptr-bounds-1-nov.c -O2 -flto -fuse-linker-plugin -fno-fat-lto-objects compilation failed to produce executable
FAIL: gcc.target/i386/mpx/builtin-bnd-store-ptr-bounds-1-nov.c -O3 -g (internal compiler error)
FAIL: gcc.target/i386/mpx/builtin-bnd-store-ptr-bounds-1-nov.c -O3 -g (test for excess errors)
UNRESOLVED: gcc.target/i386/mpx/builtin-bnd-store-ptr-bounds-1-nov.c -O3 -g compilation failed to produce executable
FAIL: gcc.target/i386/mpx/builtin-bnd-store-ptr-bounds-1-ubv.c -O2 -flto -fuse-linker-plugin -fno-fat-lto-objects (internal compiler error)
FAIL: gcc.target/i386/mpx/builtin-bnd-store-ptr-bounds-1-ubv.c -O2 -flto -fuse-linker-plugin -fno-fat-lto-objects (test for excess errors)
UNRESOLVED: gcc.target/i386/mpx/builtin-bnd-store-ptr-bounds-1-ubv.c -O2 -flto -fuse-linker-plugin -fno-fat-lto-objects compilation failed to produce executable
FAIL: gcc.target/i386/mpx/builtin-bnd-store-ptr-bounds-1-ubv.c -O3 -g (internal compiler error)
FAIL: gcc.target/i386/mpx/builtin-bnd-store-ptr-bounds-1-ubv.c -O3 -g (test for excess errors)
UNRESOLVED: gcc.target/i386/mpx/builtin-bnd-store-ptr-bounds-1-ubv.c -O3 -g compilation failed to produce executable
FAIL: gcc.target/i386/mpx/calloc-1-lbv.c -O2 -flto -fuse-linker-plugin -fno-fat-lto-objects (internal compiler error)
FAIL: gcc.target/i386/mpx/calloc-1-lbv.c -O2 -flto -fuse-linker-plugin -fno-fat-lto-objects (test for excess errors)
UNRESOLVED: gcc.target/i386/mpx/calloc-1-lbv.c -O2 -flto -fuse-linker-plugin -fno-fat-lto-objects compilation failed to produce executable
FAIL: gcc.target/i386/mpx/calloc-1-lbv.c -O3 -g (internal compiler error)
FAIL: gcc.target/i386/mpx/calloc-1-lbv.c -O3 -g (test for excess errors)
UNRESOLVED: gcc.target/i386/mpx/calloc-1-lbv.c -O3 -g compilation failed to produce executable
FAIL: gcc.target/i386/mpx/calloc-1-nov.c -O2 -flto -fuse-linker-plugin -fno-fat-lto-objects (internal compiler error)
FAIL: gcc.target/i386/mpx/calloc-1-nov.c -O2 -flto -fuse-linker-plugin -fno-fat-lto-objects (test for excess errors)
UNRESOLVED: gcc.target/i386/mpx/calloc-1-nov.c -O2 -flto -fuse-linker-plugin -fno-fat-lto-objects compilation failed to produce executable
FAIL: gcc.target/i386/mpx/calloc-1-nov.c -O3 -g (internal compiler error)
FAIL: gcc.target/i386/mpx/calloc-1-nov.c -O3 -g (test for excess errors)
UNRESOLVED: gcc.target/i386/mpx/calloc-1-nov.c -O3 -g compilation failed to produce executable
FAIL: gcc.target/i386/mpx/calloc-1-ubv.c -O2 -flto -fuse-linker-plugin -fno-fat-lto-objects (internal compiler error)
FAIL: gcc.target/i386/mpx/calloc-1-ubv.c -O2 -flto -fuse-linker-plugin -fno-fat-lto-objects (test for excess errors)
UNRESOLVED: gcc.target/i386/mpx/calloc-1-ubv.c -O2 -flto -fuse-linker-plugin -fno-fat-lto-objects compilation failed to produce executable
FAIL: gcc.target/i386/mpx/calloc-1-ubv.c -O3 -g (internal compiler error)
FAIL: gcc.target/i386/mpx/calloc-1-ubv.c -O3 -g (test for excess errors)
UNRESOLVED: gcc.target/i386/mpx/calloc-1-ubv.c -O3 -g compilation failed to produce executable
FAIL: gcc.target/i386/mpx/chkp-fix-calls-3.c -O0 (internal compiler error)
FAIL: gcc.target/i386/mpx/chkp-fix-calls-3.c -O0 (test for excess errors)
FAIL: gcc.target/i386/mpx/chkp-fix-calls-3.c -O1 (internal compiler error)
FAIL: gcc.target/i386/mpx/chkp-fix-calls-3.c -O1 (test for excess errors)
FAIL: gcc.target/i386/mpx/chkp-fix-calls-3.c -O2 (internal compiler error)
FAIL: gcc.target/i386/mpx/chkp-fix-calls-3.c -O2 (test for excess errors)
FAIL: gcc.target/i386/mpx/chkp-fix-calls-3.c -O2 -flto -fno-use-linker-plugin -flto-partition=none (internal compiler error)
FAIL: gcc.target/i386/mpx/chkp-fix-calls-3.c -O2 -flto -fno-use-linker-plugin -flto-partition=none (test for excess errors)
FAIL: gcc.target/i386/mpx/chkp-fix-calls-3.c -O3 -g (internal compiler error)
FAIL: gcc.target/i386/mpx/chkp-fix-calls-3.c -O3 -g (test for excess errors)
FAIL: gcc.target/i386/mpx/chkp-fix-calls-3.c -Os (internal compiler error)
FAIL: gcc.target/i386/mpx/chkp-fix-calls-3.c -Os (test for excess errors)
FAIL: gcc.target/i386/mpx/chkp-thunk-comdat-2.cc -O0 (internal compiler error)
FAIL: gcc.target/i386/mpx/chkp-thunk-comdat-2.cc -O0 (test for excess errors)
FAIL: gcc.target/i386/mpx/chkp-thunk-comdat-2.cc -O1 (internal compiler error)
FAIL: gcc.target/i386/mpx/chkp-thunk-comdat-2.cc -O1 (test for excess errors)
FAIL: gcc.target/i386/mpx/chkp-thunk-comdat-2.cc -O2 (internal compiler error)
FAIL: gcc.target/i386/mpx/chkp-thunk-comdat-2.cc -O2 (test for excess errors)
FAIL: gcc.target/i386/mpx/chkp-thunk-comdat-2.cc -O2 -flto -fno-use-linker-plugin -flto-partition=none (internal compiler error)
FAIL: gcc.target/i386/mpx/chkp-thunk-comdat-2.cc -O2 -flto -fno-use-linker-plugin -flto-partition=none (test for excess errors)
FAIL: gcc.target/i386/mpx/chkp-thunk-comdat-2.cc -O3 -g (internal compiler error)
FAIL: gcc.target/i386/mpx/chkp-thunk-comdat-2.cc -O3 -g (test for excess errors)
FAIL: gcc.target/i386/mpx/chkp-thunk-comdat-2.cc -Os (internal compiler error)
FAIL: gcc.target/i386/mpx/chkp-thunk-comdat-2.cc -Os (test for excess errors)
FAIL: gcc.target/i386/mpx/fastcall-1-lbv.c -O2 -flto -fuse-linker-plugin -fno-fat-lto-objects (internal compiler error)
FAIL: gcc.target/i386/mpx/fastcall-1-lbv.c -O2 -flto -fuse-linker-plugin -fno-fat-lto-objects (test for excess errors)
UNRESOLVED: gcc.target/i386/mpx/fastcall-1-lbv.c -O2 -flto -fuse-linker-plugin -fno-fat-lto-objects compilation failed to produce executable
FAIL: gcc.target/i386/mpx/fastcall-1-lbv.c -O3 -g (internal compiler error)
FAIL: gcc.target/i386/mpx/fastcall-1-lbv.c -O3 -g (test for excess errors)
UNRESOLVED: gcc.target/i386/mpx/fastcall-1-lbv.c -O3 -g compilation failed to produce executable
FAIL: gcc.target/i386/mpx/fastcall-1-nov.c -O2 -flto -fuse-linker-plugin -fno-fat-lto-objects (internal compiler error)
FAIL: gcc.target/i386/mpx/fastcall-1-nov.c -O2 -flto -fuse-linker-plugin -fno-fat-lto-objects (test for excess errors)
UNRESOLVED: gcc.target/i386/mpx/fastcall-1-nov.c -O2 -flto -fuse-linker-plugin -fno-fat-lto-objects compilation failed to produce executable
FAIL: gcc.target/i386/mpx/fastcall-1-nov.c -O3 -g (internal compiler error)
FAIL: gcc.target/i386/mpx/fastcall-1-nov.c -O3 -g (test for excess errors)
UNRESOLVED: gcc.target/i386/mpx/fastcall-1-nov.c -O3 -g compilation failed to produce executable
FAIL: gcc.target/i386/mpx/fastcall-1-ubv.c -O2 -flto -fuse-linker-plugin -fno-fat-lto-objects (internal compiler error)
FAIL: gcc.target/i386/mpx/fastcall-1-ubv.c -O2 -flto -fuse-linker-plugin -fno-fat-lto-objects (test for excess errors)
UNRESOLVED: gcc.target/i386/mpx/fastcall-1-ubv.c -O2 -flto -fuse-linker-plugin -fno-fat-lto-objects compilation failed to produce executable
FAIL: gcc.target/i386/mpx/fastcall-1-ubv.c -O3 -g (internal compiler error)
FAIL: gcc.target/i386/mpx/fastcall-1-ubv.c -O3 -g (test for excess errors)
UNRESOLVED: gcc.target/i386/mpx/fastcall-1-ubv.c -O3 -g compilation failed to produce executable
FAIL: gcc.target/i386/mpx/fastcall-2-lbv.c -O2 -flto -fuse-linker-plugin -fno-fat-lto-objects (internal compiler error)
FAIL: gcc.target/i386/mpx/fastcall-2-lbv.c -O2 -flto -fuse-linker-plugin -fno-fat-lto-objects (test for excess errors)
UNRESOLVED: gcc.target/i386/mpx/fastcall-2-lbv.c -O2 -flto -fuse-linker-plugin -fno-fat-lto-objects compilation failed to produce executable
FAIL: gcc.target/i386/mpx/fastcall-2-lbv.c -O3 -g (internal compiler error)
FAIL: gcc.target/i386/mpx/fastcall-2-lbv.c -O3 -g (test for excess errors)
UNRESOLVED: gcc.target/i386/mpx/fastcall-2-lbv.c -O3 -g compilation failed to produce executable
FAIL: gcc.target/i386/mpx/fastcall-2-nov.c -O2 -flto -fuse-linker-plugin -fno-fat-lto-objects (internal compiler error)
FAIL: gcc.target/i386/mpx/fastcall-2-nov.c -O2 -flto -fuse-linker-plugin -fno-fat-lto-objects (test for excess errors)
UNRESOLVED: gcc.target/i386/mpx/fastcall-2-nov.c -O2 -flto -fuse-linker-plugin -fno-fat-lto-objects compilation failed to produce executable
FAIL: gcc.target/i386/mpx/fastcall-2-nov.c -O3 -g (internal compiler error)
FAIL: gcc.target/i386/mpx/fastcall-2-nov.c -O3 -g (test for excess errors)
UNRESOLVED: gcc.target/i386/mpx/fastcall-2-nov.c -O3 -g compilation failed to produce executable
FAIL: gcc.target/i386/mpx/fastcall-2-ubv.c -O2 -flto -fuse-linker-plugin -fno-fat-lto-objects (internal compiler error)
FAIL: gcc.target/i386/mpx/fastcall-2-ubv.c -O2 -flto -fuse-linker-plugin -fno-fat-lto-objects (test for excess errors)
UNRESOLVED: gcc.target/i386/mpx/fastcall-2-ubv.c -O2 -flto -fuse-linker-plugin -fno-fat-lto-objects compilation failed to produce executable
FAIL: gcc.target/i386/mpx/fastcall-2-ubv.c -O3 -g (internal compiler error)
FAIL: gcc.target/i386/mpx/fastcall-2-ubv.c -O3 -g (test for excess errors)
UNRESOLVED: gcc.target/i386/mpx/fastcall-2-ubv.c -O3 -g compilation failed to produce executable
FAIL: gcc.target/i386/mpx/field-addr-1-lbv.c -O2 -flto -fuse-linker-plugin -fno-fat-lto-objects (internal compiler error)
FAIL: gcc.target/i386/mpx/field-addr-1-lbv.c -O2 -flto -fuse-linker-plugin -fno-fat-lto-objects (test for excess errors)
UNRESOLVED: gcc.target/i386/mpx/field-addr-1-lbv.c -O2 -flto -fuse-linker-plugin -fno-fat-lto-objects compilation failed to produce executable
FAIL: gcc.target/i386/mpx/field-addr-1-lbv.c -O3 -g (internal compiler error)
FAIL: gcc.target/i386/mpx/field-addr-1-lbv.c -O3 -g (test for excess errors)
UNRESOLVED: gcc.target/i386/mpx/field-addr-1-lbv.c -O3 -g compilation failed to produce executable
FAIL: gcc.target/i386/mpx/field-addr-1-nov.c -O2 -flto -fuse-linker-plugin -fno-fat-lto-objects (internal compiler error)
FAIL: gcc.target/i386/mpx/field-addr-1-nov.c -O2 -flto -fuse-linker-plugin -fno-fat-lto-objects (test for excess errors)
UNRESOLVED: gcc.target/i386/mpx/field-addr-1-nov.c -O2 -flto -fuse-linker-plugin -fno-fat-lto-objects compilation failed to produce executable
FAIL: gcc.target/i386/mpx/field-addr-1-nov.c -O3 -g (internal compiler error)
FAIL: gcc.target/i386/mpx/field-addr-1-nov.c -O3 -g (test for excess errors)
UNRESOLVED: gcc.target/i386/mpx/field-addr-1-nov.c -O3 -g compilation failed to produce executable
FAIL: gcc.target/i386/mpx/field-addr-1-ubv.c -O2 -flto -fuse-linker-plugin -fno-fat-lto-objects (internal compiler error)
FAIL: gcc.target/i386/mpx/field-addr-1-ubv.c -O2 -flto -fuse-linker-plugin -fno-fat-lto-objects (test for excess errors)
UNRESOLVED: gcc.target/i386/mpx/field-addr-1-ubv.c -O2 -flto -fuse-linker-plugin -fno-fat-lto-objects compilation failed to produce executable
FAIL: gcc.target/i386/mpx/field-addr-1-ubv.c -O3 -g (internal compiler error)
FAIL: gcc.target/i386/mpx/field-addr-1-ubv.c -O3 -g (test for excess errors)
UNRESOLVED: gcc.target/i386/mpx/field-addr-1-ubv.c -O3 -g compilation failed to produce executable
FAIL: gcc.target/i386/mpx/field-addr-10-lbv.c -O2 -flto -fuse-linker-plugin -fno-fat-lto-objects (internal compiler error)
FAIL: gcc.target/i386/mpx/field-addr-10-lbv.c -O2 -flto -fuse-linker-plugin -fno-fat-lto-objects (test for excess errors)
UNRESOLVED: gcc.target/i386/mpx/field-addr-10-lbv.c -O2 -flto -fuse-linker-plugin -fno-fat-lto-objects compilation failed to produce executable
FAIL: gcc.target/i386/mpx/field-addr-10-lbv.c -O3 -g (internal compiler error)
FAIL: gcc.target/i386/mpx/field-addr-10-lbv.c -O3 -g (test for excess errors)
UNRESOLVED: gcc.target/i386/mpx/field-addr-10-lbv.c -O3 -g compilation failed to produce executable
FAIL: gcc.target/i386/mpx/field-addr-10-nov.c -O2 -flto -fuse-linker-plugin -fno-fat-lto-objects (internal compiler error)
FAIL: gcc.target/i386/mpx/field-addr-10-nov.c -O2 -flto -fuse-linker-plugin -fno-fat-lto-objects (test for excess errors)
UNRESOLVED: gcc.target/i386/mpx/field-addr-10-nov.c -O2 -flto -fuse-linker-plugin -fno-fat-lto-objects compilation failed to produce executable
FAIL: gcc.target/i386/mpx/field-addr-10-nov.c -O3 -g (internal compiler error)
FAIL: gcc.target/i386/mpx/field-addr-10-nov.c -O3 -g (test for excess errors)
UNRESOLVED: gcc.target/i386/mpx/field-addr-10-nov.c -O3 -g compilation failed to produce executable
FAIL: gcc.target/i386/mpx/field-addr-10-ubv.c -O2 -flto -fuse-linker-plugin -fno-fat-lto-objects (internal compiler error)
FAIL: gcc.target/i386/mpx/field-addr-10-ubv.c -O2 -flto -fuse-linker-plugin -fno-fat-lto-objects (test for excess errors)
UNRESOLVED: gcc.target/i386/mpx/field-addr-10-ubv.c -O2 -flto -fuse-linker-plugin -fno-fat-lto-objects compilation failed to produce executable
FAIL: gcc.target/i386/mpx/field-addr-10-ubv.c -O3 -g (internal compiler error)
FAIL: gcc.target/i386/mpx/field-addr-10-ubv.c -O3 -g (test for excess errors)
UNRESOLVED: gcc.target/i386/mpx/field-addr-10-ubv.c -O3 -g compilation failed to produce executable
FAIL: gcc.target/i386/mpx/field-addr-2-lbv.c -O2 -flto -fuse-linker-plugin -fno-fat-lto-objects (internal compiler error)
FAIL: gcc.target/i386/mpx/field-addr-2-lbv.c -O2 -flto -fuse-linker-plugin -fno-fat-lto-objects (test for excess errors)
UNRESOLVED: gcc.target/i386/mpx/field-addr-2-lbv.c -O2 -flto -fuse-linker-plugin -fno-fat-lto-objects compilation failed to produce executable
FAIL: gcc.target/i386/mpx/field-addr-2-lbv.c -O3 -g (internal compiler error)
FAIL: gcc.target/i386/mpx/field-addr-2-lbv.c -O3 -g (test for excess errors)
UNRESOLVED: gcc.target/i386/mpx/field-addr-2-lbv.c -O3 -g compilation failed to produce executable
FAIL: gcc.target/i386/mpx/field-addr-2-nov.c -O2 -flto -fuse-linker-plugin -fno-fat-lto-objects (internal compiler error)
FAIL: gcc.target/i386/mpx/field-addr-2-nov.c -O2 -flto -fuse-linker-plugin -fno-fat-lto-objects (test for excess errors)
UNRESOLVED: gcc.target/i386/mpx/field-addr-2-nov.c -O2 -flto -fuse-linker-plugin -fno-fat-lto-objects compilation failed to produce executable
FAIL: gcc.target/i386/mpx/field-addr-2-nov.c -O3 -g (internal compiler error)
FAIL: gcc.target/i386/mpx/field-addr-2-nov.c -O3 -g (test for excess errors)
UNRESOLVED: gcc.target/i386/mpx/field-addr-2-nov.c -O3 -g compilation failed to produce executable
FAIL: gcc.target/i386/mpx/field-addr-2-ubv.c -O2 -flto -fuse-linker-plugin -fno-fat-lto-objects (internal compiler error)
FAIL: gcc.target/i386/mpx/field-addr-2-ubv.c -O2 -flto -fuse-linker-plugin -fno-fat-lto-objects (test for excess errors)
UNRESOLVED: gcc.target/i386/mpx/field-addr-2-ubv.c -O2 -flto -fuse-linker-plugin -fno-fat-lto-objects compilation failed to produce executable
FAIL: gcc.target/i386/mpx/field-addr-2-ubv.c -O3 -g (internal compiler error)
FAIL: gcc.target/i386/mpx/field-addr-2-ubv.c -O3 -g (test for excess errors)
UNRESOLVED: gcc.target/i386/mpx/field-addr-2-ubv.c -O3 -g compilation failed to produce executable
FAIL: gcc.target/i386/mpx/field-addr-3-lbv.c -O2 -flto -fuse-linker-plugin -fno-fat-lto-objects (internal compiler error)
FAIL: gcc.target/i386/mpx/field-addr-3-lbv.c -O2 -flto -fuse-linker-plugin -fno-fat-lto-objects (test for excess errors)
UNRESOLVED: gcc.target/i386/mpx/field-addr-3-lbv.c -O2 -flto -fuse-linker-plugin -fno-fat-lto-objects compilation failed to produce executable
FAIL: gcc.target/i386/mpx/field-addr-3-lbv.c -O3 -g (internal compiler error)
FAIL: gcc.target/i386/mpx/field-addr-3-lbv.c -O3 -g (test for excess errors)
UNRESOLVED: gcc.target/i386/mpx/field-addr-3-lbv.c -O3 -g compilation failed to produce executable
FAIL: gcc.target/i386/mpx/field-addr-3-nov.c -O2 -flto -fuse-linker-plugin -fno-fat-lto-objects (internal compiler error)
FAIL: gcc.target/i386/mpx/field-addr-3-nov.c -O2 -flto -fuse-linker-plugin -fno-fat-lto-objects (test for excess errors)
UNRESOLVED: gcc.target/i386/mpx/field-addr-3-nov.c -O2 -flto -fuse-linker-plugin -fno-fat-lto-objects compilation failed to produce executable
FAIL: gcc.target/i386/mpx/field-addr-3-nov.c -O3 -g (internal compiler error)
FAIL: gcc.target/i386/mpx/field-addr-3-nov.c -O3 -g (test for excess errors)
UNRESOLVED: gcc.target/i386/mpx/field-addr-3-nov.c -O3 -g compilation failed to produce executable
FAIL: gcc.target/i386/mpx/field-addr-3-ubv.c -O2 -flto -fuse-linker-plugin -fno-fat-lto-objects (internal compiler error)
FAIL: gcc.target/i386/mpx/field-addr-3-ubv.c -O2 -flto -fuse-linker-plugin -fno-fat-lto-objects (test for excess errors)
UNRESOLVED: gcc.target/i386/mpx/field-addr-3-ubv.c -O2 -flto -fuse-linker-plugin -fno-fat-lto-objects compilation failed to produce executable
FAIL: gcc.target/i386/mpx/field-addr-3-ubv.c -O3 -g (internal compiler error)
FAIL: gcc.target/i386/mpx/field-addr-3-ubv.c -O3 -g (test for excess errors)
UNRESOLVED: gcc.target/i386/mpx/field-addr-3-ubv.c -O3 -g compilation failed to produce executable
FAIL: gcc.target/i386/mpx/field-addr-4-lbv.c -O2 -flto -fuse-linker-plugin -fno-fat-lto-objects (internal compiler error)
FAIL: gcc.target/i386/mpx/field-addr-4-lbv.c -O2 -flto -fuse-linker-plugin -fno-fat-lto-objects (test for excess errors)
UNRESOLVED: gcc.target/i386/mpx/field-addr-4-lbv.c -O2 -flto -fuse-linker-plugin -fno-fat-lto-objects compilation failed to produce executable
FAIL: gcc.target/i386/mpx/field-addr-4-lbv.c -O3 -g (internal compiler error)
FAIL: gcc.target/i386/mpx/field-addr-4-lbv.c -O3 -g (test for excess errors)
UNRESOLVED: gcc.target/i386/mpx/field-addr-4-lbv.c -O3 -g compilation failed to produce executable
FAIL: gcc.target/i386/mpx/field-addr-4-nov.c -O2 -flto -fuse-linker-plugin -fno-fat-lto-objects (internal compiler error)
FAIL: gcc.target/i386/mpx/field-addr-4-nov.c -O2 -flto -fuse-linker-plugin -fno-fat-lto-objects (test for excess errors)
UNRESOLVED: gcc.target/i386/mpx/field-addr-4-nov.c -O2 -flto -fuse-linker-plugin -fno-fat-lto-objects compilation failed to produce executable
FAIL: gcc.target/i386/mpx/field-addr-4-nov.c -O3 -g (internal compiler error)
FAIL: gcc.target/i386/mpx/field-addr-4-nov.c -O3 -g (test for excess errors)
UNRESOLVED: gcc.target/i386/mpx/field-addr-4-nov.c -O3 -g compilation failed to produce executable
FAIL: gcc.target/i386/mpx/field-addr-4-ubv.c -O2 -flto -fuse-linker-plugin -fno-fat-lto-objects (internal compiler error)
FAIL: gcc.target/i386/mpx/field-addr-4-ubv.c -O2 -flto -fuse-linker-plugin -fno-fat-lto-objects (test for excess errors)
UNRESOLVED: gcc.target/i386/mpx/field-addr-4-ubv.c -O2 -flto -fuse-linker-plugin -fno-fat-lto-objects compilation failed to produce executable
FAIL: gcc.target/i386/mpx/field-addr-4-ubv.c -O3 -g (internal compiler error)
FAIL: gcc.target/i386/mpx/field-addr-4-ubv.c -O3 -g (test for excess errors)
UNRESOLVED: gcc.target/i386/mpx/field-addr-4-ubv.c -O3 -g compilation failed to produce executable
FAIL: gcc.target/i386/mpx/field-addr-5-lbv.c -O2 -flto -fuse-linker-plugin -fno-fat-lto-objects (internal compiler error)
FAIL: gcc.target/i386/mpx/field-addr-5-lbv.c -O2 -flto -fuse-linker-plugin -fno-fat-lto-objects (test for excess errors)
UNRESOLVED: gcc.target/i386/mpx/field-addr-5-lbv.c -O2 -flto -fuse-linker-plugin -fno-fat-lto-objects compilation failed to produce executable
FAIL: gcc.target/i386/mpx/field-addr-5-lbv.c -O3 -g (internal compiler error)
FAIL: gcc.target/i386/mpx/field-addr-5-lbv.c -O3 -g (test for excess errors)
UNRESOLVED: gcc.target/i386/mpx/field-addr-5-lbv.c -O3 -g compilation failed to produce executable
FAIL: gcc.target/i386/mpx/field-addr-5-nov.c -O2 -flto -fuse-linker-plugin -fno-fat-lto-objects (internal compiler error)
FAIL: gcc.target/i386/mpx/field-addr-5-nov.c -O2 -flto -fuse-linker-plugin -fno-fat-lto-objects (test for excess errors)
UNRESOLVED: gcc.target/i386/mpx/field-addr-5-nov.c -O2 -flto -fuse-linker-plugin -fno-fat-lto-objects compilation failed to produce executable
FAIL: gcc.target/i386/mpx/field-addr-5-nov.c -O3 -g (internal compiler error)
FAIL: gcc.target/i386/mpx/field-addr-5-nov.c -O3 -g (test for excess errors)
UNRESOLVED: gcc.target/i386/mpx/field-addr-5-nov.c -O3 -g compilation failed to produce executable
FAIL: gcc.target/i386/mpx/field-addr-5-ubv.c -O2 -flto -fuse-linker-plugin -fno-fat-lto-objects (internal compiler error)
FAIL: gcc.target/i386/mpx/field-addr-5-ubv.c -O2 -flto -fuse-linker-plugin -fno-fat-lto-objects (test for excess errors)
UNRESOLVED: gcc.target/i386/mpx/field-addr-5-ubv.c -O2 -flto -fuse-linker-plugin -fno-fat-lto-objects compilation failed to produce executable
FAIL: gcc.target/i386/mpx/field-addr-5-ubv.c -O3 -g (internal compiler error)
FAIL: gcc.target/i386/mpx/field-addr-5-ubv.c -O3 -g (test for excess errors)
UNRESOLVED: gcc.target/i386/mpx/field-addr-5-ubv.c -O3 -g compilation failed to produce executable
FAIL: gcc.target/i386/mpx/field-addr-6-lbv.c -O2 -flto -fuse-linker-plugin -fno-fat-lto-objects (internal compiler error)
FAIL: gcc.target/i386/mpx/field-addr-6-lbv.c -O2 -flto -fuse-linker-plugin -fno-fat-lto-objects (test for excess errors)
UNRESOLVED: gcc.target/i386/mpx/field-addr-6-lbv.c -O2 -flto -fuse-linker-plugin -fno-fat-lto-objects compilation failed to produce executable
FAIL: gcc.target/i386/mpx/field-addr-6-lbv.c -O3 -g (internal compiler error)
FAIL: gcc.target/i386/mpx/field-addr-6-lbv.c -O3 -g (test for excess errors)
UNRESOLVED: gcc.target/i386/mpx/field-addr-6-lbv.c -O3 -g compilation failed to produce executable
FAIL: gcc.target/i386/mpx/field-addr-6-nov.c -O2 -flto -fuse-linker-plugin -fno-fat-lto-objects (internal compiler error)
FAIL: gcc.target/i386/mpx/field-addr-6-nov.c -O2 -flto -fuse-linker-plugin -fno-fat-lto-objects (test for excess errors)
UNRESOLVED: gcc.target/i386/mpx/field-addr-6-nov.c -O2 -flto -fuse-linker-plugin -fno-fat-lto-objects compilation failed to produce executable
FAIL: gcc.target/i386/mpx/field-addr-6-nov.c -O3 -g (internal compiler error)
FAIL: gcc.target/i386/mpx/field-addr-6-nov.c -O3 -g (test for excess errors)
UNRESOLVED: gcc.target/i386/mpx/field-addr-6-nov.c -O3 -g compilation failed to produce executable
FAIL: gcc.target/i386/mpx/field-addr-6-ubv.c -O2 -flto -fuse-linker-plugin -fno-fat-lto-objects (internal compiler error)
FAIL: gcc.target/i386/mpx/field-addr-6-ubv.c -O2 -flto -fuse-linker-plugin -fno-fat-lto-objects (test for excess errors)
UNRESOLVED: gcc.target/i386/mpx/field-addr-6-ubv.c -O2 -flto -fuse-linker-plugin -fno-fat-lto-objects compilation failed to produce executable
FAIL: gcc.target/i386/mpx/field-addr-6-ubv.c -O3 -g (internal compiler error)
FAIL: gcc.target/i386/mpx/field-addr-6-ubv.c -O3 -g (test for excess errors)
UNRESOLVED: gcc.target/i386/mpx/field-addr-6-ubv.c -O3 -g compilation failed to produce executable
FAIL: gcc.target/i386/mpx/field-addr-7-lbv.c -O2 -flto -fuse-linker-plugin -fno-fat-lto-objects (internal compiler error)
FAIL: gcc.target/i386/mpx/field-addr-7-lbv.c -O2 -flto -fuse-linker-plugin -fno-fat-lto-objects (test for excess errors)
UNRESOLVED: gcc.target/i386/mpx/field-addr-7-lbv.c -O2 -flto -fuse-linker-plugin -fno-fat-lto-objects compilation failed to produce executable
FAIL: gcc.target/i386/mpx/field-addr-7-lbv.c -O3 -g (internal compiler error)
FAIL: gcc.target/i386/mpx/field-addr-7-lbv.c -O3 -g (test for excess errors)
UNRESOLVED: gcc.target/i386/mpx/field-addr-7-lbv.c -O3 -g compilation failed to produce executable
FAIL: gcc.target/i386/mpx/field-addr-7-nov.c -O2 -flto -fuse-linker-plugin -fno-fat-lto-objects (internal compiler error)
FAIL: gcc.target/i386/mpx/field-addr-7-nov.c -O2 -flto -fuse-linker-plugin -fno-fat-lto-objects (test for excess errors)
UNRESOLVED: gcc.target/i386/mpx/field-addr-7-nov.c -O2 -flto -fuse-linker-plugin -fno-fat-lto-objects compilation failed to produce executable
FAIL: gcc.target/i386/mpx/field-addr-7-nov.c -O3 -g (internal compiler error)
FAIL: gcc.target/i386/mpx/field-addr-7-nov.c -O3 -g (test for excess errors)
UNRESOLVED: gcc.target/i386/mpx/field-addr-7-nov.c -O3 -g compilation failed to produce executable
FAIL: gcc.target/i386/mpx/field-addr-7-ubv.c -O2 -flto -fuse-linker-plugin -fno-fat-lto-objects (internal compiler error)
FAIL: gcc.target/i386/mpx/field-addr-7-ubv.c -O2 -flto -fuse-linker-plugin -fno-fat-lto-objects (test for excess errors)
UNRESOLVED: gcc.target/i386/mpx/field-addr-7-ubv.c -O2 -flto -fuse-linker-plugin -fno-fat-lto-objects compilation failed to produce executable
FAIL: gcc.target/i386/mpx/field-addr-7-ubv.c -O3 -g (internal compiler error)
FAIL: gcc.target/i386/mpx/field-addr-7-ubv.c -O3 -g (test for excess errors)
UNRESOLVED: gcc.target/i386/mpx/field-addr-7-ubv.c -O3 -g compilation failed to produce executable
FAIL: gcc.target/i386/mpx/field-addr-8-lbv.c -O2 -flto -fuse-linker-plugin -fno-fat-lto-objects (internal compiler error)
FAIL: gcc.target/i386/mpx/field-addr-8-lbv.c -O2 -flto -fuse-linker-plugin -fno-fat-lto-objects (test for excess errors)
UNRESOLVED: gcc.target/i386/mpx/field-addr-8-lbv.c -O2 -flto -fuse-linker-plugin -fno-fat-lto-objects compilation failed to produce executable
FAIL: gcc.target/i386/mpx/field-addr-8-lbv.c -O3 -g (internal compiler error)
FAIL: gcc.target/i386/mpx/field-addr-8-lbv.c -O3 -g (test for excess errors)
UNRESOLVED: gcc.target/i386/mpx/field-addr-8-lbv.c -O3 -g compilation failed to produce executable
FAIL: gcc.target/i386/mpx/field-addr-8-nov.c -O2 -flto -fuse-linker-plugin -fno-fat-lto-objects (internal compiler error)
FAIL: gcc.target/i386/mpx/field-addr-8-nov.c -O2 -flto -fuse-linker-plugin -fno-fat-lto-objects (test for excess errors)
UNRESOLVED: gcc.target/i386/mpx/field-addr-8-nov.c -O2 -flto -fuse-linker-plugin -fno-fat-lto-objects compilation failed to produce executable
FAIL: gcc.target/i386/mpx/field-addr-8-nov.c -O3 -g (internal compiler error)
FAIL: gcc.target/i386/mpx/field-addr-8-nov.c -O3 -g (test for excess errors)
UNRESOLVED: gcc.target/i386/mpx/field-addr-8-nov.c -O3 -g compilation failed to produce executable
FAIL: gcc.target/i386/mpx/field-addr-8-ubv.c -O2 -flto -fuse-linker-plugin -fno-fat-lto-objects (internal compiler error)
FAIL: gcc.target/i386/mpx/field-addr-8-ubv.c -O2 -flto -fuse-linker-plugin -fno-fat-lto-objects (test for excess errors)
UNRESOLVED: gcc.target/i386/mpx/field-addr-8-ubv.c -O2 -flto -fuse-linker-plugin -fno-fat-lto-objects compilation failed to produce executable
FAIL: gcc.target/i386/mpx/field-addr-8-ubv.c -O3 -g (internal compiler error)
FAIL: gcc.target/i386/mpx/field-addr-8-ubv.c -O3 -g (test for excess errors)
UNRESOLVED: gcc.target/i386/mpx/field-addr-8-ubv.c -O3 -g compilation failed to produce executable
FAIL: gcc.target/i386/mpx/field-addr-9-lbv.c -O2 -flto -fuse-linker-plugin -fno-fat-lto-objects (internal compiler error)
FAIL: gcc.target/i386/mpx/field-addr-9-lbv.c -O2 -flto -fuse-linker-plugin -fno-fat-lto-objects (test for excess errors)
UNRESOLVED: gcc.target/i386/mpx/field-addr-9-lbv.c -O2 -flto -fuse-linker-plugin -fno-fat-lto-objects compilation failed to produce executable
FAIL: gcc.target/i386/mpx/field-addr-9-lbv.c -O3 -g (internal compiler error)
FAIL: gcc.target/i386/mpx/field-addr-9-lbv.c -O3 -g (test for excess errors)
UNRESOLVED: gcc.target/i386/mpx/field-addr-9-lbv.c -O3 -g compilation failed to produce executable
FAIL: gcc.target/i386/mpx/field-addr-9-nov.c -O2 -flto -fuse-linker-plugin -fno-fat-lto-objects (internal compiler error)
FAIL: gcc.target/i386/mpx/field-addr-9-nov.c -O2 -flto -fuse-linker-plugin -fno-fat-lto-objects (test for excess errors)
UNRESOLVED: gcc.target/i386/mpx/field-addr-9-nov.c -O2 -flto -fuse-linker-plugin -fno-fat-lto-objects compilation failed to produce executable
FAIL: gcc.target/i386/mpx/field-addr-9-nov.c -O3 -g (internal compiler error)
FAIL: gcc.target/i386/mpx/field-addr-9-nov.c -O3 -g (test for excess errors)
UNRESOLVED: gcc.target/i386/mpx/field-addr-9-nov.c -O3 -g compilation failed to produce executable
FAIL: gcc.target/i386/mpx/field-addr-9-ubv.c -O2 -flto -fuse-linker-plugin -fno-fat-lto-objects (internal compiler error)
FAIL: gcc.target/i386/mpx/field-addr-9-ubv.c -O2 -flto -fuse-linker-plugin -fno-fat-lto-objects (test for excess errors)
UNRESOLVED: gcc.target/i386/mpx/field-addr-9-ubv.c -O2 -flto -fuse-linker-plugin -fno-fat-lto-objects compilation failed to produce executable
FAIL: gcc.target/i386/mpx/field-addr-9-ubv.c -O3 -g (internal compiler error)
FAIL: gcc.target/i386/mpx/field-addr-9-ubv.c -O3 -g (test for excess errors)
UNRESOLVED: gcc.target/i386/mpx/field-addr-9-ubv.c -O3 -g compilation failed to produce executable
FAIL: gcc.target/i386/mpx/frame-address-1-nov.c -O2 -flto -fuse-linker-plugin -fno-fat-lto-objects (internal compiler error)
FAIL: gcc.target/i386/mpx/frame-address-1-nov.c -O2 -flto -fuse-linker-plugin -fno-fat-lto-objects (test for excess errors)
UNRESOLVED: gcc.target/i386/mpx/frame-address-1-nov.c -O2 -flto -fuse-linker-plugin -fno-fat-lto-objects compilation failed to produce executable
FAIL: gcc.target/i386/mpx/frame-address-1-nov.c -O3 -g (internal compiler error)
FAIL: gcc.target/i386/mpx/frame-address-1-nov.c -O3 -g (test for excess errors)
UNRESOLVED: gcc.target/i386/mpx/frame-address-1-nov.c -O3 -g compilation failed to produce executable
FAIL: gcc.target/i386/mpx/hard-reg-1-nov.c -O2 -flto -fuse-linker-plugin -fno-fat-lto-objects (internal compiler error)
FAIL: gcc.target/i386/mpx/hard-reg-1-nov.c -O2 -flto -fuse-linker-plugin -fno-fat-lto-objects (test for excess errors)
UNRESOLVED: gcc.target/i386/mpx/hard-reg-1-nov.c -O2 -flto -fuse-linker-plugin -fno-fat-lto-objects compilation failed to produce executable
FAIL: gcc.target/i386/mpx/hard-reg-1-nov.c -O3 -g (internal compiler error)
FAIL: gcc.target/i386/mpx/hard-reg-1-nov.c -O3 -g (test for excess errors)
UNRESOLVED: gcc.target/i386/mpx/hard-reg-1-nov.c -O3 -g compilation failed to produce executable
FAIL: gcc.target/i386/mpx/if-stmt-1-lbv.c -O2 -flto -fuse-linker-plugin -fno-fat-lto-objects (internal compiler error)
FAIL: gcc.target/i386/mpx/if-stmt-1-lbv.c -O2 -flto -fuse-linker-plugin -fno-fat-lto-objects (test for excess errors)
UNRESOLVED: gcc.target/i386/mpx/if-stmt-1-lbv.c -O2 -flto -fuse-linker-plugin -fno-fat-lto-objects compilation failed to produce executable
FAIL: gcc.target/i386/mpx/if-stmt-1-lbv.c -O3 -g (internal compiler error)
FAIL: gcc.target/i386/mpx/if-stmt-1-lbv.c -O3 -g (test for excess errors)
UNRESOLVED: gcc.target/i386/mpx/if-stmt-1-lbv.c -O3 -g compilation failed to produce executable
FAIL: gcc.target/i386/mpx/if-stmt-1-nov.c -O2 -flto -fuse-linker-plugin -fno-fat-lto-objects (internal compiler error)
FAIL: gcc.target/i386/mpx/if-stmt-1-nov.c -O2 -flto -fuse-linker-plugin -fno-fat-lto-objects (test for excess errors)
UNRESOLVED: gcc.target/i386/mpx/if-stmt-1-nov.c -O2 -flto -fuse-linker-plugin -fno-fat-lto-objects compilation failed to produce executable
FAIL: gcc.target/i386/mpx/if-stmt-1-nov.c -O3 -g (internal compiler error)
FAIL: gcc.target/i386/mpx/if-stmt-1-nov.c -O3 -g (test for excess errors)
UNRESOLVED: gcc.target/i386/mpx/if-stmt-1-nov.c -O3 -g compilation failed to produce executable
FAIL: gcc.target/i386/mpx/if-stmt-1-ubv.c -O2 -flto -fuse-linker-plugin -fno-fat-lto-objects (internal compiler error)
FAIL: gcc.target/i386/mpx/if-stmt-1-ubv.c -O2 -flto -fuse-linker-plugin -fno-fat-lto-objects (test for excess errors)
UNRESOLVED: gcc.target/i386/mpx/if-stmt-1-ubv.c -O2 -flto -fuse-linker-plugin -fno-fat-lto-objects compilation failed to produce executable
FAIL: gcc.target/i386/mpx/if-stmt-1-ubv.c -O3 -g (internal compiler error)
FAIL: gcc.target/i386/mpx/if-stmt-1-ubv.c -O3 -g (test for excess errors)
UNRESOLVED: gcc.target/i386/mpx/if-stmt-1-ubv.c -O3 -g compilation failed to produce executable
FAIL: gcc.target/i386/mpx/if-stmt-2-lbv.c -O2 -flto -fuse-linker-plugin -fno-fat-lto-objects (internal compiler error)
FAIL: gcc.target/i386/mpx/if-stmt-2-lbv.c -O2 -flto -fuse-linker-plugin -fno-fat-lto-objects (test for excess errors)
UNRESOLVED: gcc.target/i386/mpx/if-stmt-2-lbv.c -O2 -flto -fuse-linker-plugin -fno-fat-lto-objects compilation failed to produce executable
FAIL: gcc.target/i386/mpx/if-stmt-2-lbv.c -O3 -g (internal compiler error)
FAIL: gcc.target/i386/mpx/if-stmt-2-lbv.c -O3 -g (test for excess errors)
UNRESOLVED: gcc.target/i386/mpx/if-stmt-2-lbv.c -O3 -g compilation failed to produce executable
FAIL: gcc.target/i386/mpx/if-stmt-2-nov.c -O2 -flto -fuse-linker-plugin -fno-fat-lto-objects (internal compiler error)
FAIL: gcc.target/i386/mpx/if-stmt-2-nov.c -O2 -flto -fuse-linker-plugin -fno-fat-lto-objects (test for excess errors)
UNRESOLVED: gcc.target/i386/mpx/if-stmt-2-nov.c -O2 -flto -fuse-linker-plugin -fno-fat-lto-objects compilation failed to produce executable
FAIL: gcc.target/i386/mpx/if-stmt-2-nov.c -O3 -g (internal compiler error)
FAIL: gcc.target/i386/mpx/if-stmt-2-nov.c -O3 -g (test for excess errors)
UNRESOLVED: gcc.target/i386/mpx/if-stmt-2-nov.c -O3 -g compilation failed to produce executable
FAIL: gcc.target/i386/mpx/if-stmt-2-ubv.c -O2 -flto -fuse-linker-plugin -fno-fat-lto-objects (internal compiler error)
FAIL: gcc.target/i386/mpx/if-stmt-2-ubv.c -O2 -flto -fuse-linker-plugin -fno-fat-lto-objects (test for excess errors)
UNRESOLVED: gcc.target/i386/mpx/if-stmt-2-ubv.c -O2 -flto -fuse-linker-plugin -fno-fat-lto-objects compilation failed to produce executable
FAIL: gcc.target/i386/mpx/if-stmt-2-ubv.c -O3 -g (internal compiler error)
FAIL: gcc.target/i386/mpx/if-stmt-2-ubv.c -O3 -g (test for excess errors)
UNRESOLVED: gcc.target/i386/mpx/if-stmt-2-ubv.c -O3 -g compilation failed to produce executable
FAIL: gcc.target/i386/mpx/label-address-1.c -O3 -g (internal compiler error)
FAIL: gcc.target/i386/mpx/label-address-1.c -O3 -g (test for excess errors)
FAIL: gcc.target/i386/mpx/legacy-1-nov.c -O2 -flto -fuse-linker-plugin -fno-fat-lto-objects (internal compiler error)
FAIL: gcc.target/i386/mpx/legacy-1-nov.c -O2 -flto -fuse-linker-plugin -fno-fat-lto-objects (test for excess errors)
UNRESOLVED: gcc.target/i386/mpx/legacy-1-nov.c -O2 -flto -fuse-linker-plugin -fno-fat-lto-objects compilation failed to produce executable
FAIL: gcc.target/i386/mpx/legacy-1-nov.c -O3 -g (internal compiler error)
FAIL: gcc.target/i386/mpx/legacy-1-nov.c -O3 -g (test for excess errors)
UNRESOLVED: gcc.target/i386/mpx/legacy-1-nov.c -O3 -g compilation failed to produce executable
FAIL: gcc.target/i386/mpx/macro.c -O3 -g (internal compiler error)
FAIL: gcc.target/i386/mpx/macro.c -O3 -g (test for excess errors)
FAIL: gcc.target/i386/mpx/malloc-1-lbv.c -O2 -flto -fuse-linker-plugin -fno-fat-lto-objects (internal compiler error)
FAIL: gcc.target/i386/mpx/malloc-1-lbv.c -O2 -flto -fuse-linker-plugin -fno-fat-lto-objects (test for excess errors)
UNRESOLVED: gcc.target/i386/mpx/malloc-1-lbv.c -O2 -flto -fuse-linker-plugin -fno-fat-lto-objects compilation failed to produce executable
FAIL: gcc.target/i386/mpx/malloc-1-lbv.c -O3 -g (internal compiler error)
FAIL: gcc.target/i386/mpx/malloc-1-lbv.c -O3 -g (test for excess errors)
UNRESOLVED: gcc.target/i386/mpx/malloc-1-lbv.c -O3 -g compilation failed to produce executable
FAIL: gcc.target/i386/mpx/malloc-1-nov.c -O2 -flto -fuse-linker-plugin -fno-fat-lto-objects (internal compiler error)
FAIL: gcc.target/i386/mpx/malloc-1-nov.c -O2 -flto -fuse-linker-plugin -fno-fat-lto-objects (test for excess errors)
UNRESOLVED: gcc.target/i386/mpx/malloc-1-nov.c -O2 -flto -fuse-linker-plugin -fno-fat-lto-objects compilation failed to produce executable
FAIL: gcc.target/i386/mpx/malloc-1-nov.c -O3 -g (internal compiler error)
FAIL: gcc.target/i386/mpx/malloc-1-nov.c -O3 -g (test for excess errors)
UNRESOLVED: gcc.target/i386/mpx/malloc-1-nov.c -O3 -g compilation failed to produce executable
FAIL: gcc.target/i386/mpx/malloc-1-ubv.c -O2 -flto -fuse-linker-plugin -fno-fat-lto-objects (internal compiler error)
FAIL: gcc.target/i386/mpx/malloc-1-ubv.c -O2 -flto -fuse-linker-plugin -fno-fat-lto-objects (test for excess errors)
UNRESOLVED: gcc.target/i386/mpx/malloc-1-ubv.c -O2 -flto -fuse-linker-plugin -fno-fat-lto-objects compilation failed to produce executable
FAIL: gcc.target/i386/mpx/malloc-1-ubv.c -O3 -g (internal compiler error)
FAIL: gcc.target/i386/mpx/malloc-1-ubv.c -O3 -g (test for excess errors)
UNRESOLVED: gcc.target/i386/mpx/malloc-1-ubv.c -O3 -g compilation failed to produce executable
FAIL: gcc.target/i386/mpx/memmove-1.c -O2 -flto -fuse-linker-plugin -fno-fat-lto-objects (internal compiler error)
FAIL: gcc.target/i386/mpx/memmove-1.c -O2 -flto -fuse-linker-plugin -fno-fat-lto-objects (test for excess errors)
UNRESOLVED: gcc.target/i386/mpx/memmove-1.c -O2 -flto -fuse-linker-plugin -fno-fat-lto-objects compilation failed to produce executable
FAIL: gcc.target/i386/mpx/memmove-1.c -O3 -fomit-frame-pointer -funroll-loops -fpeel-loops -ftracer -finline-functions (internal compiler error)
FAIL: gcc.target/i386/mpx/memmove-1.c -O3 -fomit-frame-pointer -funroll-loops -fpeel-loops -ftracer -finline-functions (test for excess errors)
UNRESOLVED: gcc.target/i386/mpx/memmove-1.c -O3 -fomit-frame-pointer -funroll-loops -fpeel-loops -ftracer -finline-functions compilation failed to produce executable
FAIL: gcc.target/i386/mpx/memmove-1.c -O3 -g (internal compiler error)
FAIL: gcc.target/i386/mpx/memmove-1.c -O3 -g (test for excess errors)
UNRESOLVED: gcc.target/i386/mpx/memmove-1.c -O3 -g compilation failed to produce executable
FAIL: gcc.target/i386/mpx/memmove-2.c -O2 -flto -fuse-linker-plugin -fno-fat-lto-objects (internal compiler error)
FAIL: gcc.target/i386/mpx/memmove-2.c -O2 -flto -fuse-linker-plugin -fno-fat-lto-objects (test for excess errors)
UNRESOLVED: gcc.target/i386/mpx/memmove-2.c -O2 -flto -fuse-linker-plugin -fno-fat-lto-objects compilation failed to produce executable
FAIL: gcc.target/i386/mpx/memmove-2.c -O3 -g (internal compiler error)
FAIL: gcc.target/i386/mpx/memmove-2.c -O3 -g (test for excess errors)
UNRESOLVED: gcc.target/i386/mpx/memmove-2.c -O3 -g compilation failed to produce executable
FAIL: gcc.target/i386/mpx/memmove-zero-length.c -O2 -flto -fuse-linker-plugin -fno-fat-lto-objects (internal compiler error)
FAIL: gcc.target/i386/mpx/memmove-zero-length.c -O2 -flto -fuse-linker-plugin -fno-fat-lto-objects (test for excess errors)
UNRESOLVED: gcc.target/i386/mpx/memmove-zero-length.c -O2 -flto -fuse-linker-plugin -fno-fat-lto-objects compilation failed to produce executable
FAIL: gcc.target/i386/mpx/memmove-zero-length.c -O3 -g (internal compiler error)
FAIL: gcc.target/i386/mpx/memmove-zero-length.c -O3 -g (test for excess errors)
UNRESOLVED: gcc.target/i386/mpx/memmove-zero-length.c -O3 -g compilation failed to produce executable
FAIL: gcc.target/i386/mpx/nested-function-1-lbv.c -O2 -flto -fuse-linker-plugin -fno-fat-lto-objects (internal compiler error)
FAIL: gcc.target/i386/mpx/nested-function-1-lbv.c -O2 -flto -fuse-linker-plugin -fno-fat-lto-objects (test for excess errors)
UNRESOLVED: gcc.target/i386/mpx/nested-function-1-lbv.c -O2 -flto -fuse-linker-plugin -fno-fat-lto-objects compilation failed to produce executable
FAIL: gcc.target/i386/mpx/nested-function-1-lbv.c -O3 -g (internal compiler error)
FAIL: gcc.target/i386/mpx/nested-function-1-lbv.c -O3 -g (test for excess errors)
UNRESOLVED: gcc.target/i386/mpx/nested-function-1-lbv.c -O3 -g compilation failed to produce executable
FAIL: gcc.target/i386/mpx/nested-function-1-nov.c -O2 -flto -fuse-linker-plugin -fno-fat-lto-objects (internal compiler error)
FAIL: gcc.target/i386/mpx/nested-function-1-nov.c -O2 -flto -fuse-linker-plugin -fno-fat-lto-objects (test for excess errors)
UNRESOLVED: gcc.target/i386/mpx/nested-function-1-nov.c -O2 -flto -fuse-linker-plugin -fno-fat-lto-objects compilation failed to produce executable
FAIL: gcc.target/i386/mpx/nested-function-1-nov.c -O3 -g (internal compiler error)
FAIL: gcc.target/i386/mpx/nested-function-1-nov.c -O3 -g (test for excess errors)
UNRESOLVED: gcc.target/i386/mpx/nested-function-1-nov.c -O3 -g compilation failed to produce executable
FAIL: gcc.target/i386/mpx/nested-function-1-ubv.c -O2 -flto -fuse-linker-plugin -fno-fat-lto-objects (internal compiler error)
FAIL: gcc.target/i386/mpx/nested-function-1-ubv.c -O2 -flto -fuse-linker-plugin -fno-fat-lto-objects (test for excess errors)
UNRESOLVED: gcc.target/i386/mpx/nested-function-1-ubv.c -O2 -flto -fuse-linker-plugin -fno-fat-lto-objects compilation failed to produce executable
FAIL: gcc.target/i386/mpx/nested-function-1-ubv.c -O3 -g (internal compiler error)
FAIL: gcc.target/i386/mpx/nested-function-1-ubv.c -O3 -g (test for excess errors)
UNRESOLVED: gcc.target/i386/mpx/nested-function-1-ubv.c -O3 -g compilation failed to produce executable
FAIL: gcc.target/i386/mpx/pointer-arg-1-lbv.c -O2 -flto -fuse-linker-plugin -fno-fat-lto-objects (internal compiler error)
FAIL: gcc.target/i386/mpx/pointer-arg-1-lbv.c -O2 -flto -fuse-linker-plugin -fno-fat-lto-objects (test for excess errors)
UNRESOLVED: gcc.target/i386/mpx/pointer-arg-1-lbv.c -O2 -flto -fuse-linker-plugin -fno-fat-lto-objects compilation failed to produce executable
FAIL: gcc.target/i386/mpx/pointer-arg-1-lbv.c -O3 -g (internal compiler error)
FAIL: gcc.target/i386/mpx/pointer-arg-1-lbv.c -O3 -g (test for excess errors)
UNRESOLVED: gcc.target/i386/mpx/pointer-arg-1-lbv.c -O3 -g compilation failed to produce executable
FAIL: gcc.target/i386/mpx/pointer-arg-1-nov.c -O2 -flto -fuse-linker-plugin -fno-fat-lto-objects (internal compiler error)
FAIL: gcc.target/i386/mpx/pointer-arg-1-nov.c -O2 -flto -fuse-linker-plugin -fno-fat-lto-objects (test for excess errors)
UNRESOLVED: gcc.target/i386/mpx/pointer-arg-1-nov.c -O2 -flto -fuse-linker-plugin -fno-fat-lto-objects compilation failed to produce executable
FAIL: gcc.target/i386/mpx/pointer-arg-1-nov.c -O3 -g (internal compiler error)
FAIL: gcc.target/i386/mpx/pointer-arg-1-nov.c -O3 -g (test for excess errors)
UNRESOLVED: gcc.target/i386/mpx/pointer-arg-1-nov.c -O3 -g compilation failed to produce executable
FAIL: gcc.target/i386/mpx/pointer-arg-1-ubv.c -O2 -flto -fuse-linker-plugin -fno-fat-lto-objects (internal compiler error)
FAIL: gcc.target/i386/mpx/pointer-arg-1-ubv.c -O2 -flto -fuse-linker-plugin -fno-fat-lto-objects (test for excess errors)
UNRESOLVED: gcc.target/i386/mpx/pointer-arg-1-ubv.c -O2 -flto -fuse-linker-plugin -fno-fat-lto-objects compilation failed to produce executable
FAIL: gcc.target/i386/mpx/pointer-arg-1-ubv.c -O3 -g (internal compiler error)
FAIL: gcc.target/i386/mpx/pointer-arg-1-ubv.c -O3 -g (test for excess errors)
UNRESOLVED: gcc.target/i386/mpx/pointer-arg-1-ubv.c -O3 -g compilation failed to produce executable
FAIL: gcc.target/i386/mpx/pointer-arg-2-lbv.c -O2 -flto -fuse-linker-plugin -fno-fat-lto-objects (internal compiler error)
FAIL: gcc.target/i386/mpx/pointer-arg-2-lbv.c -O2 -flto -fuse-linker-plugin -fno-fat-lto-objects (test for excess errors)
UNRESOLVED: gcc.target/i386/mpx/pointer-arg-2-lbv.c -O2 -flto -fuse-linker-plugin -fno-fat-lto-objects compilation failed to produce executable
FAIL: gcc.target/i386/mpx/pointer-arg-2-lbv.c -O3 -g (internal compiler error)
FAIL: gcc.target/i386/mpx/pointer-arg-2-lbv.c -O3 -g (test for excess errors)
UNRESOLVED: gcc.target/i386/mpx/pointer-arg-2-lbv.c -O3 -g compilation failed to produce executable
FAIL: gcc.target/i386/mpx/pointer-arg-2-nov.c -O1 (internal compiler error)
FAIL: gcc.target/i386/mpx/pointer-arg-2-nov.c -O1 (test for excess errors)
UNRESOLVED: gcc.target/i386/mpx/pointer-arg-2-nov.c -O1 compilation failed to produce executable
FAIL: gcc.target/i386/mpx/pointer-arg-2-nov.c -O2 -flto -fuse-linker-plugin -fno-fat-lto-objects (internal compiler error)
FAIL: gcc.target/i386/mpx/pointer-arg-2-nov.c -O2 -flto -fuse-linker-plugin -fno-fat-lto-objects (test for excess errors)
UNRESOLVED: gcc.target/i386/mpx/pointer-arg-2-nov.c -O2 -flto -fuse-linker-plugin -fno-fat-lto-objects compilation failed to produce executable
FAIL: gcc.target/i386/mpx/pointer-arg-2-nov.c -O3 -g (internal compiler error)
FAIL: gcc.target/i386/mpx/pointer-arg-2-nov.c -O3 -g (test for excess errors)
UNRESOLVED: gcc.target/i386/mpx/pointer-arg-2-nov.c -O3 -g compilation failed to produce executable
FAIL: gcc.target/i386/mpx/pointer-arg-2-ubv.c -O2 -flto -fuse-linker-plugin -fno-fat-lto-objects (internal compiler error)
FAIL: gcc.target/i386/mpx/pointer-arg-2-ubv.c -O2 -flto -fuse-linker-plugin -fno-fat-lto-objects (test for excess errors)
UNRESOLVED: gcc.target/i386/mpx/pointer-arg-2-ubv.c -O2 -flto -fuse-linker-plugin -fno-fat-lto-objects compilation failed to produce executable
FAIL: gcc.target/i386/mpx/pointer-arg-2-ubv.c -O3 -g (internal compiler error)
FAIL: gcc.target/i386/mpx/pointer-arg-2-ubv.c -O3 -g (test for excess errors)
UNRESOLVED: gcc.target/i386/mpx/pointer-arg-2-ubv.c -O3 -g compilation failed to produce executable
FAIL: gcc.target/i386/mpx/pointer-arg-3-lbv.c -O2 -flto -fuse-linker-plugin -fno-fat-lto-objects (internal compiler error)
FAIL: gcc.target/i386/mpx/pointer-arg-3-lbv.c -O2 -flto -fuse-linker-plugin -fno-fat-lto-objects (test for excess errors)
UNRESOLVED: gcc.target/i386/mpx/pointer-arg-3-lbv.c -O2 -flto -fuse-linker-plugin -fno-fat-lto-objects compilation failed to produce executable
FAIL: gcc.target/i386/mpx/pointer-arg-3-lbv.c -O3 -g (internal compiler error)
FAIL: gcc.target/i386/mpx/pointer-arg-3-lbv.c -O3 -g (test for excess errors)
UNRESOLVED: gcc.target/i386/mpx/pointer-arg-3-lbv.c -O3 -g compilation failed to produce executable
FAIL: gcc.target/i386/mpx/pointer-arg-3-nov.c -O1 (internal compiler error)
FAIL: gcc.target/i386/mpx/pointer-arg-3-nov.c -O1 (test for excess errors)
UNRESOLVED: gcc.target/i386/mpx/pointer-arg-3-nov.c -O1 compilation failed to produce executable
FAIL: gcc.target/i386/mpx/pointer-arg-3-nov.c -O2 -flto -fuse-linker-plugin -fno-fat-lto-objects (internal compiler error)
FAIL: gcc.target/i386/mpx/pointer-arg-3-nov.c -O2 -flto -fuse-linker-plugin -fno-fat-lto-objects (test for excess errors)
UNRESOLVED: gcc.target/i386/mpx/pointer-arg-3-nov.c -O2 -flto -fuse-linker-plugin -fno-fat-lto-objects compilation failed to produce executable
FAIL: gcc.target/i386/mpx/pointer-arg-3-nov.c -O3 -g (internal compiler error)
FAIL: gcc.target/i386/mpx/pointer-arg-3-nov.c -O3 -g (test for excess errors)
UNRESOLVED: gcc.target/i386/mpx/pointer-arg-3-nov.c -O3 -g compilation failed to produce executable
FAIL: gcc.target/i386/mpx/pointer-arg-3-ubv.c -O2 -flto -fuse-linker-plugin -fno-fat-lto-objects (internal compiler error)
FAIL: gcc.target/i386/mpx/pointer-arg-3-ubv.c -O2 -flto -fuse-linker-plugin -fno-fat-lto-objects (test for excess errors)
UNRESOLVED: gcc.target/i386/mpx/pointer-arg-3-ubv.c -O2 -flto -fuse-linker-plugin -fno-fat-lto-objects compilation failed to produce executable
FAIL: gcc.target/i386/mpx/pointer-arg-3-ubv.c -O3 -g (internal compiler error)
FAIL: gcc.target/i386/mpx/pointer-arg-3-ubv.c -O3 -g (test for excess errors)
UNRESOLVED: gcc.target/i386/mpx/pointer-arg-3-ubv.c -O3 -g compilation failed to produce executable
FAIL: gcc.target/i386/mpx/pointer-arg-4-lbv.c -O1 (internal compiler error)
FAIL: gcc.target/i386/mpx/pointer-arg-4-lbv.c -O1 (test for excess errors)
UNRESOLVED: gcc.target/i386/mpx/pointer-arg-4-lbv.c -O1 compilation failed to produce executable
FAIL: gcc.target/i386/mpx/pointer-arg-4-lbv.c -O2 -flto -fuse-linker-plugin -fno-fat-lto-objects (internal compiler error)
FAIL: gcc.target/i386/mpx/pointer-arg-4-lbv.c -O2 -flto -fuse-linker-plugin -fno-fat-lto-objects (test for excess errors)
UNRESOLVED: gcc.target/i386/mpx/pointer-arg-4-lbv.c -O2 -flto -fuse-linker-plugin -fno-fat-lto-objects compilation failed to produce executable
FAIL: gcc.target/i386/mpx/pointer-arg-4-lbv.c -O3 -g (internal compiler error)
FAIL: gcc.target/i386/mpx/pointer-arg-4-lbv.c -O3 -g (test for excess errors)
UNRESOLVED: gcc.target/i386/mpx/pointer-arg-4-lbv.c -O3 -g compilation failed to produce executable
FAIL: gcc.target/i386/mpx/pointer-arg-4-nov.c -O1 (internal compiler error)
FAIL: gcc.target/i386/mpx/pointer-arg-4-nov.c -O1 (test for excess errors)
UNRESOLVED: gcc.target/i386/mpx/pointer-arg-4-nov.c -O1 compilation failed to produce executable
FAIL: gcc.target/i386/mpx/pointer-arg-4-nov.c -O2 -flto -fuse-linker-plugin -fno-fat-lto-objects (internal compiler error)
FAIL: gcc.target/i386/mpx/pointer-arg-4-nov.c -O2 -flto -fuse-linker-plugin -fno-fat-lto-objects (test for excess errors)
UNRESOLVED: gcc.target/i386/mpx/pointer-arg-4-nov.c -O2 -flto -fuse-linker-plugin -fno-fat-lto-objects compilation failed to produce executable
FAIL: gcc.target/i386/mpx/pointer-arg-4-nov.c -O3 -g (internal compiler error)
FAIL: gcc.target/i386/mpx/pointer-arg-4-nov.c -O3 -g (test for excess errors)
UNRESOLVED: gcc.target/i386/mpx/pointer-arg-4-nov.c -O3 -g compilation failed to produce executable
FAIL: gcc.target/i386/mpx/pointer-arg-4-ubv.c -O1 (internal compiler error)
FAIL: gcc.target/i386/mpx/pointer-arg-4-ubv.c -O1 (test for excess errors)
UNRESOLVED: gcc.target/i386/mpx/pointer-arg-4-ubv.c -O1 compilation failed to produce executable
FAIL: gcc.target/i386/mpx/pointer-arg-4-ubv.c -O2 -flto -fuse-linker-plugin -fno-fat-lto-objects (internal compiler error)
FAIL: gcc.target/i386/mpx/pointer-arg-4-ubv.c -O2 -flto -fuse-linker-plugin -fno-fat-lto-objects (test for excess errors)
UNRESOLVED: gcc.target/i386/mpx/pointer-arg-4-ubv.c -O2 -flto -fuse-linker-plugin -fno-fat-lto-objects compilation failed to produce executable
FAIL: gcc.target/i386/mpx/pointer-arg-4-ubv.c -O3 -g (internal compiler error)
FAIL: gcc.target/i386/mpx/pointer-arg-4-ubv.c -O3 -g (test for excess errors)
UNRESOLVED: gcc.target/i386/mpx/pointer-arg-4-ubv.c -O3 -g compilation failed to produce executable
FAIL: gcc.target/i386/mpx/pointer-arg-5-lbv.c -O1 (internal compiler error)
FAIL: gcc.target/i386/mpx/pointer-arg-5-lbv.c -O1 (test for excess errors)
UNRESOLVED: gcc.target/i386/mpx/pointer-arg-5-lbv.c -O1 compilation failed to produce executable
FAIL: gcc.target/i386/mpx/pointer-arg-5-lbv.c -O2 -flto -fuse-linker-plugin -fno-fat-lto-objects (internal compiler error)
FAIL: gcc.target/i386/mpx/pointer-arg-5-lbv.c -O2 -flto -fuse-linker-plugin -fno-fat-lto-objects (test for excess errors)
UNRESOLVED: gcc.target/i386/mpx/pointer-arg-5-lbv.c -O2 -flto -fuse-linker-plugin -fno-fat-lto-objects compilation failed to produce executable
FAIL: gcc.target/i386/mpx/pointer-arg-5-lbv.c -O3 -g (internal compiler error)
FAIL: gcc.target/i386/mpx/pointer-arg-5-lbv.c -O3 -g (test for excess errors)
UNRESOLVED: gcc.target/i386/mpx/pointer-arg-5-lbv.c -O3 -g compilation failed to produce executable
FAIL: gcc.target/i386/mpx/pointer-arg-5-nov.c -O1 (internal compiler error)
FAIL: gcc.target/i386/mpx/pointer-arg-5-nov.c -O1 (test for excess errors)
UNRESOLVED: gcc.target/i386/mpx/pointer-arg-5-nov.c -O1 compilation failed to produce executable
FAIL: gcc.target/i386/mpx/pointer-arg-5-nov.c -O2 -flto -fuse-linker-plugin -fno-fat-lto-objects (internal compiler error)
FAIL: gcc.target/i386/mpx/pointer-arg-5-nov.c -O2 -flto -fuse-linker-plugin -fno-fat-lto-objects (test for excess errors)
UNRESOLVED: gcc.target/i386/mpx/pointer-arg-5-nov.c -O2 -flto -fuse-linker-plugin -fno-fat-lto-objects compilation failed to produce executable
FAIL: gcc.target/i386/mpx/pointer-arg-5-nov.c -O3 -g (internal compiler error)
FAIL: gcc.target/i386/mpx/pointer-arg-5-nov.c -O3 -g (test for excess errors)
UNRESOLVED: gcc.target/i386/mpx/pointer-arg-5-nov.c -O3 -g compilation failed to produce executable
FAIL: gcc.target/i386/mpx/pointer-arg-5-ubv.c -O1 (internal compiler error)
FAIL: gcc.target/i386/mpx/pointer-arg-5-ubv.c -O1 (test for excess errors)
UNRESOLVED: gcc.target/i386/mpx/pointer-arg-5-ubv.c -O1 compilation failed to produce executable
FAIL: gcc.target/i386/mpx/pointer-arg-5-ubv.c -O2 -flto -fuse-linker-plugin -fno-fat-lto-objects (internal compiler error)
FAIL: gcc.target/i386/mpx/pointer-arg-5-ubv.c -O2 -flto -fuse-linker-plugin -fno-fat-lto-objects (test for excess errors)
UNRESOLVED: gcc.target/i386/mpx/pointer-arg-5-ubv.c -O2 -flto -fuse-linker-plugin -fno-fat-lto-objects compilation failed to produce executable
FAIL: gcc.target/i386/mpx/pointer-arg-5-ubv.c -O3 -g (internal compiler error)
FAIL: gcc.target/i386/mpx/pointer-arg-5-ubv.c -O3 -g (test for excess errors)
UNRESOLVED: gcc.target/i386/mpx/pointer-arg-5-ubv.c -O3 -g compilation failed to produce executable
FAIL: gcc.target/i386/mpx/pointer-store-1-lbv.c -O2 -flto -fuse-linker-plugin -fno-fat-lto-objects (internal compiler error)
FAIL: gcc.target/i386/mpx/pointer-store-1-lbv.c -O2 -flto -fuse-linker-plugin -fno-fat-lto-objects (test for excess errors)
UNRESOLVED: gcc.target/i386/mpx/pointer-store-1-lbv.c -O2 -flto -fuse-linker-plugin -fno-fat-lto-objects compilation failed to produce executable
FAIL: gcc.target/i386/mpx/pointer-store-1-lbv.c -O3 -g (internal compiler error)
FAIL: gcc.target/i386/mpx/pointer-store-1-lbv.c -O3 -g (test for excess errors)
UNRESOLVED: gcc.target/i386/mpx/pointer-store-1-lbv.c -O3 -g compilation failed to produce executable
FAIL: gcc.target/i386/mpx/pointer-store-1-nov.c -O2 -flto -fuse-linker-plugin -fno-fat-lto-objects (internal compiler error)
FAIL: gcc.target/i386/mpx/pointer-store-1-nov.c -O2 -flto -fuse-linker-plugin -fno-fat-lto-objects (test for excess errors)
UNRESOLVED: gcc.target/i386/mpx/pointer-store-1-nov.c -O2 -flto -fuse-linker-plugin -fno-fat-lto-objects compilation failed to produce executable
FAIL: gcc.target/i386/mpx/pointer-store-1-nov.c -O3 -g (internal compiler error)
FAIL: gcc.target/i386/mpx/pointer-store-1-nov.c -O3 -g (test for excess errors)
UNRESOLVED: gcc.target/i386/mpx/pointer-store-1-nov.c -O3 -g compilation failed to produce executable
FAIL: gcc.target/i386/mpx/pointer-store-1-ubv.c -O2 -flto -fuse-linker-plugin -fno-fat-lto-objects (internal compiler error)
FAIL: gcc.target/i386/mpx/pointer-store-1-ubv.c -O2 -flto -fuse-linker-plugin -fno-fat-lto-objects (test for excess errors)
UNRESOLVED: gcc.target/i386/mpx/pointer-store-1-ubv.c -O2 -flto -fuse-linker-plugin -fno-fat-lto-objects compilation failed to produce executable
FAIL: gcc.target/i386/mpx/pointer-store-1-ubv.c -O3 -g (internal compiler error)
FAIL: gcc.target/i386/mpx/pointer-store-1-ubv.c -O3 -g (test for excess errors)
UNRESOLVED: gcc.target/i386/mpx/pointer-store-1-ubv.c -O3 -g compilation failed to produce executable
FAIL: gcc.target/i386/mpx/pr66567.c -O3 -g (internal compiler error)
FAIL: gcc.target/i386/mpx/pr66567.c -O3 -g (test for excess errors)
FAIL: gcc.target/i386/mpx/pr66569.c -O1 (internal compiler error)
FAIL: gcc.target/i386/mpx/pr66569.c -O1 (test for excess errors)
FAIL: gcc.target/i386/mpx/pr66569.c -O2 (internal compiler error)
FAIL: gcc.target/i386/mpx/pr66569.c -O2 (test for excess errors)
FAIL: gcc.target/i386/mpx/pr66569.c -O2 -flto -fno-use-linker-plugin -flto-partition=none (internal compiler error)
FAIL: gcc.target/i386/mpx/pr66569.c -O2 -flto -fno-use-linker-plugin -flto-partition=none (test for excess errors)
FAIL: gcc.target/i386/mpx/pr66569.c -O3 -g (internal compiler error)
FAIL: gcc.target/i386/mpx/pr66569.c -O3 -g (test for excess errors)
FAIL: gcc.target/i386/mpx/pr66569.c -Os (internal compiler error)
FAIL: gcc.target/i386/mpx/pr66569.c -Os (test for excess errors)
FAIL: gcc.target/i386/mpx/pr68337-1.c -O2 -flto -fuse-linker-plugin -fno-fat-lto-objects (internal compiler error)
FAIL: gcc.target/i386/mpx/pr68337-1.c -O2 -flto -fuse-linker-plugin -fno-fat-lto-objects (test for excess errors)
UNRESOLVED: gcc.target/i386/mpx/pr68337-1.c -O2 -flto -fuse-linker-plugin -fno-fat-lto-objects compilation failed to produce executable
FAIL: gcc.target/i386/mpx/pr68337-1.c -O3 -fomit-frame-pointer -funroll-loops -fpeel-loops -ftracer -finline-functions (internal compiler error)
FAIL: gcc.target/i386/mpx/pr68337-1.c -O3 -fomit-frame-pointer -funroll-loops -fpeel-loops -ftracer -finline-functions (test for excess errors)
UNRESOLVED: gcc.target/i386/mpx/pr68337-1.c -O3 -fomit-frame-pointer -funroll-loops -fpeel-loops -ftracer -finline-functions compilation failed to produce executable
FAIL: gcc.target/i386/mpx/pr68337-1.c -O3 -g (internal compiler error)
FAIL: gcc.target/i386/mpx/pr68337-1.c -O3 -g (test for excess errors)
UNRESOLVED: gcc.target/i386/mpx/pr68337-1.c -O3 -g compilation failed to produce executable
UNRESOLVED: gcc.target/i386/mpx/pr68337-2.c -O3 -g scan-assembler-not memcpy
FAIL: gcc.target/i386/mpx/pr68337-2.c -O3 -g (internal compiler error)
FAIL: gcc.target/i386/mpx/pr68337-2.c -O3 -g (test for excess errors)
FAIL: gcc.target/i386/mpx/realloc-1-lbv.c -O2 -flto -fuse-linker-plugin -fno-fat-lto-objects (internal compiler error)
FAIL: gcc.target/i386/mpx/realloc-1-lbv.c -O2 -flto -fuse-linker-plugin -fno-fat-lto-objects (test for excess errors)
UNRESOLVED: gcc.target/i386/mpx/realloc-1-lbv.c -O2 -flto -fuse-linker-plugin -fno-fat-lto-objects compilation failed to produce executable
FAIL: gcc.target/i386/mpx/realloc-1-lbv.c -O3 -g (internal compiler error)
FAIL: gcc.target/i386/mpx/realloc-1-lbv.c -O3 -g (test for excess errors)
UNRESOLVED: gcc.target/i386/mpx/realloc-1-lbv.c -O3 -g compilation failed to produce executable
FAIL: gcc.target/i386/mpx/realloc-1-nov.c -O2 -flto -fuse-linker-plugin -fno-fat-lto-objects (internal compiler error)
FAIL: gcc.target/i386/mpx/realloc-1-nov.c -O2 -flto -fuse-linker-plugin -fno-fat-lto-objects (test for excess errors)
UNRESOLVED: gcc.target/i386/mpx/realloc-1-nov.c -O2 -flto -fuse-linker-plugin -fno-fat-lto-objects compilation failed to produce executable
FAIL: gcc.target/i386/mpx/realloc-1-nov.c -O3 -g (internal compiler error)
FAIL: gcc.target/i386/mpx/realloc-1-nov.c -O3 -g (test for excess errors)
UNRESOLVED: gcc.target/i386/mpx/realloc-1-nov.c -O3 -g compilation failed to produce executable
FAIL: gcc.target/i386/mpx/realloc-1-ubv.c -O2 -flto -fuse-linker-plugin -fno-fat-lto-objects (internal compiler error)
FAIL: gcc.target/i386/mpx/realloc-1-ubv.c -O2 -flto -fuse-linker-plugin -fno-fat-lto-objects (test for excess errors)
UNRESOLVED: gcc.target/i386/mpx/realloc-1-ubv.c -O2 -flto -fuse-linker-plugin -fno-fat-lto-objects compilation failed to produce executable
FAIL: gcc.target/i386/mpx/realloc-1-ubv.c -O3 -g (internal compiler error)
FAIL: gcc.target/i386/mpx/realloc-1-ubv.c -O3 -g (test for excess errors)
UNRESOLVED: gcc.target/i386/mpx/realloc-1-ubv.c -O3 -g compilation failed to produce executable
FAIL: gcc.target/i386/mpx/realloc-2-lbv.c -O2 -flto -fuse-linker-plugin -fno-fat-lto-objects (internal compiler error)
FAIL: gcc.target/i386/mpx/realloc-2-lbv.c -O2 -flto -fuse-linker-plugin -fno-fat-lto-objects (test for excess errors)
UNRESOLVED: gcc.target/i386/mpx/realloc-2-lbv.c -O2 -flto -fuse-linker-plugin -fno-fat-lto-objects compilation failed to produce executable
FAIL: gcc.target/i386/mpx/realloc-2-lbv.c -O3 -g (internal compiler error)
FAIL: gcc.target/i386/mpx/realloc-2-lbv.c -O3 -g (test for excess errors)
UNRESOLVED: gcc.target/i386/mpx/realloc-2-lbv.c -O3 -g compilation failed to produce executable
FAIL: gcc.target/i386/mpx/realloc-2-nov.c -O2 -flto -fuse-linker-plugin -fno-fat-lto-objects (internal compiler error)
FAIL: gcc.target/i386/mpx/realloc-2-nov.c -O2 -flto -fuse-linker-plugin -fno-fat-lto-objects (test for excess errors)
UNRESOLVED: gcc.target/i386/mpx/realloc-2-nov.c -O2 -flto -fuse-linker-plugin -fno-fat-lto-objects compilation failed to produce executable
FAIL: gcc.target/i386/mpx/realloc-2-nov.c -O3 -g (internal compiler error)
FAIL: gcc.target/i386/mpx/realloc-2-nov.c -O3 -g (test for excess errors)
UNRESOLVED: gcc.target/i386/mpx/realloc-2-nov.c -O3 -g compilation failed to produce executable
FAIL: gcc.target/i386/mpx/realloc-2-ubv.c -O2 -flto -fuse-linker-plugin -fno-fat-lto-objects (internal compiler error)
FAIL: gcc.target/i386/mpx/realloc-2-ubv.c -O2 -flto -fuse-linker-plugin -fno-fat-lto-objects (test for excess errors)
UNRESOLVED: gcc.target/i386/mpx/realloc-2-ubv.c -O2 -flto -fuse-linker-plugin -fno-fat-lto-objects compilation failed to produce executable
FAIL: gcc.target/i386/mpx/realloc-2-ubv.c -O3 -g (internal compiler error)
FAIL: gcc.target/i386/mpx/realloc-2-ubv.c -O3 -g (test for excess errors)
UNRESOLVED: gcc.target/i386/mpx/realloc-2-ubv.c -O3 -g compilation failed to produce executable
FAIL: gcc.target/i386/mpx/reference-1-lbv.cpp -O2 -flto -fuse-linker-plugin -fno-fat-lto-objects (internal compiler error)
FAIL: gcc.target/i386/mpx/reference-1-lbv.cpp -O2 -flto -fuse-linker-plugin -fno-fat-lto-objects (test for excess errors)
UNRESOLVED: gcc.target/i386/mpx/reference-1-lbv.cpp -O2 -flto -fuse-linker-plugin -fno-fat-lto-objects compilation failed to produce executable
FAIL: gcc.target/i386/mpx/reference-1-lbv.cpp -O3 -g (internal compiler error)
FAIL: gcc.target/i386/mpx/reference-1-lbv.cpp -O3 -g (test for excess errors)
UNRESOLVED: gcc.target/i386/mpx/reference-1-lbv.cpp -O3 -g compilation failed to produce executable
FAIL: gcc.target/i386/mpx/reference-1-nov.cpp -O2 -flto -fuse-linker-plugin -fno-fat-lto-objects (internal compiler error)
FAIL: gcc.target/i386/mpx/reference-1-nov.cpp -O2 -flto -fuse-linker-plugin -fno-fat-lto-objects (test for excess errors)
UNRESOLVED: gcc.target/i386/mpx/reference-1-nov.cpp -O2 -flto -fuse-linker-plugin -fno-fat-lto-objects compilation failed to produce executable
FAIL: gcc.target/i386/mpx/reference-1-nov.cpp -O3 -g (internal compiler error)
FAIL: gcc.target/i386/mpx/reference-1-nov.cpp -O3 -g (test for excess errors)
UNRESOLVED: gcc.target/i386/mpx/reference-1-nov.cpp -O3 -g compilation failed to produce executable
FAIL: gcc.target/i386/mpx/reference-1-ubv.cpp -O2 -flto -fuse-linker-plugin -fno-fat-lto-objects (internal compiler error)
FAIL: gcc.target/i386/mpx/reference-1-ubv.cpp -O2 -flto -fuse-linker-plugin -fno-fat-lto-objects (test for excess errors)
UNRESOLVED: gcc.target/i386/mpx/reference-1-ubv.cpp -O2 -flto -fuse-linker-plugin -fno-fat-lto-objects compilation failed to produce executable
FAIL: gcc.target/i386/mpx/reference-1-ubv.cpp -O3 -g (internal compiler error)
FAIL: gcc.target/i386/mpx/reference-1-ubv.cpp -O3 -g (test for excess errors)
UNRESOLVED: gcc.target/i386/mpx/reference-1-ubv.cpp -O3 -g compilation failed to produce executable
FAIL: gcc.target/i386/mpx/reference-2-lbv.cpp -O2 -flto -fuse-linker-plugin -fno-fat-lto-objects (internal compiler error)
FAIL: gcc.target/i386/mpx/reference-2-lbv.cpp -O2 -flto -fuse-linker-plugin -fno-fat-lto-objects (test for excess errors)
UNRESOLVED: gcc.target/i386/mpx/reference-2-lbv.cpp -O2 -flto -fuse-linker-plugin -fno-fat-lto-objects compilation failed to produce executable
FAIL: gcc.target/i386/mpx/reference-2-lbv.cpp -O3 -g (internal compiler error)
FAIL: gcc.target/i386/mpx/reference-2-lbv.cpp -O3 -g (test for excess errors)
UNRESOLVED: gcc.target/i386/mpx/reference-2-lbv.cpp -O3 -g compilation failed to produce executable
FAIL: gcc.target/i386/mpx/reference-2-nov.cpp -O2 -flto -fuse-linker-plugin -fno-fat-lto-objects (internal compiler error)
FAIL: gcc.target/i386/mpx/reference-2-nov.cpp -O2 -flto -fuse-linker-plugin -fno-fat-lto-objects (test for excess errors)
UNRESOLVED: gcc.target/i386/mpx/reference-2-nov.cpp -O2 -flto -fuse-linker-plugin -fno-fat-lto-objects compilation failed to produce executable
FAIL: gcc.target/i386/mpx/reference-2-nov.cpp -O3 -g (internal compiler error)
FAIL: gcc.target/i386/mpx/reference-2-nov.cpp -O3 -g (test for excess errors)
UNRESOLVED: gcc.target/i386/mpx/reference-2-nov.cpp -O3 -g compilation failed to produce executable
FAIL: gcc.target/i386/mpx/reference-2-ubv.cpp -O2 -flto -fuse-linker-plugin -fno-fat-lto-objects (internal compiler error)
FAIL: gcc.target/i386/mpx/reference-2-ubv.cpp -O2 -flto -fuse-linker-plugin -fno-fat-lto-objects (test for excess errors)
UNRESOLVED: gcc.target/i386/mpx/reference-2-ubv.cpp -O2 -flto -fuse-linker-plugin -fno-fat-lto-objects compilation failed to produce executable
FAIL: gcc.target/i386/mpx/reference-2-ubv.cpp -O3 -g (internal compiler error)
FAIL: gcc.target/i386/mpx/reference-2-ubv.cpp -O3 -g (test for excess errors)
UNRESOLVED: gcc.target/i386/mpx/reference-2-ubv.cpp -O3 -g compilation failed to produce executable
FAIL: gcc.target/i386/mpx/reference-3-lbv.cpp -O2 -flto -fuse-linker-plugin -fno-fat-lto-objects (internal compiler error)
FAIL: gcc.target/i386/mpx/reference-3-lbv.cpp -O2 -flto -fuse-linker-plugin -fno-fat-lto-objects (test for excess errors)
UNRESOLVED: gcc.target/i386/mpx/reference-3-lbv.cpp -O2 -flto -fuse-linker-plugin -fno-fat-lto-objects compilation failed to produce executable
FAIL: gcc.target/i386/mpx/reference-3-lbv.cpp -O3 -g (internal compiler error)
FAIL: gcc.target/i386/mpx/reference-3-lbv.cpp -O3 -g (test for excess errors)
UNRESOLVED: gcc.target/i386/mpx/reference-3-lbv.cpp -O3 -g compilation failed to produce executable
FAIL: gcc.target/i386/mpx/reference-3-nov.cpp -O2 -flto -fuse-linker-plugin -fno-fat-lto-objects (internal compiler error)
FAIL: gcc.target/i386/mpx/reference-3-nov.cpp -O2 -flto -fuse-linker-plugin -fno-fat-lto-objects (test for excess errors)
UNRESOLVED: gcc.target/i386/mpx/reference-3-nov.cpp -O2 -flto -fuse-linker-plugin -fno-fat-lto-objects compilation failed to produce executable
FAIL: gcc.target/i386/mpx/reference-3-nov.cpp -O3 -g (internal compiler error)
FAIL: gcc.target/i386/mpx/reference-3-nov.cpp -O3 -g (test for excess errors)
UNRESOLVED: gcc.target/i386/mpx/reference-3-nov.cpp -O3 -g compilation failed to produce executable
FAIL: gcc.target/i386/mpx/reference-3-ubv.cpp -O2 -flto -fuse-linker-plugin -fno-fat-lto-objects (internal compiler error)
FAIL: gcc.target/i386/mpx/reference-3-ubv.cpp -O2 -flto -fuse-linker-plugin -fno-fat-lto-objects (test for excess errors)
UNRESOLVED: gcc.target/i386/mpx/reference-3-ubv.cpp -O2 -flto -fuse-linker-plugin -fno-fat-lto-objects compilation failed to produce executable
FAIL: gcc.target/i386/mpx/reference-3-ubv.cpp -O3 -g (internal compiler error)
FAIL: gcc.target/i386/mpx/reference-3-ubv.cpp -O3 -g (test for excess errors)
UNRESOLVED: gcc.target/i386/mpx/reference-3-ubv.cpp -O3 -g compilation failed to produce executable
FAIL: gcc.target/i386/mpx/reference-4-lbv.cpp -O2 -flto -fuse-linker-plugin -fno-fat-lto-objects (internal compiler error)
FAIL: gcc.target/i386/mpx/reference-4-lbv.cpp -O2 -flto -fuse-linker-plugin -fno-fat-lto-objects (test for excess errors)
UNRESOLVED: gcc.target/i386/mpx/reference-4-lbv.cpp -O2 -flto -fuse-linker-plugin -fno-fat-lto-objects compilation failed to produce executable
FAIL: gcc.target/i386/mpx/reference-4-lbv.cpp -O3 -g (internal compiler error)
FAIL: gcc.target/i386/mpx/reference-4-lbv.cpp -O3 -g (test for excess errors)
UNRESOLVED: gcc.target/i386/mpx/reference-4-lbv.cpp -O3 -g compilation failed to produce executable
FAIL: gcc.target/i386/mpx/reference-4-nov.cpp -O2 -flto -fuse-linker-plugin -fno-fat-lto-objects (internal compiler error)
FAIL: gcc.target/i386/mpx/reference-4-nov.cpp -O2 -flto -fuse-linker-plugin -fno-fat-lto-objects (test for excess errors)
UNRESOLVED: gcc.target/i386/mpx/reference-4-nov.cpp -O2 -flto -fuse-linker-plugin -fno-fat-lto-objects compilation failed to produce executable
FAIL: gcc.target/i386/mpx/reference-4-nov.cpp -O3 -g (internal compiler error)
FAIL: gcc.target/i386/mpx/reference-4-nov.cpp -O3 -g (test for excess errors)
UNRESOLVED: gcc.target/i386/mpx/reference-4-nov.cpp -O3 -g compilation failed to produce executable
FAIL: gcc.target/i386/mpx/reference-4-ubv.cpp -O2 -flto -fuse-linker-plugin -fno-fat-lto-objects (internal compiler error)
FAIL: gcc.target/i386/mpx/reference-4-ubv.cpp -O2 -flto -fuse-linker-plugin -fno-fat-lto-objects (test for excess errors)
UNRESOLVED: gcc.target/i386/mpx/reference-4-ubv.cpp -O2 -flto -fuse-linker-plugin -fno-fat-lto-objects compilation failed to produce executable
FAIL: gcc.target/i386/mpx/reference-4-ubv.cpp -O3 -g (internal compiler error)
FAIL: gcc.target/i386/mpx/reference-4-ubv.cpp -O3 -g (test for excess errors)
UNRESOLVED: gcc.target/i386/mpx/reference-4-ubv.cpp -O3 -g compilation failed to produce executable
FAIL: gcc.target/i386/mpx/return-pointer-1-lbv.c -O2 -flto -fuse-linker-plugin -fno-fat-lto-objects (internal compiler error)
FAIL: gcc.target/i386/mpx/return-pointer-1-lbv.c -O2 -flto -fuse-linker-plugin -fno-fat-lto-objects (test for excess errors)
UNRESOLVED: gcc.target/i386/mpx/return-pointer-1-lbv.c -O2 -flto -fuse-linker-plugin -fno-fat-lto-objects compilation failed to produce executable
FAIL: gcc.target/i386/mpx/return-pointer-1-lbv.c -O3 -g (internal compiler error)
FAIL: gcc.target/i386/mpx/return-pointer-1-lbv.c -O3 -g (test for excess errors)
UNRESOLVED: gcc.target/i386/mpx/return-pointer-1-lbv.c -O3 -g compilation failed to produce executable
FAIL: gcc.target/i386/mpx/return-pointer-1-nov.c -O2 -flto -fuse-linker-plugin -fno-fat-lto-objects (internal compiler error)
FAIL: gcc.target/i386/mpx/return-pointer-1-nov.c -O2 -flto -fuse-linker-plugin -fno-fat-lto-objects (test for excess errors)
UNRESOLVED: gcc.target/i386/mpx/return-pointer-1-nov.c -O2 -flto -fuse-linker-plugin -fno-fat-lto-objects compilation failed to produce executable
FAIL: gcc.target/i386/mpx/return-pointer-1-nov.c -O3 -g (internal compiler error)
FAIL: gcc.target/i386/mpx/return-pointer-1-nov.c -O3 -g (test for excess errors)
UNRESOLVED: gcc.target/i386/mpx/return-pointer-1-nov.c -O3 -g compilation failed to produce executable
FAIL: gcc.target/i386/mpx/return-pointer-1-ubv.c -O2 -flto -fuse-linker-plugin -fno-fat-lto-objects (internal compiler error)
FAIL: gcc.target/i386/mpx/return-pointer-1-ubv.c -O2 -flto -fuse-linker-plugin -fno-fat-lto-objects (test for excess errors)
UNRESOLVED: gcc.target/i386/mpx/return-pointer-1-ubv.c -O2 -flto -fuse-linker-plugin -fno-fat-lto-objects compilation failed to produce executable
FAIL: gcc.target/i386/mpx/return-pointer-1-ubv.c -O3 -g (internal compiler error)
FAIL: gcc.target/i386/mpx/return-pointer-1-ubv.c -O3 -g (test for excess errors)
UNRESOLVED: gcc.target/i386/mpx/return-pointer-1-ubv.c -O3 -g compilation failed to produce executable
FAIL: gcc.target/i386/mpx/return-struct-1-lbv.c -O2 -flto -fuse-linker-plugin -fno-fat-lto-objects (internal compiler error)
FAIL: gcc.target/i386/mpx/return-struct-1-lbv.c -O2 -flto -fuse-linker-plugin -fno-fat-lto-objects (test for excess errors)
UNRESOLVED: gcc.target/i386/mpx/return-struct-1-lbv.c -O2 -flto -fuse-linker-plugin -fno-fat-lto-objects compilation failed to produce executable
FAIL: gcc.target/i386/mpx/return-struct-1-lbv.c -O3 -g (internal compiler error)
FAIL: gcc.target/i386/mpx/return-struct-1-lbv.c -O3 -g (test for excess errors)
UNRESOLVED: gcc.target/i386/mpx/return-struct-1-lbv.c -O3 -g compilation failed to produce executable
FAIL: gcc.target/i386/mpx/return-struct-1-nov.c -O2 -flto -fuse-linker-plugin -fno-fat-lto-objects (internal compiler error)
FAIL: gcc.target/i386/mpx/return-struct-1-nov.c -O2 -flto -fuse-linker-plugin -fno-fat-lto-objects (test for excess errors)
UNRESOLVED: gcc.target/i386/mpx/return-struct-1-nov.c -O2 -flto -fuse-linker-plugin -fno-fat-lto-objects compilation failed to produce executable
FAIL: gcc.target/i386/mpx/return-struct-1-nov.c -O3 -g (internal compiler error)
FAIL: gcc.target/i386/mpx/return-struct-1-nov.c -O3 -g (test for excess errors)
UNRESOLVED: gcc.target/i386/mpx/return-struct-1-nov.c -O3 -g compilation failed to produce executable
FAIL: gcc.target/i386/mpx/return-struct-1-ubv.c -O2 -flto -fuse-linker-plugin -fno-fat-lto-objects (internal compiler error)
FAIL: gcc.target/i386/mpx/return-struct-1-ubv.c -O2 -flto -fuse-linker-plugin -fno-fat-lto-objects (test for excess errors)
UNRESOLVED: gcc.target/i386/mpx/return-struct-1-ubv.c -O2 -flto -fuse-linker-plugin -fno-fat-lto-objects compilation failed to produce executable
FAIL: gcc.target/i386/mpx/return-struct-1-ubv.c -O3 -g (internal compiler error)
FAIL: gcc.target/i386/mpx/return-struct-1-ubv.c -O3 -g (test for excess errors)
UNRESOLVED: gcc.target/i386/mpx/return-struct-1-ubv.c -O3 -g compilation failed to produce executable
FAIL: gcc.target/i386/mpx/return-struct-2-lbv.c -O2 -flto -fuse-linker-plugin -fno-fat-lto-objects (internal compiler error)
FAIL: gcc.target/i386/mpx/return-struct-2-lbv.c -O2 -flto -fuse-linker-plugin -fno-fat-lto-objects (test for excess errors)
UNRESOLVED: gcc.target/i386/mpx/return-struct-2-lbv.c -O2 -flto -fuse-linker-plugin -fno-fat-lto-objects compilation failed to produce executable
FAIL: gcc.target/i386/mpx/return-struct-2-lbv.c -O3 -g (internal compiler error)
FAIL: gcc.target/i386/mpx/return-struct-2-lbv.c -O3 -g (test for excess errors)
UNRESOLVED: gcc.target/i386/mpx/return-struct-2-lbv.c -O3 -g compilation failed to produce executable
FAIL: gcc.target/i386/mpx/return-struct-2-nov.c -O2 -flto -fuse-linker-plugin -fno-fat-lto-objects (internal compiler error)
FAIL: gcc.target/i386/mpx/return-struct-2-nov.c -O2 -flto -fuse-linker-plugin -fno-fat-lto-objects (test for excess errors)
UNRESOLVED: gcc.target/i386/mpx/return-struct-2-nov.c -O2 -flto -fuse-linker-plugin -fno-fat-lto-objects compilation failed to produce executable
FAIL: gcc.target/i386/mpx/return-struct-2-nov.c -O3 -g (internal compiler error)
FAIL: gcc.target/i386/mpx/return-struct-2-nov.c -O3 -g (test for excess errors)
UNRESOLVED: gcc.target/i386/mpx/return-struct-2-nov.c -O3 -g compilation failed to produce executable
FAIL: gcc.target/i386/mpx/return-struct-2-ubv.c -O2 -flto -fuse-linker-plugin -fno-fat-lto-objects (internal compiler error)
FAIL: gcc.target/i386/mpx/return-struct-2-ubv.c -O2 -flto -fuse-linker-plugin -fno-fat-lto-objects (test for excess errors)
UNRESOLVED: gcc.target/i386/mpx/return-struct-2-ubv.c -O2 -flto -fuse-linker-plugin -fno-fat-lto-objects compilation failed to produce executable
FAIL: gcc.target/i386/mpx/return-struct-2-ubv.c -O3 -g (internal compiler error)
FAIL: gcc.target/i386/mpx/return-struct-2-ubv.c -O3 -g (test for excess errors)
UNRESOLVED: gcc.target/i386/mpx/return-struct-2-ubv.c -O3 -g compilation failed to produce executable
FAIL: gcc.target/i386/mpx/return-struct-3-lbv.c -O2 -flto -fuse-linker-plugin -fno-fat-lto-objects (internal compiler error)
FAIL: gcc.target/i386/mpx/return-struct-3-lbv.c -O2 -flto -fuse-linker-plugin -fno-fat-lto-objects (test for excess errors)
UNRESOLVED: gcc.target/i386/mpx/return-struct-3-lbv.c -O2 -flto -fuse-linker-plugin -fno-fat-lto-objects compilation failed to produce executable
FAIL: gcc.target/i386/mpx/return-struct-3-lbv.c -O3 -g (internal compiler error)
FAIL: gcc.target/i386/mpx/return-struct-3-lbv.c -O3 -g (test for excess errors)
UNRESOLVED: gcc.target/i386/mpx/return-struct-3-lbv.c -O3 -g compilation failed to produce executable
FAIL: gcc.target/i386/mpx/return-struct-3-nov.c -O2 -flto -fuse-linker-plugin -fno-fat-lto-objects (internal compiler error)
FAIL: gcc.target/i386/mpx/return-struct-3-nov.c -O2 -flto -fuse-linker-plugin -fno-fat-lto-objects (test for excess errors)
UNRESOLVED: gcc.target/i386/mpx/return-struct-3-nov.c -O2 -flto -fuse-linker-plugin -fno-fat-lto-objects compilation failed to produce executable
FAIL: gcc.target/i386/mpx/return-struct-3-nov.c -O3 -g (internal compiler error)
FAIL: gcc.target/i386/mpx/return-struct-3-nov.c -O3 -g (test for excess errors)
UNRESOLVED: gcc.target/i386/mpx/return-struct-3-nov.c -O3 -g compilation failed to produce executable
FAIL: gcc.target/i386/mpx/return-struct-3-ubv.c -O2 -flto -fuse-linker-plugin -fno-fat-lto-objects (internal compiler error)
FAIL: gcc.target/i386/mpx/return-struct-3-ubv.c -O2 -flto -fuse-linker-plugin -fno-fat-lto-objects (test for excess errors)
UNRESOLVED: gcc.target/i386/mpx/return-struct-3-ubv.c -O2 -flto -fuse-linker-plugin -fno-fat-lto-objects compilation failed to produce executable
FAIL: gcc.target/i386/mpx/return-struct-3-ubv.c -O3 -g (internal compiler error)
FAIL: gcc.target/i386/mpx/return-struct-3-ubv.c -O3 -g (test for excess errors)
UNRESOLVED: gcc.target/i386/mpx/return-struct-3-ubv.c -O3 -g compilation failed to produce executable
FAIL: gcc.target/i386/mpx/return-struct-4-lbv.c -O2 -flto -fuse-linker-plugin -fno-fat-lto-objects (internal compiler error)
FAIL: gcc.target/i386/mpx/return-struct-4-lbv.c -O2 -flto -fuse-linker-plugin -fno-fat-lto-objects (test for excess errors)
UNRESOLVED: gcc.target/i386/mpx/return-struct-4-lbv.c -O2 -flto -fuse-linker-plugin -fno-fat-lto-objects compilation failed to produce executable
FAIL: gcc.target/i386/mpx/return-struct-4-lbv.c -O3 -g (internal compiler error)
FAIL: gcc.target/i386/mpx/return-struct-4-lbv.c -O3 -g (test for excess errors)
UNRESOLVED: gcc.target/i386/mpx/return-struct-4-lbv.c -O3 -g compilation failed to produce executable
FAIL: gcc.target/i386/mpx/return-struct-4-nov.c -O2 -flto -fuse-linker-plugin -fno-fat-lto-objects (internal compiler error)
FAIL: gcc.target/i386/mpx/return-struct-4-nov.c -O2 -flto -fuse-linker-plugin -fno-fat-lto-objects (test for excess errors)
UNRESOLVED: gcc.target/i386/mpx/return-struct-4-nov.c -O2 -flto -fuse-linker-plugin -fno-fat-lto-objects compilation failed to produce executable
FAIL: gcc.target/i386/mpx/return-struct-4-nov.c -O3 -g (internal compiler error)
FAIL: gcc.target/i386/mpx/return-struct-4-nov.c -O3 -g (test for excess errors)
UNRESOLVED: gcc.target/i386/mpx/return-struct-4-nov.c -O3 -g compilation failed to produce executable
FAIL: gcc.target/i386/mpx/return-struct-4-ubv.c -O2 -flto -fuse-linker-plugin -fno-fat-lto-objects (internal compiler error)
FAIL: gcc.target/i386/mpx/return-struct-4-ubv.c -O2 -flto -fuse-linker-plugin -fno-fat-lto-objects (test for excess errors)
UNRESOLVED: gcc.target/i386/mpx/return-struct-4-ubv.c -O2 -flto -fuse-linker-plugin -fno-fat-lto-objects compilation failed to produce executable
FAIL: gcc.target/i386/mpx/return-struct-4-ubv.c -O3 -g (internal compiler error)
FAIL: gcc.target/i386/mpx/return-struct-4-ubv.c -O3 -g (test for excess errors)
UNRESOLVED: gcc.target/i386/mpx/return-struct-4-ubv.c -O3 -g compilation failed to produce executable
FAIL: gcc.target/i386/mpx/return-struct-5-lbv.c -O2 -flto -fuse-linker-plugin -fno-fat-lto-objects (internal compiler error)
FAIL: gcc.target/i386/mpx/return-struct-5-lbv.c -O2 -flto -fuse-linker-plugin -fno-fat-lto-objects (test for excess errors)
UNRESOLVED: gcc.target/i386/mpx/return-struct-5-lbv.c -O2 -flto -fuse-linker-plugin -fno-fat-lto-objects compilation failed to produce executable
FAIL: gcc.target/i386/mpx/return-struct-5-lbv.c -O3 -g (internal compiler error)
FAIL: gcc.target/i386/mpx/return-struct-5-lbv.c -O3 -g (test for excess errors)
UNRESOLVED: gcc.target/i386/mpx/return-struct-5-lbv.c -O3 -g compilation failed to produce executable
FAIL: gcc.target/i386/mpx/return-struct-5-nov.c -O2 -flto -fuse-linker-plugin -fno-fat-lto-objects (internal compiler error)
FAIL: gcc.target/i386/mpx/return-struct-5-nov.c -O2 -flto -fuse-linker-plugin -fno-fat-lto-objects (test for excess errors)
UNRESOLVED: gcc.target/i386/mpx/return-struct-5-nov.c -O2 -flto -fuse-linker-plugin -fno-fat-lto-objects compilation failed to produce executable
FAIL: gcc.target/i386/mpx/return-struct-5-nov.c -O3 -g (internal compiler error)
FAIL: gcc.target/i386/mpx/return-struct-5-nov.c -O3 -g (test for excess errors)
UNRESOLVED: gcc.target/i386/mpx/return-struct-5-nov.c -O3 -g compilation failed to produce executable
FAIL: gcc.target/i386/mpx/return-struct-5-ubv.c -O2 -flto -fuse-linker-plugin -fno-fat-lto-objects (internal compiler error)
FAIL: gcc.target/i386/mpx/return-struct-5-ubv.c -O2 -flto -fuse-linker-plugin -fno-fat-lto-objects (test for excess errors)
UNRESOLVED: gcc.target/i386/mpx/return-struct-5-ubv.c -O2 -flto -fuse-linker-plugin -fno-fat-lto-objects compilation failed to produce executable
FAIL: gcc.target/i386/mpx/return-struct-5-ubv.c -O3 -g (internal compiler error)
FAIL: gcc.target/i386/mpx/return-struct-5-ubv.c -O3 -g (test for excess errors)
UNRESOLVED: gcc.target/i386/mpx/return-struct-5-ubv.c -O3 -g compilation failed to produce executable
FAIL: gcc.target/i386/mpx/return-struct-6-lbv.c -O2 -flto -fuse-linker-plugin -fno-fat-lto-objects (internal compiler error)
FAIL: gcc.target/i386/mpx/return-struct-6-lbv.c -O2 -flto -fuse-linker-plugin -fno-fat-lto-objects (test for excess errors)
UNRESOLVED: gcc.target/i386/mpx/return-struct-6-lbv.c -O2 -flto -fuse-linker-plugin -fno-fat-lto-objects compilation failed to produce executable
FAIL: gcc.target/i386/mpx/return-struct-6-lbv.c -O3 -g (internal compiler error)
FAIL: gcc.target/i386/mpx/return-struct-6-lbv.c -O3 -g (test for excess errors)
UNRESOLVED: gcc.target/i386/mpx/return-struct-6-lbv.c -O3 -g compilation failed to produce executable
FAIL: gcc.target/i386/mpx/return-struct-6-nov.c -O2 -flto -fuse-linker-plugin -fno-fat-lto-objects (internal compiler error)
FAIL: gcc.target/i386/mpx/return-struct-6-nov.c -O2 -flto -fuse-linker-plugin -fno-fat-lto-objects (test for excess errors)
UNRESOLVED: gcc.target/i386/mpx/return-struct-6-nov.c -O2 -flto -fuse-linker-plugin -fno-fat-lto-objects compilation failed to produce executable
FAIL: gcc.target/i386/mpx/return-struct-6-nov.c -O3 -g (internal compiler error)
FAIL: gcc.target/i386/mpx/return-struct-6-nov.c -O3 -g (test for excess errors)
UNRESOLVED: gcc.target/i386/mpx/return-struct-6-nov.c -O3 -g compilation failed to produce executable
FAIL: gcc.target/i386/mpx/return-struct-6-ubv.c -O2 -flto -fuse-linker-plugin -fno-fat-lto-objects (internal compiler error)
FAIL: gcc.target/i386/mpx/return-struct-6-ubv.c -O2 -flto -fuse-linker-plugin -fno-fat-lto-objects (test for excess errors)
UNRESOLVED: gcc.target/i386/mpx/return-struct-6-ubv.c -O2 -flto -fuse-linker-plugin -fno-fat-lto-objects compilation failed to produce executable
FAIL: gcc.target/i386/mpx/return-struct-6-ubv.c -O3 -g (internal compiler error)
FAIL: gcc.target/i386/mpx/return-struct-6-ubv.c -O3 -g (test for excess errors)
UNRESOLVED: gcc.target/i386/mpx/return-struct-6-ubv.c -O3 -g compilation failed to produce executable
FAIL: gcc.target/i386/mpx/sincos-1-nov.c -O2 -flto -fuse-linker-plugin -fno-fat-lto-objects (internal compiler error)
FAIL: gcc.target/i386/mpx/sincos-1-nov.c -O2 -flto -fuse-linker-plugin -fno-fat-lto-objects (test for excess errors)
UNRESOLVED: gcc.target/i386/mpx/sincos-1-nov.c -O2 -flto -fuse-linker-plugin -fno-fat-lto-objects compilation failed to produce executable
FAIL: gcc.target/i386/mpx/sincos-1-nov.c -O3 -g (internal compiler error)
FAIL: gcc.target/i386/mpx/sincos-1-nov.c -O3 -g (test for excess errors)
UNRESOLVED: gcc.target/i386/mpx/sincos-1-nov.c -O3 -g compilation failed to produce executable
FAIL: gcc.target/i386/mpx/static-array-1-lbv.c -O2 -flto -fuse-linker-plugin -fno-fat-lto-objects (internal compiler error)
FAIL: gcc.target/i386/mpx/static-array-1-lbv.c -O2 -flto -fuse-linker-plugin -fno-fat-lto-objects (test for excess errors)
UNRESOLVED: gcc.target/i386/mpx/static-array-1-lbv.c -O2 -flto -fuse-linker-plugin -fno-fat-lto-objects compilation failed to produce executable
FAIL: gcc.target/i386/mpx/static-array-1-lbv.c -O3 -g (internal compiler error)
FAIL: gcc.target/i386/mpx/static-array-1-lbv.c -O3 -g (test for excess errors)
UNRESOLVED: gcc.target/i386/mpx/static-array-1-lbv.c -O3 -g compilation failed to produce executable
FAIL: gcc.target/i386/mpx/static-array-1-nov.c -O2 -flto -fuse-linker-plugin -fno-fat-lto-objects (internal compiler error)
FAIL: gcc.target/i386/mpx/static-array-1-nov.c -O2 -flto -fuse-linker-plugin -fno-fat-lto-objects (test for excess errors)
UNRESOLVED: gcc.target/i386/mpx/static-array-1-nov.c -O2 -flto -fuse-linker-plugin -fno-fat-lto-objects compilation failed to produce executable
FAIL: gcc.target/i386/mpx/static-array-1-nov.c -O3 -g (internal compiler error)
FAIL: gcc.target/i386/mpx/static-array-1-nov.c -O3 -g (test for excess errors)
UNRESOLVED: gcc.target/i386/mpx/static-array-1-nov.c -O3 -g compilation failed to produce executable
FAIL: gcc.target/i386/mpx/static-array-1-ubv.c -O2 -flto -fuse-linker-plugin -fno-fat-lto-objects (internal compiler error)
FAIL: gcc.target/i386/mpx/static-array-1-ubv.c -O2 -flto -fuse-linker-plugin -fno-fat-lto-objects (test for excess errors)
UNRESOLVED: gcc.target/i386/mpx/static-array-1-ubv.c -O2 -flto -fuse-linker-plugin -fno-fat-lto-objects compilation failed to produce executable
FAIL: gcc.target/i386/mpx/static-array-1-ubv.c -O3 -g (internal compiler error)
FAIL: gcc.target/i386/mpx/static-array-1-ubv.c -O3 -g (test for excess errors)
UNRESOLVED: gcc.target/i386/mpx/static-array-1-ubv.c -O3 -g compilation failed to produce executable
FAIL: gcc.target/i386/mpx/static-init-1-lbv.c -O2 -flto -fuse-linker-plugin -fno-fat-lto-objects (internal compiler error)
FAIL: gcc.target/i386/mpx/static-init-1-lbv.c -O2 -flto -fuse-linker-plugin -fno-fat-lto-objects (test for excess errors)
UNRESOLVED: gcc.target/i386/mpx/static-init-1-lbv.c -O2 -flto -fuse-linker-plugin -fno-fat-lto-objects compilation failed to produce executable
FAIL: gcc.target/i386/mpx/static-init-1-lbv.c -O3 -g (internal compiler error)
FAIL: gcc.target/i386/mpx/static-init-1-lbv.c -O3 -g (test for excess errors)
UNRESOLVED: gcc.target/i386/mpx/static-init-1-lbv.c -O3 -g compilation failed to produce executable
FAIL: gcc.target/i386/mpx/static-init-1-nov.c -O2 -flto -fuse-linker-plugin -fno-fat-lto-objects (internal compiler error)
FAIL: gcc.target/i386/mpx/static-init-1-nov.c -O2 -flto -fuse-linker-plugin -fno-fat-lto-objects (test for excess errors)
UNRESOLVED: gcc.target/i386/mpx/static-init-1-nov.c -O2 -flto -fuse-linker-plugin -fno-fat-lto-objects compilation failed to produce executable
FAIL: gcc.target/i386/mpx/static-init-1-nov.c -O3 -g (internal compiler error)
FAIL: gcc.target/i386/mpx/static-init-1-nov.c -O3 -g (test for excess errors)
UNRESOLVED: gcc.target/i386/mpx/static-init-1-nov.c -O3 -g compilation failed to produce executable
FAIL: gcc.target/i386/mpx/static-init-1-ubv.c -O2 -flto -fuse-linker-plugin -fno-fat-lto-objects (internal compiler error)
FAIL: gcc.target/i386/mpx/static-init-1-ubv.c -O2 -flto -fuse-linker-plugin -fno-fat-lto-objects (test for excess errors)
UNRESOLVED: gcc.target/i386/mpx/static-init-1-ubv.c -O2 -flto -fuse-linker-plugin -fno-fat-lto-objects compilation failed to produce executable
FAIL: gcc.target/i386/mpx/static-init-1-ubv.c -O3 -g (internal compiler error)
FAIL: gcc.target/i386/mpx/static-init-1-ubv.c -O3 -g (test for excess errors)
UNRESOLVED: gcc.target/i386/mpx/static-init-1-ubv.c -O3 -g compilation failed to produce executable
FAIL: gcc.target/i386/mpx/static-init-2-lbv.c -O2 -flto -fuse-linker-plugin -fno-fat-lto-objects (internal compiler error)
FAIL: gcc.target/i386/mpx/static-init-2-lbv.c -O2 -flto -fuse-linker-plugin -fno-fat-lto-objects (test for excess errors)
UNRESOLVED: gcc.target/i386/mpx/static-init-2-lbv.c -O2 -flto -fuse-linker-plugin -fno-fat-lto-objects compilation failed to produce executable
FAIL: gcc.target/i386/mpx/static-init-2-lbv.c -O3 -g (internal compiler error)
FAIL: gcc.target/i386/mpx/static-init-2-lbv.c -O3 -g (test for excess errors)
UNRESOLVED: gcc.target/i386/mpx/static-init-2-lbv.c -O3 -g compilation failed to produce executable
FAIL: gcc.target/i386/mpx/static-init-2-nov.c -O2 -flto -fuse-linker-plugin -fno-fat-lto-objects (internal compiler error)
FAIL: gcc.target/i386/mpx/static-init-2-nov.c -O2 -flto -fuse-linker-plugin -fno-fat-lto-objects (test for excess errors)
UNRESOLVED: gcc.target/i386/mpx/static-init-2-nov.c -O2 -flto -fuse-linker-plugin -fno-fat-lto-objects compilation failed to produce executable
FAIL: gcc.target/i386/mpx/static-init-2-nov.c -O3 -g (internal compiler error)
FAIL: gcc.target/i386/mpx/static-init-2-nov.c -O3 -g (test for excess errors)
UNRESOLVED: gcc.target/i386/mpx/static-init-2-nov.c -O3 -g compilation failed to produce executable
FAIL: gcc.target/i386/mpx/static-init-2-ubv.c -O2 -flto -fuse-linker-plugin -fno-fat-lto-objects (internal compiler error)
FAIL: gcc.target/i386/mpx/static-init-2-ubv.c -O2 -flto -fuse-linker-plugin -fno-fat-lto-objects (test for excess errors)
UNRESOLVED: gcc.target/i386/mpx/static-init-2-ubv.c -O2 -flto -fuse-linker-plugin -fno-fat-lto-objects compilation failed to produce executable
FAIL: gcc.target/i386/mpx/static-init-2-ubv.c -O3 -g (internal compiler error)
FAIL: gcc.target/i386/mpx/static-init-2-ubv.c -O3 -g (test for excess errors)
UNRESOLVED: gcc.target/i386/mpx/static-init-2-ubv.c -O3 -g compilation failed to produce executable
FAIL: gcc.target/i386/mpx/static-init-3-lbv.c -O2 -flto -fuse-linker-plugin -fno-fat-lto-objects (internal compiler error)
FAIL: gcc.target/i386/mpx/static-init-3-lbv.c -O2 -flto -fuse-linker-plugin -fno-fat-lto-objects (test for excess errors)
UNRESOLVED: gcc.target/i386/mpx/static-init-3-lbv.c -O2 -flto -fuse-linker-plugin -fno-fat-lto-objects compilation failed to produce executable
FAIL: gcc.target/i386/mpx/static-init-3-lbv.c -O3 -g (internal compiler error)
FAIL: gcc.target/i386/mpx/static-init-3-lbv.c -O3 -g (test for excess errors)
UNRESOLVED: gcc.target/i386/mpx/static-init-3-lbv.c -O3 -g compilation failed to produce executable
FAIL: gcc.target/i386/mpx/static-init-3-nov.c -O2 -flto -fuse-linker-plugin -fno-fat-lto-objects (internal compiler error)
FAIL: gcc.target/i386/mpx/static-init-3-nov.c -O2 -flto -fuse-linker-plugin -fno-fat-lto-objects (test for excess errors)
UNRESOLVED: gcc.target/i386/mpx/static-init-3-nov.c -O2 -flto -fuse-linker-plugin -fno-fat-lto-objects compilation failed to produce executable
FAIL: gcc.target/i386/mpx/static-init-3-nov.c -O3 -g (internal compiler error)
FAIL: gcc.target/i386/mpx/static-init-3-nov.c -O3 -g (test for excess errors)
UNRESOLVED: gcc.target/i386/mpx/static-init-3-nov.c -O3 -g compilation failed to produce executable
FAIL: gcc.target/i386/mpx/static-init-3-ubv.c -O2 -flto -fuse-linker-plugin -fno-fat-lto-objects (internal compiler error)
FAIL: gcc.target/i386/mpx/static-init-3-ubv.c -O2 -flto -fuse-linker-plugin -fno-fat-lto-objects (test for excess errors)
UNRESOLVED: gcc.target/i386/mpx/static-init-3-ubv.c -O2 -flto -fuse-linker-plugin -fno-fat-lto-objects compilation failed to produce executable
FAIL: gcc.target/i386/mpx/static-init-3-ubv.c -O3 -g (internal compiler error)
FAIL: gcc.target/i386/mpx/static-init-3-ubv.c -O3 -g (test for excess errors)
UNRESOLVED: gcc.target/i386/mpx/static-init-3-ubv.c -O3 -g compilation failed to produce executable
FAIL: gcc.target/i386/mpx/static-init-4-lbv.c -O2 -flto -fuse-linker-plugin -fno-fat-lto-objects (internal compiler error)
FAIL: gcc.target/i386/mpx/static-init-4-lbv.c -O2 -flto -fuse-linker-plugin -fno-fat-lto-objects (test for excess errors)
UNRESOLVED: gcc.target/i386/mpx/static-init-4-lbv.c -O2 -flto -fuse-linker-plugin -fno-fat-lto-objects compilation failed to produce executable
FAIL: gcc.target/i386/mpx/static-init-4-lbv.c -O3 -g (internal compiler error)
FAIL: gcc.target/i386/mpx/static-init-4-lbv.c -O3 -g (test for excess errors)
UNRESOLVED: gcc.target/i386/mpx/static-init-4-lbv.c -O3 -g compilation failed to produce executable
FAIL: gcc.target/i386/mpx/static-init-4-nov.c -O2 -flto -fuse-linker-plugin -fno-fat-lto-objects (internal compiler error)
FAIL: gcc.target/i386/mpx/static-init-4-nov.c -O2 -flto -fuse-linker-plugin -fno-fat-lto-objects (test for excess errors)
UNRESOLVED: gcc.target/i386/mpx/static-init-4-nov.c -O2 -flto -fuse-linker-plugin -fno-fat-lto-objects compilation failed to produce executable
FAIL: gcc.target/i386/mpx/static-init-4-nov.c -O3 -g (internal compiler error)
FAIL: gcc.target/i386/mpx/static-init-4-nov.c -O3 -g (test for excess errors)
UNRESOLVED: gcc.target/i386/mpx/static-init-4-nov.c -O3 -g compilation failed to produce executable
FAIL: gcc.target/i386/mpx/static-init-4-ubv.c -O2 -flto -fuse-linker-plugin -fno-fat-lto-objects (internal compiler error)
FAIL: gcc.target/i386/mpx/static-init-4-ubv.c -O2 -flto -fuse-linker-plugin -fno-fat-lto-objects (test for excess errors)
UNRESOLVED: gcc.target/i386/mpx/static-init-4-ubv.c -O2 -flto -fuse-linker-plugin -fno-fat-lto-objects compilation failed to produce executable
FAIL: gcc.target/i386/mpx/static-init-4-ubv.c -O3 -g (internal compiler error)
FAIL: gcc.target/i386/mpx/static-init-4-ubv.c -O3 -g (test for excess errors)
UNRESOLVED: gcc.target/i386/mpx/static-init-4-ubv.c -O3 -g compilation failed to produce executable
FAIL: gcc.target/i386/mpx/static-init-5-lbv.c -O2 -flto -fuse-linker-plugin -fno-fat-lto-objects (internal compiler error)
FAIL: gcc.target/i386/mpx/static-init-5-lbv.c -O2 -flto -fuse-linker-plugin -fno-fat-lto-objects (test for excess errors)
UNRESOLVED: gcc.target/i386/mpx/static-init-5-lbv.c -O2 -flto -fuse-linker-plugin -fno-fat-lto-objects compilation failed to produce executable
FAIL: gcc.target/i386/mpx/static-init-5-lbv.c -O3 -g (internal compiler error)
FAIL: gcc.target/i386/mpx/static-init-5-lbv.c -O3 -g (test for excess errors)
UNRESOLVED: gcc.target/i386/mpx/static-init-5-lbv.c -O3 -g compilation failed to produce executable
FAIL: gcc.target/i386/mpx/static-init-5-nov.c -O2 -flto -fuse-linker-plugin -fno-fat-lto-objects (internal compiler error)
FAIL: gcc.target/i386/mpx/static-init-5-nov.c -O2 -flto -fuse-linker-plugin -fno-fat-lto-objects (test for excess errors)
UNRESOLVED: gcc.target/i386/mpx/static-init-5-nov.c -O2 -flto -fuse-linker-plugin -fno-fat-lto-objects compilation failed to produce executable
FAIL: gcc.target/i386/mpx/static-init-5-nov.c -O3 -g (internal compiler error)
FAIL: gcc.target/i386/mpx/static-init-5-nov.c -O3 -g (test for excess errors)
UNRESOLVED: gcc.target/i386/mpx/static-init-5-nov.c -O3 -g compilation failed to produce executable
FAIL: gcc.target/i386/mpx/static-init-5-ubv.c -O2 -flto -fuse-linker-plugin -fno-fat-lto-objects (internal compiler error)
FAIL: gcc.target/i386/mpx/static-init-5-ubv.c -O2 -flto -fuse-linker-plugin -fno-fat-lto-objects (test for excess errors)
UNRESOLVED: gcc.target/i386/mpx/static-init-5-ubv.c -O2 -flto -fuse-linker-plugin -fno-fat-lto-objects compilation failed to produce executable
FAIL: gcc.target/i386/mpx/static-init-5-ubv.c -O3 -g (internal compiler error)
FAIL: gcc.target/i386/mpx/static-init-5-ubv.c -O3 -g (test for excess errors)
UNRESOLVED: gcc.target/i386/mpx/static-init-5-ubv.c -O3 -g compilation failed to produce executable
FAIL: gcc.target/i386/mpx/static-init-6-lbv.c -O2 -flto -fuse-linker-plugin -fno-fat-lto-objects (internal compiler error)
FAIL: gcc.target/i386/mpx/static-init-6-lbv.c -O2 -flto -fuse-linker-plugin -fno-fat-lto-objects (test for excess errors)
UNRESOLVED: gcc.target/i386/mpx/static-init-6-lbv.c -O2 -flto -fuse-linker-plugin -fno-fat-lto-objects compilation failed to produce executable
FAIL: gcc.target/i386/mpx/static-init-6-lbv.c -O3 -g (internal compiler error)
FAIL: gcc.target/i386/mpx/static-init-6-lbv.c -O3 -g (test for excess errors)
UNRESOLVED: gcc.target/i386/mpx/static-init-6-lbv.c -O3 -g compilation failed to produce executable
FAIL: gcc.target/i386/mpx/static-init-6-nov.c -O2 -flto -fuse-linker-plugin -fno-fat-lto-objects (internal compiler error)
FAIL: gcc.target/i386/mpx/static-init-6-nov.c -O2 -flto -fuse-linker-plugin -fno-fat-lto-objects (test for excess errors)
UNRESOLVED: gcc.target/i386/mpx/static-init-6-nov.c -O2 -flto -fuse-linker-plugin -fno-fat-lto-objects compilation failed to produce executable
FAIL: gcc.target/i386/mpx/static-init-6-nov.c -O3 -g (internal compiler error)
FAIL: gcc.target/i386/mpx/static-init-6-nov.c -O3 -g (test for excess errors)
UNRESOLVED: gcc.target/i386/mpx/static-init-6-nov.c -O3 -g compilation failed to produce executable
FAIL: gcc.target/i386/mpx/static-init-6-ubv.c -O2 -flto -fuse-linker-plugin -fno-fat-lto-objects (internal compiler error)
FAIL: gcc.target/i386/mpx/static-init-6-ubv.c -O2 -flto -fuse-linker-plugin -fno-fat-lto-objects (test for excess errors)
UNRESOLVED: gcc.target/i386/mpx/static-init-6-ubv.c -O2 -flto -fuse-linker-plugin -fno-fat-lto-objects compilation failed to produce executable
FAIL: gcc.target/i386/mpx/static-init-6-ubv.c -O3 -g (internal compiler error)
FAIL: gcc.target/i386/mpx/static-init-6-ubv.c -O3 -g (test for excess errors)
UNRESOLVED: gcc.target/i386/mpx/static-init-6-ubv.c -O3 -g compilation failed to produce executable
FAIL: gcc.target/i386/mpx/static-string-1-lbv.c -O2 -flto -fuse-linker-plugin -fno-fat-lto-objects (internal compiler error)
FAIL: gcc.target/i386/mpx/static-string-1-lbv.c -O2 -flto -fuse-linker-plugin -fno-fat-lto-objects (test for excess errors)
UNRESOLVED: gcc.target/i386/mpx/static-string-1-lbv.c -O2 -flto -fuse-linker-plugin -fno-fat-lto-objects compilation failed to produce executable
FAIL: gcc.target/i386/mpx/static-string-1-lbv.c -O3 -g (internal compiler error)
FAIL: gcc.target/i386/mpx/static-string-1-lbv.c -O3 -g (test for excess errors)
UNRESOLVED: gcc.target/i386/mpx/static-string-1-lbv.c -O3 -g compilation failed to produce executable
FAIL: gcc.target/i386/mpx/static-string-1-nov.c -O2 -flto -fuse-linker-plugin -fno-fat-lto-objects (internal compiler error)
FAIL: gcc.target/i386/mpx/static-string-1-nov.c -O2 -flto -fuse-linker-plugin -fno-fat-lto-objects (test for excess errors)
UNRESOLVED: gcc.target/i386/mpx/static-string-1-nov.c -O2 -flto -fuse-linker-plugin -fno-fat-lto-objects compilation failed to produce executable
FAIL: gcc.target/i386/mpx/static-string-1-nov.c -O3 -g (internal compiler error)
FAIL: gcc.target/i386/mpx/static-string-1-nov.c -O3 -g (test for excess errors)
UNRESOLVED: gcc.target/i386/mpx/static-string-1-nov.c -O3 -g compilation failed to produce executable
FAIL: gcc.target/i386/mpx/static-string-1-ubv.c -O2 -flto -fuse-linker-plugin -fno-fat-lto-objects (internal compiler error)
FAIL: gcc.target/i386/mpx/static-string-1-ubv.c -O2 -flto -fuse-linker-plugin -fno-fat-lto-objects (test for excess errors)
UNRESOLVED: gcc.target/i386/mpx/static-string-1-ubv.c -O2 -flto -fuse-linker-plugin -fno-fat-lto-objects compilation failed to produce executable
FAIL: gcc.target/i386/mpx/static-string-1-ubv.c -O3 -g (internal compiler error)
FAIL: gcc.target/i386/mpx/static-string-1-ubv.c -O3 -g (test for excess errors)
UNRESOLVED: gcc.target/i386/mpx/static-string-1-ubv.c -O3 -g compilation failed to produce executable
FAIL: gcc.target/i386/mpx/struct-arg-1-lbv.c -O2 -flto -fuse-linker-plugin -fno-fat-lto-objects (internal compiler error)
FAIL: gcc.target/i386/mpx/struct-arg-1-lbv.c -O2 -flto -fuse-linker-plugin -fno-fat-lto-objects (test for excess errors)
UNRESOLVED: gcc.target/i386/mpx/struct-arg-1-lbv.c -O2 -flto -fuse-linker-plugin -fno-fat-lto-objects compilation failed to produce executable
FAIL: gcc.target/i386/mpx/struct-arg-1-lbv.c -O3 -g (internal compiler error)
FAIL: gcc.target/i386/mpx/struct-arg-1-lbv.c -O3 -g (test for excess errors)
UNRESOLVED: gcc.target/i386/mpx/struct-arg-1-lbv.c -O3 -g compilation failed to produce executable
FAIL: gcc.target/i386/mpx/struct-arg-1-nov.c -O2 -flto -fuse-linker-plugin -fno-fat-lto-objects (internal compiler error)
FAIL: gcc.target/i386/mpx/struct-arg-1-nov.c -O2 -flto -fuse-linker-plugin -fno-fat-lto-objects (test for excess errors)
UNRESOLVED: gcc.target/i386/mpx/struct-arg-1-nov.c -O2 -flto -fuse-linker-plugin -fno-fat-lto-objects compilation failed to produce executable
FAIL: gcc.target/i386/mpx/struct-arg-1-nov.c -O3 -g (internal compiler error)
FAIL: gcc.target/i386/mpx/struct-arg-1-nov.c -O3 -g (test for excess errors)
UNRESOLVED: gcc.target/i386/mpx/struct-arg-1-nov.c -O3 -g compilation failed to produce executable
FAIL: gcc.target/i386/mpx/struct-arg-1-ubv.c -O2 -flto -fuse-linker-plugin -fno-fat-lto-objects (internal compiler error)
FAIL: gcc.target/i386/mpx/struct-arg-1-ubv.c -O2 -flto -fuse-linker-plugin -fno-fat-lto-objects (test for excess errors)
UNRESOLVED: gcc.target/i386/mpx/struct-arg-1-ubv.c -O2 -flto -fuse-linker-plugin -fno-fat-lto-objects compilation failed to produce executable
FAIL: gcc.target/i386/mpx/struct-arg-1-ubv.c -O3 -g (internal compiler error)
FAIL: gcc.target/i386/mpx/struct-arg-1-ubv.c -O3 -g (test for excess errors)
UNRESOLVED: gcc.target/i386/mpx/struct-arg-1-ubv.c -O3 -g compilation failed to produce executable
FAIL: gcc.target/i386/mpx/struct-arg-10-lbv.c -O1 (internal compiler error)
FAIL: gcc.target/i386/mpx/struct-arg-10-lbv.c -O1 (test for excess errors)
UNRESOLVED: gcc.target/i386/mpx/struct-arg-10-lbv.c -O1 compilation failed to produce executable
FAIL: gcc.target/i386/mpx/struct-arg-10-lbv.c -O2 -flto -fuse-linker-plugin -fno-fat-lto-objects (internal compiler error)
FAIL: gcc.target/i386/mpx/struct-arg-10-lbv.c -O2 -flto -fuse-linker-plugin -fno-fat-lto-objects (test for excess errors)
UNRESOLVED: gcc.target/i386/mpx/struct-arg-10-lbv.c -O2 -flto -fuse-linker-plugin -fno-fat-lto-objects compilation failed to produce executable
FAIL: gcc.target/i386/mpx/struct-arg-10-lbv.c -O3 -g (internal compiler error)
FAIL: gcc.target/i386/mpx/struct-arg-10-lbv.c -O3 -g (test for excess errors)
UNRESOLVED: gcc.target/i386/mpx/struct-arg-10-lbv.c -O3 -g compilation failed to produce executable
FAIL: gcc.target/i386/mpx/struct-arg-10-nov.c -O1 (internal compiler error)
FAIL: gcc.target/i386/mpx/struct-arg-10-nov.c -O1 (test for excess errors)
UNRESOLVED: gcc.target/i386/mpx/struct-arg-10-nov.c -O1 compilation failed to produce executable
FAIL: gcc.target/i386/mpx/struct-arg-10-nov.c -O2 -flto -fuse-linker-plugin -fno-fat-lto-objects (internal compiler error)
FAIL: gcc.target/i386/mpx/struct-arg-10-nov.c -O2 -flto -fuse-linker-plugin -fno-fat-lto-objects (test for excess errors)
UNRESOLVED: gcc.target/i386/mpx/struct-arg-10-nov.c -O2 -flto -fuse-linker-plugin -fno-fat-lto-objects compilation failed to produce executable
FAIL: gcc.target/i386/mpx/struct-arg-10-nov.c -O3 -g (internal compiler error)
FAIL: gcc.target/i386/mpx/struct-arg-10-nov.c -O3 -g (test for excess errors)
UNRESOLVED: gcc.target/i386/mpx/struct-arg-10-nov.c -O3 -g compilation failed to produce executable
FAIL: gcc.target/i386/mpx/struct-arg-10-ubv.c -O1 (internal compiler error)
FAIL: gcc.target/i386/mpx/struct-arg-10-ubv.c -O1 (test for excess errors)
UNRESOLVED: gcc.target/i386/mpx/struct-arg-10-ubv.c -O1 compilation failed to produce executable
FAIL: gcc.target/i386/mpx/struct-arg-10-ubv.c -O2 -flto -fuse-linker-plugin -fno-fat-lto-objects (internal compiler error)
FAIL: gcc.target/i386/mpx/struct-arg-10-ubv.c -O2 -flto -fuse-linker-plugin -fno-fat-lto-objects (test for excess errors)
UNRESOLVED: gcc.target/i386/mpx/struct-arg-10-ubv.c -O2 -flto -fuse-linker-plugin -fno-fat-lto-objects compilation failed to produce executable
FAIL: gcc.target/i386/mpx/struct-arg-10-ubv.c -O3 -g (internal compiler error)
FAIL: gcc.target/i386/mpx/struct-arg-10-ubv.c -O3 -g (test for excess errors)
UNRESOLVED: gcc.target/i386/mpx/struct-arg-10-ubv.c -O3 -g compilation failed to produce executable
FAIL: gcc.target/i386/mpx/struct-arg-2-lbv.c -O2 -flto -fuse-linker-plugin -fno-fat-lto-objects (internal compiler error)
FAIL: gcc.target/i386/mpx/struct-arg-2-lbv.c -O2 -flto -fuse-linker-plugin -fno-fat-lto-objects (test for excess errors)
UNRESOLVED: gcc.target/i386/mpx/struct-arg-2-lbv.c -O2 -flto -fuse-linker-plugin -fno-fat-lto-objects compilation failed to produce executable
FAIL: gcc.target/i386/mpx/struct-arg-2-lbv.c -O3 -g (internal compiler error)
FAIL: gcc.target/i386/mpx/struct-arg-2-lbv.c -O3 -g (test for excess errors)
UNRESOLVED: gcc.target/i386/mpx/struct-arg-2-lbv.c -O3 -g compilation failed to produce executable
FAIL: gcc.target/i386/mpx/struct-arg-2-nov.c -O2 -flto -fuse-linker-plugin -fno-fat-lto-objects (internal compiler error)
FAIL: gcc.target/i386/mpx/struct-arg-2-nov.c -O2 -flto -fuse-linker-plugin -fno-fat-lto-objects (test for excess errors)
UNRESOLVED: gcc.target/i386/mpx/struct-arg-2-nov.c -O2 -flto -fuse-linker-plugin -fno-fat-lto-objects compilation failed to produce executable
FAIL: gcc.target/i386/mpx/struct-arg-2-nov.c -O3 -g (internal compiler error)
FAIL: gcc.target/i386/mpx/struct-arg-2-nov.c -O3 -g (test for excess errors)
UNRESOLVED: gcc.target/i386/mpx/struct-arg-2-nov.c -O3 -g compilation failed to produce executable
FAIL: gcc.target/i386/mpx/struct-arg-2-ubv.c -O2 -flto -fuse-linker-plugin -fno-fat-lto-objects (internal compiler error)
FAIL: gcc.target/i386/mpx/struct-arg-2-ubv.c -O2 -flto -fuse-linker-plugin -fno-fat-lto-objects (test for excess errors)
UNRESOLVED: gcc.target/i386/mpx/struct-arg-2-ubv.c -O2 -flto -fuse-linker-plugin -fno-fat-lto-objects compilation failed to produce executable
FAIL: gcc.target/i386/mpx/struct-arg-2-ubv.c -O3 -g (internal compiler error)
FAIL: gcc.target/i386/mpx/struct-arg-2-ubv.c -O3 -g (test for excess errors)
UNRESOLVED: gcc.target/i386/mpx/struct-arg-2-ubv.c -O3 -g compilation failed to produce executable
FAIL: gcc.target/i386/mpx/struct-arg-3-lbv.c -O2 -flto -fuse-linker-plugin -fno-fat-lto-objects (internal compiler error)
FAIL: gcc.target/i386/mpx/struct-arg-3-lbv.c -O2 -flto -fuse-linker-plugin -fno-fat-lto-objects (test for excess errors)
UNRESOLVED: gcc.target/i386/mpx/struct-arg-3-lbv.c -O2 -flto -fuse-linker-plugin -fno-fat-lto-objects compilation failed to produce executable
FAIL: gcc.target/i386/mpx/struct-arg-3-lbv.c -O3 -g (internal compiler error)
FAIL: gcc.target/i386/mpx/struct-arg-3-lbv.c -O3 -g (test for excess errors)
UNRESOLVED: gcc.target/i386/mpx/struct-arg-3-lbv.c -O3 -g compilation failed to produce executable
FAIL: gcc.target/i386/mpx/struct-arg-3-nov.c -O2 -flto -fuse-linker-plugin -fno-fat-lto-objects (internal compiler error)
FAIL: gcc.target/i386/mpx/struct-arg-3-nov.c -O2 -flto -fuse-linker-plugin -fno-fat-lto-objects (test for excess errors)
UNRESOLVED: gcc.target/i386/mpx/struct-arg-3-nov.c -O2 -flto -fuse-linker-plugin -fno-fat-lto-objects compilation failed to produce executable
FAIL: gcc.target/i386/mpx/struct-arg-3-nov.c -O3 -g (internal compiler error)
FAIL: gcc.target/i386/mpx/struct-arg-3-nov.c -O3 -g (test for excess errors)
UNRESOLVED: gcc.target/i386/mpx/struct-arg-3-nov.c -O3 -g compilation failed to produce executable
FAIL: gcc.target/i386/mpx/struct-arg-3-ubv.c -O2 -flto -fuse-linker-plugin -fno-fat-lto-objects (internal compiler error)
FAIL: gcc.target/i386/mpx/struct-arg-3-ubv.c -O2 -flto -fuse-linker-plugin -fno-fat-lto-objects (test for excess errors)
UNRESOLVED: gcc.target/i386/mpx/struct-arg-3-ubv.c -O2 -flto -fuse-linker-plugin -fno-fat-lto-objects compilation failed to produce executable
FAIL: gcc.target/i386/mpx/struct-arg-3-ubv.c -O3 -g (internal compiler error)
FAIL: gcc.target/i386/mpx/struct-arg-3-ubv.c -O3 -g (test for excess errors)
UNRESOLVED: gcc.target/i386/mpx/struct-arg-3-ubv.c -O3 -g compilation failed to produce executable
FAIL: gcc.target/i386/mpx/struct-arg-4-lbv.c -O2 -flto -fuse-linker-plugin -fno-fat-lto-objects (internal compiler error)
FAIL: gcc.target/i386/mpx/struct-arg-4-lbv.c -O2 -flto -fuse-linker-plugin -fno-fat-lto-objects (test for excess errors)
UNRESOLVED: gcc.target/i386/mpx/struct-arg-4-lbv.c -O2 -flto -fuse-linker-plugin -fno-fat-lto-objects compilation failed to produce executable
FAIL: gcc.target/i386/mpx/struct-arg-4-lbv.c -O3 -g (internal compiler error)
FAIL: gcc.target/i386/mpx/struct-arg-4-lbv.c -O3 -g (test for excess errors)
UNRESOLVED: gcc.target/i386/mpx/struct-arg-4-lbv.c -O3 -g compilation failed to produce executable
FAIL: gcc.target/i386/mpx/struct-arg-4-nov.c -O2 -flto -fuse-linker-plugin -fno-fat-lto-objects (internal compiler error)
FAIL: gcc.target/i386/mpx/struct-arg-4-nov.c -O2 -flto -fuse-linker-plugin -fno-fat-lto-objects (test for excess errors)
UNRESOLVED: gcc.target/i386/mpx/struct-arg-4-nov.c -O2 -flto -fuse-linker-plugin -fno-fat-lto-objects compilation failed to produce executable
FAIL: gcc.target/i386/mpx/struct-arg-4-nov.c -O3 -g (internal compiler error)
FAIL: gcc.target/i386/mpx/struct-arg-4-nov.c -O3 -g (test for excess errors)
UNRESOLVED: gcc.target/i386/mpx/struct-arg-4-nov.c -O3 -g compilation failed to produce executable
FAIL: gcc.target/i386/mpx/struct-arg-4-ubv.c -O2 -flto -fuse-linker-plugin -fno-fat-lto-objects (internal compiler error)
FAIL: gcc.target/i386/mpx/struct-arg-4-ubv.c -O2 -flto -fuse-linker-plugin -fno-fat-lto-objects (test for excess errors)
UNRESOLVED: gcc.target/i386/mpx/struct-arg-4-ubv.c -O2 -flto -fuse-linker-plugin -fno-fat-lto-objects compilation failed to produce executable
FAIL: gcc.target/i386/mpx/struct-arg-4-ubv.c -O3 -g (internal compiler error)
FAIL: gcc.target/i386/mpx/struct-arg-4-ubv.c -O3 -g (test for excess errors)
UNRESOLVED: gcc.target/i386/mpx/struct-arg-4-ubv.c -O3 -g compilation failed to produce executable
FAIL: gcc.target/i386/mpx/struct-arg-5-lbv.c -O2 -flto -fuse-linker-plugin -fno-fat-lto-objects (internal compiler error)
FAIL: gcc.target/i386/mpx/struct-arg-5-lbv.c -O2 -flto -fuse-linker-plugin -fno-fat-lto-objects (test for excess errors)
UNRESOLVED: gcc.target/i386/mpx/struct-arg-5-lbv.c -O2 -flto -fuse-linker-plugin -fno-fat-lto-objects compilation failed to produce executable
FAIL: gcc.target/i386/mpx/struct-arg-5-lbv.c -O3 -g (internal compiler error)
FAIL: gcc.target/i386/mpx/struct-arg-5-lbv.c -O3 -g (test for excess errors)
UNRESOLVED: gcc.target/i386/mpx/struct-arg-5-lbv.c -O3 -g compilation failed to produce executable
FAIL: gcc.target/i386/mpx/struct-arg-5-nov.c -O2 -flto -fuse-linker-plugin -fno-fat-lto-objects (internal compiler error)
FAIL: gcc.target/i386/mpx/struct-arg-5-nov.c -O2 -flto -fuse-linker-plugin -fno-fat-lto-objects (test for excess errors)
UNRESOLVED: gcc.target/i386/mpx/struct-arg-5-nov.c -O2 -flto -fuse-linker-plugin -fno-fat-lto-objects compilation failed to produce executable
FAIL: gcc.target/i386/mpx/struct-arg-5-nov.c -O3 -g (internal compiler error)
FAIL: gcc.target/i386/mpx/struct-arg-5-nov.c -O3 -g (test for excess errors)
UNRESOLVED: gcc.target/i386/mpx/struct-arg-5-nov.c -O3 -g compilation failed to produce executable
FAIL: gcc.target/i386/mpx/struct-arg-5-ubv.c -O2 -flto -fuse-linker-plugin -fno-fat-lto-objects (internal compiler error)
FAIL: gcc.target/i386/mpx/struct-arg-5-ubv.c -O2 -flto -fuse-linker-plugin -fno-fat-lto-objects (test for excess errors)
UNRESOLVED: gcc.target/i386/mpx/struct-arg-5-ubv.c -O2 -flto -fuse-linker-plugin -fno-fat-lto-objects compilation failed to produce executable
FAIL: gcc.target/i386/mpx/struct-arg-5-ubv.c -O3 -g (internal compiler error)
FAIL: gcc.target/i386/mpx/struct-arg-5-ubv.c -O3 -g (test for excess errors)
UNRESOLVED: gcc.target/i386/mpx/struct-arg-5-ubv.c -O3 -g compilation failed to produce executable
FAIL: gcc.target/i386/mpx/struct-arg-6-lbv.c -O2 -flto -fuse-linker-plugin -fno-fat-lto-objects (internal compiler error)
FAIL: gcc.target/i386/mpx/struct-arg-6-lbv.c -O2 -flto -fuse-linker-plugin -fno-fat-lto-objects (test for excess errors)
UNRESOLVED: gcc.target/i386/mpx/struct-arg-6-lbv.c -O2 -flto -fuse-linker-plugin -fno-fat-lto-objects compilation failed to produce executable
FAIL: gcc.target/i386/mpx/struct-arg-6-lbv.c -O3 -g (internal compiler error)
FAIL: gcc.target/i386/mpx/struct-arg-6-lbv.c -O3 -g (test for excess errors)
UNRESOLVED: gcc.target/i386/mpx/struct-arg-6-lbv.c -O3 -g compilation failed to produce executable
FAIL: gcc.target/i386/mpx/struct-arg-6-nov.c -O2 -flto -fuse-linker-plugin -fno-fat-lto-objects (internal compiler error)
FAIL: gcc.target/i386/mpx/struct-arg-6-nov.c -O2 -flto -fuse-linker-plugin -fno-fat-lto-objects (test for excess errors)
UNRESOLVED: gcc.target/i386/mpx/struct-arg-6-nov.c -O2 -flto -fuse-linker-plugin -fno-fat-lto-objects compilation failed to produce executable
FAIL: gcc.target/i386/mpx/struct-arg-6-nov.c -O3 -g (internal compiler error)
FAIL: gcc.target/i386/mpx/struct-arg-6-nov.c -O3 -g (test for excess errors)
UNRESOLVED: gcc.target/i386/mpx/struct-arg-6-nov.c -O3 -g compilation failed to produce executable
FAIL: gcc.target/i386/mpx/struct-arg-6-ubv.c -O2 -flto -fuse-linker-plugin -fno-fat-lto-objects (internal compiler error)
FAIL: gcc.target/i386/mpx/struct-arg-6-ubv.c -O2 -flto -fuse-linker-plugin -fno-fat-lto-objects (test for excess errors)
UNRESOLVED: gcc.target/i386/mpx/struct-arg-6-ubv.c -O2 -flto -fuse-linker-plugin -fno-fat-lto-objects compilation failed to produce executable
FAIL: gcc.target/i386/mpx/struct-arg-6-ubv.c -O3 -g (internal compiler error)
FAIL: gcc.target/i386/mpx/struct-arg-6-ubv.c -O3 -g (test for excess errors)
UNRESOLVED: gcc.target/i386/mpx/struct-arg-6-ubv.c -O3 -g compilation failed to produce executable
FAIL: gcc.target/i386/mpx/struct-arg-7-lbv.c -O2 -flto -fuse-linker-plugin -fno-fat-lto-objects (internal compiler error)
FAIL: gcc.target/i386/mpx/struct-arg-7-lbv.c -O2 -flto -fuse-linker-plugin -fno-fat-lto-objects (test for excess errors)
UNRESOLVED: gcc.target/i386/mpx/struct-arg-7-lbv.c -O2 -flto -fuse-linker-plugin -fno-fat-lto-objects compilation failed to produce executable
FAIL: gcc.target/i386/mpx/struct-arg-7-lbv.c -O3 -g (internal compiler error)
FAIL: gcc.target/i386/mpx/struct-arg-7-lbv.c -O3 -g (test for excess errors)
UNRESOLVED: gcc.target/i386/mpx/struct-arg-7-lbv.c -O3 -g compilation failed to produce executable
FAIL: gcc.target/i386/mpx/struct-arg-7-nov.c -O2 -flto -fuse-linker-plugin -fno-fat-lto-objects (internal compiler error)
FAIL: gcc.target/i386/mpx/struct-arg-7-nov.c -O2 -flto -fuse-linker-plugin -fno-fat-lto-objects (test for excess errors)
UNRESOLVED: gcc.target/i386/mpx/struct-arg-7-nov.c -O2 -flto -fuse-linker-plugin -fno-fat-lto-objects compilation failed to produce executable
FAIL: gcc.target/i386/mpx/struct-arg-7-nov.c -O3 -g (internal compiler error)
FAIL: gcc.target/i386/mpx/struct-arg-7-nov.c -O3 -g (test for excess errors)
UNRESOLVED: gcc.target/i386/mpx/struct-arg-7-nov.c -O3 -g compilation failed to produce executable
FAIL: gcc.target/i386/mpx/struct-arg-7-ubv.c -O2 -flto -fuse-linker-plugin -fno-fat-lto-objects (internal compiler error)
FAIL: gcc.target/i386/mpx/struct-arg-7-ubv.c -O2 -flto -fuse-linker-plugin -fno-fat-lto-objects (test for excess errors)
UNRESOLVED: gcc.target/i386/mpx/struct-arg-7-ubv.c -O2 -flto -fuse-linker-plugin -fno-fat-lto-objects compilation failed to produce executable
FAIL: gcc.target/i386/mpx/struct-arg-7-ubv.c -O3 -g (internal compiler error)
FAIL: gcc.target/i386/mpx/struct-arg-7-ubv.c -O3 -g (test for excess errors)
UNRESOLVED: gcc.target/i386/mpx/struct-arg-7-ubv.c -O3 -g compilation failed to produce executable
FAIL: gcc.target/i386/mpx/struct-arg-8-lbv.c -O2 -flto -fuse-linker-plugin -fno-fat-lto-objects (internal compiler error)
FAIL: gcc.target/i386/mpx/struct-arg-8-lbv.c -O2 -flto -fuse-linker-plugin -fno-fat-lto-objects (test for excess errors)
UNRESOLVED: gcc.target/i386/mpx/struct-arg-8-lbv.c -O2 -flto -fuse-linker-plugin -fno-fat-lto-objects compilation failed to produce executable
FAIL: gcc.target/i386/mpx/struct-arg-8-lbv.c -O3 -g (internal compiler error)
FAIL: gcc.target/i386/mpx/struct-arg-8-lbv.c -O3 -g (test for excess errors)
UNRESOLVED: gcc.target/i386/mpx/struct-arg-8-lbv.c -O3 -g compilation failed to produce executable
FAIL: gcc.target/i386/mpx/struct-arg-8-nov.c -O2 -flto -fuse-linker-plugin -fno-fat-lto-objects (internal compiler error)
FAIL: gcc.target/i386/mpx/struct-arg-8-nov.c -O2 -flto -fuse-linker-plugin -fno-fat-lto-objects (test for excess errors)
UNRESOLVED: gcc.target/i386/mpx/struct-arg-8-nov.c -O2 -flto -fuse-linker-plugin -fno-fat-lto-objects compilation failed to produce executable
FAIL: gcc.target/i386/mpx/struct-arg-8-nov.c -O3 -g (internal compiler error)
FAIL: gcc.target/i386/mpx/struct-arg-8-nov.c -O3 -g (test for excess errors)
UNRESOLVED: gcc.target/i386/mpx/struct-arg-8-nov.c -O3 -g compilation failed to produce executable
FAIL: gcc.target/i386/mpx/struct-arg-8-ubv.c -O2 -flto -fuse-linker-plugin -fno-fat-lto-objects (internal compiler error)
FAIL: gcc.target/i386/mpx/struct-arg-8-ubv.c -O2 -flto -fuse-linker-plugin -fno-fat-lto-objects (test for excess errors)
UNRESOLVED: gcc.target/i386/mpx/struct-arg-8-ubv.c -O2 -flto -fuse-linker-plugin -fno-fat-lto-objects compilation failed to produce executable
FAIL: gcc.target/i386/mpx/struct-arg-8-ubv.c -O3 -g (internal compiler error)
FAIL: gcc.target/i386/mpx/struct-arg-8-ubv.c -O3 -g (test for excess errors)
UNRESOLVED: gcc.target/i386/mpx/struct-arg-8-ubv.c -O3 -g compilation failed to produce executable
FAIL: gcc.target/i386/mpx/struct-arg-9-lbv.c -O2 -flto -fuse-linker-plugin -fno-fat-lto-objects (internal compiler error)
FAIL: gcc.target/i386/mpx/struct-arg-9-lbv.c -O2 -flto -fuse-linker-plugin -fno-fat-lto-objects (test for excess errors)
UNRESOLVED: gcc.target/i386/mpx/struct-arg-9-lbv.c -O2 -flto -fuse-linker-plugin -fno-fat-lto-objects compilation failed to produce executable
FAIL: gcc.target/i386/mpx/struct-arg-9-lbv.c -O3 -g (internal compiler error)
FAIL: gcc.target/i386/mpx/struct-arg-9-lbv.c -O3 -g (test for excess errors)
UNRESOLVED: gcc.target/i386/mpx/struct-arg-9-lbv.c -O3 -g compilation failed to produce executable
FAIL: gcc.target/i386/mpx/struct-arg-9-nov.c -O2 -flto -fuse-linker-plugin -fno-fat-lto-objects (internal compiler error)
FAIL: gcc.target/i386/mpx/struct-arg-9-nov.c -O2 -flto -fuse-linker-plugin -fno-fat-lto-objects (test for excess errors)
UNRESOLVED: gcc.target/i386/mpx/struct-arg-9-nov.c -O2 -flto -fuse-linker-plugin -fno-fat-lto-objects compilation failed to produce executable
FAIL: gcc.target/i386/mpx/struct-arg-9-nov.c -O3 -g (internal compiler error)
FAIL: gcc.target/i386/mpx/struct-arg-9-nov.c -O3 -g (test for excess errors)
UNRESOLVED: gcc.target/i386/mpx/struct-arg-9-nov.c -O3 -g compilation failed to produce executable
FAIL: gcc.target/i386/mpx/struct-arg-9-ubv.c -O2 -flto -fuse-linker-plugin -fno-fat-lto-objects (internal compiler error)
FAIL: gcc.target/i386/mpx/struct-arg-9-ubv.c -O2 -flto -fuse-linker-plugin -fno-fat-lto-objects (test for excess errors)
UNRESOLVED: gcc.target/i386/mpx/struct-arg-9-ubv.c -O2 -flto -fuse-linker-plugin -fno-fat-lto-objects compilation failed to produce executable
FAIL: gcc.target/i386/mpx/struct-arg-9-ubv.c -O3 -g (internal compiler error)
FAIL: gcc.target/i386/mpx/struct-arg-9-ubv.c -O3 -g (test for excess errors)
UNRESOLVED: gcc.target/i386/mpx/struct-arg-9-ubv.c -O3 -g compilation failed to produce executable
FAIL: gcc.target/i386/mpx/struct-copy-1-lbv.c -O2 -flto -fuse-linker-plugin -fno-fat-lto-objects (internal compiler error)
FAIL: gcc.target/i386/mpx/struct-copy-1-lbv.c -O2 -flto -fuse-linker-plugin -fno-fat-lto-objects (test for excess errors)
UNRESOLVED: gcc.target/i386/mpx/struct-copy-1-lbv.c -O2 -flto -fuse-linker-plugin -fno-fat-lto-objects compilation failed to produce executable
FAIL: gcc.target/i386/mpx/struct-copy-1-lbv.c -O3 -g (internal compiler error)
FAIL: gcc.target/i386/mpx/struct-copy-1-lbv.c -O3 -g (test for excess errors)
UNRESOLVED: gcc.target/i386/mpx/struct-copy-1-lbv.c -O3 -g compilation failed to produce executable
FAIL: gcc.target/i386/mpx/struct-copy-1-nov.c -O2 -flto -fuse-linker-plugin -fno-fat-lto-objects (internal compiler error)
FAIL: gcc.target/i386/mpx/struct-copy-1-nov.c -O2 -flto -fuse-linker-plugin -fno-fat-lto-objects (test for excess errors)
UNRESOLVED: gcc.target/i386/mpx/struct-copy-1-nov.c -O2 -flto -fuse-linker-plugin -fno-fat-lto-objects compilation failed to produce executable
FAIL: gcc.target/i386/mpx/struct-copy-1-nov.c -O3 -g (internal compiler error)
FAIL: gcc.target/i386/mpx/struct-copy-1-nov.c -O3 -g (test for excess errors)
UNRESOLVED: gcc.target/i386/mpx/struct-copy-1-nov.c -O3 -g compilation failed to produce executable
FAIL: gcc.target/i386/mpx/struct-copy-1-ubv.c -O2 -flto -fuse-linker-plugin -fno-fat-lto-objects (internal compiler error)
FAIL: gcc.target/i386/mpx/struct-copy-1-ubv.c -O2 -flto -fuse-linker-plugin -fno-fat-lto-objects (test for excess errors)
UNRESOLVED: gcc.target/i386/mpx/struct-copy-1-ubv.c -O2 -flto -fuse-linker-plugin -fno-fat-lto-objects compilation failed to produce executable
FAIL: gcc.target/i386/mpx/struct-copy-1-ubv.c -O3 -g (internal compiler error)
FAIL: gcc.target/i386/mpx/struct-copy-1-ubv.c -O3 -g (test for excess errors)
UNRESOLVED: gcc.target/i386/mpx/struct-copy-1-ubv.c -O3 -g compilation failed to produce executable
FAIL: gcc.target/i386/mpx/struct-copy-2-lbv.c -O2 -flto -fuse-linker-plugin -fno-fat-lto-objects (internal compiler error)
FAIL: gcc.target/i386/mpx/struct-copy-2-lbv.c -O2 -flto -fuse-linker-plugin -fno-fat-lto-objects (test for excess errors)
UNRESOLVED: gcc.target/i386/mpx/struct-copy-2-lbv.c -O2 -flto -fuse-linker-plugin -fno-fat-lto-objects compilation failed to produce executable
FAIL: gcc.target/i386/mpx/struct-copy-2-lbv.c -O3 -g (internal compiler error)
FAIL: gcc.target/i386/mpx/struct-copy-2-lbv.c -O3 -g (test for excess errors)
UNRESOLVED: gcc.target/i386/mpx/struct-copy-2-lbv.c -O3 -g compilation failed to produce executable
FAIL: gcc.target/i386/mpx/struct-copy-2-nov.c -O2 -flto -fuse-linker-plugin -fno-fat-lto-objects (internal compiler error)
FAIL: gcc.target/i386/mpx/struct-copy-2-nov.c -O2 -flto -fuse-linker-plugin -fno-fat-lto-objects (test for excess errors)
UNRESOLVED: gcc.target/i386/mpx/struct-copy-2-nov.c -O2 -flto -fuse-linker-plugin -fno-fat-lto-objects compilation failed to produce executable
FAIL: gcc.target/i386/mpx/struct-copy-2-nov.c -O3 -g (internal compiler error)
FAIL: gcc.target/i386/mpx/struct-copy-2-nov.c -O3 -g (test for excess errors)
UNRESOLVED: gcc.target/i386/mpx/struct-copy-2-nov.c -O3 -g compilation failed to produce executable
FAIL: gcc.target/i386/mpx/struct-copy-2-ubv.c -O2 -flto -fuse-linker-plugin -fno-fat-lto-objects (internal compiler error)
FAIL: gcc.target/i386/mpx/struct-copy-2-ubv.c -O2 -flto -fuse-linker-plugin -fno-fat-lto-objects (test for excess errors)
UNRESOLVED: gcc.target/i386/mpx/struct-copy-2-ubv.c -O2 -flto -fuse-linker-plugin -fno-fat-lto-objects compilation failed to produce executable
FAIL: gcc.target/i386/mpx/struct-copy-2-ubv.c -O3 -g (internal compiler error)
FAIL: gcc.target/i386/mpx/struct-copy-2-ubv.c -O3 -g (test for excess errors)
UNRESOLVED: gcc.target/i386/mpx/struct-copy-2-ubv.c -O3 -g compilation failed to produce executable
FAIL: gcc.target/i386/mpx/thread-local-var-1-lbv.c -O2 -flto -fuse-linker-plugin -fno-fat-lto-objects (internal compiler error)
FAIL: gcc.target/i386/mpx/thread-local-var-1-lbv.c -O2 -flto -fuse-linker-plugin -fno-fat-lto-objects (test for excess errors)
UNRESOLVED: gcc.target/i386/mpx/thread-local-var-1-lbv.c -O2 -flto -fuse-linker-plugin -fno-fat-lto-objects compilation failed to produce executable
FAIL: gcc.target/i386/mpx/thread-local-var-1-lbv.c -O3 -g (internal compiler error)
FAIL: gcc.target/i386/mpx/thread-local-var-1-lbv.c -O3 -g (test for excess errors)
UNRESOLVED: gcc.target/i386/mpx/thread-local-var-1-lbv.c -O3 -g compilation failed to produce executable
FAIL: gcc.target/i386/mpx/thread-local-var-1-nov.c -O2 -flto -fuse-linker-plugin -fno-fat-lto-objects (internal compiler error)
FAIL: gcc.target/i386/mpx/thread-local-var-1-nov.c -O2 -flto -fuse-linker-plugin -fno-fat-lto-objects (test for excess errors)
UNRESOLVED: gcc.target/i386/mpx/thread-local-var-1-nov.c -O2 -flto -fuse-linker-plugin -fno-fat-lto-objects compilation failed to produce executable
FAIL: gcc.target/i386/mpx/thread-local-var-1-nov.c -O3 -g (internal compiler error)
FAIL: gcc.target/i386/mpx/thread-local-var-1-nov.c -O3 -g (test for excess errors)
UNRESOLVED: gcc.target/i386/mpx/thread-local-var-1-nov.c -O3 -g compilation failed to produce executable
FAIL: gcc.target/i386/mpx/thread-local-var-1-ubv.c -O2 -flto -fuse-linker-plugin -fno-fat-lto-objects (internal compiler error)
FAIL: gcc.target/i386/mpx/thread-local-var-1-ubv.c -O2 -flto -fuse-linker-plugin -fno-fat-lto-objects (test for excess errors)
UNRESOLVED: gcc.target/i386/mpx/thread-local-var-1-ubv.c -O2 -flto -fuse-linker-plugin -fno-fat-lto-objects compilation failed to produce executable
FAIL: gcc.target/i386/mpx/thread-local-var-1-ubv.c -O3 -g (internal compiler error)
FAIL: gcc.target/i386/mpx/thread-local-var-1-ubv.c -O3 -g (test for excess errors)
UNRESOLVED: gcc.target/i386/mpx/thread-local-var-1-ubv.c -O3 -g compilation failed to produce executable
FAIL: gcc.target/i386/mpx/union-arg-1-lbv.c -O2 -flto -fuse-linker-plugin -fno-fat-lto-objects (internal compiler error)
FAIL: gcc.target/i386/mpx/union-arg-1-lbv.c -O2 -flto -fuse-linker-plugin -fno-fat-lto-objects (test for excess errors)
UNRESOLVED: gcc.target/i386/mpx/union-arg-1-lbv.c -O2 -flto -fuse-linker-plugin -fno-fat-lto-objects compilation failed to produce executable
FAIL: gcc.target/i386/mpx/union-arg-1-lbv.c -O3 -g (internal compiler error)
FAIL: gcc.target/i386/mpx/union-arg-1-lbv.c -O3 -g (test for excess errors)
UNRESOLVED: gcc.target/i386/mpx/union-arg-1-lbv.c -O3 -g compilation failed to produce executable
FAIL: gcc.target/i386/mpx/union-arg-1-nov.c -O2 -flto -fuse-linker-plugin -fno-fat-lto-objects (internal compiler error)
FAIL: gcc.target/i386/mpx/union-arg-1-nov.c -O2 -flto -fuse-linker-plugin -fno-fat-lto-objects (test for excess errors)
UNRESOLVED: gcc.target/i386/mpx/union-arg-1-nov.c -O2 -flto -fuse-linker-plugin -fno-fat-lto-objects compilation failed to produce executable
FAIL: gcc.target/i386/mpx/union-arg-1-nov.c -O3 -g (internal compiler error)
FAIL: gcc.target/i386/mpx/union-arg-1-nov.c -O3 -g (test for excess errors)
UNRESOLVED: gcc.target/i386/mpx/union-arg-1-nov.c -O3 -g compilation failed to produce executable
FAIL: gcc.target/i386/mpx/union-arg-1-ubv.c -O2 -flto -fuse-linker-plugin -fno-fat-lto-objects (internal compiler error)
FAIL: gcc.target/i386/mpx/union-arg-1-ubv.c -O2 -flto -fuse-linker-plugin -fno-fat-lto-objects (test for excess errors)
UNRESOLVED: gcc.target/i386/mpx/union-arg-1-ubv.c -O2 -flto -fuse-linker-plugin -fno-fat-lto-objects compilation failed to produce executable
FAIL: gcc.target/i386/mpx/union-arg-1-ubv.c -O3 -g (internal compiler error)
FAIL: gcc.target/i386/mpx/union-arg-1-ubv.c -O3 -g (test for excess errors)
UNRESOLVED: gcc.target/i386/mpx/union-arg-1-ubv.c -O3 -g compilation failed to produce executable
FAIL: gcc.target/i386/mpx/va-arg-pack-1-lbv.c -O2 -flto -fuse-linker-plugin -fno-fat-lto-objects (internal compiler error)
FAIL: gcc.target/i386/mpx/va-arg-pack-1-lbv.c -O2 -flto -fuse-linker-plugin -fno-fat-lto-objects (test for excess errors)
UNRESOLVED: gcc.target/i386/mpx/va-arg-pack-1-lbv.c -O2 -flto -fuse-linker-plugin -fno-fat-lto-objects compilation failed to produce executable
FAIL: gcc.target/i386/mpx/va-arg-pack-1-lbv.c -O3 -g (internal compiler error)
FAIL: gcc.target/i386/mpx/va-arg-pack-1-lbv.c -O3 -g (test for excess errors)
UNRESOLVED: gcc.target/i386/mpx/va-arg-pack-1-lbv.c -O3 -g compilation failed to produce executable
FAIL: gcc.target/i386/mpx/va-arg-pack-1-nov.c -O2 -flto -fuse-linker-plugin -fno-fat-lto-objects (internal compiler error)
FAIL: gcc.target/i386/mpx/va-arg-pack-1-nov.c -O2 -flto -fuse-linker-plugin -fno-fat-lto-objects (test for excess errors)
UNRESOLVED: gcc.target/i386/mpx/va-arg-pack-1-nov.c -O2 -flto -fuse-linker-plugin -fno-fat-lto-objects compilation failed to produce executable
FAIL: gcc.target/i386/mpx/va-arg-pack-1-nov.c -O3 -g (internal compiler error)
FAIL: gcc.target/i386/mpx/va-arg-pack-1-nov.c -O3 -g (test for excess errors)
UNRESOLVED: gcc.target/i386/mpx/va-arg-pack-1-nov.c -O3 -g compilation failed to produce executable
FAIL: gcc.target/i386/mpx/va-arg-pack-1-ubv.c -O2 -flto -fuse-linker-plugin -fno-fat-lto-objects (internal compiler error)
FAIL: gcc.target/i386/mpx/va-arg-pack-1-ubv.c -O2 -flto -fuse-linker-plugin -fno-fat-lto-objects (test for excess errors)
UNRESOLVED: gcc.target/i386/mpx/va-arg-pack-1-ubv.c -O2 -flto -fuse-linker-plugin -fno-fat-lto-objects compilation failed to produce executable
FAIL: gcc.target/i386/mpx/va-arg-pack-1-ubv.c -O3 -g (internal compiler error)
FAIL: gcc.target/i386/mpx/va-arg-pack-1-ubv.c -O3 -g (test for excess errors)
UNRESOLVED: gcc.target/i386/mpx/va-arg-pack-1-ubv.c -O3 -g compilation failed to produce executable
FAIL: gcc.target/i386/mpx/va-arg-pack-2-lbv.c -O2 -flto -fuse-linker-plugin -fno-fat-lto-objects (internal compiler error)
FAIL: gcc.target/i386/mpx/va-arg-pack-2-lbv.c -O2 -flto -fuse-linker-plugin -fno-fat-lto-objects (test for excess errors)
UNRESOLVED: gcc.target/i386/mpx/va-arg-pack-2-lbv.c -O2 -flto -fuse-linker-plugin -fno-fat-lto-objects compilation failed to produce executable
FAIL: gcc.target/i386/mpx/va-arg-pack-2-lbv.c -O3 -g (internal compiler error)
FAIL: gcc.target/i386/mpx/va-arg-pack-2-lbv.c -O3 -g (test for excess errors)
UNRESOLVED: gcc.target/i386/mpx/va-arg-pack-2-lbv.c -O3 -g compilation failed to produce executable
FAIL: gcc.target/i386/mpx/va-arg-pack-2-nov.c -O2 -flto -fuse-linker-plugin -fno-fat-lto-objects (internal compiler error)
FAIL: gcc.target/i386/mpx/va-arg-pack-2-nov.c -O2 -flto -fuse-linker-plugin -fno-fat-lto-objects (test for excess errors)
UNRESOLVED: gcc.target/i386/mpx/va-arg-pack-2-nov.c -O2 -flto -fuse-linker-plugin -fno-fat-lto-objects compilation failed to produce executable
FAIL: gcc.target/i386/mpx/va-arg-pack-2-nov.c -O3 -g (internal compiler error)
FAIL: gcc.target/i386/mpx/va-arg-pack-2-nov.c -O3 -g (test for excess errors)
UNRESOLVED: gcc.target/i386/mpx/va-arg-pack-2-nov.c -O3 -g compilation failed to produce executable
FAIL: gcc.target/i386/mpx/va-arg-pack-2-ubv.c -O2 -flto -fuse-linker-plugin -fno-fat-lto-objects (internal compiler error)
FAIL: gcc.target/i386/mpx/va-arg-pack-2-ubv.c -O2 -flto -fuse-linker-plugin -fno-fat-lto-objects (test for excess errors)
UNRESOLVED: gcc.target/i386/mpx/va-arg-pack-2-ubv.c -O2 -flto -fuse-linker-plugin -fno-fat-lto-objects compilation failed to produce executable
FAIL: gcc.target/i386/mpx/va-arg-pack-2-ubv.c -O3 -g (internal compiler error)
FAIL: gcc.target/i386/mpx/va-arg-pack-2-ubv.c -O3 -g (test for excess errors)
UNRESOLVED: gcc.target/i386/mpx/va-arg-pack-2-ubv.c -O3 -g compilation failed to produce executable
FAIL: gcc.target/i386/mpx/vararg-1-lbv.c -O2 -flto -fuse-linker-plugin -fno-fat-lto-objects (internal compiler error)
FAIL: gcc.target/i386/mpx/vararg-1-lbv.c -O2 -flto -fuse-linker-plugin -fno-fat-lto-objects (test for excess errors)
UNRESOLVED: gcc.target/i386/mpx/vararg-1-lbv.c -O2 -flto -fuse-linker-plugin -fno-fat-lto-objects compilation failed to produce executable
FAIL: gcc.target/i386/mpx/vararg-1-lbv.c -O3 -fomit-frame-pointer -funroll-loops -fpeel-loops -ftracer -finline-functions (internal compiler error)
FAIL: gcc.target/i386/mpx/vararg-1-lbv.c -O3 -fomit-frame-pointer -funroll-loops -fpeel-loops -ftracer -finline-functions (test for excess errors)
UNRESOLVED: gcc.target/i386/mpx/vararg-1-lbv.c -O3 -fomit-frame-pointer -funroll-loops -fpeel-loops -ftracer -finline-functions compilation failed to produce executable
FAIL: gcc.target/i386/mpx/vararg-1-lbv.c -O3 -g (internal compiler error)
FAIL: gcc.target/i386/mpx/vararg-1-lbv.c -O3 -g (test for excess errors)
UNRESOLVED: gcc.target/i386/mpx/vararg-1-lbv.c -O3 -g compilation failed to produce executable
FAIL: gcc.target/i386/mpx/vararg-1-nov.c -O2 -flto -fuse-linker-plugin -fno-fat-lto-objects (internal compiler error)
FAIL: gcc.target/i386/mpx/vararg-1-nov.c -O2 -flto -fuse-linker-plugin -fno-fat-lto-objects (test for excess errors)
UNRESOLVED: gcc.target/i386/mpx/vararg-1-nov.c -O2 -flto -fuse-linker-plugin -fno-fat-lto-objects compilation failed to produce executable
FAIL: gcc.target/i386/mpx/vararg-1-nov.c -O3 -fomit-frame-pointer -funroll-loops -fpeel-loops -ftracer -finline-functions (internal compiler error)
FAIL: gcc.target/i386/mpx/vararg-1-nov.c -O3 -fomit-frame-pointer -funroll-loops -fpeel-loops -ftracer -finline-functions (test for excess errors)
UNRESOLVED: gcc.target/i386/mpx/vararg-1-nov.c -O3 -fomit-frame-pointer -funroll-loops -fpeel-loops -ftracer -finline-functions compilation failed to produce executable
FAIL: gcc.target/i386/mpx/vararg-1-nov.c -O3 -g (internal compiler error)
FAIL: gcc.target/i386/mpx/vararg-1-nov.c -O3 -g (test for excess errors)
UNRESOLVED: gcc.target/i386/mpx/vararg-1-nov.c -O3 -g compilation failed to produce executable
FAIL: gcc.target/i386/mpx/vararg-1-ubv.c -O2 -flto -fuse-linker-plugin -fno-fat-lto-objects (internal compiler error)
FAIL: gcc.target/i386/mpx/vararg-1-ubv.c -O2 -flto -fuse-linker-plugin -fno-fat-lto-objects (test for excess errors)
UNRESOLVED: gcc.target/i386/mpx/vararg-1-ubv.c -O2 -flto -fuse-linker-plugin -fno-fat-lto-objects compilation failed to produce executable
FAIL: gcc.target/i386/mpx/vararg-1-ubv.c -O3 -fomit-frame-pointer -funroll-loops -fpeel-loops -ftracer -finline-functions (internal compiler error)
FAIL: gcc.target/i386/mpx/vararg-1-ubv.c -O3 -fomit-frame-pointer -funroll-loops -fpeel-loops -ftracer -finline-functions (test for excess errors)
UNRESOLVED: gcc.target/i386/mpx/vararg-1-ubv.c -O3 -fomit-frame-pointer -funroll-loops -fpeel-loops -ftracer -finline-functions compilation failed to produce executable
FAIL: gcc.target/i386/mpx/vararg-1-ubv.c -O3 -g (internal compiler error)
FAIL: gcc.target/i386/mpx/vararg-1-ubv.c -O3 -g (test for excess errors)
UNRESOLVED: gcc.target/i386/mpx/vararg-1-ubv.c -O3 -g compilation failed to produce executable
FAIL: gcc.target/i386/mpx/vararg-2-lbv.c -O2 -flto -fuse-linker-plugin -fno-fat-lto-objects (internal compiler error)
FAIL: gcc.target/i386/mpx/vararg-2-lbv.c -O2 -flto -fuse-linker-plugin -fno-fat-lto-objects (test for excess errors)
UNRESOLVED: gcc.target/i386/mpx/vararg-2-lbv.c -O2 -flto -fuse-linker-plugin -fno-fat-lto-objects compilation failed to produce executable
FAIL: gcc.target/i386/mpx/vararg-2-lbv.c -O3 -fomit-frame-pointer -funroll-loops -fpeel-loops -ftracer -finline-functions (internal compiler error)
FAIL: gcc.target/i386/mpx/vararg-2-lbv.c -O3 -fomit-frame-pointer -funroll-loops -fpeel-loops -ftracer -finline-functions (test for excess errors)
UNRESOLVED: gcc.target/i386/mpx/vararg-2-lbv.c -O3 -fomit-frame-pointer -funroll-loops -fpeel-loops -ftracer -finline-functions compilation failed to produce executable
FAIL: gcc.target/i386/mpx/vararg-2-lbv.c -O3 -g (internal compiler error)
FAIL: gcc.target/i386/mpx/vararg-2-lbv.c -O3 -g (test for excess errors)
UNRESOLVED: gcc.target/i386/mpx/vararg-2-lbv.c -O3 -g compilation failed to produce executable
FAIL: gcc.target/i386/mpx/vararg-2-nov.c -O2 -flto -fuse-linker-plugin -fno-fat-lto-objects (internal compiler error)
FAIL: gcc.target/i386/mpx/vararg-2-nov.c -O2 -flto -fuse-linker-plugin -fno-fat-lto-objects (test for excess errors)
UNRESOLVED: gcc.target/i386/mpx/vararg-2-nov.c -O2 -flto -fuse-linker-plugin -fno-fat-lto-objects compilation failed to produce executable
FAIL: gcc.target/i386/mpx/vararg-2-nov.c -O3 -fomit-frame-pointer -funroll-loops -fpeel-loops -ftracer -finline-functions (internal compiler error)
FAIL: gcc.target/i386/mpx/vararg-2-nov.c -O3 -fomit-frame-pointer -funroll-loops -fpeel-loops -ftracer -finline-functions (test for excess errors)
UNRESOLVED: gcc.target/i386/mpx/vararg-2-nov.c -O3 -fomit-frame-pointer -funroll-loops -fpeel-loops -ftracer -finline-functions compilation failed to produce executable
FAIL: gcc.target/i386/mpx/vararg-2-nov.c -O3 -g (internal compiler error)
FAIL: gcc.target/i386/mpx/vararg-2-nov.c -O3 -g (test for excess errors)
UNRESOLVED: gcc.target/i386/mpx/vararg-2-nov.c -O3 -g compilation failed to produce executable
FAIL: gcc.target/i386/mpx/vararg-2-ubv.c -O2 -flto -fuse-linker-plugin -fno-fat-lto-objects (internal compiler error)
FAIL: gcc.target/i386/mpx/vararg-2-ubv.c -O2 -flto -fuse-linker-plugin -fno-fat-lto-objects (test for excess errors)
UNRESOLVED: gcc.target/i386/mpx/vararg-2-ubv.c -O2 -flto -fuse-linker-plugin -fno-fat-lto-objects compilation failed to produce executable
FAIL: gcc.target/i386/mpx/vararg-2-ubv.c -O3 -fomit-frame-pointer -funroll-loops -fpeel-loops -ftracer -finline-functions (internal compiler error)
FAIL: gcc.target/i386/mpx/vararg-2-ubv.c -O3 -fomit-frame-pointer -funroll-loops -fpeel-loops -ftracer -finline-functions (test for excess errors)
UNRESOLVED: gcc.target/i386/mpx/vararg-2-ubv.c -O3 -fomit-frame-pointer -funroll-loops -fpeel-loops -ftracer -finline-functions compilation failed to produce executable
FAIL: gcc.target/i386/mpx/vararg-2-ubv.c -O3 -g (internal compiler error)
FAIL: gcc.target/i386/mpx/vararg-2-ubv.c -O3 -g (test for excess errors)
UNRESOLVED: gcc.target/i386/mpx/vararg-2-ubv.c -O3 -g compilation failed to produce executable
FAIL: gcc.target/i386/mpx/vararg-3-lbv.c -O2 -flto -fuse-linker-plugin -fno-fat-lto-objects (internal compiler error)
FAIL: gcc.target/i386/mpx/vararg-3-lbv.c -O2 -flto -fuse-linker-plugin -fno-fat-lto-objects (test for excess errors)
UNRESOLVED: gcc.target/i386/mpx/vararg-3-lbv.c -O2 -flto -fuse-linker-plugin -fno-fat-lto-objects compilation failed to produce executable
FAIL: gcc.target/i386/mpx/vararg-3-lbv.c -O3 -fomit-frame-pointer -funroll-loops -fpeel-loops -ftracer -finline-functions (internal compiler error)
FAIL: gcc.target/i386/mpx/vararg-3-lbv.c -O3 -fomit-frame-pointer -funroll-loops -fpeel-loops -ftracer -finline-functions (test for excess errors)
UNRESOLVED: gcc.target/i386/mpx/vararg-3-lbv.c -O3 -fomit-frame-pointer -funroll-loops -fpeel-loops -ftracer -finline-functions compilation failed to produce executable
FAIL: gcc.target/i386/mpx/vararg-3-lbv.c -O3 -g (internal compiler error)
FAIL: gcc.target/i386/mpx/vararg-3-lbv.c -O3 -g (test for excess errors)
UNRESOLVED: gcc.target/i386/mpx/vararg-3-lbv.c -O3 -g compilation failed to produce executable
FAIL: gcc.target/i386/mpx/vararg-3-nov.c -O2 -flto -fuse-linker-plugin -fno-fat-lto-objects (internal compiler error)
FAIL: gcc.target/i386/mpx/vararg-3-nov.c -O2 -flto -fuse-linker-plugin -fno-fat-lto-objects (test for excess errors)
UNRESOLVED: gcc.target/i386/mpx/vararg-3-nov.c -O2 -flto -fuse-linker-plugin -fno-fat-lto-objects compilation failed to produce executable
FAIL: gcc.target/i386/mpx/vararg-3-nov.c -O3 -fomit-frame-pointer -funroll-loops -fpeel-loops -ftracer -finline-functions (internal compiler error)
FAIL: gcc.target/i386/mpx/vararg-3-nov.c -O3 -fomit-frame-pointer -funroll-loops -fpeel-loops -ftracer -finline-functions (test for excess errors)
UNRESOLVED: gcc.target/i386/mpx/vararg-3-nov.c -O3 -fomit-frame-pointer -funroll-loops -fpeel-loops -ftracer -finline-functions compilation failed to produce executable
FAIL: gcc.target/i386/mpx/vararg-3-nov.c -O3 -g (internal compiler error)
FAIL: gcc.target/i386/mpx/vararg-3-nov.c -O3 -g (test for excess errors)
UNRESOLVED: gcc.target/i386/mpx/vararg-3-nov.c -O3 -g compilation failed to produce executable
FAIL: gcc.target/i386/mpx/vararg-3-ubv.c -O2 -flto -fuse-linker-plugin -fno-fat-lto-objects (internal compiler error)
FAIL: gcc.target/i386/mpx/vararg-3-ubv.c -O2 -flto -fuse-linker-plugin -fno-fat-lto-objects (test for excess errors)
UNRESOLVED: gcc.target/i386/mpx/vararg-3-ubv.c -O2 -flto -fuse-linker-plugin -fno-fat-lto-objects compilation failed to produce executable
FAIL: gcc.target/i386/mpx/vararg-3-ubv.c -O3 -fomit-frame-pointer -funroll-loops -fpeel-loops -ftracer -finline-functions (internal compiler error)
FAIL: gcc.target/i386/mpx/vararg-3-ubv.c -O3 -fomit-frame-pointer -funroll-loops -fpeel-loops -ftracer -finline-functions (test for excess errors)
UNRESOLVED: gcc.target/i386/mpx/vararg-3-ubv.c -O3 -fomit-frame-pointer -funroll-loops -fpeel-loops -ftracer -finline-functions compilation failed to produce executable
FAIL: gcc.target/i386/mpx/vararg-3-ubv.c -O3 -g (internal compiler error)
FAIL: gcc.target/i386/mpx/vararg-3-ubv.c -O3 -g (test for excess errors)
UNRESOLVED: gcc.target/i386/mpx/vararg-3-ubv.c -O3 -g compilation failed to produce executable
FAIL: gcc.target/i386/mpx/vararg-4-lbv.c -O2 -flto -fuse-linker-plugin -fno-fat-lto-objects (internal compiler error)
FAIL: gcc.target/i386/mpx/vararg-4-lbv.c -O2 -flto -fuse-linker-plugin -fno-fat-lto-objects (test for excess errors)
UNRESOLVED: gcc.target/i386/mpx/vararg-4-lbv.c -O2 -flto -fuse-linker-plugin -fno-fat-lto-objects compilation failed to produce executable
FAIL: gcc.target/i386/mpx/vararg-4-lbv.c -O3 -fomit-frame-pointer -funroll-loops -fpeel-loops -ftracer -finline-functions (internal compiler error)
FAIL: gcc.target/i386/mpx/vararg-4-lbv.c -O3 -fomit-frame-pointer -funroll-loops -fpeel-loops -ftracer -finline-functions (test for excess errors)
UNRESOLVED: gcc.target/i386/mpx/vararg-4-lbv.c -O3 -fomit-frame-pointer -funroll-loops -fpeel-loops -ftracer -finline-functions compilation failed to produce executable
FAIL: gcc.target/i386/mpx/vararg-4-lbv.c -O3 -g (internal compiler error)
FAIL: gcc.target/i386/mpx/vararg-4-lbv.c -O3 -g (test for excess errors)
UNRESOLVED: gcc.target/i386/mpx/vararg-4-lbv.c -O3 -g compilation failed to produce executable
FAIL: gcc.target/i386/mpx/vararg-4-nov.c -O2 -flto -fuse-linker-plugin -fno-fat-lto-objects (internal compiler error)
FAIL: gcc.target/i386/mpx/vararg-4-nov.c -O2 -flto -fuse-linker-plugin -fno-fat-lto-objects (test for excess errors)
UNRESOLVED: gcc.target/i386/mpx/vararg-4-nov.c -O2 -flto -fuse-linker-plugin -fno-fat-lto-objects compilation failed to produce executable
FAIL: gcc.target/i386/mpx/vararg-4-nov.c -O3 -fomit-frame-pointer -funroll-loops -fpeel-loops -ftracer -finline-functions (internal compiler error)
FAIL: gcc.target/i386/mpx/vararg-4-nov.c -O3 -fomit-frame-pointer -funroll-loops -fpeel-loops -ftracer -finline-functions (test for excess errors)
UNRESOLVED: gcc.target/i386/mpx/vararg-4-nov.c -O3 -fomit-frame-pointer -funroll-loops -fpeel-loops -ftracer -finline-functions compilation failed to produce executable
FAIL: gcc.target/i386/mpx/vararg-4-nov.c -O3 -g (internal compiler error)
FAIL: gcc.target/i386/mpx/vararg-4-nov.c -O3 -g (test for excess errors)
UNRESOLVED: gcc.target/i386/mpx/vararg-4-nov.c -O3 -g compilation failed to produce executable
FAIL: gcc.target/i386/mpx/vararg-4-ubv.c -O2 -flto -fuse-linker-plugin -fno-fat-lto-objects (internal compiler error)
FAIL: gcc.target/i386/mpx/vararg-4-ubv.c -O2 -flto -fuse-linker-plugin -fno-fat-lto-objects (test for excess errors)
UNRESOLVED: gcc.target/i386/mpx/vararg-4-ubv.c -O2 -flto -fuse-linker-plugin -fno-fat-lto-objects compilation failed to produce executable
FAIL: gcc.target/i386/mpx/vararg-4-ubv.c -O3 -fomit-frame-pointer -funroll-loops -fpeel-loops -ftracer -finline-functions (internal compiler error)
FAIL: gcc.target/i386/mpx/vararg-4-ubv.c -O3 -fomit-frame-pointer -funroll-loops -fpeel-loops -ftracer -finline-functions (test for excess errors)
UNRESOLVED: gcc.target/i386/mpx/vararg-4-ubv.c -O3 -fomit-frame-pointer -funroll-loops -fpeel-loops -ftracer -finline-functions compilation failed to produce executable
FAIL: gcc.target/i386/mpx/vararg-4-ubv.c -O3 -g (internal compiler error)
FAIL: gcc.target/i386/mpx/vararg-4-ubv.c -O3 -g (test for excess errors)
UNRESOLVED: gcc.target/i386/mpx/vararg-4-ubv.c -O3 -g compilation failed to produce executable
FAIL: gcc.target/i386/mpx/vararg-5-lbv.c -O2 -flto -fuse-linker-plugin -fno-fat-lto-objects (internal compiler error)
FAIL: gcc.target/i386/mpx/vararg-5-lbv.c -O2 -flto -fuse-linker-plugin -fno-fat-lto-objects (test for excess errors)
UNRESOLVED: gcc.target/i386/mpx/vararg-5-lbv.c -O2 -flto -fuse-linker-plugin -fno-fat-lto-objects compilation failed to produce executable
FAIL: gcc.target/i386/mpx/vararg-5-lbv.c -O3 -fomit-frame-pointer -funroll-loops -fpeel-loops -ftracer -finline-functions (internal compiler error)
FAIL: gcc.target/i386/mpx/vararg-5-lbv.c -O3 -fomit-frame-pointer -funroll-loops -fpeel-loops -ftracer -finline-functions (test for excess errors)
UNRESOLVED: gcc.target/i386/mpx/vararg-5-lbv.c -O3 -fomit-frame-pointer -funroll-loops -fpeel-loops -ftracer -finline-functions compilation failed to produce executable
FAIL: gcc.target/i386/mpx/vararg-5-lbv.c -O3 -g (internal compiler error)
FAIL: gcc.target/i386/mpx/vararg-5-lbv.c -O3 -g (test for excess errors)
UNRESOLVED: gcc.target/i386/mpx/vararg-5-lbv.c -O3 -g compilation failed to produce executable
FAIL: gcc.target/i386/mpx/vararg-5-nov.c -O2 -flto -fuse-linker-plugin -fno-fat-lto-objects (internal compiler error)
FAIL: gcc.target/i386/mpx/vararg-5-nov.c -O2 -flto -fuse-linker-plugin -fno-fat-lto-objects (test for excess errors)
UNRESOLVED: gcc.target/i386/mpx/vararg-5-nov.c -O2 -flto -fuse-linker-plugin -fno-fat-lto-objects compilation failed to produce executable
FAIL: gcc.target/i386/mpx/vararg-5-nov.c -O3 -fomit-frame-pointer -funroll-loops -fpeel-loops -ftracer -finline-functions (internal compiler error)
FAIL: gcc.target/i386/mpx/vararg-5-nov.c -O3 -fomit-frame-pointer -funroll-loops -fpeel-loops -ftracer -finline-functions (test for excess errors)
UNRESOLVED: gcc.target/i386/mpx/vararg-5-nov.c -O3 -fomit-frame-pointer -funroll-loops -fpeel-loops -ftracer -finline-functions compilation failed to produce executable
FAIL: gcc.target/i386/mpx/vararg-5-nov.c -O3 -g (internal compiler error)
FAIL: gcc.target/i386/mpx/vararg-5-nov.c -O3 -g (test for excess errors)
UNRESOLVED: gcc.target/i386/mpx/vararg-5-nov.c -O3 -g compilation failed to produce executable
FAIL: gcc.target/i386/mpx/vararg-5-ubv.c -O2 -flto -fuse-linker-plugin -fno-fat-lto-objects (internal compiler error)
FAIL: gcc.target/i386/mpx/vararg-5-ubv.c -O2 -flto -fuse-linker-plugin -fno-fat-lto-objects (test for excess errors)
UNRESOLVED: gcc.target/i386/mpx/vararg-5-ubv.c -O2 -flto -fuse-linker-plugin -fno-fat-lto-objects compilation failed to produce executable
FAIL: gcc.target/i386/mpx/vararg-5-ubv.c -O3 -fomit-frame-pointer -funroll-loops -fpeel-loops -ftracer -finline-functions (internal compiler error)
FAIL: gcc.target/i386/mpx/vararg-5-ubv.c -O3 -fomit-frame-pointer -funroll-loops -fpeel-loops -ftracer -finline-functions (test for excess errors)
UNRESOLVED: gcc.target/i386/mpx/vararg-5-ubv.c -O3 -fomit-frame-pointer -funroll-loops -fpeel-loops -ftracer -finline-functions compilation failed to produce executable
FAIL: gcc.target/i386/mpx/vararg-5-ubv.c -O3 -g (internal compiler error)
FAIL: gcc.target/i386/mpx/vararg-5-ubv.c -O3 -g (test for excess errors)
UNRESOLVED: gcc.target/i386/mpx/vararg-5-ubv.c -O3 -g compilation failed to produce executable
FAIL: gcc.target/i386/mpx/vararg-6-lbv.c -O2 -flto -fuse-linker-plugin -fno-fat-lto-objects (internal compiler error)
FAIL: gcc.target/i386/mpx/vararg-6-lbv.c -O2 -flto -fuse-linker-plugin -fno-fat-lto-objects (test for excess errors)
UNRESOLVED: gcc.target/i386/mpx/vararg-6-lbv.c -O2 -flto -fuse-linker-plugin -fno-fat-lto-objects compilation failed to produce executable
FAIL: gcc.target/i386/mpx/vararg-6-lbv.c -O3 -fomit-frame-pointer -funroll-loops -fpeel-loops -ftracer -finline-functions (internal compiler error)
FAIL: gcc.target/i386/mpx/vararg-6-lbv.c -O3 -fomit-frame-pointer -funroll-loops -fpeel-loops -ftracer -finline-functions (test for excess errors)
UNRESOLVED: gcc.target/i386/mpx/vararg-6-lbv.c -O3 -fomit-frame-pointer -funroll-loops -fpeel-loops -ftracer -finline-functions compilation failed to produce executable
FAIL: gcc.target/i386/mpx/vararg-6-lbv.c -O3 -g (internal compiler error)
FAIL: gcc.target/i386/mpx/vararg-6-lbv.c -O3 -g (test for excess errors)
UNRESOLVED: gcc.target/i386/mpx/vararg-6-lbv.c -O3 -g compilation failed to produce executable
FAIL: gcc.target/i386/mpx/vararg-6-nov.c -O2 -flto -fuse-linker-plugin -fno-fat-lto-objects (internal compiler error)
FAIL: gcc.target/i386/mpx/vararg-6-nov.c -O2 -flto -fuse-linker-plugin -fno-fat-lto-objects (test for excess errors)
UNRESOLVED: gcc.target/i386/mpx/vararg-6-nov.c -O2 -flto -fuse-linker-plugin -fno-fat-lto-objects compilation failed to produce executable
FAIL: gcc.target/i386/mpx/vararg-6-nov.c -O3 -fomit-frame-pointer -funroll-loops -fpeel-loops -ftracer -finline-functions (internal compiler error)
FAIL: gcc.target/i386/mpx/vararg-6-nov.c -O3 -fomit-frame-pointer -funroll-loops -fpeel-loops -ftracer -finline-functions (test for excess errors)
UNRESOLVED: gcc.target/i386/mpx/vararg-6-nov.c -O3 -fomit-frame-pointer -funroll-loops -fpeel-loops -ftracer -finline-functions compilation failed to produce executable
FAIL: gcc.target/i386/mpx/vararg-6-nov.c -O3 -g (internal compiler error)
FAIL: gcc.target/i386/mpx/vararg-6-nov.c -O3 -g (test for excess errors)
UNRESOLVED: gcc.target/i386/mpx/vararg-6-nov.c -O3 -g compilation failed to produce executable
FAIL: gcc.target/i386/mpx/vararg-6-ubv.c -O2 -flto -fuse-linker-plugin -fno-fat-lto-objects (internal compiler error)
FAIL: gcc.target/i386/mpx/vararg-6-ubv.c -O2 -flto -fuse-linker-plugin -fno-fat-lto-objects (test for excess errors)
UNRESOLVED: gcc.target/i386/mpx/vararg-6-ubv.c -O2 -flto -fuse-linker-plugin -fno-fat-lto-objects compilation failed to produce executable
FAIL: gcc.target/i386/mpx/vararg-6-ubv.c -O3 -fomit-frame-pointer -funroll-loops -fpeel-loops -ftracer -finline-functions (internal compiler error)
FAIL: gcc.target/i386/mpx/vararg-6-ubv.c -O3 -fomit-frame-pointer -funroll-loops -fpeel-loops -ftracer -finline-functions (test for excess errors)
UNRESOLVED: gcc.target/i386/mpx/vararg-6-ubv.c -O3 -fomit-frame-pointer -funroll-loops -fpeel-loops -ftracer -finline-functions compilation failed to produce executable
FAIL: gcc.target/i386/mpx/vararg-6-ubv.c -O3 -g (internal compiler error)
FAIL: gcc.target/i386/mpx/vararg-6-ubv.c -O3 -g (test for excess errors)
UNRESOLVED: gcc.target/i386/mpx/vararg-6-ubv.c -O3 -g compilation failed to produce executable
FAIL: gcc.target/i386/mpx/vararg-7-lbv.c -O2 -flto -fuse-linker-plugin -fno-fat-lto-objects (internal compiler error)
FAIL: gcc.target/i386/mpx/vararg-7-lbv.c -O2 -flto -fuse-linker-plugin -fno-fat-lto-objects (test for excess errors)
UNRESOLVED: gcc.target/i386/mpx/vararg-7-lbv.c -O2 -flto -fuse-linker-plugin -fno-fat-lto-objects compilation failed to produce executable
FAIL: gcc.target/i386/mpx/vararg-7-lbv.c -O3 -fomit-frame-pointer -funroll-loops -fpeel-loops -ftracer -finline-functions (internal compiler error)
FAIL: gcc.target/i386/mpx/vararg-7-lbv.c -O3 -fomit-frame-pointer -funroll-loops -fpeel-loops -ftracer -finline-functions (test for excess errors)
UNRESOLVED: gcc.target/i386/mpx/vararg-7-lbv.c -O3 -fomit-frame-pointer -funroll-loops -fpeel-loops -ftracer -finline-functions compilation failed to produce executable
FAIL: gcc.target/i386/mpx/vararg-7-lbv.c -O3 -g (internal compiler error)
FAIL: gcc.target/i386/mpx/vararg-7-lbv.c -O3 -g (test for excess errors)
UNRESOLVED: gcc.target/i386/mpx/vararg-7-lbv.c -O3 -g compilation failed to produce executable
FAIL: gcc.target/i386/mpx/vararg-7-nov.c -O2 -flto -fuse-linker-plugin -fno-fat-lto-objects (internal compiler error)
FAIL: gcc.target/i386/mpx/vararg-7-nov.c -O2 -flto -fuse-linker-plugin -fno-fat-lto-objects (test for excess errors)
UNRESOLVED: gcc.target/i386/mpx/vararg-7-nov.c -O2 -flto -fuse-linker-plugin -fno-fat-lto-objects compilation failed to produce executable
FAIL: gcc.target/i386/mpx/vararg-7-nov.c -O3 -fomit-frame-pointer -funroll-loops -fpeel-loops -ftracer -finline-functions (internal compiler error)
FAIL: gcc.target/i386/mpx/vararg-7-nov.c -O3 -fomit-frame-pointer -funroll-loops -fpeel-loops -ftracer -finline-functions (test for excess errors)
UNRESOLVED: gcc.target/i386/mpx/vararg-7-nov.c -O3 -fomit-frame-pointer -funroll-loops -fpeel-loops -ftracer -finline-functions compilation failed to produce executable
FAIL: gcc.target/i386/mpx/vararg-7-nov.c -O3 -g (internal compiler error)
FAIL: gcc.target/i386/mpx/vararg-7-nov.c -O3 -g (test for excess errors)
UNRESOLVED: gcc.target/i386/mpx/vararg-7-nov.c -O3 -g compilation failed to produce executable
FAIL: gcc.target/i386/mpx/vararg-7-ubv.c -O2 -flto -fuse-linker-plugin -fno-fat-lto-objects (internal compiler error)
FAIL: gcc.target/i386/mpx/vararg-7-ubv.c -O2 -flto -fuse-linker-plugin -fno-fat-lto-objects (test for excess errors)
UNRESOLVED: gcc.target/i386/mpx/vararg-7-ubv.c -O2 -flto -fuse-linker-plugin -fno-fat-lto-objects compilation failed to produce executable
FAIL: gcc.target/i386/mpx/vararg-7-ubv.c -O3 -fomit-frame-pointer -funroll-loops -fpeel-loops -ftracer -finline-functions (internal compiler error)
FAIL: gcc.target/i386/mpx/vararg-7-ubv.c -O3 -fomit-frame-pointer -funroll-loops -fpeel-loops -ftracer -finline-functions (test for excess errors)
UNRESOLVED: gcc.target/i386/mpx/vararg-7-ubv.c -O3 -fomit-frame-pointer -funroll-loops -fpeel-loops -ftracer -finline-functions compilation failed to produce executable
FAIL: gcc.target/i386/mpx/vararg-7-ubv.c -O3 -g (internal compiler error)
FAIL: gcc.target/i386/mpx/vararg-7-ubv.c -O3 -g (test for excess errors)
UNRESOLVED: gcc.target/i386/mpx/vararg-7-ubv.c -O3 -g compilation failed to produce executable
FAIL: gcc.target/i386/mpx/vararg-8-lbv.c -O2 -flto -fuse-linker-plugin -fno-fat-lto-objects (internal compiler error)
FAIL: gcc.target/i386/mpx/vararg-8-lbv.c -O2 -flto -fuse-linker-plugin -fno-fat-lto-objects (test for excess errors)
UNRESOLVED: gcc.target/i386/mpx/vararg-8-lbv.c -O2 -flto -fuse-linker-plugin -fno-fat-lto-objects compilation failed to produce executable
FAIL: gcc.target/i386/mpx/vararg-8-lbv.c -O3 -g (internal compiler error)
FAIL: gcc.target/i386/mpx/vararg-8-lbv.c -O3 -g (test for excess errors)
UNRESOLVED: gcc.target/i386/mpx/vararg-8-lbv.c -O3 -g compilation failed to produce executable
FAIL: gcc.target/i386/mpx/vararg-8-nov.c -O2 -flto -fuse-linker-plugin -fno-fat-lto-objects (internal compiler error)
FAIL: gcc.target/i386/mpx/vararg-8-nov.c -O2 -flto -fuse-linker-plugin -fno-fat-lto-objects (test for excess errors)
UNRESOLVED: gcc.target/i386/mpx/vararg-8-nov.c -O2 -flto -fuse-linker-plugin -fno-fat-lto-objects compilation failed to produce executable
FAIL: gcc.target/i386/mpx/vararg-8-nov.c -O3 -g (internal compiler error)
FAIL: gcc.target/i386/mpx/vararg-8-nov.c -O3 -g (test for excess errors)
UNRESOLVED: gcc.target/i386/mpx/vararg-8-nov.c -O3 -g compilation failed to produce executable
FAIL: gcc.target/i386/mpx/vararg-8-ubv.c -O2 -flto -fuse-linker-plugin -fno-fat-lto-objects (internal compiler error)
FAIL: gcc.target/i386/mpx/vararg-8-ubv.c -O2 -flto -fuse-linker-plugin -fno-fat-lto-objects (test for excess errors)
UNRESOLVED: gcc.target/i386/mpx/vararg-8-ubv.c -O2 -flto -fuse-linker-plugin -fno-fat-lto-objects compilation failed to produce executable
FAIL: gcc.target/i386/mpx/vararg-8-ubv.c -O3 -g (internal compiler error)
FAIL: gcc.target/i386/mpx/vararg-8-ubv.c -O3 -g (test for excess errors)
UNRESOLVED: gcc.target/i386/mpx/vararg-8-ubv.c -O3 -g compilation failed to produce executable
FAIL: gcc.target/i386/mpx/vla-1-lbv.c -O2 -flto -fuse-linker-plugin -fno-fat-lto-objects (internal compiler error)
FAIL: gcc.target/i386/mpx/vla-1-lbv.c -O2 -flto -fuse-linker-plugin -fno-fat-lto-objects (test for excess errors)
UNRESOLVED: gcc.target/i386/mpx/vla-1-lbv.c -O2 -flto -fuse-linker-plugin -fno-fat-lto-objects compilation failed to produce executable
FAIL: gcc.target/i386/mpx/vla-1-lbv.c -O3 -g (internal compiler error)
FAIL: gcc.target/i386/mpx/vla-1-lbv.c -O3 -g (test for excess errors)
UNRESOLVED: gcc.target/i386/mpx/vla-1-lbv.c -O3 -g compilation failed to produce executable
FAIL: gcc.target/i386/mpx/vla-1-nov.c -O2 -flto -fuse-linker-plugin -fno-fat-lto-objects (internal compiler error)
FAIL: gcc.target/i386/mpx/vla-1-nov.c -O2 -flto -fuse-linker-plugin -fno-fat-lto-objects (test for excess errors)
UNRESOLVED: gcc.target/i386/mpx/vla-1-nov.c -O2 -flto -fuse-linker-plugin -fno-fat-lto-objects compilation failed to produce executable
FAIL: gcc.target/i386/mpx/vla-1-nov.c -O3 -g (internal compiler error)
FAIL: gcc.target/i386/mpx/vla-1-nov.c -O3 -g (test for excess errors)
UNRESOLVED: gcc.target/i386/mpx/vla-1-nov.c -O3 -g compilation failed to produce executable
FAIL: gcc.target/i386/mpx/vla-1-ubv.c -O2 -flto -fuse-linker-plugin -fno-fat-lto-objects (internal compiler error)
FAIL: gcc.target/i386/mpx/vla-1-ubv.c -O2 -flto -fuse-linker-plugin -fno-fat-lto-objects (test for excess errors)
UNRESOLVED: gcc.target/i386/mpx/vla-1-ubv.c -O2 -flto -fuse-linker-plugin -fno-fat-lto-objects compilation failed to produce executable
FAIL: gcc.target/i386/mpx/vla-1-ubv.c -O3 -g (internal compiler error)
FAIL: gcc.target/i386/mpx/vla-1-ubv.c -O3 -g (test for excess errors)
UNRESOLVED: gcc.target/i386/mpx/vla-1-ubv.c -O3 -g compilation failed to produce executable
FAIL: gcc.target/i386/mpx/vla-2-lbv.c -O2 -flto -fuse-linker-plugin -fno-fat-lto-objects (internal compiler error)
FAIL: gcc.target/i386/mpx/vla-2-lbv.c -O2 -flto -fuse-linker-plugin -fno-fat-lto-objects (test for excess errors)
UNRESOLVED: gcc.target/i386/mpx/vla-2-lbv.c -O2 -flto -fuse-linker-plugin -fno-fat-lto-objects compilation failed to produce executable
FAIL: gcc.target/i386/mpx/vla-2-lbv.c -O3 -g (internal compiler error)
FAIL: gcc.target/i386/mpx/vla-2-lbv.c -O3 -g (test for excess errors)
UNRESOLVED: gcc.target/i386/mpx/vla-2-lbv.c -O3 -g compilation failed to produce executable
FAIL: gcc.target/i386/mpx/vla-2-nov.c -O2 -flto -fuse-linker-plugin -fno-fat-lto-objects (internal compiler error)
FAIL: gcc.target/i386/mpx/vla-2-nov.c -O2 -flto -fuse-linker-plugin -fno-fat-lto-objects (test for excess errors)
UNRESOLVED: gcc.target/i386/mpx/vla-2-nov.c -O2 -flto -fuse-linker-plugin -fno-fat-lto-objects compilation failed to produce executable
FAIL: gcc.target/i386/mpx/vla-2-nov.c -O3 -g (internal compiler error)
FAIL: gcc.target/i386/mpx/vla-2-nov.c -O3 -g (test for excess errors)
UNRESOLVED: gcc.target/i386/mpx/vla-2-nov.c -O3 -g compilation failed to produce executable
FAIL: gcc.target/i386/mpx/vla-2-ubv.c -O2 -flto -fuse-linker-plugin -fno-fat-lto-objects (internal compiler error)
FAIL: gcc.target/i386/mpx/vla-2-ubv.c -O2 -flto -fuse-linker-plugin -fno-fat-lto-objects (test for excess errors)
UNRESOLVED: gcc.target/i386/mpx/vla-2-ubv.c -O2 -flto -fuse-linker-plugin -fno-fat-lto-objects compilation failed to produce executable
FAIL: gcc.target/i386/mpx/vla-2-ubv.c -O3 -g (internal compiler error)
FAIL: gcc.target/i386/mpx/vla-2-ubv.c -O3 -g (test for excess errors)
UNRESOLVED: gcc.target/i386/mpx/vla-2-ubv.c -O3 -g compilation failed to produce executable
=== gcc Summary ===
# of expected passes 118795
# of unexpected failures 1204
# of unexpected successes 20
# of expected failures 330
# of unresolved testcases 555
# of unsupported tests 1759
/export/gnu/import/git/gcc-test-ia32corei7/bld/gcc/xgcc version 7.0.0 20160516 (experimental) [trunk revision 236286] (GCC)
=== gfortran tests ===
Running target unix
FAIL: gfortran.dg/bessel_6.f90 -O0 execution test
FAIL: gfortran.dg/bessel_6.f90 -O1 execution test
FAIL: gfortran.dg/bessel_6.f90 -O2 execution test
FAIL: gfortran.dg/bessel_6.f90 -O3 -fomit-frame-pointer -funroll-loops -fpeel-loops -ftracer -finline-functions execution test
FAIL: gfortran.dg/bessel_6.f90 -O3 -g execution test
FAIL: gfortran.dg/bessel_6.f90 -Os execution test
=== gfortran Summary ===
# of expected passes 42206
# of unexpected failures 6
# of expected failures 72
# of unsupported tests 168
/export/gnu/import/git/gcc-test-ia32corei7/bld/gcc/testsuite/gfortran/../../gfortran version 7.0.0 20160516 (experimental) [trunk revision 236286] (GCC)
=== g++ tests ===
Running target unix
FAIL: g++.dg/guality/pr55665.C -O2 line 23 p == 40
FAIL: g++.dg/guality/pr55665.C -O3 -g line 23 p == 40
XPASS: g++.dg/tls/thread_local-order2.C -std=c++11 execution test
XPASS: g++.dg/tls/thread_local-order2.C -std=c++14 execution test
=== g++ Summary ===
# of expected passes 103970
# of unexpected failures 2
# of unexpected successes 2
# of expected failures 308
# of unsupported tests 3493
/export/gnu/import/git/gcc-test-ia32corei7/bld/gcc/testsuite/g++/../../xg++ version 7.0.0 20160516 (experimental) [trunk revision 236286] (GCC)
=== objc tests ===
Running target unix
=== objc Summary ===
# of expected passes 2783
# of expected failures 6
# of unsupported tests 68
/export/gnu/import/git/gcc-test-ia32corei7/bld/gcc/xgcc version 7.0.0 20160516 (experimental) [trunk revision 236286] (GCC)
=== boehm-gc tests ===
Running target unix
=== boehm-gc Summary ===
# of expected passes 12
# of unsupported tests 1
=== libatomic tests ===
Running target unix
=== libatomic Summary ===
# of expected passes 44
# of unsupported tests 5
=== libffi tests ===
Running target unix
=== libffi Summary ===
# of expected passes 2439
# of unsupported tests 30
=== libgomp tests ===
Running target unix
=== libgomp Summary ===
# of expected passes 5072
# of unsupported tests 271
=== libitm tests ===
Running target unix
=== libitm Summary ===
# of expected passes 42
# of expected failures 3
# of unsupported tests 1
=== libjava tests ===
Running target unix
=== libjava Summary ===
# of expected passes 2582
# of expected failures 4
=== libstdc++ tests ===
Running target unix
=== libstdc++ Summary ===
# of expected passes 11276
# of expected failures 66
# of unsupported tests 230
Compiler version: 7.0.0 20160516 (experimental) [trunk revision 236286] (GCC)
Platform: i686-pc-linux-gnu
configure flags: --with-arch=corei7 --with-cpu=corei7 --prefix=/usr/7.0.0 --enable-clocale=gnu --with-system-zlib --enable-shared --with-demangler-in-ld --enable-libmpx i686-linux --with-fpmath=sse --enable-languages=c,c++,fortran,java,lto,objc