This is the mail archive of the
gcc-testresults@gcc.gnu.org
mailing list for the GCC project.
Results for 5.3.1 20160515 [5 branch revision 236251p3] (GCC) testsuite on x86_64-apple-darwin15.4.0
- From: dominiq at lps dot ens dot fr (Dominique Dhumieres)
- To: gcc-testresults at gcc dot gnu dot org
- Date: Sun, 15 May 2016 23:11:48 +0200
- Subject: Results for 5.3.1 20160515 [5 branch revision 236251p3] (GCC) testsuite on x86_64-apple-darwin15.4.0
- Authentication-results: sourceware.org; auth=none
LAST_UPDATED: Updated Sun May 15 17:21:25 CEST 2016 to revision 236251
with patches for pr66848, https://gcc.gnu.org/bugzilla/attachment.cgi?id=37100,
pr67973, https://gcc.gnu.org/bugzilla/attachment.cgi?id=37227,
and pr67564, https://gcc.gnu.org/bugzilla/attachment.cgi?id=37531.
=== acats tests ===
=== acats Summary ===
# of expected passes 2320
# of unexpected failures 0
Native configuration is x86_64-apple-darwin15.4.0
=== g++ tests ===
Running target unix/-m32
FAIL: g++.dg/ipa/pr67056.C scan-ipa-dump cp "Speculative outer type:struct CompositeClass"
UNRESOLVED: g++.dg/lto/pr65276 cp_lto_pr65276_0.o-cp_lto_pr65276_1.o execute -flto -O0 -std=c++11
FAIL: g++.dg/lto/pr65276 cp_lto_pr65276_0.o-cp_lto_pr65276_1.o link, -flto -O0 -std=c++11
FAIL: g++.dg/lto/pr65549 cp_lto_pr65549_0.o assemble, -std=gnu++14 -flto -g
FAIL: g++.dg/lto/pr65549 cp_lto_pr65549_0.o assemble, -std=gnu++14 -flto -g -O2 -fno-inline -flto-partition=max
UNRESOLVED: g++.dg/lto/pr65549 cp_lto_pr65549_0.o-cp_lto_pr65549_0.o execute -std=gnu++14 -flto -g
UNRESOLVED: g++.dg/lto/pr65549 cp_lto_pr65549_0.o-cp_lto_pr65549_0.o execute -std=gnu++14 -flto -g -O2 -fno-inline -flto-partition=max
UNRESOLVED: g++.dg/lto/pr65549 cp_lto_pr65549_0.o-cp_lto_pr65549_0.o link -std=gnu++14 -flto -g
UNRESOLVED: g++.dg/lto/pr65549 cp_lto_pr65549_0.o-cp_lto_pr65549_0.o link -std=gnu++14 -flto -g -O2 -fno-inline -flto-partition=max
FAIL: g++.dg/pch/pch.C -O2 -g -I. -Dwith_PCH (test for excess errors)
FAIL: g++.dg/pch/pch.C -O2 -g assembly comparison
WARNING: program timed out
FAIL: g++.dg/tree-prof/pr57451.C compilation, -fprofile-generate -D_PROFILE_GENERATE
UNRESOLVED: g++.dg/tree-prof/pr57451.C compilation, -fprofile-use -D_PROFILE_USE
UNRESOLVED: g++.dg/tree-prof/pr57451.C execution, -fprofile-generate -D_PROFILE_GENERATE
UNRESOLVED: g++.dg/tree-prof/pr57451.C execution, -fprofile-use -D_PROFILE_USE
FAIL: g++.dg/tree-prof/pr63581.C compilation, -fprofile-generate -D_PROFILE_GENERATE
UNRESOLVED: g++.dg/tree-prof/pr63581.C compilation, -fprofile-use -D_PROFILE_USE
UNRESOLVED: g++.dg/tree-prof/pr63581.C execution, -fprofile-generate -D_PROFILE_GENERATE
UNRESOLVED: g++.dg/tree-prof/pr63581.C execution, -fprofile-use -D_PROFILE_USE
=== g++ Summary for unix/-m32 ===
# of expected passes 88526
# of unexpected failures 8
# of expected failures 341
# of unresolved testcases 11
# of unsupported tests 3866
Running target unix/-m64
FAIL: g++.dg/ipa/pr67056.C scan-ipa-dump cp "Speculative outer type:struct CompositeClass"
UNRESOLVED: g++.dg/lto/pr65276 cp_lto_pr65276_0.o-cp_lto_pr65276_1.o execute -flto -O0 -std=c++11
FAIL: g++.dg/lto/pr65276 cp_lto_pr65276_0.o-cp_lto_pr65276_1.o link, -flto -O0 -std=c++11
UNRESOLVED: g++.dg/lto/pr65549 cp_lto_pr65549_0.o-cp_lto_pr65549_0.o execute -std=gnu++14 -flto -g -O2 -fno-inline -flto-partition=max
FAIL: g++.dg/lto/pr65549 cp_lto_pr65549_0.o-cp_lto_pr65549_0.o link, -std=gnu++14 -flto -g -O2 -fno-inline -flto-partition=max
FAIL: g++.dg/tree-prof/pr57451.C compilation, -fprofile-generate -D_PROFILE_GENERATE
UNRESOLVED: g++.dg/tree-prof/pr57451.C compilation, -fprofile-use -D_PROFILE_USE
UNRESOLVED: g++.dg/tree-prof/pr57451.C execution, -fprofile-generate -D_PROFILE_GENERATE
UNRESOLVED: g++.dg/tree-prof/pr57451.C execution, -fprofile-use -D_PROFILE_USE
FAIL: g++.dg/tree-prof/pr63581.C compilation, -fprofile-generate -D_PROFILE_GENERATE
UNRESOLVED: g++.dg/tree-prof/pr63581.C compilation, -fprofile-use -D_PROFILE_USE
UNRESOLVED: g++.dg/tree-prof/pr63581.C execution, -fprofile-generate -D_PROFILE_GENERATE
UNRESOLVED: g++.dg/tree-prof/pr63581.C execution, -fprofile-use -D_PROFILE_USE
=== g++ Summary for unix/-m64 ===
# of expected passes 89934
# of unexpected failures 5
# of expected failures 341
# of unresolved testcases 8
# of unsupported tests 4107
=== g++ Summary ===
# of expected passes 178460
# of unexpected failures 13
# of expected failures 682
# of unresolved testcases 19
# of unsupported tests 7973
/opt/gcc/5_build/gcc/xg++ version 5.3.1 20160515 [5 branch revision 236251p3] (GCC)
=== gcc tests ===
Running target unix/-m32
FAIL: c-c++-common/asan/strncpy-overflow-1.c -O0 output pattern test
FAIL: c-c++-common/cilk-plus/CK/cilk-for-2.c -O3 -flto -g (test for excess errors)
FAIL: gcc.dg/cpp/_Pragma3.c (test for excess errors)
FAIL: gcc.dg/20021014-1.c execution test
FAIL: gcc.dg/aru-2.c execution test
FAIL: gcc.dg/darwin-minversion-1.c (test for excess errors)
FAIL: gcc.dg/darwin-minversion-2.c (test for excess errors)
FAIL: gcc.dg/darwin-version-1.c (test for excess errors)
FAIL: gcc.dg/darwin-weakimport-3.c scan-assembler-not coalesced
FAIL: gcc.dg/framework-1.c (test for excess errors)
FAIL: gcc.dg/pr43643.c execution test
FAIL: gcc.dg/pr61053.c (test for excess errors)
FAIL: gcc.dg/uninit-19.c (test for warnings, line 22)
FAIL: gcc.dg/uninit-19.c (test for excess errors)
FAIL: gcc.dg/graphite/scop-19.c scan-tree-dump-times graphite "number of SCoPs: 0" 1
UNRESOLVED: gcc.dg/lto/pr61526 c_lto_pr61526_0.o-c_lto_pr61526_1.o execute -fPIC -flto -flto-partition=1to1
FAIL: gcc.dg/lto/pr61526 c_lto_pr61526_0.o-c_lto_pr61526_1.o link, -fPIC -flto -flto-partition=1to1
FAIL: gcc.dg/pch/save-temps-1.c -O2 -I. -Dwith_PCH (test for excess errors)
FAIL: gcc.dg/pch/save-temps-1.c -O2 assembly comparison
FAIL: gcc.dg/torture/builtin-self.c -O0 scan-assembler-not \\tcall
FAIL: gcc.misc-tests/linkage.c link
FAIL: gcc.target/i386/chkp-hidden-def.c (test for excess errors)
UNRESOLVED: gcc.target/i386/chkp-hidden-def.c scan-assembler-not test.chkp
FAIL: gcc.target/i386/memcpy-strategy-3.c scan-assembler-times memcpy 2
FAIL: gcc.target/i386/memset-strategy-1.c scan-assembler-times memset 2
=== gcc Summary for unix/-m32 ===
# of expected passes 109524
# of unexpected failures 23
# of expected failures 286
# of unresolved testcases 2
# of unsupported tests 2920
Running target unix/-m64
FAIL: c-c++-common/asan/strncpy-overflow-1.c -O0 execution test
FAIL: c-c++-common/cilk-plus/CK/cilk-for-2.c -O3 -flto -g (test for excess errors)
FAIL: gcc.dg/cpp/_Pragma3.c (test for excess errors)
FAIL: gcc.dg/darwin-minversion-1.c (test for excess errors)
FAIL: gcc.dg/darwin-minversion-2.c (test for excess errors)
FAIL: gcc.dg/darwin-version-1.c (test for excess errors)
FAIL: gcc.dg/framework-1.c (test for excess errors)
FAIL: gcc.dg/uninit-19.c (test for warnings, line 22)
FAIL: gcc.dg/uninit-19.c (test for excess errors)
FAIL: gcc.dg/graphite/scop-19.c scan-tree-dump-times graphite "number of SCoPs: 0" 1
UNRESOLVED: gcc.dg/lto/pr61526 c_lto_pr61526_0.o-c_lto_pr61526_1.o execute -fPIC -flto -flto-partition=1to1
FAIL: gcc.dg/lto/pr61526 c_lto_pr61526_0.o-c_lto_pr61526_1.o link, -fPIC -flto -flto-partition=1to1
FAIL: gcc.target/i386/chkp-hidden-def.c (test for excess errors)
UNRESOLVED: gcc.target/i386/chkp-hidden-def.c scan-assembler-not test.chkp
FAIL: gcc.target/i386/memcpy-strategy-3.c scan-assembler-times memcpy 2
FAIL: gcc.target/i386/memset-strategy-1.c scan-assembler-times memset 2
FAIL: gcc.target/i386/pr49866.c (test for excess errors)
FAIL: gcc.target/i386/pr61599-1.c (test for excess errors)
UNRESOLVED: gcc.target/i386/pr61599-1.c compilation failed to produce executable
FAIL: gcc.target/i386/pr63538.c scan-assembler movabs
=== gcc Summary for unix/-m64 ===
# of expected passes 110606
# of unexpected failures 17
# of expected failures 280
# of unresolved testcases 3
# of unsupported tests 3033
=== gcc Summary ===
# of expected passes 220130
# of unexpected failures 40
# of expected failures 566
# of unresolved testcases 5
# of unsupported tests 5953
/opt/gcc/5_build/gcc/xgcc version 5.3.1 20160515 [5 branch revision 236251p3] (GCC)
=== gfortran tests ===
Running target unix/-m32
FAIL: gfortran.dg/derived_constructor_comps_6.f90 -O0 execution test
FAIL: gfortran.dg/derived_constructor_comps_6.f90 -O1 execution test
=== gfortran Summary for unix/-m32 ===
# of expected passes 49248
# of unexpected failures 2
# of expected failures 79
# of unsupported tests 201
Running target unix/-m64
=== gfortran Summary for unix/-m64 ===
# of expected passes 49537
# of expected failures 79
# of unsupported tests 63
=== gfortran Summary ===
# of expected passes 98785
# of unexpected failures 2
# of expected failures 158
# of unsupported tests 264
/opt/gcc/5_build/gcc/gfortran version 5.3.1 20160515 [5 branch revision 236251p3] (GCC)
=== gnat tests ===
Running target unix/-m32
=== gnat Summary for unix/-m32 ===
# of expected passes 1333
# of expected failures 20
# of unsupported tests 7
Running target unix/-m64
=== gnat Summary for unix/-m64 ===
# of expected passes 1333
# of expected failures 20
# of unsupported tests 7
=== gnat Summary ===
# of expected passes 2666
# of expected failures 40
# of unsupported tests 14
/opt/gcc/5_build/gcc/gnatmake version 5.3.1 20160515 [5 branch revision 236251p3]
=== obj-c++ tests ===
Running target unix/-m32
FAIL: obj-c++.dg/cxx-ivars-3.mm -fnext-runtime (test for excess errors)
FAIL: obj-c++.dg/cxx-ivars-3.mm -fnext-runtime execution test
FAIL: obj-c++.dg/gnu-api-2-objc.mm -fnext-runtime execution test
=== obj-c++ Summary for unix/-m32 ===
# of expected passes 3162
# of unexpected failures 3
# of expected failures 2
# of unsupported tests 68
Running target unix/-m64
FAIL: obj-c++.dg/cxx-ivars-3.mm -fnext-runtime (test for excess errors)
FAIL: obj-c++.dg/gnu-api-2-objc.mm -fnext-runtime execution test
FAIL: obj-c++.dg/isa-field-1.mm -fnext-runtime (test for excess errors)
FAIL: obj-c++.dg/try-catch-2.mm -fnext-runtime execution test
FAIL: obj-c++.dg/try-catch-9.mm -fnext-runtime execution test
=== obj-c++ Summary for unix/-m64 ===
# of expected passes 3101
# of unexpected failures 5
# of expected failures 19
# of unsupported tests 74
=== obj-c++ Summary ===
# of expected passes 6263
# of unexpected failures 8
# of expected failures 21
# of unsupported tests 142
/opt/gcc/5_build/gcc/xg++ version 5.3.1 20160515 [5 branch revision 236251p3] (GCC)
=== objc tests ===
Running target unix/-m32
FAIL: objc.dg/call-super-2.m -fnext-runtime (test for warnings, line 104)
FAIL: objc.dg/call-super-2.m -fnext-runtime (test for warnings, line 74)
FAIL: objc.dg/gnu-api-2-objc.m -fnext-runtime execution test
FAIL: objc.dg/ivar-scope-4.m -fnext-runtime execution test
=== objc Summary for unix/-m32 ===
# of expected passes 6136
# of unexpected failures 4
# of expected failures 6
# of unsupported tests 87
Running target unix/-m64
FAIL: objc.dg/call-super-2.m -fnext-runtime (test for warnings, line 104)
FAIL: objc.dg/call-super-2.m -fnext-runtime (test for warnings, line 74)
FAIL: objc.dg/category-1.m -fnext-runtime execution test
FAIL: objc.dg/exceptions-2.m -fnext-runtime execution test
FAIL: objc.dg/gnu-api-2-objc.m -fnext-runtime execution test
FAIL: objc.dg/isa-field-1.m -fnext-runtime (test for excess errors)
FAIL: objc.dg/super-class-3.m -fnext-runtime execution test
FAIL: objc.dg/torture/forward-1.m -O0 -fnext-runtime execution test
FAIL: objc.dg/torture/forward-1.m -O1 -fnext-runtime execution test
FAIL: objc.dg/torture/forward-1.m -O2 -fnext-runtime execution test
FAIL: objc.dg/torture/forward-1.m -O2 -flto -fnext-runtime execution test
FAIL: objc.dg/torture/forward-1.m -O2 -flto -flto-partition=none -fnext-runtime execution test
FAIL: objc.dg/torture/forward-1.m -O3 -fomit-frame-pointer -fnext-runtime execution test
FAIL: objc.dg/torture/forward-1.m -O3 -fomit-frame-pointer -funroll-all-loops -finline-functions -fnext-runtime execution test
FAIL: objc.dg/torture/forward-1.m -O3 -fomit-frame-pointer -funroll-loops -fnext-runtime execution test
FAIL: objc.dg/torture/forward-1.m -O3 -g -fnext-runtime execution test
FAIL: objc.dg/torture/forward-1.m -Os -fnext-runtime execution test
=== objc Summary for unix/-m64 ===
# of expected passes 5967
# of unexpected failures 17
# of expected failures 6
# of unsupported tests 93
=== objc Summary ===
# of expected passes 12103
# of unexpected failures 21
# of expected failures 12
# of unsupported tests 180
/opt/gcc/5_build/gcc/xgcc version 5.3.1 20160515 [5 branch revision 236251p3] (GCC)
=== boehm-gc tests ===
Running target unix/-m32
=== boehm-gc Summary for unix/-m32 ===
# of expected passes 12
# of unsupported tests 1
Running target unix/-m64
=== boehm-gc Summary for unix/-m64 ===
# of expected passes 12
# of unsupported tests 1
=== boehm-gc Summary ===
# of expected passes 24
# of unsupported tests 2
=== libatomic tests ===
Running target unix/-m32
=== libatomic Summary for unix/-m32 ===
# of expected passes 44
# of unsupported tests 5
Running target unix/-m64
=== libatomic Summary for unix/-m64 ===
# of expected passes 54
=== libatomic Summary ===
# of expected passes 98
# of unsupported tests 5
=== libffi tests ===
Running target unix/-m32
=== libffi Summary for unix/-m32 ===
# of expected passes 1914
# of unsupported tests 30
Running target unix/-m64
=== libffi Summary for unix/-m64 ===
# of expected passes 1914
# of unsupported tests 30
=== libffi Summary ===
# of expected passes 3828
# of unsupported tests 60
=== libgomp tests ===
Running target unix/-m32
=== libgomp Summary for unix/-m32 ===
# of expected passes 5921
# of unsupported tests 265
Running target unix/-m64
=== libgomp Summary for unix/-m64 ===
# of expected passes 5921
# of unsupported tests 265
=== libgomp Summary ===
# of expected passes 11842
# of unsupported tests 530
=== libitm tests ===
Running target unix/-m32
=== libitm Summary for unix/-m32 ===
# of expected passes 26
# of expected failures 3
# of unsupported tests 1
Running target unix/-m64
=== libitm Summary for unix/-m64 ===
# of expected passes 26
# of expected failures 3
# of unsupported tests 1
=== libitm Summary ===
# of expected passes 52
# of expected failures 6
# of unsupported tests 2
=== libjava tests ===
Running target unix/-m32
FAIL: Thread_Sleep_2 -O3 output - source compiled test
FAIL: Thread_Sleep_2 -O3 -findirect-dispatch output - source compiled test
=== libjava Summary for unix/-m32 ===
# of expected passes 2580
# of unexpected failures 2
# of expected failures 4
Running target unix/-m64
FAIL: Throw_2 execution - source compiled test
FAIL: Throw_2 -findirect-dispatch execution - source compiled test
FAIL: Throw_2 -O3 execution - source compiled test
FAIL: Throw_2 -O3 -findirect-dispatch execution - source compiled test
=== libjava Summary for unix/-m64 ===
# of expected passes 2574
# of unexpected failures 4
# of expected failures 4
# of untested testcases 4
=== libjava Summary ===
# of expected passes 5154
# of unexpected failures 6
# of expected failures 8
# of untested testcases 4
=== libstdc++ tests ===
Running target unix/-m32
FAIL: 30_threads/condition_variable/54185.cc execution test
WARNING: program timed out.
=== libstdc++ Summary for unix/-m32 ===
# of expected passes 9400
# of unexpected failures 1
# of expected failures 65
# of unsupported tests 677
Running target unix/-m64
=== libstdc++ Summary for unix/-m64 ===
# of expected passes 9399
# of expected failures 65
# of unsupported tests 678
=== libstdc++ Summary ===
# of expected passes 18799
# of unexpected failures 1
# of expected failures 130
# of unsupported tests 1355
Compiler version: 5.3.1 20160515 [5 branch revision 236251p3] (GCC)
Platform: x86_64-apple-darwin15.4.0
configure flags: --prefix=/opt/gcc/gcc5wr --enable-languages=c,c++,fortran,objc,obj-c++,ada,java,lto --with-gmp=/opt/mp-new --with-system-zlib --with-isl=/opt/mp-new --enable-lto --enable-plugin