This is the mail archive of the
gcc-testresults@gcc.gnu.org
mailing list for the GCC project.
Results for 7.0.0 20160430 (experimental) (GCC) testsuite on x86_64-pc-linux-gnu
- From: ataignu at gmail dot com
- To: gcc-testresults at gcc dot gnu dot org
- Date: Sat, 30 Apr 2016 03:54:31 -0700
- Subject: Results for 7.0.0 20160430 (experimental) (GCC) testsuite on x86_64-pc-linux-gnu
- Authentication-results: sourceware.org; auth=none
Native configuration is x86_64-pc-linux-gnu
=== gcc tests ===
Running target unix
FAIL: gcc.dg/spec-options.c execution test
FAIL: gcc.dg/tree-ssa/ssa-thread-14.c scan-tree-dump-times vrp1 "Threaded jump" 8
=== gcc Summary ===
# of expected passes 112296
# of unexpected failures 2
# of expected failures 320
# of unsupported tests 2219
/hdd/share/software/gcc/build/gcc/xgcc version 7.0.0 20160430 (experimental) (GCC)
=== g++ tests ===
Running target unix
XPASS: g++.dg/tls/thread_local-order2.C -std=c++11 execution test
XPASS: g++.dg/tls/thread_local-order2.C -std=c++14 execution test
=== g++ Summary ===
# of expected passes 105177
# of unexpected successes 2
# of expected failures 312
# of unsupported tests 3713
/hdd/share/software/gcc/build/gcc/testsuite/g++/../../xg++ version 7.0.0 20160430 (experimental) (GCC)
=== libatomic tests ===
Running target unix
=== libatomic Summary ===
# of expected passes 54
=== libgomp tests ===
Running target unix
=== libgomp Summary ===
# of expected passes 1798
# of unsupported tests 155
=== libitm tests ===
Running target unix
=== libitm Summary ===
# of expected passes 42
# of expected failures 3
# of unsupported tests 1
=== libstdc++ tests ===
Running target unix
=== libstdc++ Summary ===
# of expected passes 10399
# of expected failures 67
# of unsupported tests 548
Compiler version: 7.0.0 20160430 (experimental) (GCC)
Platform: x86_64-pc-linux-gnu
configure flags: --prefix=/share/software/gcc/build/../installed --enable-languages=c,c++ --disable-multilib