This is the mail archive of the
gcc-testresults@gcc.gnu.org
mailing list for the GCC project.
Results for 6.0.1 20160415 (prerelease) (GCC) testsuite on sh4-unknown-linux-gnu
- From: Kaz Kojima <kkojima at rr dot iij4u dot or dot jp>
- To: gcc-testresults at gcc dot gnu dot org
- Date: Sun, 17 Apr 2016 08:11:39 +0900 (JST)
- Subject: Results for 6.0.1 20160415 (prerelease) (GCC) testsuite on sh4-unknown-linux-gnu
- Authentication-results: sourceware.org; auth=none
Remote host: linux 3.18.0 sh4
GNU C Library version 2.20.90
LAST_UPDATED: Obtained from SVN: branches/gcc-6-branch revision 235040
Target is sh4-unknown-linux-gnu
Host is i686-pc-linux-gnu
=== g++ tests ===
Running target unix
WARNING: Assuming target board is the local machine (which is probably wrong).
FAIL: g++.dg/Wno-frame-address.C -std=gnu++98 (test for excess errors)
FAIL: g++.dg/Wno-frame-address.C -std=gnu++11 (test for excess errors)
FAIL: g++.dg/Wno-frame-address.C -std=gnu++14 (test for excess errors)
XPASS: g++.dg/tls/thread_local-order2.C -std=c++11 execution test
XPASS: g++.dg/tls/thread_local-order2.C -std=c++14 execution test
=== g++ Summary ===
# of expected passes 92032
# of unexpected failures 3
# of unexpected successes 2
# of expected failures 303
# of unsupported tests 3820
/home/ldroot/dodes/xsh-gcc610-rc/gcc/testsuite/g++/../../xg++ version 6.0.1 20160415 (prerelease) (GCC)
Host is i686-pc-linux-gnu
=== gcc tests ===
Running target unix
WARNING: Assuming target board is the local machine (which is probably wrong).
FAIL: gcc.dg/atomic/c11-atomic-exec-4.c -Os (test for excess errors)
UNRESOLVED: gcc.dg/atomic/c11-atomic-exec-4.c -Os compilation failed to produce executable
FAIL: gcc.dg/Wno-frame-address.c (test for excess errors)
FAIL: gcc.dg/ifcvt-4.c scan-rtl-dump ce1 "2 true changes made"
FAIL: gcc.dg/ipa/iinline-attr.c scan-ipa-dump inline "hooray[^\\\\n]*inline copy in test"
FAIL: gcc.dg/torture/pr68264.c -O0 execution test
FAIL: gcc.dg/torture/pr68264.c -Os execution test
FAIL: gcc.dg/tree-prof/time-profiler-2.c scan-ipa-dump-times profile "Read tp_first_run: 0" 2
FAIL: gcc.dg/tree-prof/time-profiler-2.c scan-ipa-dump-times profile "Read tp_first_run: 2" 1
FAIL: gcc.dg/tree-prof/time-profiler-2.c scan-ipa-dump-times profile "Read tp_first_run: 3" 1
FAIL: gcc.dg/tree-ssa/pr15826.c scan-tree-dump-times optimized " & | goto " 0
FAIL: gcc.dg/tree-ssa/pr65447.c scan-tree-dump-not ivopts "\\\\nuse 21\\\\n"
=== gcc Summary ===
# of expected passes 85100
# of unexpected failures 11
# of expected failures 143
# of unresolved testcases 1
# of unsupported tests 1648
/home/ldroot/dodes/xsh-gcc610-rc/gcc/xgcc version 6.0.1 20160415 (prerelease) (GCC)
Host is i686-pc-linux-gnu
=== gfortran tests ===
Running target unix
WARNING: Assuming target board is the local machine (which is probably wrong).
FAIL: gfortran.dg/assumed_rank_1.f90 -O2 execution test
FAIL: gfortran.dg/assumed_rank_2.f90 -O2 execution test
FAIL: gfortran.dg/assumed_rank_bounds_1.f90 -O2 execution test
FAIL: gfortran.dg/common_14.f90 -O (test for warnings, line 16)
FAIL: gfortran.dg/common_14.f90 -O (test for warnings, line 22)
FAIL: gfortran.dg/common_14.f90 -O (test for excess errors)
FAIL: gfortran.dg/proc_ptr_comp_13.f90 -O0 execution test
FAIL: gfortran.dg/ieee/ieee_6.f90 -O0 execution test
FAIL: gfortran.dg/ieee/ieee_6.f90 -O1 execution test
FAIL: gfortran.dg/ieee/ieee_6.f90 -O2 execution test
FAIL: gfortran.dg/ieee/ieee_6.f90 -O3 -fomit-frame-pointer -funroll-loops -fpeel-loops -ftracer -finline-functions execution test
FAIL: gfortran.dg/ieee/ieee_6.f90 -O3 -g execution test
FAIL: gfortran.dg/ieee/ieee_6.f90 -Os execution test
=== gfortran Summary ===
# of expected passes 40852
# of unexpected failures 13
# of expected failures 62
# of unsupported tests 321
/home/ldroot/dodes/xsh-gcc610-rc/gcc/testsuite/gfortran/../../gfortran version 6.0.1 20160415 (prerelease) (GCC)
Host is i686-pc-linux-gnu
=== objc tests ===
Running target unix
WARNING: Assuming target board is the local machine (which is probably wrong).
=== objc Summary ===
# of expected passes 2789
# of unsupported tests 68
/home/ldroot/dodes/xsh-gcc610-rc/gcc/xgcc version 6.0.1 20160415 (prerelease) (GCC)
Host is sh4-unknown-linux-gnu
=== libatomic tests ===
Running target unix
WARNING: Assuming target board is the local machine (which is probably wrong).
=== libatomic Summary ===
# of expected passes 44
# of unsupported tests 5
Host is sh4-unknown-linux-gnu
=== libgomp tests ===
Running target unix
WARNING: Assuming target board is the local machine (which is probably wrong).
=== libgomp Summary ===
# of expected passes 4894
# of unsupported tests 327
Host is sh4-unknown-linux-gnu
=== libitm tests ===
Running target unix
WARNING: Assuming target board is the local machine (which is probably wrong).
=== libitm Summary ===
# of expected passes 42
# of expected failures 3
# of unsupported tests 1
Host is sh4-unknown-linux-gnu
=== libstdc++ tests ===
Running target unix
WARNING: Assuming target board is the local machine (which is probably wrong).
FAIL: experimental/numeric/lcm.cc (test for excess errors)
=== libstdc++ Summary ===
# of expected passes 10101
# of unexpected failures 1
# of expected failures 67
# of unsupported tests 602
Compiler version: 6.0.1 20160415 (prerelease) (GCC)
Platform: sh4-unknown-linux-gnu
configure flags: --target=sh4-unknown-linux-gnu --enable-build-with-cxx --enable-lto --enable-shared --enable-threads=posix --enable-clocale=gnu --enable-libitm --with-ld=/usr/local/bin/sh4-unknown-linux-gnu-ld --with-as=/usr/local/bin/sh4-unknown-linux-gnu-as --with-sysroot=/exp/ldroot --with-mpfr=/opt3/i686-pc-linux-gnu --with-mpc=/opt3/i686-pc-linux-gnu --with-libelf=/opt3/i686-pc-linux-gnu --with-ppl=no target_alias=sh4-unknown-linux-gnu --enable-languages=c,c++,fortran,lto,objc