This is the mail archive of the
gcc-testresults@gcc.gnu.org
mailing list for the GCC project.
Results for 6.0.0 20160410 (experimental) [trunk revision 234869] (GCC) testsuite on x86_64-apple-darwin10.8.0
- From: dominiq at lps dot ens dot fr (Dominique Dhumieres)
- To: gcc-testresults at gcc dot gnu dot org
- Date: Fri, 15 Apr 2016 11:41:05 +0200
- Subject: Results for 6.0.0 20160410 (experimental) [trunk revision 234869] (GCC) testsuite on x86_64-apple-darwin10.8.0
- Authentication-results: sourceware.org; auth=none
LAST_UPDATED: Updated Sun Apr 10 11:53:28 CEST 2016 to revision 234869
with the patch
--- ../_clean/libsanitizer/asan/asan_mac.cc 2015-11-23 10:17:05.000000000 +0100
+++ libsanitizer/asan/asan_mac.cc 2016-04-14 11:16:18.000000000 +0200
@@ -97,7 +97,10 @@ void DisableReexec() {
reexec_disabled = true;
}
-extern "C" double dyldVersionNumber;
+extern "C" {
+ SANITIZER_WEAK_ATTRIBUTE double dyldVersionNumber = MACOS_VERSION_UNKNOWN;
+}
+
static const double kMinDyldVersionWithAutoInterposition = 360.0;
bool DyldNeedsEnvVariable() {
=== acats tests ===
=== acats Summary ===
# of expected passes 2320
# of unexpected failures 0
Native configuration is x86_64-apple-darwin10.8.0
=== g++ tests ===
Running target unix/-m32
FAIL: g++.dg/debug/dwarf2/imported-decl-2.C -std=gnu++11 scan-assembler-times ascii "AAAA\\\\\\\\0".*ascii "BBBB\\\\\\\\0".*DIE .0x[0-9a-f]*. DW_TAG_imported_declaration 1
FAIL: g++.dg/debug/dwarf2/imported-decl-2.C -std=gnu++14 scan-assembler-times ascii "AAAA\\\\\\\\0".*ascii "BBBB\\\\\\\\0".*DIE .0x[0-9a-f]*. DW_TAG_imported_declaration 1
FAIL: g++.dg/debug/dwarf2/imported-decl-2.C -std=gnu++98 scan-assembler-times ascii "AAAA\\\\\\\\0".*ascii "BBBB\\\\\\\\0".*DIE .0x[0-9a-f]*. DW_TAG_imported_declaration 1
FAIL: g++.dg/ext/sync-4.C -std=gnu++11 execution test
FAIL: g++.dg/ext/sync-4.C -std=gnu++14 execution test
FAIL: g++.dg/ext/sync-4.C -std=gnu++98 execution test
FAIL: g++.dg/ipa/pr67056.C scan-ipa-dump cp "Speculative outer type:struct CompositeClass"
UNRESOLVED: g++.dg/lto/pr65276 cp_lto_pr65276_0.o-cp_lto_pr65276_1.o execute -flto -O0 -std=c++11
FAIL: g++.dg/lto/pr65276 cp_lto_pr65276_0.o-cp_lto_pr65276_1.o link, -flto -O0 -std=c++11
FAIL: g++.dg/lto/pr69589 cp_lto_pr69589_0.o assemble, -rdynamic
UNRESOLVED: g++.dg/lto/pr69589 cp_lto_pr69589_0.o-cp_lto_pr69589_1.o execute -rdynamic
UNRESOLVED: g++.dg/lto/pr69589 cp_lto_pr69589_0.o-cp_lto_pr69589_1.o link -rdynamic
FAIL: g++.dg/lto/pr69589 cp_lto_pr69589_1.o assemble, -rdynamic
=== g++ Summary for unix/-m32 ===
# of expected passes 99949
# of unexpected failures 10
# of expected failures 314
# of unresolved testcases 3
# of unsupported tests 3839
Running target unix/-m64
FAIL: g++.dg/debug/dwarf2/imported-decl-2.C -std=gnu++11 scan-assembler-times ascii "AAAA\\\\\\\\0".*ascii "BBBB\\\\\\\\0".*DIE .0x[0-9a-f]*. DW_TAG_imported_declaration 1
FAIL: g++.dg/debug/dwarf2/imported-decl-2.C -std=gnu++14 scan-assembler-times ascii "AAAA\\\\\\\\0".*ascii "BBBB\\\\\\\\0".*DIE .0x[0-9a-f]*. DW_TAG_imported_declaration 1
FAIL: g++.dg/debug/dwarf2/imported-decl-2.C -std=gnu++98 scan-assembler-times ascii "AAAA\\\\\\\\0".*ascii "BBBB\\\\\\\\0".*DIE .0x[0-9a-f]*. DW_TAG_imported_declaration 1
FAIL: g++.dg/ext/sync-4.C -std=gnu++11 execution test
FAIL: g++.dg/ext/sync-4.C -std=gnu++14 execution test
FAIL: g++.dg/ext/sync-4.C -std=gnu++98 execution test
FAIL: g++.dg/ipa/pr67056.C scan-ipa-dump cp "Speculative outer type:struct CompositeClass"
UNRESOLVED: g++.dg/lto/pr65276 cp_lto_pr65276_0.o-cp_lto_pr65276_1.o execute -flto -O0 -std=c++11
FAIL: g++.dg/lto/pr65276 cp_lto_pr65276_0.o-cp_lto_pr65276_1.o link, -flto -O0 -std=c++11
FAIL: g++.dg/lto/pr69589 cp_lto_pr69589_0.o assemble, -rdynamic
UNRESOLVED: g++.dg/lto/pr69589 cp_lto_pr69589_0.o-cp_lto_pr69589_1.o execute -rdynamic
UNRESOLVED: g++.dg/lto/pr69589 cp_lto_pr69589_0.o-cp_lto_pr69589_1.o link -rdynamic
FAIL: g++.dg/lto/pr69589 cp_lto_pr69589_1.o assemble, -rdynamic
=== g++ Summary for unix/-m64 ===
# of expected passes 101363
# of unexpected failures 10
# of expected failures 314
# of unresolved testcases 3
# of unsupported tests 4064
=== g++ Summary ===
# of expected passes 201312
# of unexpected failures 20
# of expected failures 628
# of unresolved testcases 6
# of unsupported tests 7903
/opt/gcc/build_c/gcc/testsuite/g++/../../xg++ version 6.0.0 20160410 (experimental) [trunk revision 234869] (GCC)
=== gcc tests ===
Running target unix/-m32
FAIL: c-c++-common/asan/strncpy-overflow-1.c -O0 output pattern test, is =================================================================
FAIL: c-c++-common/asan/strncpy-overflow-1.c -O1 output pattern test, is =================================================================
FAIL: c-c++-common/asan/strncpy-overflow-1.c -O2 output pattern test, is =================================================================
FAIL: c-c++-common/asan/strncpy-overflow-1.c -O2 -flto output pattern test, is =================================================================
FAIL: c-c++-common/asan/strncpy-overflow-1.c -O2 -flto -flto-partition=none output pattern test, is =================================================================
FAIL: c-c++-common/asan/strncpy-overflow-1.c -O3 -g output pattern test, is =================================================================
FAIL: c-c++-common/asan/strncpy-overflow-1.c -Os output pattern test, is =================================================================
FAIL: gcc.dg/debug/dwarf2/prod-options.c scan-assembler DW_AT_producer: "GNU C
FAIL: gcc.dg/darwin-weakimport-3.c scan-assembler-not coalesced
FAIL: gcc.dg/uninit-19.c (test for warnings, line 22)
FAIL: gcc.dg/uninit-19.c (test for excess errors)
FAIL: gcc.dg/graphite/scop-19.c scan-tree-dump-times graphite "number of SCoPs: 0" 1
UNRESOLVED: gcc.dg/lto/pr61526 c_lto_pr61526_0.o-c_lto_pr61526_1.o execute -fPIC -flto -flto-partition=1to1
FAIL: gcc.dg/lto/pr61526 c_lto_pr61526_0.o-c_lto_pr61526_1.o link, -fPIC -flto -flto-partition=1to1
FAIL: gcc.dg/torture/builtin-self.c -O0 scan-assembler-not \\tcall
FAIL: gcc.dg/torture/pr68264.c -O0 execution test
FAIL: gcc.dg/torture/pr68264.c -O1 execution test
FAIL: gcc.dg/torture/pr68264.c -O2 execution test
FAIL: gcc.dg/torture/pr68264.c -O2 -flto execution test
FAIL: gcc.dg/torture/pr68264.c -O2 -flto -flto-partition=none execution test
FAIL: gcc.dg/torture/pr68264.c -O3 -g execution test
FAIL: gcc.dg/torture/pr68264.c -Os execution test
FAIL: gcc.dg/tree-ssa/prefetch-5.c scan-tree-dump-times aprefetch "Issued prefetch" 2
FAIL: gcc.dg/tree-ssa/prefetch-5.c scan-tree-dump-times aprefetch "Not prefetching" 1
XPASS: gcc.target/i386/fuse-caller-save-xmm.c scan-assembler-times addpd\\t%xmm1, %xmm0 1
FAIL: gcc.target/i386/fuse-caller-save-xmm.c scan-assembler-times addpd\\t\\\\.?LC0.*, %xmm0 1
FAIL: gcc.target/i386/iinline-attr-2.c scan-assembler p2align
FAIL: gcc.target/i386/memcpy-strategy-3.c scan-assembler-times memcpy 2
FAIL: gcc.target/i386/memset-strategy-1.c scan-assembler-times memset 2
FAIL: gcc.target/i386/pr22076.c scan-assembler-times movq 3
FAIL: gcc.target/i386/pr32219-1.c scan-assembler movl[ \\t]xxx@GOTOFF\\\\(%[^,]*\\\\), %eax
FAIL: gcc.target/i386/pr32219-2.c scan-assembler movl[ \\t]xxx@GOT\\\\(%[^,]*\\\\), %eax
FAIL: gcc.target/i386/pr32219-3.c scan-assembler movl[ \\t]xxx@GOTOFF\\\\(%[^,]*\\\\), %eax
FAIL: gcc.target/i386/pr32219-4.c scan-assembler movl[ \\t]xxx@GOT\\\\(%[^,]*\\\\), %eax
FAIL: gcc.target/i386/pr32219-5.c scan-assembler movl[ \\t]xxx@GOTOFF\\\\(%[^,]*\\\\), %eax
FAIL: gcc.target/i386/pr32219-6.c scan-assembler movl[ \\t]xxx@GOT\\\\(%[^,]*\\\\), %eax
FAIL: gcc.target/i386/pr32219-7.c scan-assembler movl[ \\t]xxx@GOTOFF\\\\(%[^,]*\\\\), %eax
FAIL: gcc.target/i386/pr32219-8.c scan-assembler movl[ \\t]xxx@GOT\\\\(%[^,]*\\\\), %eax
FAIL: gcc.target/i386/pr39013-1.c scan-assembler bar@PLT
FAIL: gcc.target/i386/pr39013-1.c scan-assembler foo@PLT
FAIL: gcc.target/i386/pr39013-2.c scan-assembler bar@PLT
FAIL: gcc.target/i386/pr39013-2.c scan-assembler foo@PLT
FAIL: gcc.target/i386/pr64317.c scan-assembler addl[ \\\\t]+[\$]_GLOBAL_OFFSET_TABLE_, %ebx
FAIL: gcc.target/i386/pr64317.c scan-assembler movl[ \\\\t]+c@GOTOFF[(]%ebx[)]
FAIL: gcc.target/i386/pr66819-3.c scan-assembler-not call
FAIL: gcc.target/i386/pr66819-4.c scan-assembler-not call
FAIL: gcc.target/i386/pr67985-2.c scan-assembler call[ \\t]__mulsf3
=== gcc Summary for unix/-m32 ===
# of expected passes 106414
# of unexpected failures 45
# of unexpected successes 1
# of expected failures 322
# of unresolved testcases 1
# of unsupported tests 3812
Running target unix/-m64
FAIL: c-c++-common/asan/strncpy-overflow-1.c -O0 output pattern test, is =================================================================
FAIL: c-c++-common/asan/strncpy-overflow-1.c -O1 output pattern test, is =================================================================
FAIL: c-c++-common/asan/strncpy-overflow-1.c -O2 output pattern test, is =================================================================
FAIL: c-c++-common/asan/strncpy-overflow-1.c -O2 -flto output pattern test, is =================================================================
FAIL: c-c++-common/asan/strncpy-overflow-1.c -O2 -flto -flto-partition=none output pattern test, is =================================================================
FAIL: c-c++-common/asan/strncpy-overflow-1.c -O3 -g output pattern test, is =================================================================
FAIL: c-c++-common/asan/strncpy-overflow-1.c -Os output pattern test, is =================================================================
FAIL: gcc.dg/debug/dwarf2/prod-options.c scan-assembler DW_AT_producer: "GNU C
FAIL: gcc.dg/uninit-19.c (test for warnings, line 22)
FAIL: gcc.dg/uninit-19.c (test for excess errors)
FAIL: gcc.dg/graphite/scop-19.c scan-tree-dump-times graphite "number of SCoPs: 0" 1
UNRESOLVED: gcc.dg/lto/pr61526 c_lto_pr61526_0.o-c_lto_pr61526_1.o execute -fPIC -flto -flto-partition=1to1
FAIL: gcc.dg/lto/pr61526 c_lto_pr61526_0.o-c_lto_pr61526_1.o link, -fPIC -flto -flto-partition=1to1
FAIL: gcc.dg/torture/pr68264.c -O0 execution test
FAIL: gcc.dg/torture/pr68264.c -O1 execution test
FAIL: gcc.dg/torture/pr68264.c -O2 execution test
FAIL: gcc.dg/torture/pr68264.c -O2 -flto execution test
FAIL: gcc.dg/torture/pr68264.c -O2 -flto -flto-partition=none execution test
FAIL: gcc.dg/torture/pr68264.c -O3 -g execution test
FAIL: gcc.dg/torture/pr68264.c -Os execution test
FAIL: gcc.target/i386/iinline-attr-2.c scan-assembler p2align
FAIL: gcc.target/i386/memcpy-strategy-3.c scan-assembler-times memcpy 2
FAIL: gcc.target/i386/memset-strategy-1.c scan-assembler-times memset 2
FAIL: gcc.target/i386/pr32219-1.c scan-assembler movl[ \\t]xxx\\\\(%rip\\\\), %eax
FAIL: gcc.target/i386/pr32219-3.c scan-assembler movl[ \\t]xxx\\\\(%rip\\\\), %eax
FAIL: gcc.target/i386/pr32219-3.c scan-assembler-not xxx@GOTPCREL
FAIL: gcc.target/i386/pr32219-5.c scan-assembler movl[ \\t]xxx\\\\(%rip\\\\), %eax
FAIL: gcc.target/i386/pr32219-6.c scan-assembler xxx@GOTPCREL
FAIL: gcc.target/i386/pr32219-7.c scan-assembler movl[ \\t]xxx\\\\(%rip\\\\), %eax
FAIL: gcc.target/i386/pr32219-7.c scan-assembler-not xxx@GOTPCREL
FAIL: gcc.target/i386/pr39013-1.c scan-assembler bar@PLT
FAIL: gcc.target/i386/pr39013-1.c scan-assembler foo@PLT
FAIL: gcc.target/i386/pr39013-2.c scan-assembler bar@PLT
FAIL: gcc.target/i386/pr39013-2.c scan-assembler foo@PLT
FAIL: gcc.target/i386/pr49866.c (test for excess errors)
FAIL: gcc.target/i386/pr61599-1.c (test for excess errors)
UNRESOLVED: gcc.target/i386/pr61599-1.c compilation failed to produce executable
FAIL: gcc.target/i386/pr63538.c scan-assembler movabs
=== gcc Summary for unix/-m64 ===
# of expected passes 107358
# of unexpected failures 36
# of expected failures 315
# of unresolved testcases 2
# of unsupported tests 3936
=== gcc Summary ===
# of expected passes 213772
# of unexpected failures 81
# of unexpected successes 1
# of expected failures 637
# of unresolved testcases 3
# of unsupported tests 7748
/opt/gcc/build_c/gcc/xgcc version 6.0.0 20160410 (experimental) [trunk revision 234869] (GCC)
=== gfortran tests ===
Running target unix/-m32
=== gfortran Summary for unix/-m32 ===
# of expected passes 41907
# of expected failures 72
# of unsupported tests 175
Running target unix/-m64
=== gfortran Summary for unix/-m64 ===
# of expected passes 42124
# of expected failures 72
# of unsupported tests 72
=== gfortran Summary ===
# of expected passes 84031
# of expected failures 144
# of unsupported tests 247
/opt/gcc/build_c/gcc/testsuite/gfortran/../../gfortran version 6.0.0 20160410 (experimental) [trunk revision 234869] (GCC)
=== gnat tests ===
Running target unix/-m32
=== gnat Summary for unix/-m32 ===
# of expected passes 2498
# of expected failures 22
# of unsupported tests 5
Running target unix/-m64
=== gnat Summary for unix/-m64 ===
# of expected passes 2498
# of expected failures 22
# of unsupported tests 5
=== gnat Summary ===
# of expected passes 4996
# of expected failures 44
# of unsupported tests 10
/opt/gcc/build_c/gcc/gnatmake version 6.0.0 20160410 (experimental) [trunk revision 234869]
=== obj-c++ tests ===
Running target unix/-m32
FAIL: obj-c++.dg/plugin/diagnostic-test-expressions-1.mm -fplugin=./diagnostic_plugin_test_tree_expression_range.so (test for warnings, line 60)
FAIL: obj-c++.dg/plugin/diagnostic-test-expressions-1.mm -fplugin=./diagnostic_plugin_test_tree_expression_range.so expected multiline pattern lines 62-63 not found: " __emit_expression_range \\( 0, @selector\\(func0\\) \\);.*\\n \\^~~~~~~~~~~~~~~~\\n"
FAIL: obj-c++.dg/plugin/diagnostic-test-expressions-1.mm -fplugin=./diagnostic_plugin_test_tree_expression_range.so (test for excess errors)
=== obj-c++ Summary for unix/-m32 ===
# of expected passes 3120
# of unexpected failures 3
# of expected failures 2
# of unsupported tests 62
Running target unix/-m64
FAIL: obj-c++.dg/plugin/diagnostic-test-expressions-1.mm -fplugin=./diagnostic_plugin_test_tree_expression_range.so (test for warnings, line 60)
FAIL: obj-c++.dg/plugin/diagnostic-test-expressions-1.mm -fplugin=./diagnostic_plugin_test_tree_expression_range.so (test for warnings, line 68)
FAIL: obj-c++.dg/plugin/diagnostic-test-expressions-1.mm -fplugin=./diagnostic_plugin_test_tree_expression_range.so expected multiline pattern lines 62-63 not found: " __emit_expression_range \\( 0, @selector\\(func0\\) \\);.*\\n \\^~~~~~~~~~~~~~~~\\n"
FAIL: obj-c++.dg/plugin/diagnostic-test-expressions-1.mm -fplugin=./diagnostic_plugin_test_tree_expression_range.so expected multiline pattern lines 70-71 not found: " __emit_expression_range \\( 0, @protocol\\(prot\\) \\);.*\\n \\^~~~~~~~~~~~~~~\\n"
FAIL: obj-c++.dg/plugin/diagnostic-test-expressions-1.mm -fplugin=./diagnostic_plugin_test_tree_expression_range.so (test for excess errors)
=== obj-c++ Summary for unix/-m64 ===
# of expected passes 3059
# of unexpected failures 5
# of expected failures 19
# of unsupported tests 68
=== obj-c++ Summary ===
# of expected passes 6179
# of unexpected failures 8
# of expected failures 21
# of unsupported tests 130
/opt/gcc/build_c/gcc/testsuite/obj-c++/../../xg++ version 6.0.0 20160410 (experimental) [trunk revision 234869] (GCC)
=== objc tests ===
Running target unix/-m32
FAIL: objc.dg/ivar-scope-4.m -fnext-runtime execution test
FAIL: objc.dg/plugin/diagnostic-test-expressions-1.m -fplugin=./diagnostic_plugin_test_tree_expression_range.so (test for warnings, line 60)
FAIL: objc.dg/plugin/diagnostic-test-expressions-1.m -fplugin=./diagnostic_plugin_test_tree_expression_range.so expected multiline pattern lines 62-63 not found: " __emit_expression_range \\( 0, @selector\\(func0\\) \\);.*\\n \\^~~~~~~~~~~~~~~~\\n"
FAIL: objc.dg/plugin/diagnostic-test-expressions-1.m -fplugin=./diagnostic_plugin_test_tree_expression_range.so (test for excess errors)
=== objc Summary for unix/-m32 ===
# of expected passes 5654
# of unexpected failures 4
# of expected failures 6
# of unsupported tests 79
Running target unix/-m64
FAIL: objc.dg/ivar-scope-4.m -fnext-runtime execution test
FAIL: objc.dg/plugin/diagnostic-test-expressions-1.m -fplugin=./diagnostic_plugin_test_tree_expression_range.so (test for warnings, line 60)
FAIL: objc.dg/plugin/diagnostic-test-expressions-1.m -fplugin=./diagnostic_plugin_test_tree_expression_range.so (test for warnings, line 68)
FAIL: objc.dg/plugin/diagnostic-test-expressions-1.m -fplugin=./diagnostic_plugin_test_tree_expression_range.so expected multiline pattern lines 62-63 not found: " __emit_expression_range \\( 0, @selector\\(func0\\) \\);.*\\n \\^~~~~~~~~~~~~~~~\\n"
FAIL: objc.dg/plugin/diagnostic-test-expressions-1.m -fplugin=./diagnostic_plugin_test_tree_expression_range.so expected multiline pattern lines 70-71 not found: " __emit_expression_range \\( 0, @protocol\\(prot\\) \\);.*\\n ~~~~~~~~~~~~~~~\\n"
FAIL: objc.dg/plugin/diagnostic-test-expressions-1.m -fplugin=./diagnostic_plugin_test_tree_expression_range.so (test for excess errors)
=== objc Summary for unix/-m64 ===
# of expected passes 5606
# of unexpected failures 6
# of expected failures 12
# of unsupported tests 85
=== objc Summary ===
# of expected passes 11260
# of unexpected failures 10
# of expected failures 18
# of unsupported tests 164
/opt/gcc/build_c/gcc/xgcc version 6.0.0 20160410 (experimental) [trunk revision 234869] (GCC)
=== boehm-gc tests ===
Running target unix/-m32
=== boehm-gc Summary for unix/-m32 ===
# of expected passes 12
# of unsupported tests 1
Running target unix/-m64
=== boehm-gc Summary for unix/-m64 ===
# of expected passes 12
# of unsupported tests 1
=== boehm-gc Summary ===
# of expected passes 24
# of unsupported tests 2
=== libatomic tests ===
Running target unix/-m32
=== libatomic Summary for unix/-m32 ===
# of expected passes 44
# of unsupported tests 5
Running target unix/-m64
=== libatomic Summary for unix/-m64 ===
# of expected passes 54
=== libatomic Summary ===
# of expected passes 98
# of unsupported tests 5
=== libffi tests ===
Running target unix/-m32
=== libffi Summary for unix/-m32 ===
# of expected passes 1914
# of unsupported tests 30
Running target unix/-m64
=== libffi Summary for unix/-m64 ===
# of expected passes 1914
# of unsupported tests 30
=== libffi Summary ===
# of expected passes 3828
# of unsupported tests 60
=== libgomp tests ===
Running target unix/-m32
FAIL: libgomp.oacc-c/../libgomp.oacc-c-c++-common/reduction-2.c -DACC_DEVICE_TYPE_host=1 -DACC_MEM_SHARED=1 -O2 execution test
FAIL: libgomp.oacc-c++/../libgomp.oacc-c-c++-common/reduction-2.c -DACC_DEVICE_TYPE_host=1 -DACC_MEM_SHARED=1 -O2 execution test
=== libgomp Summary for unix/-m32 ===
# of expected passes 4998
# of unexpected failures 2
# of unsupported tests 322
Running target unix/-m64
=== libgomp Summary for unix/-m64 ===
# of expected passes 5000
# of unsupported tests 322
=== libgomp Summary ===
# of expected passes 9998
# of unexpected failures 2
# of unsupported tests 644
=== libitm tests ===
Running target unix/-m32
=== libitm Summary for unix/-m32 ===
# of expected passes 40
# of expected failures 3
# of unsupported tests 2
Running target unix/-m64
=== libitm Summary for unix/-m64 ===
# of expected passes 40
# of expected failures 3
# of unsupported tests 2
=== libitm Summary ===
# of expected passes 80
# of expected failures 6
# of unsupported tests 4
=== libjava tests ===
Running target unix/-m32
=== libjava Summary for unix/-m32 ===
# of expected passes 2582
# of expected failures 4
Running target unix/-m64
FAIL: Throw_2 execution - source compiled test
FAIL: Throw_2 -findirect-dispatch execution - source compiled test
FAIL: Throw_2 -O3 execution - source compiled test
FAIL: Throw_2 -O3 -findirect-dispatch execution - source compiled test
=== libjava Summary for unix/-m64 ===
# of expected passes 2574
# of unexpected failures 4
# of expected failures 4
# of untested testcases 4
=== libjava Summary ===
# of expected passes 5156
# of unexpected failures 4
# of expected failures 8
# of untested testcases 4
=== libstdc++ tests ===
Running target unix/-m32
FAIL: 17_intro/headers/c++1998/all_attributes.cc (test for excess errors)
FAIL: 17_intro/headers/c++2011/all_attributes.cc (test for excess errors)
FAIL: 17_intro/headers/c++2014/all_attributes.cc (test for excess errors)
FAIL: experimental/filesystem/iterators/directory_iterator.cc (test for excess errors)
FAIL: experimental/filesystem/iterators/recursive_directory_iterator.cc (test for excess errors)
FAIL: experimental/filesystem/operations/absolute.cc (test for excess errors)
FAIL: experimental/filesystem/operations/canonical.cc (test for excess errors)
FAIL: experimental/filesystem/operations/copy.cc (test for excess errors)
FAIL: experimental/filesystem/operations/create_directories.cc (test for excess errors)
FAIL: experimental/filesystem/operations/current_path.cc (test for excess errors)
FAIL: experimental/filesystem/operations/exists.cc (test for excess errors)
FAIL: experimental/filesystem/operations/file_size.cc (test for excess errors)
FAIL: experimental/filesystem/operations/status.cc (test for excess errors)
FAIL: experimental/filesystem/operations/temp_directory_path.cc (test for excess errors)
FAIL: experimental/filesystem/path/append/path.cc (test for excess errors)
FAIL: experimental/filesystem/path/assign/assign.cc (test for excess errors)
FAIL: experimental/filesystem/path/assign/copy.cc (test for excess errors)
FAIL: experimental/filesystem/path/compare/compare.cc (test for excess errors)
FAIL: experimental/filesystem/path/compare/path.cc (test for excess errors)
FAIL: experimental/filesystem/path/compare/strings.cc (test for excess errors)
FAIL: experimental/filesystem/path/concat/path.cc (test for excess errors)
FAIL: experimental/filesystem/path/concat/strings.cc (test for excess errors)
FAIL: experimental/filesystem/path/construct/copy.cc (test for excess errors)
FAIL: experimental/filesystem/path/construct/default.cc (test for excess errors)
FAIL: experimental/filesystem/path/construct/locale.cc (test for excess errors)
FAIL: experimental/filesystem/path/construct/range.cc (test for excess errors)
FAIL: experimental/filesystem/path/decompose/extension.cc (test for excess errors)
FAIL: experimental/filesystem/path/decompose/filename.cc (test for excess errors)
FAIL: experimental/filesystem/path/decompose/parent_path.cc (test for excess errors)
FAIL: experimental/filesystem/path/decompose/relative_path.cc (test for excess errors)
FAIL: experimental/filesystem/path/decompose/root_directory.cc (test for excess errors)
FAIL: experimental/filesystem/path/decompose/root_name.cc (test for excess errors)
FAIL: experimental/filesystem/path/decompose/root_path.cc (test for excess errors)
FAIL: experimental/filesystem/path/decompose/stem.cc (test for excess errors)
FAIL: experimental/filesystem/path/generic/generic_string.cc (test for excess errors)
FAIL: experimental/filesystem/path/itr/traversal.cc (test for excess errors)
FAIL: experimental/filesystem/path/modifiers/clear.cc (test for excess errors)
FAIL: experimental/filesystem/path/modifiers/make_preferred.cc (test for excess errors)
FAIL: experimental/filesystem/path/modifiers/remove_filename.cc (test for excess errors)
FAIL: experimental/filesystem/path/modifiers/replace_extension.cc (test for excess errors)
FAIL: experimental/filesystem/path/modifiers/replace_filename.cc (test for excess errors)
FAIL: experimental/filesystem/path/modifiers/swap.cc (test for excess errors)
FAIL: experimental/filesystem/path/nonmember/hash_value.cc (test for excess errors)
FAIL: experimental/filesystem/path/query/empty.cc (test for excess errors)
FAIL: experimental/filesystem/path/query/has_extension.cc (test for excess errors)
FAIL: experimental/filesystem/path/query/has_filename.cc (test for excess errors)
FAIL: experimental/filesystem/path/query/has_parent_path.cc (test for excess errors)
FAIL: experimental/filesystem/path/query/has_relative_path.cc (test for excess errors)
FAIL: experimental/filesystem/path/query/has_root_directory.cc (test for excess errors)
FAIL: experimental/filesystem/path/query/has_root_name.cc (test for excess errors)
FAIL: experimental/filesystem/path/query/has_root_path.cc (test for excess errors)
FAIL: experimental/filesystem/path/query/has_stem.cc (test for excess errors)
FAIL: experimental/filesystem/path/query/is_relative.cc (test for excess errors)
=== libstdc++ Summary for unix/-m32 ===
# of expected passes 9841
# of unexpected failures 53
# of expected failures 67
# of unsupported tests 665
Running target unix/-m64
FAIL: 17_intro/headers/c++1998/all_attributes.cc (test for excess errors)
FAIL: 17_intro/headers/c++2011/all_attributes.cc (test for excess errors)
FAIL: 17_intro/headers/c++2014/all_attributes.cc (test for excess errors)
FAIL: experimental/filesystem/iterators/directory_iterator.cc (test for excess errors)
FAIL: experimental/filesystem/iterators/recursive_directory_iterator.cc (test for excess errors)
FAIL: experimental/filesystem/operations/absolute.cc (test for excess errors)
FAIL: experimental/filesystem/operations/canonical.cc (test for excess errors)
FAIL: experimental/filesystem/operations/copy.cc (test for excess errors)
FAIL: experimental/filesystem/operations/create_directories.cc (test for excess errors)
FAIL: experimental/filesystem/operations/current_path.cc (test for excess errors)
FAIL: experimental/filesystem/operations/exists.cc (test for excess errors)
FAIL: experimental/filesystem/operations/file_size.cc (test for excess errors)
FAIL: experimental/filesystem/operations/status.cc (test for excess errors)
FAIL: experimental/filesystem/operations/temp_directory_path.cc (test for excess errors)
FAIL: experimental/filesystem/path/append/path.cc (test for excess errors)
FAIL: experimental/filesystem/path/assign/assign.cc (test for excess errors)
FAIL: experimental/filesystem/path/assign/copy.cc (test for excess errors)
FAIL: experimental/filesystem/path/compare/compare.cc (test for excess errors)
FAIL: experimental/filesystem/path/compare/path.cc (test for excess errors)
FAIL: experimental/filesystem/path/compare/strings.cc (test for excess errors)
FAIL: experimental/filesystem/path/concat/path.cc (test for excess errors)
FAIL: experimental/filesystem/path/concat/strings.cc (test for excess errors)
FAIL: experimental/filesystem/path/construct/copy.cc (test for excess errors)
FAIL: experimental/filesystem/path/construct/default.cc (test for excess errors)
FAIL: experimental/filesystem/path/construct/locale.cc (test for excess errors)
FAIL: experimental/filesystem/path/construct/range.cc (test for excess errors)
FAIL: experimental/filesystem/path/decompose/extension.cc (test for excess errors)
FAIL: experimental/filesystem/path/decompose/filename.cc (test for excess errors)
FAIL: experimental/filesystem/path/decompose/parent_path.cc (test for excess errors)
FAIL: experimental/filesystem/path/decompose/relative_path.cc (test for excess errors)
FAIL: experimental/filesystem/path/decompose/root_directory.cc (test for excess errors)
FAIL: experimental/filesystem/path/decompose/root_name.cc (test for excess errors)
FAIL: experimental/filesystem/path/decompose/root_path.cc (test for excess errors)
FAIL: experimental/filesystem/path/decompose/stem.cc (test for excess errors)
FAIL: experimental/filesystem/path/generic/generic_string.cc (test for excess errors)
FAIL: experimental/filesystem/path/itr/traversal.cc (test for excess errors)
FAIL: experimental/filesystem/path/modifiers/clear.cc (test for excess errors)
FAIL: experimental/filesystem/path/modifiers/make_preferred.cc (test for excess errors)
FAIL: experimental/filesystem/path/modifiers/remove_filename.cc (test for excess errors)
FAIL: experimental/filesystem/path/modifiers/replace_extension.cc (test for excess errors)
FAIL: experimental/filesystem/path/modifiers/replace_filename.cc (test for excess errors)
FAIL: experimental/filesystem/path/modifiers/swap.cc (test for excess errors)
FAIL: experimental/filesystem/path/nonmember/hash_value.cc (test for excess errors)
FAIL: experimental/filesystem/path/query/empty.cc (test for excess errors)
FAIL: experimental/filesystem/path/query/has_extension.cc (test for excess errors)
FAIL: experimental/filesystem/path/query/has_filename.cc (test for excess errors)
FAIL: experimental/filesystem/path/query/has_parent_path.cc (test for excess errors)
FAIL: experimental/filesystem/path/query/has_relative_path.cc (test for excess errors)
FAIL: experimental/filesystem/path/query/has_root_directory.cc (test for excess errors)
FAIL: experimental/filesystem/path/query/has_root_name.cc (test for excess errors)
FAIL: experimental/filesystem/path/query/has_root_path.cc (test for excess errors)
FAIL: experimental/filesystem/path/query/has_stem.cc (test for excess errors)
FAIL: experimental/filesystem/path/query/is_relative.cc (test for excess errors)
=== libstdc++ Summary for unix/-m64 ===
# of expected passes 9839
# of unexpected failures 53
# of expected failures 67
# of unsupported tests 666
=== libstdc++ Summary ===
# of expected passes 19680
# of unexpected failures 106
# of expected failures 134
# of unsupported tests 1331
Compiler version: 6.0.0 20160410 (experimental) [trunk revision 234869] (GCC)
Platform: x86_64-apple-darwin10.8.0
configure flags: --prefix=/opt/gcc/gcc6c --enable-languages=c,c++,fortran,objc,obj-c++,java,ada,lto --with-gmp=/opt/mp-new --with-system-zlib --with-isl=/opt/mp-new --enable-lto --enable-plugin