This is the mail archive of the
gcc-testresults@gcc.gnu.org
mailing list for the GCC project.
Results for 6.0.0 20160414 (experimental) [trunk revision 234969] (GCC) testsuite on m68k-unknown-linux-gnu
- From: Andreas Schwab <schwab at linux-m68k dot org>
- To: gcc-testresults at gcc dot gnu dot org
- Date: Thu, 14 Apr 2016 10:35:59 +0200
- Subject: Results for 6.0.0 20160414 (experimental) [trunk revision 234969] (GCC) testsuite on m68k-unknown-linux-gnu
- Authentication-results: sourceware.org; auth=none
LAST_UPDATED: Thu Apr 14 01:01:28 UTC 2016 (revision 234969)
Target is m68k-unknown-linux-gnu
Host is x86_64-suse-linux-gnu
=== g++ tests ===
Running target aranym
FAIL: g++.dg/cdce3.C -std=gnu++98 scan-tree-dump cdce "cdce3.C:106: note: function call is shrink-wrapped into error conditions."
FAIL: g++.dg/cdce3.C -std=gnu++11 scan-tree-dump cdce "cdce3.C:106: note: function call is shrink-wrapped into error conditions."
FAIL: g++.dg/cdce3.C -std=gnu++14 scan-tree-dump cdce "cdce3.C:106: note: function call is shrink-wrapped into error conditions."
FAIL: g++.dg/cpp1y/vla11.C -std=c++11 (test for excess errors)
UNRESOLVED: g++.dg/cpp1y/vla11.C -std=c++11 compilation failed to produce executable
FAIL: g++.dg/cpp1y/vla11.C -std=c++14 (test for excess errors)
UNRESOLVED: g++.dg/cpp1y/vla11.C -std=c++14 compilation failed to produce executable
UNRESOLVED: g++.dg/cpp1y/vla14.C -std=c++98 compilation failed to produce executable
UNRESOLVED: g++.dg/cpp1y/vla14.C -std=c++11 compilation failed to produce executable
UNRESOLVED: g++.dg/cpp1y/vla14.C -std=c++14 compilation failed to produce executable
FAIL: c-c++-common/gomp/atomic-10.c -std=gnu++98 scan-tree-dump-times ompexp "__atomic_fetch_add" 4
FAIL: c-c++-common/gomp/atomic-10.c -std=gnu++11 scan-tree-dump-times ompexp "__atomic_fetch_add" 4
FAIL: c-c++-common/gomp/atomic-10.c -std=gnu++14 scan-tree-dump-times ompexp "__atomic_fetch_add" 4
FAIL: c-c++-common/gomp/atomic-3.c -std=gnu++98 scan-tree-dump-times ompexp "xyzzy, 4" 1
FAIL: c-c++-common/gomp/atomic-3.c -std=gnu++11 scan-tree-dump-times ompexp "xyzzy, 4" 1
FAIL: c-c++-common/gomp/atomic-3.c -std=gnu++14 scan-tree-dump-times ompexp "xyzzy, 4" 1
FAIL: c-c++-common/gomp/atomic-9.c -std=gnu++98 scan-tree-dump-times ompexp "__atomic_fetch_add" 1
FAIL: c-c++-common/gomp/atomic-9.c -std=gnu++11 scan-tree-dump-times ompexp "__atomic_fetch_add" 1
FAIL: c-c++-common/gomp/atomic-9.c -std=gnu++14 scan-tree-dump-times ompexp "__atomic_fetch_add" 1
XPASS: g++.dg/tls/thread_local-order2.C -std=c++11 execution test
XPASS: g++.dg/tls/thread_local-order2.C -std=c++14 execution test
=== g++ Summary ===
# of expected passes 92003
# of unexpected failures 14
# of unexpected successes 2
# of expected failures 303
# of unresolved testcases 5
# of unsupported tests 3816
/daten/aranym/gcc/gcc-20160414/Build/gcc/testsuite/g++/../../xg++ version 6.0.0 20160414 (experimental) [trunk revision 234969] (GCC)
Host is x86_64-suse-linux-gnu
=== gcc tests ===
Running target aranym
FAIL: gcc.dg/atomic/c11-atomic-exec-2.c -O1 execution test
FAIL: gcc.dg/atomic/c11-atomic-exec-5.c -O1 execution test
FAIL: gcc.dg/atomic/c11-atomic-exec-5.c -O2 execution test
FAIL: gcc.dg/atomic/c11-atomic-exec-5.c -O3 -fomit-frame-pointer -funroll-loops -fpeel-loops -ftracer -finline-functions execution test
FAIL: gcc.dg/atomic/c11-atomic-exec-5.c -O3 -g execution test
FAIL: gcc.dg/atomic/c11-atomic-exec-5.c -Os execution test
FAIL: gcc.dg/atomic/c11-atomic-exec-5.c -O2 -flto -fno-use-linker-plugin -flto-partition=none execution test
FAIL: gcc.dg/atomic/c11-atomic-exec-5.c -O2 -flto -fuse-linker-plugin -fno-fat-lto-objects execution test
FAIL: gcc.dg/binop-xor1.c scan-tree-dump-times optimized "\\\\^" 1
FAIL: gcc.dg/ifcvt-4.c scan-rtl-dump ce1 "2 true changes made"
FAIL: gcc.dg/loop-9.c scan-rtl-dump loop2_invariant "Decided"
FAIL: gcc.dg/loop-9.c scan-rtl-dump loop2_invariant "without introducing a new temporary register"
FAIL: gcc.dg/pr46309.c scan-tree-dump-times reassoc1 "Optimizing range tests a_[0-9]*.D. -.1, 1. and -.3, 3.[\\n\\r]* into" 1
FAIL: gcc.dg/pr46309.c scan-tree-dump-times reassoc1 "Optimizing range tests a_[0-9]*.D. -.1, 1. and -.2, 2.[\\n\\r]* into" 1
FAIL: gcc.dg/pr46309.c scan-tree-dump-times reassoc1 "Optimizing range tests a_[0-9]*.D. -.0, 31. and -.64, 95.[\\n\\r]* into" 2
FAIL: gcc.dg/pr46647.c scan-tree-dump-not optimized "memset"
UNRESOLVED: gcc.dg/superblock.c scan-rtl-dump-times sched2 "ADVANCING TO" 2
FAIL: c-c++-common/gomp/atomic-10.c scan-tree-dump-times ompexp "__atomic_fetch_add" 4
FAIL: c-c++-common/gomp/atomic-3.c scan-tree-dump-times ompexp "xyzzy, 4" 1
FAIL: c-c++-common/gomp/atomic-9.c scan-tree-dump-times ompexp "__atomic_fetch_add" 1
XPASS: gcc.dg/guality/example.c -O0 execution test
XPASS: gcc.dg/guality/example.c -O1 execution test
XPASS: gcc.dg/guality/example.c -O2 execution test
XPASS: gcc.dg/guality/example.c -O2 -flto -fno-use-linker-plugin -flto-partition=none execution test
XPASS: gcc.dg/guality/guality.c -O0 execution test
XPASS: gcc.dg/guality/guality.c -O1 execution test
XPASS: gcc.dg/guality/guality.c -O2 execution test
XPASS: gcc.dg/guality/guality.c -O3 -g execution test
XPASS: gcc.dg/guality/guality.c -Os execution test
XPASS: gcc.dg/guality/guality.c -O2 -flto -fno-use-linker-plugin -flto-partition=none execution test
XPASS: gcc.dg/guality/guality.c -O2 -flto -fuse-linker-plugin -fno-fat-lto-objects execution test
XPASS: gcc.dg/guality/inline-params.c -O2 execution test
XPASS: gcc.dg/guality/inline-params.c -O3 -g execution test
XPASS: gcc.dg/guality/inline-params.c -Os execution test
XPASS: gcc.dg/guality/inline-params.c -O2 -flto -fno-use-linker-plugin -flto-partition=none execution test
FAIL: gcc.dg/guality/pr41616-1.c -O2 -flto -fuse-linker-plugin -fno-fat-lto-objects execution test
FAIL: gcc.dg/ipa/propalign-1.c scan-tree-dump-not optimized "fail_the_test"
FAIL: gcc.dg/ipa/propalign-2.c scan-tree-dump-not optimized "fail_the_test"
FAIL: gcc.dg/lto/20090210 c_lto_20090210_0.o-c_lto_20090210_1.o link, -O0 -flto -flto-partition=none -fuse-linker-plugin
UNRESOLVED: gcc.dg/lto/20090210 c_lto_20090210_0.o-c_lto_20090210_1.o execute -O0 -flto -flto-partition=none -fuse-linker-plugin
FAIL: gcc.dg/lto/20090210 c_lto_20090210_0.o-c_lto_20090210_1.o link, -O2 -flto -flto-partition=none -fuse-linker-plugin -fno-fat-lto-objects
UNRESOLVED: gcc.dg/lto/20090210 c_lto_20090210_0.o-c_lto_20090210_1.o execute -O2 -flto -flto-partition=none -fuse-linker-plugin -fno-fat-lto-objects
FAIL: gcc.dg/tree-prof/stringop-2.c scan-tree-dump optimized "MEM\\\\[\\\\(void .\\\\)&a\\\\] = 168430090"
FAIL: gcc.dg/tree-ssa/ssa-dom-thread-4.c scan-tree-dump-times dom2 "Threaded" 3
FAIL: gcc.dg/tree-ssa/vrp47.c scan-tree-dump-times vrp1 "[xy][^ ]* !=" 0
FAIL: gcc.dg/tree-ssa/vrp47.c scan-tree-dump-times vrp1 "x[^ ]* [|] y" 1
FAIL: gcc.target/m68k/20100512-1.c scan-assembler-times __stack_chk_guard 4
FAIL: gcc.target/m68k/stack-limit-1.c (internal compiler error)
FAIL: gcc.target/m68k/stack-limit-1.c (test for warnings, line 1)
FAIL: gcc.target/m68k/stack-limit-1.c (test for excess errors)
FAIL: gcc.target/m68k/tls-gd-xgot.c scan-assembler #foo@TLSGD,%[ad][0-7]
FAIL: gcc.target/m68k/tls-ie-xgot.c scan-assembler #foo@TLSIE,%[ad][0-7]
FAIL: gcc.target/m68k/tls-ld-xgot-xtls.c scan-assembler #foo@TLSLDM,%[ad][0-7]
FAIL: gcc.target/m68k/tls-ld-xgot.c scan-assembler #foo@TLSLDM,%[ad][0-7]
FAIL: gcc.target/m68k/tls-ld-xgot.c scan-assembler lea \\\\(foo@TLSLDO,%a0\\\\)
FAIL: gcc.target/m68k/tls-ld.c scan-assembler lea \\\\(foo@TLSLDO,%a0\\\\)
FAIL: gcc.target/m68k/tls-le.c scan-assembler lea \\\\(foo@TLSLE,%a0\\\\)
=== gcc Summary ===
# of expected passes 85528
# of unexpected failures 39
# of unexpected successes 15
# of expected failures 132
# of unresolved testcases 3
# of unsupported tests 1669
/daten/aranym/gcc/gcc-20160414/Build/gcc/xgcc version 6.0.0 20160414 (experimental) [trunk revision 234969] (GCC)
Host is x86_64-suse-linux-gnu
=== gfortran tests ===
Running target aranym
FAIL: gfortran.dg/bessel_6.f90 -O0 execution test
FAIL: gfortran.dg/bessel_6.f90 -O1 execution test
FAIL: gfortran.dg/bessel_6.f90 -O2 execution test
FAIL: gfortran.dg/bessel_6.f90 -O3 -fomit-frame-pointer -funroll-loops -fpeel-loops -ftracer -finline-functions execution test
FAIL: gfortran.dg/bessel_6.f90 -O3 -g execution test
FAIL: gfortran.dg/bessel_6.f90 -Os execution test
FAIL: gfortran.dg/common_14.f90 -O (test for warnings, line 16)
FAIL: gfortran.dg/common_14.f90 -O (test for warnings, line 22)
FAIL: gfortran.dg/common_14.f90 -O (test for excess errors)
FAIL: gfortran.dg/common_16.f90 -O (test for warnings, line 10)
FAIL: gfortran.dg/common_16.f90 -O (test for excess errors)
FAIL: gfortran.dg/common_5.f -O (test for warnings, line 7)
FAIL: gfortran.dg/common_align_2.f90 -O0 (test for warnings, line 23)
FAIL: gfortran.dg/common_align_2.f90 -O0 execution test
FAIL: gfortran.dg/common_align_2.f90 -O1 (test for warnings, line 23)
FAIL: gfortran.dg/common_align_2.f90 -O1 execution test
FAIL: gfortran.dg/common_align_2.f90 -O2 (test for warnings, line 23)
FAIL: gfortran.dg/common_align_2.f90 -O2 execution test
FAIL: gfortran.dg/common_align_2.f90 -O3 -fomit-frame-pointer -funroll-loops -fpeel-loops -ftracer -finline-functions (test for warnings, line 23)
FAIL: gfortran.dg/common_align_2.f90 -O3 -fomit-frame-pointer -funroll-loops -fpeel-loops -ftracer -finline-functions execution test
FAIL: gfortran.dg/common_align_2.f90 -O3 -g (test for warnings, line 23)
FAIL: gfortran.dg/common_align_2.f90 -O3 -g execution test
FAIL: gfortran.dg/common_align_2.f90 -Os (test for warnings, line 23)
FAIL: gfortran.dg/common_align_2.f90 -Os execution test
FAIL: gfortran.dg/erf_3.F90 -O0 execution test
FAIL: gfortran.dg/erf_3.F90 -O1 execution test
FAIL: gfortran.dg/erf_3.F90 -O2 execution test
FAIL: gfortran.dg/erf_3.F90 -O3 -fomit-frame-pointer -funroll-loops -fpeel-loops -ftracer -finline-functions execution test
FAIL: gfortran.dg/erf_3.F90 -O3 -g execution test
FAIL: gfortran.dg/erf_3.F90 -Os execution test
FAIL: gfortran.dg/integer_exponentiation_3.F90 -O2 execution test
FAIL: gfortran.dg/integer_exponentiation_3.F90 -O3 -fomit-frame-pointer -funroll-loops -fpeel-loops -ftracer -finline-functions execution test
FAIL: gfortran.dg/integer_exponentiation_3.F90 -O3 -g execution test
FAIL: gfortran.dg/ieee/ieee_2.f90 -O1 execution test
FAIL: gfortran.dg/ieee/ieee_2.f90 -O2 execution test
FAIL: gfortran.dg/ieee/ieee_2.f90 -O3 -fomit-frame-pointer -funroll-loops -fpeel-loops -ftracer -finline-functions execution test
FAIL: gfortran.dg/ieee/ieee_2.f90 -O3 -g execution test
FAIL: gfortran.dg/ieee/ieee_2.f90 -Os execution test
FAIL: gfortran.dg/ieee/large_2.f90 -O1 execution test
FAIL: gfortran.dg/ieee/large_2.f90 -O2 execution test
FAIL: gfortran.dg/ieee/large_2.f90 -O3 -fomit-frame-pointer -funroll-loops -fpeel-loops -ftracer -finline-functions execution test
FAIL: gfortran.dg/ieee/large_2.f90 -O3 -g execution test
FAIL: gfortran.dg/ieee/large_2.f90 -Os execution test
FAIL: gfortran.dg/ieee/rounding_1.f90 -O1 execution test
FAIL: gfortran.dg/ieee/rounding_1.f90 -O2 execution test
FAIL: gfortran.dg/ieee/rounding_1.f90 -O3 -fomit-frame-pointer -funroll-loops -fpeel-loops -ftracer -finline-functions execution test
FAIL: gfortran.dg/ieee/rounding_1.f90 -O3 -g execution test
FAIL: gfortran.dg/ieee/rounding_1.f90 -Os execution test
=== gfortran Summary ===
# of expected passes 41176
# of unexpected failures 48
# of expected failures 72
# of unsupported tests 214
/daten/aranym/gcc/gcc-20160414/Build/gcc/testsuite/gfortran/../../gfortran version 6.0.0 20160414 (experimental) [trunk revision 234969] (GCC)
Host is x86_64-suse-linux-gnu
=== objc tests ===
Running target aranym
=== objc Summary ===
# of expected passes 2789
# of unsupported tests 68
/daten/aranym/gcc/gcc-20160414/Build/gcc/xgcc version 6.0.0 20160414 (experimental) [trunk revision 234969] (GCC)
Host is m68k-unknown-linux-gnu
=== boehm-gc tests ===
Running target aranym
FAIL: boehm-gc.c/gctest.c -O2 execution test
FAIL: boehm-gc.c/leak_test.c -O2 execution test
FAIL: boehm-gc.c/middle.c -O2 execution test
FAIL: boehm-gc.c/thread_leak_test.c -O2 execution test
FAIL: boehm-gc.lib/staticrootstest.c -O2 execution test
=== boehm-gc Summary ===
# of expected passes 7
# of unexpected failures 5
# of unsupported tests 1
Host is m68k-unknown-linux-gnu
=== libatomic tests ===
Running target aranym
=== libatomic Summary ===
# of expected passes 44
# of unsupported tests 5
Host is m68k-unknown-linux-gnu
=== libffi tests ===
Running target aranym
=== libffi Summary ===
# of expected passes 1914
# of unsupported tests 30
Host is m68k-unknown-linux-gnu
=== libgomp tests ===
Running target aranym
WARNING: program timed out.
FAIL: libgomp.fortran/strassen.f90 -O execution test
FAIL: libgomp.oacc-c/../libgomp.oacc-c-c++-common/atomic_update-1.c -DACC_DEVICE_TYPE_host=1 -DACC_MEM_SHARED=1 -O2 execution test
FAIL: libgomp.oacc-c++/../libgomp.oacc-c-c++-common/atomic_update-1.c -DACC_DEVICE_TYPE_host=1 -DACC_MEM_SHARED=1 -O2 execution test
=== libgomp Summary ===
# of expected passes 4883
# of unexpected failures 3
# of unsupported tests 386
Host is m68k-unknown-linux-gnu
=== libjava tests ===
Running target aranym
FAIL: linking TestClosureGC
FAIL: linking simple
FAIL: ArrayStore compilation from source
FAIL: ArrayStore -O3 compilation from source
FAIL: ArrayStore2 compilation from source
FAIL: ArrayStore2 -O3 compilation from source
FAIL: Array_1 compilation from source
FAIL: Array_1 -O3 compilation from source
FAIL: Array_2 compilation from source
FAIL: Array_2 -O3 compilation from source
FAIL: Array_3 compilation from source
FAIL: Array_3 -O3 compilation from source
FAIL: Class_1 compilation from source
FAIL: Class_1 -O3 compilation from source
FAIL: CompareNaN compilation from source
FAIL: CompareNaN -O3 compilation from source
FAIL: Divide_1 compilation from source
FAIL: Divide_1 -O3 compilation from source
FAIL: Divide_2 compilation from source
FAIL: Divide_2 -O3 compilation from source
FAIL: EvaluationOrder compilation from source
FAIL: EvaluationOrder -O3 compilation from source
FAIL: ExtraClassLoader compilation from source
FAIL: ExtraClassLoader -findirect-dispatch execution - source compiled test
FAIL: ExtraClassLoader -O3 compilation from source
FAIL: ExtraClassLoader -O3 -findirect-dispatch execution - source compiled test
FAIL: FileHandleGcTest compilation from source
FAIL: FileHandleGcTest -O3 compilation from source
FAIL: Final compilation from source
FAIL: Final -O3 compilation from source
FAIL: Float_1 compilation from source
FAIL: Float_1 -O3 compilation from source
FAIL: Float_2 compilation from source
FAIL: Float_2 -O3 compilation from source
FAIL: G19990301_01 compilation from source
FAIL: G19990301_01 -O3 compilation from source
FAIL: G19990302_02 compilation from source
FAIL: G19990302_02 -O3 compilation from source
FAIL: G19990303_01 compilation from source
FAIL: G19990303_01 -O3 compilation from source
FAIL: G19990303_02 compilation from source
FAIL: G19990303_02 -O3 compilation from source
FAIL: G19990304_01 compilation from source
FAIL: G19990304_01 -O3 compilation from source
FAIL: G19990310_01 compilation from source
FAIL: G19990310_01 -O3 compilation from source
FAIL: II compilation from source
FAIL: II -O3 compilation from source
FAIL: InterfaceDispatch compilation from source
FAIL: InterfaceDispatch -O3 compilation from source
FAIL: InvokeInterface compilation from source
FAIL: InvokeInterface -O3 compilation from source
FAIL: InvokeReturn compilation from source
FAIL: InvokeReturn -findirect-dispatch execution - source compiled test
FAIL: InvokeReturn -O3 compilation from source
FAIL: InvokeReturn -O3 -findirect-dispatch execution - source compiled test
FAIL: Invoke_1 compilation from source
FAIL: Invoke_1 -O3 compilation from source
FAIL: Invoke_2 compilation from source
FAIL: Invoke_2 -O3 compilation from source
FAIL: KeepInline compilation from source
FAIL: KeepInline -O3 compilation from source
FAIL: LargeFile compilation from source
FAIL: LargeFile -O3 compilation from source
FAIL: MathBuiltin compilation from source
FAIL: MathBuiltin -O3 compilation from source
FAIL: Matrix4f compilation from source
FAIL: Matrix4f -O3 compilation from source
FAIL: N19990310_02 compilation from source
FAIL: N19990310_02 -O3 compilation from source
FAIL: N19990310_3 compilation from source
FAIL: N19990310_3 -O3 compilation from source
FAIL: N19990310_4 compilation from source
FAIL: N19990310_4 -O3 compilation from source
FAIL: N19990310_5 compilation from source
FAIL: N19990310_5 -O3 compilation from source
FAIL: Overflow compilation from source
FAIL: Overflow -O3 compilation from source
FAIL: PR12350 compilation from source
FAIL: PR12350 -O3 compilation from source
FAIL: PR12416 compilation from source
FAIL: PR12416 -O3 compilation from source
FAIL: PR12656 compilation from source
FAIL: PR12656 -O3 compilation from source
FAIL: PR12915 compilation from source
FAIL: PR12915 -O3 compilation from source
FAIL: PR141 compilation from source
FAIL: PR141 -O3 compilation from source
FAIL: PR160 compilation from source
FAIL: PR160 -O3 compilation from source
FAIL: PR162 compilation from source
FAIL: PR162 -O3 compilation from source
FAIL: PR16867 compilation from source
FAIL: PR16867 -O3 compilation from source
FAIL: PR18699 compilation from source
FAIL: PR18699 -O3 compilation from source
FAIL: PR19870 compilation from source
FAIL: PR19870 -O3 compilation from source
FAIL: PR19870_2 compilation from source
FAIL: PR19870_2 -O3 compilation from source
FAIL: PR19921 compilation from source
FAIL: PR19921 -O3 compilation from source
FAIL: PR20056 compilation from source
FAIL: PR20056 -O3 compilation from source
FAIL: PR218 compilation from source
FAIL: PR218 -O3 compilation from source
FAIL: PR242 compilation from source
FAIL: PR242 -O3 compilation from source
FAIL: PR25535 compilation from source
FAIL: PR25535 -O3 compilation from source
FAIL: PR260 compilation from source
FAIL: PR260 -O3 compilation from source
FAIL: PR26858 compilation from source
FAIL: PR26858 -O3 compilation from source
FAIL: PR27908 compilation from source
FAIL: PR27908 -O3 compilation from source
FAIL: PR29013 compilation from source
FAIL: PR29013 -O3 compilation from source
FAIL: PR29495 compilation from source
FAIL: PR29495 -O3 compilation from source
FAIL: PR3096 compilation from source
FAIL: PR3096 -O3 compilation from source
FAIL: PR31264 compilation from source
FAIL: PR31264 -O3 compilation from source
FAIL: PR35020 compilation from source
FAIL: PR35020 -O3 compilation from source
FAIL: PR36252 compilation from source
FAIL: PR36252 -O3 compilation from source
FAIL: PR3731 compilation from source
FAIL: PR3731 -O3 compilation from source
FAIL: PR5057 compilation from source
FAIL: PR5057 -O3 compilation from source
FAIL: PR5057_2 compilation from source
FAIL: PR5057_2 -O3 compilation from source
FAIL: PR55 compilation from source
FAIL: PR55 -O3 compilation from source
FAIL: PR56 compilation from source
FAIL: PR56 -O3 compilation from source
FAIL: PR6085 compilation from source
FAIL: PR6085 -O3 compilation from source
FAIL: PR6204 compilation from source
FAIL: PR6204 -O3 compilation from source
FAIL: PR6729 compilation from source
FAIL: PR6729 -O3 compilation from source
FAIL: PR6820 compilation from source
FAIL: PR6820 -O3 compilation from source
FAIL: PR7482 compilation from source
FAIL: PR7482 -O3 compilation from source
FAIL: Process_1 compilation from source
FAIL: Process_1 -O3 compilation from source
FAIL: Process_2 compilation from source
FAIL: Process_2 -O3 compilation from source
FAIL: Process_3 compilation from source
FAIL: Process_3 -O3 compilation from source
FAIL: Process_4 compilation from source
FAIL: Process_4 -O3 compilation from source
FAIL: Process_5 compilation from source
FAIL: Process_5 -O3 compilation from source
FAIL: Process_6 compilation from source
FAIL: Process_6 -O3 compilation from source
FAIL: Process_7 compilation from source
FAIL: Process_7 -O3 compilation from source
FAIL: ProxyTest compilation from source
FAIL: ProxyTest -O3 compilation from source
FAIL: RH194522 compilation from source
FAIL: RH194522 -O3 compilation from source
FAIL: Serialization compilation from source
FAIL: Serialization -findirect-dispatch execution - source compiled test
FAIL: Serialization -O3 compilation from source
FAIL: Serialization -O3 -findirect-dispatch execution - source compiled test
FAIL: Shazam compilation from source
FAIL: Shazam -O3 compilation from source
FAIL: StackTrace2 compilation from source
FAIL: StackTrace2 -O3 compilation from source
FAIL: StaticConstructor compilation from source
FAIL: StaticConstructor -O3 compilation from source
FAIL: StringBuffer_1 compilation from source
FAIL: StringBuffer_1 -O3 compilation from source
FAIL: StringBuffer_overflow compilation from source
FAIL: StringBuffer_overflow -O3 compilation from source
FAIL: String_overflow compilation from source
FAIL: String_overflow -O3 compilation from source
FAIL: SyncGlobal compilation from source
FAIL: SyncGlobal -O3 compilation from source
FAIL: SyncTest compilation from source
FAIL: SyncTest -O3 compilation from source
FAIL: Synch compilation from source
FAIL: Synch -O3 compilation from source
FAIL: TLtest compilation from source
FAIL: TLtest -O3 compilation from source
FAIL: TestProxy compilation from source
FAIL: TestProxy -O3 compilation from source
FAIL: Thread_Alive compilation from source
FAIL: Thread_Alive -O3 compilation from source
FAIL: Thread_HoldsLock compilation from source
FAIL: Thread_HoldsLock -O3 compilation from source
FAIL: Thread_Interrupt compilation from source
FAIL: Thread_Interrupt -O3 compilation from source
FAIL: Thread_Join compilation from source
FAIL: Thread_Join -O3 compilation from source
FAIL: Thread_Monitor compilation from source
FAIL: Thread_Monitor -O3 compilation from source
FAIL: Thread_Sleep compilation from source
FAIL: Thread_Sleep -O3 compilation from source
FAIL: Thread_Sleep_2 compilation from source
FAIL: Thread_Sleep_2 -O3 compilation from source
FAIL: Thread_Wait compilation from source
FAIL: Thread_Wait -O3 compilation from source
FAIL: Thread_Wait_2 compilation from source
FAIL: Thread_Wait_2 -O3 compilation from source
FAIL: Thread_Wait_Interrupt compilation from source
FAIL: Thread_Wait_Interrupt -O3 compilation from source
FAIL: Throw_1 compilation from source
FAIL: Throw_1 -O3 compilation from source
FAIL: Throw_2 compilation from source
FAIL: Throw_2 -O3 compilation from source
FAIL: Throw_3 compilation from source
FAIL: Throw_3 -O3 compilation from source
FAIL: WalkerTest compilation from source
FAIL: WalkerTest -O3 compilation from source
FAIL: anfi compilation from source
FAIL: anfi -O3 compilation from source
FAIL: anon compilation from source
FAIL: anon -O3 compilation from source
FAIL: anon2 compilation from source
FAIL: anon2 -O3 compilation from source
FAIL: anon3 compilation from source
FAIL: anon3 -O3 compilation from source
FAIL: anon4 compilation from source
FAIL: anon4 -O3 compilation from source
FAIL: anon_ctor_itf_arg compilation from source
FAIL: anon_ctor_itf_arg -O3 compilation from source
FAIL: anonarray compilation from source
FAIL: anonarray -O3 compilation from source
FAIL: anonarray2 compilation from source
FAIL: anonarray2 -O3 compilation from source
FAIL: anonarray3 compilation from source
FAIL: anonarray3 -O3 compilation from source
FAIL: assign compilation from source
FAIL: assign -O3 compilation from source
FAIL: assign2 compilation from source
FAIL: assign2 -O3 compilation from source
FAIL: bclink compilation from source
FAIL: bclink -O3 compilation from source
FAIL: bytearray compilation from source
FAIL: bytearray -O3 compilation from source
FAIL: direct_read compilation from source
FAIL: direct_read -O3 compilation from source
FAIL: direct_write compilation from source
FAIL: direct_write -O3 compilation from source
FAIL: emptystring compilation from source
FAIL: emptystring -O3 compilation from source
FAIL: err1 compilation from source
FAIL: err1 -O3 compilation from source
FAIL: err10 compilation from source
FAIL: err10 -O3 compilation from source
FAIL: err11 compilation from source
FAIL: err11 -O3 compilation from source
FAIL: err12 compilation from source
FAIL: err12 -O3 compilation from source
FAIL: err13 compilation from source
FAIL: err13 -O3 compilation from source
FAIL: err14 compilation from source
FAIL: err14 -O3 compilation from source
FAIL: err2 compilation from source
FAIL: err2 -O3 compilation from source
FAIL: err3 compilation from source
FAIL: err3 -O3 compilation from source
FAIL: err4 compilation from source
FAIL: err4 -O3 compilation from source
FAIL: err5 compilation from source
FAIL: err5 -O3 compilation from source
FAIL: err6 compilation from source
FAIL: err6 -O3 compilation from source
FAIL: err7 compilation from source
FAIL: err7 -O3 compilation from source
FAIL: err8 compilation from source
FAIL: err8 -O3 compilation from source
FAIL: err9 compilation from source
FAIL: err9 -O3 compilation from source
FAIL: final_inner compilation from source
FAIL: final_inner -O3 compilation from source
FAIL: final_int compilation from source
FAIL: final_int -O3 compilation from source
FAIL: final_static_and_friend compilation from source
FAIL: final_static_and_friend -O3 compilation from source
FAIL: indirect compilation from source
FAIL: indirect -O3 compilation from source
FAIL: indirect_read compilation from source
FAIL: indirect_read -O3 compilation from source
FAIL: indirect_write compilation from source
FAIL: indirect_write -O3 compilation from source
FAIL: initexc compilation from source
FAIL: initexc -O3 compilation from source
FAIL: initfield compilation from source
FAIL: initfield -O3 compilation from source
FAIL: inline compilation from source
FAIL: inline -O3 compilation from source
FAIL: inner1 compilation from source
FAIL: inner1 -O3 compilation from source
FAIL: inner2 compilation from source
FAIL: inner2 -O3 compilation from source
FAIL: inner3 compilation from source
FAIL: inner3 -O3 compilation from source
FAIL: inner4 compilation from source
FAIL: inner4 -O3 compilation from source
FAIL: inner_array compilation from source
FAIL: inner_array -O3 compilation from source
FAIL: inner_interface compilation from source
FAIL: inner_interface -O3 compilation from source
FAIL: instance compilation from source
FAIL: instance -O3 compilation from source
FAIL: instinit compilation from source
FAIL: instinit -O3 compilation from source
FAIL: instinit2 compilation from source
FAIL: instinit2 -O3 compilation from source
FAIL: invoke_from_inner compilation from source
FAIL: invoke_from_inner -O3 compilation from source
FAIL: invokethrow compilation from source
FAIL: invokethrow -findirect-dispatch execution - source compiled test
FAIL: invokethrow -O3 compilation from source
FAIL: invokethrow -O3 -findirect-dispatch execution - source compiled test
FAIL: klass compilation from source
FAIL: klass -O3 compilation from source
FAIL: md5test compilation from source
FAIL: md5test -findirect-dispatch execution - source compiled test
FAIL: md5test -O3 compilation from source
FAIL: md5test -O3 -findirect-dispatch execution - source compiled test
FAIL: multiple_finit compilation from source
FAIL: multiple_finit -O3 compilation from source
FAIL: negzero compilation from source
FAIL: negzero -O3 compilation from source
FAIL: nested_with_ctor compilation from source
FAIL: nested_with_ctor -O3 compilation from source
FAIL: newarray_overflow compilation from source
FAIL: newarray_overflow -O3 compilation from source
FAIL: override compilation from source
FAIL: override -O3 compilation from source
FAIL: pr109 compilation from source
FAIL: pr109 -O3 compilation from source
FAIL: pr13107 compilation from source
FAIL: pr13107 -O3 compilation from source
FAIL: pr13107_2 compilation from source
FAIL: pr13107_2 -O3 compilation from source
FAIL: pr13107_3 compilation from source
FAIL: pr13107_3 -O3 compilation from source
FAIL: pr133 compilation from source
FAIL: pr133 -O3 compilation from source
FAIL: pr16789 compilation from source
FAIL: pr16789 -O3 compilation from source
FAIL: pr17536 compilation from source
FAIL: pr17536 -O3 compilation from source
FAIL: pr179 compilation from source
FAIL: pr179 -O3 compilation from source
FAIL: pr184 compilation from source
FAIL: pr184 -O3 compilation from source
FAIL: pr21785 compilation from source
FAIL: pr21785 -findirect-dispatch execution - source compiled test
FAIL: pr21785 -O3 compilation from source
FAIL: pr21785 -O3 -findirect-dispatch execution - source compiled test
FAIL: pr21844 compilation from source
FAIL: pr21844 -O3 compilation from source
FAIL: pr24321 compilation from source
FAIL: pr24321 -O3 compilation from source
FAIL: pr25676 compilation from source
FAIL: pr25676 -O3 compilation from source
FAIL: pr26390 compilation from source
FAIL: pr26390 -O3 compilation from source
FAIL: pr26990 compilation from source
FAIL: pr26990 -O3 compilation from source
FAIL: pr27171 compilation from source
FAIL: pr27171 -O3 compilation from source
FAIL: pr6388 compilation from source
FAIL: pr6388 -O3 compilation from source
FAIL: pr83 compilation from source
FAIL: pr83 -O3 compilation from source
FAIL: pr8415 compilation from source
FAIL: pr8415 -O3 compilation from source
FAIL: pr8676 compilation from source
FAIL: pr8676 -O3 compilation from source
FAIL: pr8823 compilation from source
FAIL: pr8823 -O3 compilation from source
FAIL: pr8945 compilation from source
FAIL: pr8945 -O3 compilation from source
FAIL: private_direct_read compilation from source
FAIL: private_direct_read -O3 compilation from source
FAIL: search_outer compilation from source
FAIL: search_outer -O3 compilation from source
FAIL: shatest compilation from source
FAIL: shatest -findirect-dispatch execution - source compiled test
FAIL: shatest -O3 compilation from source
FAIL: shatest -O3 -findirect-dispatch execution - source compiled test
FAIL: sourcelocation compilation from source
FAIL: sourcelocation -O3 compilation from source
FAIL: stacktrace compilation from source
FAIL: stacktrace -O3 compilation from source
FAIL: stringconst compilation from source
FAIL: stringconst -O3 compilation from source
FAIL: stringconst2 compilation from source
FAIL: stringconst2 -O3 compilation from source
FAIL: stub compilation from source
FAIL: stub -O3 compilation from source
FAIL: test_long compilation from source
FAIL: test_long -O3 compilation from source
FAIL: tmi compilation from source
FAIL: tmi -O3 compilation from source
FAIL: tp compilation from source
FAIL: tp -O3 compilation from source
FAIL: update_outer compilation from source
FAIL: update_outer -O3 compilation from source
FAIL: utf8concat compilation from source
FAIL: utf8concat -O3 compilation from source
FAIL: utilTest compilation from source
FAIL: utilTest -O3 compilation from source
FAIL: verify compilation from source
FAIL: verify -O3 compilation from source
FAIL: TestEarlyGC compilation from source
FAIL: TestLeak compilation from source
FAIL: TestMultiple compilation from source
FAIL: TestParent compilation from source
=== libjava Summary ===
# of expected passes 1171
# of unexpected failures 420
# of expected failures 4
# of untested testcases 822
Host is m68k-unknown-linux-gnu
=== libstdc++ tests ===
Running target aranym
=== libstdc++ Summary ===
# of expected passes 10752
# of expected failures 67
# of unsupported tests 277
Compiler version: 6.0.0 20160414 (experimental) [trunk revision 234969] (GCC)
Platform: m68k-unknown-linux-gnu
configure flags: --prefix=/daten/cross/m68k-linux --build=x86_64-suse-linux --enable-shared --with-system-zlib CFLAGS='-O2 -g' CXXFLAGS='-O2 -g' --target=m68k-linux --with-sysroot --disable-multilib --enable-clocale=gnu