This is the mail archive of the
gcc-testresults@gcc.gnu.org
mailing list for the GCC project.
Results for 6.0.0 20160404 (experimental) (GCC) gcc testsuite on pdp11-unknown-aout
- From: paul_koning at dell dot com (Paul Koning)
- To: gcc-testresults at gcc dot gnu dot org
- Date: Mon, 04 Apr 2016 16:24:36 -0400
- Subject: Results for 6.0.0 20160404 (experimental) (GCC) gcc testsuite on pdp11-unknown-aout
- Authentication-results: sourceware.org; auth=none
Target is pdp11-unknown-aout
Host is x86_64-pc-linux-gnu
=== gcc tests ===
Running target unix
WARNING: Assuming target board is the local machine (which is probably wrong).
FAIL: gcc.c-torture/compile/20001221-1.c -O0 (test for excess errors)
FAIL: gcc.c-torture/compile/20011114-4.c -O0 (internal compiler error)
FAIL: gcc.c-torture/compile/20011114-4.c -O0 (test for excess errors)
FAIL: gcc.c-torture/compile/20011219-1.c -O0 (internal compiler error)
FAIL: gcc.c-torture/compile/20011219-1.c -O0 (test for excess errors)
FAIL: gcc.c-torture/compile/20020330-1.c -O0 (internal compiler error)
FAIL: gcc.c-torture/compile/20020330-1.c -O0 (test for excess errors)
FAIL: gcc.c-torture/compile/20030605-1.c -O0 (test for excess errors)
FAIL: gcc.c-torture/compile/20030904-1.c -O0 (test for excess errors)
FAIL: gcc.c-torture/compile/20040303-1.c -O0 (internal compiler error)
FAIL: gcc.c-torture/compile/20040303-1.c -O0 (test for excess errors)
FAIL: gcc.c-torture/compile/20070419-1.c -O0 (test for excess errors)
FAIL: gcc.c-torture/compile/20080806-1.c -O0 (test for excess errors)
FAIL: gcc.c-torture/compile/20080806-1.c -O1 (test for excess errors)
FAIL: gcc.c-torture/compile/20080806-1.c -O2 (test for excess errors)
FAIL: gcc.c-torture/compile/20080806-1.c -O3 -fomit-frame-pointer -funroll-loops -fpeel-loops -ftracer -finline-functions (test for excess errors)
FAIL: gcc.c-torture/compile/20080806-1.c -O3 -g (test for excess errors)
FAIL: gcc.c-torture/compile/20080806-1.c -Os (test for excess errors)
FAIL: gcc.c-torture/compile/20080910-1.c -O0 (test for excess errors)
FAIL: gcc.c-torture/compile/20101217-1.c -O0 (test for excess errors)
FAIL: gcc.c-torture/compile/20101217-1.c -O1 (test for excess errors)
FAIL: gcc.c-torture/compile/20101217-1.c -O2 (test for excess errors)
FAIL: gcc.c-torture/compile/20101217-1.c -O3 -fomit-frame-pointer -funroll-loops -fpeel-loops -ftracer -finline-functions (test for excess errors)
FAIL: gcc.c-torture/compile/20101217-1.c -O3 -g (test for excess errors)
FAIL: gcc.c-torture/compile/20101217-1.c -Os (test for excess errors)
FAIL: gcc.c-torture/compile/20140110-1.c -O0 (test for excess errors)
FAIL: gcc.c-torture/compile/20151204.c -O0 (test for excess errors)
FAIL: gcc.c-torture/compile/20151204.c -O1 (test for excess errors)
FAIL: gcc.c-torture/compile/20151204.c -O2 (test for excess errors)
FAIL: gcc.c-torture/compile/20151204.c -O3 -g (test for excess errors)
FAIL: gcc.c-torture/compile/20151204.c -Os (test for excess errors)
FAIL: gcc.c-torture/compile/920501-23.c -O0 (test for excess errors)
FAIL: gcc.c-torture/compile/920723-1.c -O0 (test for excess errors)
FAIL: gcc.c-torture/compile/920723-1.c -O1 (test for excess errors)
FAIL: gcc.c-torture/compile/920723-1.c -O2 (test for excess errors)
FAIL: gcc.c-torture/compile/920723-1.c -O3 -fomit-frame-pointer -funroll-loops -fpeel-loops -ftracer -finline-functions (test for excess errors)
FAIL: gcc.c-torture/compile/920723-1.c -O3 -g (test for excess errors)
FAIL: gcc.c-torture/compile/920723-1.c -Os (test for excess errors)
FAIL: gcc.c-torture/compile/930120-1.c -O0 (test for excess errors)
FAIL: gcc.c-torture/compile/930621-1.c -O0 (test for excess errors)
FAIL: gcc.c-torture/compile/930621-1.c -O1 (test for excess errors)
FAIL: gcc.c-torture/compile/930621-1.c -O2 (test for excess errors)
FAIL: gcc.c-torture/compile/930621-1.c -O3 -fomit-frame-pointer -funroll-loops -fpeel-loops -ftracer -finline-functions (test for excess errors)
FAIL: gcc.c-torture/compile/930621-1.c -O3 -g (test for excess errors)
FAIL: gcc.c-torture/compile/930621-1.c -Os (test for excess errors)
FAIL: gcc.c-torture/compile/931013-1.c -O1 (internal compiler error)
FAIL: gcc.c-torture/compile/931013-1.c -O1 (test for excess errors)
FAIL: gcc.c-torture/compile/931013-1.c -O2 (internal compiler error)
FAIL: gcc.c-torture/compile/931013-1.c -O2 (test for excess errors)
FAIL: gcc.c-torture/compile/931013-1.c -O3 -g (internal compiler error)
FAIL: gcc.c-torture/compile/931013-1.c -O3 -g (test for excess errors)
FAIL: gcc.c-torture/compile/931013-1.c -Os (internal compiler error)
FAIL: gcc.c-torture/compile/931013-1.c -Os (test for excess errors)
FAIL: gcc.c-torture/compile/990625-1.c -O0 (test for excess errors)
FAIL: gcc.c-torture/compile/990625-1.c -O1 (test for excess errors)
FAIL: gcc.c-torture/compile/990625-1.c -O2 (test for excess errors)
FAIL: gcc.c-torture/compile/990625-1.c -O3 -fomit-frame-pointer -funroll-loops -fpeel-loops -ftracer -finline-functions (test for excess errors)
FAIL: gcc.c-torture/compile/990625-1.c -O3 -g (test for excess errors)
FAIL: gcc.c-torture/compile/990625-1.c -Os (test for excess errors)
FAIL: gcc.c-torture/compile/991214-2.c -O0 (test for excess errors)
FAIL: gcc.c-torture/compile/991214-2.c -O1 (test for excess errors)
FAIL: gcc.c-torture/compile/991214-2.c -O2 (test for excess errors)
FAIL: gcc.c-torture/compile/991214-2.c -O3 -fomit-frame-pointer -funroll-loops -fpeel-loops -ftracer -finline-functions (test for excess errors)
FAIL: gcc.c-torture/compile/991214-2.c -O3 -g (test for excess errors)
FAIL: gcc.c-torture/compile/991214-2.c -Os (test for excess errors)
FAIL: gcc.c-torture/compile/bcopy.c -O0 (test for excess errors)
FAIL: gcc.c-torture/compile/limits-fndefn.c -O3 -g (internal compiler error)
FAIL: gcc.c-torture/compile/limits-fndefn.c -O3 -g (test for excess errors)
FAIL: gcc.c-torture/compile/memtst.c -O0 (test for excess errors)
FAIL: gcc.c-torture/compile/memtst.c -O1 (test for excess errors)
FAIL: gcc.c-torture/compile/memtst.c -O2 (test for excess errors)
FAIL: gcc.c-torture/compile/memtst.c -O3 -fomit-frame-pointer -funroll-loops -fpeel-loops -ftracer -finline-functions (test for excess errors)
FAIL: gcc.c-torture/compile/memtst.c -O3 -g (test for excess errors)
FAIL: gcc.c-torture/compile/memtst.c -Os (test for excess errors)
FAIL: gcc.c-torture/compile/msp.c -O0 (test for excess errors)
FAIL: gcc.c-torture/compile/msp.c -O1 (test for excess errors)
FAIL: gcc.c-torture/compile/msp.c -O2 (test for excess errors)
FAIL: gcc.c-torture/compile/msp.c -O3 -g (test for excess errors)
FAIL: gcc.c-torture/compile/msp.c -Os (test for excess errors)
FAIL: gcc.c-torture/compile/pr23960.c -O0 (test for excess errors)
FAIL: gcc.c-torture/compile/pr35006.c -O0 (internal compiler error)
FAIL: gcc.c-torture/compile/pr35006.c -O0 (test for excess errors)
FAIL: gcc.c-torture/compile/pr37387.c -O0 (test for excess errors)
FAIL: gcc.c-torture/compile/pr37669.c -O0 (test for excess errors)
FAIL: gcc.c-torture/compile/pr37669.c -O1 (test for excess errors)
FAIL: gcc.c-torture/compile/pr37669.c -O2 (test for excess errors)
FAIL: gcc.c-torture/compile/pr37669.c -O3 -g (test for excess errors)
FAIL: gcc.c-torture/compile/pr37669.c -Os (test for excess errors)
FAIL: gcc.c-torture/compile/pr41101.c -O0 (test for excess errors)
FAIL: gcc.c-torture/compile/pr42049.c -O0 (test for excess errors)
FAIL: gcc.c-torture/compile/pr45182.c -O0 (internal compiler error)
FAIL: gcc.c-torture/compile/pr45182.c -O0 (test for excess errors)
FAIL: gcc.c-torture/compile/pr53226.c -O0 (test for excess errors)
FAIL: gcc.c-torture/compile/pr55921.c -O0 (test for excess errors)
FAIL: gcc.c-torture/compile/pr55921.c -O1 (test for excess errors)
FAIL: gcc.c-torture/compile/pr55921.c -O2 (test for excess errors)
FAIL: gcc.c-torture/compile/pr55921.c -O3 -g (test for excess errors)
FAIL: gcc.c-torture/compile/pr55921.c -Os (test for excess errors)
FAIL: gcc.c-torture/compile/pr60655-1.c -O0 (test for excess errors)
FAIL: gcc.c-torture/compile/pr60655-1.c -O1 (test for excess errors)
FAIL: gcc.c-torture/compile/pr60655-1.c -O2 (test for excess errors)
FAIL: gcc.c-torture/compile/pr60655-1.c -O3 -fomit-frame-pointer -funroll-loops -fpeel-loops -ftracer -finline-functions (test for excess errors)
FAIL: gcc.c-torture/compile/pr60655-1.c -O3 -g (test for excess errors)
FAIL: gcc.c-torture/compile/pr60655-1.c -Os (test for excess errors)
FAIL: gcc.c-torture/compile/pr69102.c -O0 (test for excess errors)
FAIL: gcc.c-torture/compile/pr69102.c -O1 (test for excess errors)
FAIL: gcc.c-torture/compile/pr69102.c -O2 (test for excess errors)
FAIL: gcc.c-torture/compile/pr69102.c -O3 -g (test for excess errors)
FAIL: gcc.c-torture/compile/pr69102.c -Os (test for excess errors)
FAIL: gcc.c-torture/compile/stuct.c -O0 (test for excess errors)
FAIL: gcc.c-torture/compile/stuct.c -O1 (test for excess errors)
FAIL: gcc.c-torture/compile/stuct.c -O2 (test for excess errors)
FAIL: gcc.c-torture/compile/stuct.c -O3 -g (test for excess errors)
FAIL: gcc.c-torture/compile/stuct.c -Os (test for excess errors)
FAIL: gcc.c-torture/compile/vector-align-1.c -O0 (test for excess errors)
FAIL: gcc.c-torture/compile/vector-align-1.c -O1 (test for excess errors)
FAIL: gcc.c-torture/compile/vector-align-1.c -O2 (test for excess errors)
FAIL: gcc.c-torture/compile/vector-align-1.c -O3 -g (test for excess errors)
FAIL: gcc.c-torture/compile/vector-align-1.c -Os (test for excess errors)
=== gcc Summary ===
# of expected passes 8473
# of unexpected failures 119
# of unsupported tests 250
/buildarea/buildpdp/gcc/xgcc version 6.0.0 20160404 (experimental) (GCC)
Compiler version: 6.0.0 20160404 (experimental) (GCC) gcc
Platform: pdp11-unknown-aout
configure flags: --target=pdp11-aout --prefix=/usr/local/trunk --enable-languages=c --with-as=/usr/local/bin/pdp11-aout-as --with-ld=/usr/local/bin/pdp11-aout-ld --disable-libssp