This is the mail archive of the
gcc-testresults@gcc.gnu.org
mailing list for the GCC project.
Results for 6.0.0 20160318 (experimental) [trunk revision 234323] (GCC) testsuite on sparcv9-sun-solaris2.11
- From: Rainer Orth <ro at CeBiTec dot Uni-Bielefeld dot DE>
- To: gcc-testresults at gcc dot gnu dot org
- Date: Mon, 21 Mar 2016 21:31:11 +0100 (CET)
- Subject: Results for 6.0.0 20160318 (experimental) [trunk revision 234323] (GCC) testsuite on sparcv9-sun-solaris2.11
- Authentication-results: sourceware.org; auth=none
LAST_UPDATED: Fri Mar 18 11:11:59 UTC 2016 (revision 234323)
=== acats tests ===
=== acats Summary ===
# of expected passes 2320
# of unexpected failures 0
Native configuration is sparcv9-sun-solaris2.11
=== g++ tests ===
Running target unix
FAIL: g++.dg/ext/label13a.C -std=gnu++11 scan-assembler _ZN1CC4Ev
FAIL: g++.dg/ext/label13a.C -std=gnu++14 scan-assembler _ZN1CC4Ev
FAIL: g++.dg/ext/label13a.C -std=gnu++98 scan-assembler _ZN1CC4Ev
=== g++ Summary for unix ===
# of expected passes 93105
# of unexpected failures 3
# of expected failures 290
# of unsupported tests 3843
Running target unix/-m32
FAIL: g++.dg/ext/label13a.C -std=gnu++11 scan-assembler _ZN1CC4Ev
FAIL: g++.dg/ext/label13a.C -std=gnu++14 scan-assembler _ZN1CC4Ev
FAIL: g++.dg/ext/label13a.C -std=gnu++98 scan-assembler _ZN1CC4Ev
=== g++ Summary for unix/-m32 ===
# of expected passes 91233
# of unexpected failures 3
# of expected failures 290
# of unsupported tests 3866
=== g++ Summary ===
# of expected passes 184338
# of unexpected failures 6
# of expected failures 580
# of unsupported tests 7709
/var/gcc/regression/trunk/11-gcc-64/build/gcc/testsuite/g++/../../xg++ version 6.0.0 20160318 (experimental) [trunk revision 234323] (GCC)
=== gcc tests ===
Running target unix
FAIL: gcc.dg/ifcvt-4.c scan-rtl-dump ce1 "2 true changes made"
FAIL: gcc.dg/visibility-22.c execution test
=== gcc Summary for unix ===
# of expected passes 88187
# of unexpected failures 2
# of expected failures 330
# of unsupported tests 1999
Running target unix/-m32
FAIL: gcc.dg/visibility-22.c execution test
FAIL: gcc.dg/simulate-thread/atomic-other-int.c -O2 -g thread simulation test
FAIL: gcc.dg/simulate-thread/atomic-other-int.c -O3 -g thread simulation test
FAIL: gcc.dg/simulate-thread/atomic-other-short.c -O0 -g thread simulation test
FAIL: gcc.dg/simulate-thread/speculative-store-4.c -O0 -g thread simulation test
FAIL: gcc.dg/simulate-thread/speculative-store-4.c -O2 -g thread simulation test
FAIL: gcc.dg/simulate-thread/speculative-store-4.c -O3 -g thread simulation test
FAIL: gcc.dg/simulate-thread/speculative-store.c -O0 -g thread simulation test
=== gcc Summary for unix/-m32 ===
# of expected passes 87293
# of unexpected failures 8
# of expected failures 342
# of unsupported tests 2119
=== gcc Summary ===
# of expected passes 175480
# of unexpected failures 10
# of expected failures 672
# of unsupported tests 4118
/var/gcc/regression/trunk/11-gcc-64/build/gcc/xgcc version 6.0.0 20160318 (experimental) [trunk revision 234323] (GCC)
=== gfortran tests ===
Running target unix
FAIL: gfortran.dg/coarray/event_1.f90 -fcoarray=lib -O2 -lcaf_single -latomic execution test
FAIL: gfortran.dg/coarray/event_2.f90 -fcoarray=lib -O2 -lcaf_single -latomic execution test
=== gfortran Summary for unix ===
# of expected passes 41929
# of unexpected failures 2
# of expected failures 73
# of unsupported tests 107
Running target unix/-m32
FAIL: gfortran.dg/coarray/event_1.f90 -fcoarray=lib -O2 -lcaf_single -latomic execution test
FAIL: gfortran.dg/coarray/event_2.f90 -fcoarray=lib -O2 -lcaf_single -latomic execution test
=== gfortran Summary for unix/-m32 ===
# of expected passes 41682
# of unexpected failures 2
# of expected failures 73
# of unsupported tests 228
=== gfortran Summary ===
# of expected passes 83611
# of unexpected failures 4
# of expected failures 146
# of unsupported tests 335
/var/gcc/regression/trunk/11-gcc-64/build/gcc/testsuite/gfortran/../../gfortran version 6.0.0 20160318 (experimental) [trunk revision 234323] (GCC)
=== gnat tests ===
Running target unix/-m32
=== gnat Summary for unix/-m32 ===
# of expected passes 2464
# of expected failures 22
# of unsupported tests 21
Running target unix
=== gnat Summary for unix ===
# of expected passes 2464
# of expected failures 22
# of unsupported tests 21
=== gnat Summary ===
# of expected passes 4928
# of expected failures 44
# of unsupported tests 42
/var/gcc/regression/trunk/11-gcc-64/build/gcc/gnatmake version 6.0.0 20160318 (experimental) [trunk revision 234323]
=== go tests ===
Running target unix
FAIL: ./bug449-out.go compilation, -O0 -g -fno-var-tracking-assignments
WARNING: program timed out.
=== go Summary for unix ===
# of expected passes 7241
# of unexpected failures 1
# of expected failures 1
# of untested testcases 12
# of unsupported tests 3
Running target unix/-m32
FAIL: ./64bit-out.go compilation, -O0 -g -fno-var-tracking-assignments
FAIL: ./bug449-out.go compilation, -O0 -g -fno-var-tracking-assignments
FAIL: ./index0-out.go compilation, -O0 -g -fno-var-tracking-assignments
WARNING: program timed out.
WARNING: program timed out.
WARNING: program timed out.
=== go Summary for unix/-m32 ===
# of expected passes 7357
# of unexpected failures 3
# of expected failures 1
# of untested testcases 14
# of unsupported tests 3
=== go Summary ===
# of expected passes 14598
# of unexpected failures 4
# of expected failures 2
# of untested testcases 26
# of unsupported tests 6
=== obj-c++ tests ===
Running target unix/-m32
=== obj-c++ Summary for unix/-m32 ===
# of expected passes 1454
# of expected failures 2
# of unsupported tests 77
Running target unix
=== obj-c++ Summary for unix ===
# of expected passes 1446
# of expected failures 10
# of unsupported tests 77
=== obj-c++ Summary ===
# of expected passes 2900
# of expected failures 12
# of unsupported tests 154
/var/gcc/regression/trunk/11-gcc-64/build/gcc/testsuite/obj-c++/../../xg++ version 6.0.0 20160318 (experimental) [trunk revision 234323] (GCC)
=== objc tests ===
Running target unix
=== objc Summary for unix ===
# of expected passes 2789
# of unsupported tests 68
Running target unix/-m32
=== objc Summary for unix/-m32 ===
# of expected passes 2789
# of unsupported tests 68
=== objc Summary ===
# of expected passes 5578
# of unsupported tests 136
/var/gcc/regression/trunk/11-gcc-64/build/gcc/xgcc version 6.0.0 20160318 (experimental) [trunk revision 234323] (GCC)
=== boehm-gc tests ===
Running target unix/-m32
=== boehm-gc Summary for unix/-m32 ===
# of expected passes 12
# of unsupported tests 1
Running target unix
=== boehm-gc Summary for unix ===
# of expected passes 12
# of unsupported tests 1
=== boehm-gc Summary ===
# of expected passes 24
# of unsupported tests 2
=== libatomic tests ===
Running target unix/-m32
=== libatomic Summary for unix/-m32 ===
# of expected passes 44
# of unsupported tests 5
Running target unix
=== libatomic Summary for unix ===
# of expected passes 54
=== libatomic Summary ===
# of expected passes 98
# of unsupported tests 5
=== libffi tests ===
Running target unix/-m32
=== libffi Summary for unix/-m32 ===
# of expected passes 1914
# of unsupported tests 30
Running target unix
=== libffi Summary for unix ===
# of expected passes 1914
# of unsupported tests 30
=== libffi Summary ===
# of expected passes 3828
# of unsupported tests 60
=== libgo tests ===
Running target unix
FAIL: go/build
=== libgo Summary for unix ===
# of expected passes 133
# of unexpected failures 1
Running target unix/-m32
FAIL: reflect
FAIL: go/build
FAIL: runtime/pprof
=== libgo Summary for unix/-m32 ===
# of expected passes 131
# of unexpected failures 3
=== libgo Summary ===
# of expected passes 264
# of unexpected failures 4
=== libgomp tests ===
Running target unix/-m32
WARNING: program timed out.
FAIL: libgomp.c/for-5.c (test for excess errors)
WARNING: libgomp.c/for-5.c compilation failed to produce executable
WARNING: program timed out.
FAIL: libgomp.c++/for-13.C (test for excess errors)
WARNING: libgomp.c++/for-13.C compilation failed to produce executable
WARNING: program timed out.
FAIL: libgomp.c++/for-14.C (test for excess errors)
WARNING: libgomp.c++/for-14.C compilation failed to produce executable
=== libgomp Summary for unix/-m32 ===
# of expected passes 4791
# of unexpected failures 3
# of unsupported tests 310
Running target unix
=== libgomp Summary for unix ===
# of expected passes 4797
# of unsupported tests 310
=== libgomp Summary ===
# of expected passes 9588
# of unexpected failures 3
# of unsupported tests 620
=== libitm tests ===
Running target unix/-m32
=== libitm Summary for unix/-m32 ===
# of expected passes 42
# of expected failures 3
# of unsupported tests 1
Running target unix
=== libitm Summary for unix ===
# of expected passes 42
# of expected failures 3
# of unsupported tests 1
=== libitm Summary ===
# of expected passes 84
# of expected failures 6
# of unsupported tests 2
=== libjava tests ===
Running target unix/-m32
=== libjava Summary for unix/-m32 ===
# of expected passes 2582
# of expected failures 4
Running target unix
=== libjava Summary for unix ===
# of expected passes 2582
# of expected failures 4
=== libjava Summary ===
# of expected passes 5164
# of expected failures 8
=== libstdc++ tests ===
Running target unix
=== libstdc++ Summary for unix ===
# of expected passes 9830
# of expected failures 68
# of unsupported tests 700
Running target unix/-m32
=== libstdc++ Summary for unix/-m32 ===
# of expected passes 9830
# of expected failures 68
# of unsupported tests 700
=== libstdc++ Summary ===
# of expected passes 19660
# of expected failures 136
# of unsupported tests 1400
Compiler version: 6.0.0 20160318 (experimental) [trunk revision 234323] (GCC)
Platform: sparcv9-sun-solaris2.11
configure flags: --prefix=/vol/gcc --target=sparcv9-sun-solaris2.11 --enable-objc-gc --enable-libmudflap --with-as=/usr/ccs/bin/as --without-gnu-as --with-gmp-include=/vol/gcc/include --with-gmp-lib=/vol/gcc/lib/sparcv9 --with-mpfr-include=/vol/gcc/include --with-mpfr-lib=/vol/gcc/lib/sparcv9 --with-mpc-include=/vol/gcc/include --with-mpc-lib=/vol/gcc/lib/sparcv9 --enable-languages=all,ada,obj-c++,go --with-isl-include=/vol/gcc/include --with-isl-lib=/vol/gcc/lib/sparcv9 --build=sparcv9-sun-solaris2.11 --host=sparcv9-sun-solaris2.11
BOOT_CFLAGS=-g -O2