This is the mail archive of the
gcc-testresults@gcc.gnu.org
mailing list for the GCC project.
Results for 6.0.0 20160311 (experimental) [trunk revision 234134] (GCC) testsuite on sparcv9-sun-solaris2.12
- From: Rainer Orth <ro at CeBiTec dot Uni-Bielefeld dot DE>
- To: gcc-testresults at gcc dot gnu dot org
- Date: Mon, 14 Mar 2016 10:01:30 +0100 (CET)
- Subject: Results for 6.0.0 20160311 (experimental) [trunk revision 234134] (GCC) testsuite on sparcv9-sun-solaris2.12
- Authentication-results: sourceware.org; auth=none
LAST_UPDATED: Fri Mar 11 11:24:50 UTC 2016 (revision 234134)
=== acats tests ===
=== acats Summary ===
# of expected passes 2320
# of unexpected failures 0
Native configuration is sparcv9-sun-solaris2.12
=== g++ tests ===
Running target unix
=== g++ Summary for unix ===
# of expected passes 93029
# of expected failures 284
# of unsupported tests 3787
Running target unix/-m32
=== g++ Summary for unix/-m32 ===
# of expected passes 91157
# of expected failures 284
# of unsupported tests 3810
=== g++ Summary ===
# of expected passes 184186
# of expected failures 568
# of unsupported tests 7597
/var/gcc/regression/trunk/12-gcc-gas-64/build/gcc/testsuite/g++/../../xg++ version 6.0.0 20160311 (experimental) [trunk revision 234134] (GCC)
=== gcc tests ===
Running target unix
FAIL: gcc.dg/ifcvt-4.c scan-rtl-dump ce1 "2 true changes made"
FAIL: gcc.dg/tree-prof/20041218-1.c compilation, -fprofile-use -D_PROFILE_USE (internal compiler error)
UNRESOLVED: gcc.dg/tree-prof/20041218-1.c execution, -fprofile-use -D_PROFILE_USE
=== gcc Summary for unix ===
# of expected passes 88250
# of unexpected failures 2
# of expected failures 329
# of unresolved testcases 1
# of unsupported tests 1982
Running target unix/-m32
FAIL: gcc.dg/atomic/c11-atomic-exec-2.c -O2 -flto (test for excess errors)
FAIL: gcc.dg/atomic/c11-atomic-exec-2.c -O2 -flto -flto-partition=none (test for excess errors)
FAIL: gcc.dg/atomic/c11-atomic-exec-2.c -O3 -fomit-frame-pointer -funroll-loops -fpeel-loops -ftracer -finline-functions (test for excess errors)
WARNING: gcc.dg/atomic/c11-atomic-exec-2.c -O3 -fomit-frame-pointer -funroll-loops -fpeel-loops -ftracer -finline-functions compilation failed to produce executable
FAIL: gcc.dg/atomic/c11-atomic-exec-2.c -O3 -g (test for excess errors)
WARNING: gcc.dg/atomic/c11-atomic-exec-2.c -O3 -g compilation failed to produce executable
WARNING: program timed out.
WARNING: program timed out.
WARNING: program timed out.
WARNING: program timed out.
FAIL: gcc.dg/c11-atomic-2.c (test for excess errors)
WARNING: program timed out.
FAIL: gcc.dg/simulate-thread/atomic-other-int.c -O2 -g thread simulation test
FAIL: gcc.dg/simulate-thread/atomic-other-int.c -O3 -g thread simulation test
FAIL: gcc.dg/simulate-thread/atomic-other-short.c -O0 -g thread simulation test
FAIL: gcc.dg/simulate-thread/speculative-store-4.c -O0 -g thread simulation test
FAIL: gcc.dg/simulate-thread/speculative-store-4.c -O2 -g thread simulation test
FAIL: gcc.dg/simulate-thread/speculative-store-4.c -O3 -g thread simulation test
FAIL: gcc.dg/simulate-thread/speculative-store.c -O0 -g thread simulation test
=== gcc Summary for unix/-m32 ===
# of expected passes 87352
# of unexpected failures 12
# of expected failures 341
# of unsupported tests 2101
=== gcc Summary ===
# of expected passes 175602
# of unexpected failures 14
# of expected failures 670
# of unresolved testcases 1
# of unsupported tests 4083
/var/gcc/regression/trunk/12-gcc-gas-64/build/gcc/xgcc version 6.0.0 20160311 (experimental) [trunk revision 234134] (GCC)
=== gfortran tests ===
Running target unix
FAIL: gfortran.dg/coarray/event_1.f90 -fcoarray=lib -O2 -lcaf_single -latomic execution test
FAIL: gfortran.dg/coarray/event_2.f90 -fcoarray=lib -O2 -lcaf_single -latomic execution test
=== gfortran Summary for unix ===
# of expected passes 41889
# of unexpected failures 2
# of expected failures 73
# of unsupported tests 107
Running target unix/-m32
FAIL: gfortran.dg/coarray/event_1.f90 -fcoarray=lib -O2 -lcaf_single -latomic execution test
FAIL: gfortran.dg/coarray/event_2.f90 -fcoarray=lib -O2 -lcaf_single -latomic execution test
FAIL: gfortran.dg/minlocval_3.f90 -O3 -fomit-frame-pointer -funroll-loops -fpeel-loops -ftracer -finline-functions (test for excess errors)
WARNING: gfortran.dg/minlocval_3.f90 -O3 -fomit-frame-pointer -funroll-loops -fpeel-loops -ftracer -finline-functions compilation failed to produce executable
FAIL: gfortran.dg/minlocval_3.f90 -O3 -g (test for excess errors)
WARNING: gfortran.dg/minlocval_3.f90 -O3 -g compilation failed to produce executable
FAIL: gfortran.dg/unconstrained_commons.f -O scan-tree-dump-times dom2 " mycommon\\\\.x\\\\[_[0-9]+\\\\] = _[0-9]+;" 1
WARNING: program timed out.
WARNING: program timed out.
=== gfortran Summary for unix/-m32 ===
# of expected passes 41637
# of unexpected failures 5
# of expected failures 73
# of unsupported tests 228
=== gfortran Summary ===
# of expected passes 83526
# of unexpected failures 7
# of expected failures 146
# of unsupported tests 335
/var/gcc/regression/trunk/12-gcc-gas-64/build/gcc/testsuite/gfortran/../../gfortran version 6.0.0 20160311 (experimental) [trunk revision 234134] (GCC)
=== gnat tests ===
Running target unix/-m32
WARNING: program timed out.
FAIL: gnat.dg/array3.adb (test for excess errors)
WARNING: gnat.dg/array3.adb compilation failed to produce executable
=== gnat Summary for unix/-m32 ===
# of expected passes 2462
# of unexpected failures 1
# of expected failures 22
# of unsupported tests 21
Running target unix
=== gnat Summary for unix ===
# of expected passes 2464
# of expected failures 22
# of unsupported tests 21
=== gnat Summary ===
# of expected passes 4926
# of unexpected failures 1
# of expected failures 44
# of unsupported tests 42
/var/gcc/regression/trunk/12-gcc-gas-64/build/gcc/gnatmake version 6.0.0 20160311 (experimental) [trunk revision 234134]
=== go tests ===
Running target unix
=== go Summary for unix ===
# of expected passes 7243
# of expected failures 1
# of untested testcases 11
# of unsupported tests 3
Running target unix/-m32
FAIL: ./64bit-out.go compilation, -O0 -g -fno-var-tracking-assignments
FAIL: ./index0-out.go compilation, -O0 -g -fno-var-tracking-assignments
FAIL: ./issue5162-out.go compilation, -O0 -g -fno-var-tracking-assignments
FAIL: ./slice3-out.go compilation, -O0 -g -fno-var-tracking-assignments
FAIL: go.test/test/append.go compilation, -O2 -g
FAIL: go.test/test/cmplxdivide.go
WARNING: program timed out.
WARNING: program timed out.
WARNING: program timed out.
WARNING: program timed out.
WARNING: program timed out.
WARNING: program timed out.
=== go Summary for unix/-m32 ===
# of expected passes 7352
# of unexpected failures 6
# of expected failures 1
# of untested testcases 16
# of unsupported tests 3
=== go Summary ===
# of expected passes 14595
# of unexpected failures 6
# of expected failures 2
# of untested testcases 27
# of unsupported tests 6
=== obj-c++ tests ===
Running target unix/-m32
=== obj-c++ Summary for unix/-m32 ===
# of expected passes 1454
# of expected failures 2
# of unsupported tests 77
Running target unix
=== obj-c++ Summary for unix ===
# of expected passes 1446
# of expected failures 10
# of unsupported tests 77
=== obj-c++ Summary ===
# of expected passes 2900
# of expected failures 12
# of unsupported tests 154
/var/gcc/regression/trunk/12-gcc-gas-64/build/gcc/testsuite/obj-c++/../../xg++ version 6.0.0 20160311 (experimental) [trunk revision 234134] (GCC)
=== objc tests ===
Running target unix
=== objc Summary for unix ===
# of expected passes 2789
# of unsupported tests 68
Running target unix/-m32
=== objc Summary for unix/-m32 ===
# of expected passes 2789
# of unsupported tests 68
=== objc Summary ===
# of expected passes 5578
# of unsupported tests 136
/var/gcc/regression/trunk/12-gcc-gas-64/build/gcc/xgcc version 6.0.0 20160311 (experimental) [trunk revision 234134] (GCC)
=== boehm-gc tests ===
Running target unix/-m32
=== boehm-gc Summary for unix/-m32 ===
# of expected passes 12
# of unsupported tests 1
Running target unix
=== boehm-gc Summary for unix ===
# of expected passes 12
# of unsupported tests 1
=== boehm-gc Summary ===
# of expected passes 24
# of unsupported tests 2
=== libatomic tests ===
Running target unix/-m32
=== libatomic Summary for unix/-m32 ===
# of expected passes 44
# of unsupported tests 5
Running target unix
=== libatomic Summary for unix ===
# of expected passes 54
=== libatomic Summary ===
# of expected passes 98
# of unsupported tests 5
=== libffi tests ===
Running target unix/-m32
WARNING: program timed out.
FAIL: libffi.call/return_ul.c -W -Wall -Wno-psabi -O2 -fomit-frame-pointer (test for excess errors)
WARNING: libffi.call/return_ul.c -W -Wall -Wno-psabi -O2 -fomit-frame-pointer compilation failed to produce executable
=== libffi Summary for unix/-m32 ===
# of expected passes 1911
# of unexpected failures 1
# of unsupported tests 30
Running target unix
=== libffi Summary for unix ===
# of expected passes 1914
# of unsupported tests 30
=== libffi Summary ===
# of expected passes 3825
# of unexpected failures 1
# of unsupported tests 60
=== libgo tests ===
Running target unix
FAIL: go/build
=== libgo Summary for unix ===
# of expected passes 133
# of unexpected failures 1
Running target unix/-m32
FAIL: reflect
FAIL: go/build
FAIL: runtime/pprof
=== libgo Summary for unix/-m32 ===
# of expected passes 131
# of unexpected failures 3
=== libgo Summary ===
# of expected passes 264
# of unexpected failures 4
/var/gcc/regression/trunk/12-gcc-gas-64/build/./gcc/gccgo version 6.0.0 20160311 (experimental) [trunk revision 234134] (GCC)
=== libgomp tests ===
Running target unix/-m32
WARNING: program timed out.
FAIL: libgomp.c/for-3.c (test for excess errors)
WARNING: libgomp.c/for-3.c compilation failed to produce executable
WARNING: program timed out.
FAIL: libgomp.c/for-5.c (test for excess errors)
WARNING: libgomp.c/for-5.c compilation failed to produce executable
WARNING: program timed out.
FAIL: libgomp.c/for-6.c (test for excess errors)
WARNING: libgomp.c/for-6.c compilation failed to produce executable
WARNING: program timed out.
FAIL: libgomp.c/pr43893.c (test for excess errors)
WARNING: libgomp.c/pr43893.c compilation failed to produce executable
WARNING: program timed out.
FAIL: libgomp.c++/for-10.C (test for excess errors)
WARNING: libgomp.c++/for-10.C compilation failed to produce executable
WARNING: program timed out.
FAIL: libgomp.c++/for-11.C (test for excess errors)
WARNING: libgomp.c++/for-11.C compilation failed to produce executable
WARNING: program timed out.
FAIL: libgomp.c++/for-13.C (test for excess errors)
WARNING: libgomp.c++/for-13.C compilation failed to produce executable
WARNING: program timed out.
FAIL: libgomp.c++/for-14.C (test for excess errors)
WARNING: libgomp.c++/for-14.C compilation failed to produce executable
WARNING: program timed out.
FAIL: libgomp.fortran/alloc-comp-2.f90 -O2 (test for excess errors)
WARNING: libgomp.fortran/alloc-comp-2.f90 -O2 compilation failed to produce executable
WARNING: program timed out.
FAIL: libgomp.fortran/alloc-comp-3.f90 -O2 (test for excess errors)
WARNING: libgomp.fortran/alloc-comp-3.f90 -O2 compilation failed to produce executable
=== libgomp Summary for unix/-m32 ===
# of expected passes 4777
# of unexpected failures 10
# of unsupported tests 310
Running target unix
=== libgomp Summary for unix ===
# of expected passes 4797
# of unsupported tests 310
=== libgomp Summary ===
# of expected passes 9574
# of unexpected failures 10
# of unsupported tests 620
=== libitm tests ===
Running target unix/-m32
=== libitm Summary for unix/-m32 ===
# of expected passes 42
# of expected failures 3
# of unsupported tests 1
Running target unix
=== libitm Summary for unix ===
# of expected passes 42
# of expected failures 3
# of unsupported tests 1
=== libitm Summary ===
# of expected passes 84
# of expected failures 6
# of unsupported tests 2
=== libjava tests ===
Running target unix/-m32
WARNING: program timed out.
FAIL: PR27908 -O3 -findirect-dispatch compilation from source
WARNING: program timed out.
FAIL: Shazam compilation from source
=== libjava Summary for unix/-m32 ===
# of expected passes 2576
# of unexpected failures 2
# of expected failures 4
# of untested testcases 4
Running target unix
=== libjava Summary for unix ===
# of expected passes 2582
# of expected failures 4
=== libjava Summary ===
# of expected passes 5158
# of unexpected failures 2
# of expected failures 8
# of untested testcases 4
=== libstdc++ tests ===
Running target unix
FAIL: 21_strings/basic_string/allocator/wchar_t/copy.cc (test for excess errors)
FAIL: 23_containers/set/debug/invalidation/2.cc (test for excess errors)
WARNING: 23_containers/set/debug/invalidation/2.cc compilation failed to produce executable
FAIL: 23_containers/unordered_multimap/allocator/move.cc (test for excess errors)
WARNING: 23_containers/unordered_multimap/allocator/move.cc compilation failed to produce executable
FAIL: 28_regex/algorithms/regex_match/awk/cstring_01.cc (test for excess errors)
WARNING: 28_regex/algorithms/regex_match/awk/cstring_01.cc compilation failed to produce executable
FAIL: 28_regex/algorithms/regex_match/ecma/char/empty_range.cc (test for excess errors)
WARNING: 28_regex/algorithms/regex_match/ecma/char/empty_range.cc compilation failed to produce executable
FAIL: 28_regex/algorithms/regex_match/ecma/wchar_t/63199.cc (test for excess errors)
WARNING: 28_regex/algorithms/regex_match/ecma/wchar_t/63199.cc compilation failed to produce executable
FAIL: 28_regex/algorithms/regex_match/extended/cstring_plus.cc (test for excess errors)
WARNING: 28_regex/algorithms/regex_match/extended/cstring_plus.cc compilation failed to produce executable
FAIL: 28_regex/algorithms/regex_replace/char/dr2213.cc (test for excess errors)
WARNING: 28_regex/algorithms/regex_replace/char/dr2213.cc compilation failed to produce executable
FAIL: 28_regex/algorithms/regex_search/ecma/assertion.cc (test for excess errors)
WARNING: 28_regex/algorithms/regex_search/ecma/assertion.cc compilation failed to produce executable
FAIL: 28_regex/basic_regex/assign/char/cstring.cc (test for excess errors)
WARNING: 28_regex/basic_regex/assign/char/cstring.cc compilation failed to produce executable
FAIL: 28_regex/basic_regex/assign/char/moveable.cc (test for excess errors)
WARNING: 28_regex/basic_regex/assign/char/moveable.cc compilation failed to produce executable
FAIL: 28_regex/constants/syntax_option_type.cc (test for excess errors)
WARNING: 28_regex/constants/syntax_option_type.cc compilation failed to produce executable
FAIL: 28_regex/iterators/regex_token_iterator/wchar_t/string_01.cc (test for excess errors)
FAIL: 28_regex/match_results/format.cc (test for excess errors)
WARNING: 28_regex/match_results/format.cc compilation failed to produce executable
FAIL: 28_regex/traits/wchar_t/user_defined.cc (test for excess errors)
WARNING: 28_regex/traits/wchar_t/user_defined.cc compilation failed to produce executable
FAIL: 29_atomics/atomic/cons/single_value.cc (test for excess errors)
FAIL: 30_threads/promise/members/set_exception2.cc (test for excess errors)
WARNING: 30_threads/promise/members/set_exception2.cc compilation failed to produce executable
FAIL: 30_threads/recursive_timed_mutex/unlock/1.cc (test for excess errors)
WARNING: 30_threads/recursive_timed_mutex/unlock/1.cc compilation failed to produce executable
FAIL: 30_threads/shared_future/members/wait_until.cc (test for excess errors)
WARNING: 30_threads/shared_future/members/wait_until.cc compilation failed to produce executable
ERROR: could not compile testsuite_abi.cc
FAIL: experimental/filesystem/iterators/recursive_directory_iterator.cc (test for excess errors)
WARNING: experimental/filesystem/iterators/recursive_directory_iterator.cc compilation failed to produce executable
FAIL: ext/pb_ds/regression/tree_map_rand.cc (test for excess errors)
WARNING: ext/pb_ds/regression/tree_map_rand.cc compilation failed to produce executable
FAIL: ext/pb_ds/regression/tree_set_rand.cc (test for excess errors)
WARNING: ext/pb_ds/regression/tree_set_rand.cc compilation failed to produce executable
WARNING: program timed out.
WARNING: program timed out.
WARNING: program timed out.
WARNING: program timed out.
WARNING: program timed out.
WARNING: program timed out.
WARNING: program timed out.
WARNING: program timed out.
WARNING: program timed out.
WARNING: program timed out.
WARNING: program timed out.
WARNING: program timed out.
WARNING: program timed out.
WARNING: program timed out.
WARNING: program timed out.
WARNING: program timed out.
WARNING: program timed out.
WARNING: program timed out.
WARNING: program timed out.
WARNING: program timed out.
WARNING: program timed out.
WARNING: program timed out.
WARNING: program timed out.
ERROR: tcl error sourcing /vol/gcc/src/hg/trunk/local/libstdc++-v3/testsuite/libstdc++-dg/conformance.exp.
=== libstdc++ Summary for unix ===
# of expected passes 9801
# of unexpected failures 22
# of expected failures 68
# of unsupported tests 694
Running target unix/-m32
FAIL: 20_util/scoped_allocator/2.cc (test for excess errors)
WARNING: 20_util/scoped_allocator/2.cc compilation failed to produce executable
FAIL: 23_containers/forward_list/modifiers/2.cc (test for excess errors)
WARNING: 23_containers/forward_list/modifiers/2.cc compilation failed to produce executable
FAIL: 23_containers/multiset/debug/move_assign_neg.cc (test for excess errors)
WARNING: 23_containers/multiset/debug/move_assign_neg.cc compilation failed to produce executable
FAIL: 23_containers/unordered_map/insert/map_single.cc (test for excess errors)
WARNING: 23_containers/unordered_map/insert/map_single.cc compilation failed to produce executable
FAIL: 23_containers/unordered_map/requirements/exception/generation_prohibited.cc (test for excess errors)
WARNING: 23_containers/unordered_map/requirements/exception/generation_prohibited.cc compilation failed to produce executable
FAIL: 23_containers/unordered_multimap/insert/53115.cc (test for excess errors)
WARNING: 23_containers/unordered_multimap/insert/53115.cc compilation failed to produce executable
FAIL: 27_io/manipulators/standard/wchar_t/quoted.cc (test for excess errors)
WARNING: 27_io/manipulators/standard/wchar_t/quoted.cc compilation failed to produce executable
FAIL: 28_regex/algorithms/regex_match/awk/cstring_01.cc (test for excess errors)
WARNING: 28_regex/algorithms/regex_match/awk/cstring_01.cc compilation failed to produce executable
FAIL: 28_regex/algorithms/regex_match/ecma/wchar_t/anymatcher.cc (test for excess errors)
WARNING: 28_regex/algorithms/regex_match/ecma/wchar_t/anymatcher.cc compilation failed to produce executable
FAIL: 28_regex/algorithms/regex_match/ecma/wchar_t/cjk_match.cc (test for excess errors)
WARNING: 28_regex/algorithms/regex_match/ecma/wchar_t/cjk_match.cc compilation failed to produce executable
FAIL: 28_regex/algorithms/regex_match/ecma/wchar_t/hex.cc (test for excess errors)
WARNING: 28_regex/algorithms/regex_match/ecma/wchar_t/hex.cc compilation failed to produce executable
FAIL: 28_regex/algorithms/regex_match/extended/string_range_00_03.cc (test for excess errors)
WARNING: 28_regex/algorithms/regex_match/extended/string_range_00_03.cc compilation failed to produce executable
FAIL: 28_regex/algorithms/regex_replace/char/dr2213.cc (test for excess errors)
WARNING: 28_regex/algorithms/regex_replace/char/dr2213.cc compilation failed to produce executable
FAIL: 28_regex/algorithms/regex_search/ecma/assertion.cc (test for excess errors)
WARNING: 28_regex/algorithms/regex_search/ecma/assertion.cc compilation failed to produce executable
FAIL: 28_regex/basic_regex/assign/char/cstring.cc (test for excess errors)
WARNING: 28_regex/basic_regex/assign/char/cstring.cc compilation failed to produce executable
FAIL: 28_regex/iterators/regex_iterator/char/string_01.cc (test for excess errors)
WARNING: 28_regex/iterators/regex_iterator/char/string_01.cc compilation failed to produce executable
FAIL: 28_regex/iterators/regex_token_iterator/64303.cc (test for excess errors)
WARNING: 28_regex/iterators/regex_token_iterator/64303.cc compilation failed to produce executable
FAIL: 28_regex/match_results/format.cc (test for excess errors)
WARNING: 28_regex/match_results/format.cc compilation failed to produce executable
FAIL: experimental/filesystem/operations/temp_directory_path.cc (test for excess errors)
FAIL: ext/pb_ds/regression/tree_set_rand.cc (test for excess errors)
WARNING: ext/pb_ds/regression/tree_set_rand.cc compilation failed to produce executable
WARNING: program timed out.
WARNING: program timed out.
WARNING: program timed out.
WARNING: program timed out.
WARNING: program timed out.
WARNING: program timed out.
WARNING: program timed out.
WARNING: program timed out.
WARNING: program timed out.
WARNING: program timed out.
WARNING: program timed out.
WARNING: program timed out.
WARNING: program timed out.
WARNING: program timed out.
WARNING: program timed out.
WARNING: program timed out.
WARNING: program timed out.
WARNING: program timed out.
WARNING: program timed out.
WARNING: program timed out.
=== libstdc++ Summary for unix/-m32 ===
# of expected passes 9804
# of unexpected failures 20
# of expected failures 67
# of unsupported tests 694
=== libstdc++ Summary ===
# of expected passes 19605
# of unexpected failures 42
# of expected failures 135
# of unsupported tests 1388
Compiler version: 6.0.0 20160311 (experimental) [trunk revision 234134] (GCC)
Platform: sparcv9-sun-solaris2.12
configure flags: --prefix=/vol/gcc --target=sparcv9-sun-solaris2.12 --enable-objc-gc --with-as=/vol/gcc/bin/sparcv9/gas-2.26 --with-gnu-as --with-gmp-include=/vol/gcc/include --with-gmp-lib=/vol/gcc/lib/sparcv9 --with-mpfr-include=/vol/gcc/include --with-mpfr-lib=/vol/gcc/lib/sparcv9 --with-mpc-include=/vol/gcc/include --with-mpc-lib=/vol/gcc/lib/sparcv9 --enable-languages=all,ada,obj-c++,go --with-isl-include=/vol/gcc/include --with-isl-lib=/vol/gcc/lib/sparcv9 --build=sparcv9-sun-solaris2.12 --host=sparcv9-sun-solaris2.12
BOOT_CFLAGS=-g -O2