This is the mail archive of the gcc-testresults@gcc.gnu.org mailing list for the GCC project.
Index Nav: | [Date Index] [Subject Index] [Author Index] [Thread Index] | |
---|---|---|
Message Nav: | [Date Prev] [Date Next] | [Thread Prev] [Thread Next] |
Other format: | [Raw text] |
=== g++ Summary === # of expected passes 93682 # of unexpected failures 511 # of unexpected successes 3 # of expected failures 278 # of unresolved testcases 29 # of unsupported tests 3818 === gcc Summary === # of expected passes 106631 # of unexpected failures 945 # of unexpected successes 26 # of expected failures 304 # of unresolved testcases 334 # of unsupported tests 1690 /cygdrive/c/users/tim/tim/tim/src/gnu/gcc2/cyg64/gcc/xgcc version 6.0.0 20160310 (experimental) (GCC) === gfortran tests === Running target unix FAIL: gfortran.dg/coarray/event_2.f90 -fcoarray=lib -O2 -lcaf_single -latomic execution test FAIL: gfortran.dg/bind_c_array_params_2.f90 -O scan-assembler-times [ \\t][\$,_0-9]*myBindC 1 XPASS: gfortran.dg/default_format_denormal_1.f90 -O0 execution test XPASS: gfortran.dg/default_format_denormal_1.f90 -O1 execution test XPASS: gfortran.dg/default_format_denormal_1.f90 -O2 execution test XPASS: gfortran.dg/default_format_denormal_1.f90 -O3 -fomit-frame-pointer -funroll-loops -fpeel-loops -ftracer -finline-functions execution test XPASS: gfortran.dg/default_format_denormal_1.f90 -O3 -g execution test XPASS: gfortran.dg/default_format_denormal_1.f90 -Os execution test FAIL: gfortran.dg/error_format_2.f90 -O0 execution test FAIL: gfortran.dg/error_format_2.f90 -O1 execution test FAIL: gfortran.dg/error_format_2.f90 -O2 execution test FAIL: gfortran.dg/error_format_2.f90 -O3 -fomit-frame-pointer -funroll-loops -fpeel-loops -ftracer -finline-functions execution test FAIL: gfortran.dg/error_format_2.f90 -O3 -g execution test FAIL: gfortran.dg/error_format_2.f90 -Os execution test FAIL: gfortran.dg/execute_command_line_2.f90 -O0 execution test FAIL: gfortran.dg/execute_command_line_2.f90 -O1 execution test FAIL: gfortran.dg/execute_command_line_2.f90 -O2 execution test FAIL: gfortran.dg/execute_command_line_2.f90 -O3 -fomit-frame-pointer -funroll-loops -fpeel-loops -ftracer -finline-functions execution test FAIL: gfortran.dg/execute_command_line_2.f90 -O3 -g execution test FAIL: gfortran.dg/execute_command_line_2.f90 -Os execution test FAIL: gfortran.dg/fmt_g0_1.f08 -O0 execution test FAIL: gfortran.dg/fmt_g0_1.f08 -O1 execution test FAIL: gfortran.dg/fmt_g0_1.f08 -O2 execution test FAIL: gfortran.dg/fmt_g0_1.f08 -O3 -fomit-frame-pointer -funroll-loops -fpeel-loops -ftracer -finline-functions execution test FAIL: gfortran.dg/fmt_g0_1.f08 -O3 -g execution test FAIL: gfortran.dg/fmt_g0_1.f08 -Os execution test FAIL: gfortran.dg/fmt_t_8.f90 -O0 output pattern test, is hello FAIL: gfortran.dg/fmt_t_8.f90 -O1 output pattern test, is hello FAIL: gfortran.dg/fmt_t_8.f90 -O2 output pattern test, is hello FAIL: gfortran.dg/fmt_t_8.f90 -O3 -fomit-frame-pointer -funroll-loops -fpeel-loops -ftracer -finline-functions output pattern test, is hello FAIL: gfortran.dg/fmt_t_8.f90 -O3 -g output pattern test, is hello FAIL: gfortran.dg/fmt_t_8.f90 -Os output pattern test, is hello FAIL: gfortran.dg/fmt_unlimited.f90 -O0 execution test FAIL: gfortran.dg/fmt_unlimited.f90 -O1 execution test FAIL: gfortran.dg/fmt_unlimited.f90 -O2 execution test FAIL: gfortran.dg/fmt_unlimited.f90 -O3 -fomit-frame-pointer -funroll-loops -fpeel-loops -ftracer -finline-functions execution test FAIL: gfortran.dg/fmt_unlimited.f90 -O3 -g execution test FAIL: gfortran.dg/fmt_unlimited.f90 -Os execution test FAIL: gfortran.dg/internal_dummy_2.f08 -O0 execution test FAIL: gfortran.dg/internal_dummy_2.f08 -O1 execution test FAIL: gfortran.dg/internal_dummy_2.f08 -O2 execution test FAIL: gfortran.dg/internal_dummy_2.f08 -O3 -fomit-frame-pointer -funroll-loops -fpeel-loops -ftracer -finline-functions execution test FAIL: gfortran.dg/internal_dummy_2.f08 -O3 -g execution test FAIL: gfortran.dg/internal_dummy_2.f08 -Os execution test FAIL: gfortran.dg/internal_dummy_3.f08 -O0 execution test FAIL: gfortran.dg/internal_dummy_3.f08 -O1 execution test FAIL: gfortran.dg/internal_dummy_3.f08 -O2 execution test FAIL: gfortran.dg/internal_dummy_3.f08 -O3 -fomit-frame-pointer -funroll-loops -fpeel-loops -ftracer -finline-functions execution test FAIL: gfortran.dg/internal_dummy_3.f08 -O3 -g execution test FAIL: gfortran.dg/internal_dummy_3.f08 -Os execution test FAIL: gfortran.dg/internal_dummy_4.f08 -O0 execution test FAIL: gfortran.dg/namelist_87.f90 -O0 execution test FAIL: gfortran.dg/namelist_87.f90 -O1 execution test FAIL: gfortran.dg/namelist_87.f90 -O2 execution test FAIL: gfortran.dg/namelist_87.f90 -O3 -fomit-frame-pointer -funroll-loops -fpeel-loops -ftracer -finline-functions execution test FAIL: gfortran.dg/namelist_87.f90 -O3 -g execution test FAIL: gfortran.dg/namelist_87.f90 -Os execution test FAIL: gfortran.dg/namelist_88.f90 -O0 execution test FAIL: gfortran.dg/namelist_88.f90 -O1 execution test FAIL: gfortran.dg/namelist_88.f90 -O2 execution test FAIL: gfortran.dg/namelist_88.f90 -O3 -fomit-frame-pointer -funroll-loops -fpeel-loops -ftracer -finline-functions execution test FAIL: gfortran.dg/namelist_88.f90 -O3 -g execution test FAIL: gfortran.dg/namelist_88.f90 -Os execution test FAIL: gfortran.dg/namelist_89.f90 -O0 execution test FAIL: gfortran.dg/namelist_89.f90 -O1 execution test FAIL: gfortran.dg/namelist_89.f90 -O2 execution test FAIL: gfortran.dg/namelist_89.f90 -O3 -fomit-frame-pointer -funroll-loops -fpeel-loops -ftracer -finline-functions execution test FAIL: gfortran.dg/namelist_89.f90 -O3 -g execution test FAIL: gfortran.dg/namelist_89.f90 -Os execution test FAIL: gfortran.dg/pointer_check_1.f90 -O0 output pattern test, is FAIL: gfortran.dg/pointer_check_2.f90 -O0 output pattern test, is FAIL: gfortran.dg/pointer_check_3.f90 -O0 output pattern test, is FAIL: gfortran.dg/pointer_check_4.f90 -O0 output pattern test, is FAIL: gfortran.dg/pr59700.f90 -O0 execution test FAIL: gfortran.dg/pr59700.f90 -O1 execution test FAIL: gfortran.dg/pr59700.f90 -O2 execution test FAIL: gfortran.dg/pr59700.f90 -O3 -fomit-frame-pointer -funroll-loops -fpeel-loops -ftracer -finline-functions execution test FAIL: gfortran.dg/pr59700.f90 -O3 -g execution test FAIL: gfortran.dg/pr59700.f90 -Os execution test FAIL: gfortran.dg/pr67140.f90 -O0 execution test FAIL: gfortran.dg/pr67140.f90 -O1 execution test FAIL: gfortran.dg/pr67140.f90 -O2 execution test FAIL: gfortran.dg/pr67140.f90 -O3 -fomit-frame-pointer -funroll-loops -fpeel-loops -ftracer -finline-functions execution test FAIL: gfortran.dg/pr67140.f90 -O3 -g execution test FAIL: gfortran.dg/pr67140.f90 -Os execution test FAIL: gfortran.dg/proc_ptr_18.f90 -O0 execution test FAIL: gfortran.dg/proc_ptr_19.f90 -O0 execution test FAIL: gfortran.dg/proc_ptr_20.f90 -O0 execution test FAIL: gfortran.dg/proc_ptr_21.f90 -O0 execution test FAIL: gfortran.dg/proc_ptr_23.f90 -O0 execution test FAIL: gfortran.dg/proc_ptr_25.f90 -O0 execution test FAIL: gfortran.dg/proc_ptr_47.f90 -O0 execution test FAIL: gfortran.dg/proc_ptr_48.f90 -O0 execution test FAIL: gfortran.dg/proc_ptr_5.f90 -O0 execution test FAIL: gfortran.dg/proc_ptr_7.f90 -O0 execution test FAIL: gfortran.dg/proc_ptr_comp_1.f90 -O0 execution test FAIL: gfortran.dg/proc_ptr_comp_11.f90 -O0 execution test FAIL: gfortran.dg/proc_ptr_comp_13.f90 -O0 execution test FAIL: gfortran.dg/proc_ptr_comp_14.f90 -O0 execution test FAIL: gfortran.dg/proc_ptr_comp_18.f90 -O0 execution test FAIL: gfortran.dg/proc_ptr_comp_19.f90 -O0 execution test FAIL: gfortran.dg/proc_ptr_comp_2.f90 -O0 execution test FAIL: gfortran.dg/proc_ptr_comp_29.f90 -O0 execution test FAIL: gfortran.dg/proc_ptr_comp_34.f90 -O0 execution test FAIL: gfortran.dg/proc_ptr_comp_5.f90 -O0 execution test FAIL: gfortran.dg/proc_ptr_comp_8.f90 -O0 execution test FAIL: gfortran.dg/proc_ptr_comp_9.f90 -O0 execution test FAIL: gfortran.dg/proc_ptr_comp_pass_3.f90 -O0 execution test FAIL: gfortran.dg/proc_ptr_result_7.f90 -O0 execution test FAIL: gfortran.dg/round_4.f90 -O0 (test for excess errors) UNRESOLVED: gfortran.dg/round_4.f90 -O0 compilation failed to produce executable FAIL: gfortran.dg/round_4.f90 -O1 (test for excess errors) UNRESOLVED: gfortran.dg/round_4.f90 -O1 compilation failed to produce executable FAIL: gfortran.dg/round_4.f90 -O2 (test for excess errors) UNRESOLVED: gfortran.dg/round_4.f90 -O2 compilation failed to produce executable FAIL: gfortran.dg/round_4.f90 -O3 -fomit-frame-pointer -funroll-loops -fpeel-loops -ftracer -finline-functions (test for excess errors) UNRESOLVED: gfortran.dg/round_4.f90 -O3 -fomit-frame-pointer -funroll-loops -fpeel-loops -ftracer -finline-functions compilation failed to produce executable FAIL: gfortran.dg/round_4.f90 -O3 -g (test for excess errors) UNRESOLVED: gfortran.dg/round_4.f90 -O3 -g compilation failed to produce executable FAIL: gfortran.dg/round_4.f90 -Os (test for excess errors) UNRESOLVED: gfortran.dg/round_4.f90 -Os compilation failed to produce executable FAIL: gfortran.dg/shape_8.f90 -O0 execution test FAIL: gfortran.dg/shape_8.f90 -O1 execution test FAIL: gfortran.dg/shape_8.f90 -O2 execution test FAIL: gfortran.dg/shape_8.f90 -O3 -fomit-frame-pointer -funroll-loops -fpeel-loops -ftracer -finline-functions execution test FAIL: gfortran.dg/shape_8.f90 -O3 -g execution test FAIL: gfortran.dg/shape_8.f90 -Os execution test FAIL: gfortran.dg/structure_constructor_11.f90 -O0 execution test FAIL: gfortran.dg/structure_constructor_11.f90 -O1 execution test FAIL: gfortran.dg/structure_constructor_11.f90 -O2 execution test FAIL: gfortran.dg/structure_constructor_11.f90 -O3 -fomit-frame-pointer -funroll-loops -fpeel-loops -ftracer -finline-functions execution test FAIL: gfortran.dg/structure_constructor_11.f90 -O3 -g execution test FAIL: gfortran.dg/structure_constructor_11.f90 -Os execution test FAIL: gfortran.dg/unlimited_polymorphic_19.f90 -O0 execution test FAIL: gfortran.dg/ieee/ieee_8.f90 -O0 execution test FAIL: gfortran.dg/ieee/ieee_8.f90 -O1 execution test FAIL: gfortran.dg/ieee/ieee_8.f90 -O2 execution test FAIL: gfortran.dg/ieee/ieee_8.f90 -O3 -fomit-frame-pointer -funroll-loops -fpeel-loops -ftracer -finline-functions execution test FAIL: gfortran.dg/ieee/ieee_8.f90 -O3 -g execution test FAIL: gfortran.dg/ieee/ieee_8.f90 -Os execution test FAIL: gfortran.dg/ieee/large_1.f90 -O0 (test for excess errors) UNRESOLVED: gfortran.dg/ieee/large_1.f90 -O0 compilation failed to produce executable FAIL: gfortran.dg/ieee/large_1.f90 -O1 (test for excess errors) UNRESOLVED: gfortran.dg/ieee/large_1.f90 -O1 compilation failed to produce executable FAIL: gfortran.dg/ieee/large_1.f90 -O2 (test for excess errors) UNRESOLVED: gfortran.dg/ieee/large_1.f90 -O2 compilation failed to produce executable FAIL: gfortran.dg/ieee/large_1.f90 -O3 -fomit-frame-pointer -funroll-loops -fpeel-loops -ftracer -finline-functions (test for excess errors) UNRESOLVED: gfortran.dg/ieee/large_1.f90 -O3 -fomit-frame-pointer -funroll-loops -fpeel-loops -ftracer -finline-functions compilation failed to produce executable FAIL: gfortran.dg/ieee/large_1.f90 -O3 -g (test for excess errors) UNRESOLVED: gfortran.dg/ieee/large_1.f90 -O3 -g compilation failed to produce executable FAIL: gfortran.dg/ieee/large_1.f90 -Os (test for excess errors) UNRESOLVED: gfortran.dg/ieee/large_1.f90 -Os compilation failed to produce executable FAIL: gfortran.dg/ieee/large_2.f90 -O0 (test for excess errors) UNRESOLVED: gfortran.dg/ieee/large_2.f90 -O0 compilation failed to produce executable FAIL: gfortran.dg/ieee/large_2.f90 -O1 (test for excess errors) UNRESOLVED: gfortran.dg/ieee/large_2.f90 -O1 compilation failed to produce executable FAIL: gfortran.dg/ieee/large_2.f90 -O2 (test for excess errors) UNRESOLVED: gfortran.dg/ieee/large_2.f90 -O2 compilation failed to produce executable FAIL: gfortran.dg/ieee/large_2.f90 -O3 -fomit-frame-pointer -funroll-loops -fpeel-loops -ftracer -finline-functions (test for excess errors) UNRESOLVED: gfortran.dg/ieee/large_2.f90 -O3 -fomit-frame-pointer -funroll-loops -fpeel-loops -ftracer -finline-functions compilation failed to produce executable FAIL: gfortran.dg/ieee/large_2.f90 -O3 -g (test for excess errors) UNRESOLVED: gfortran.dg/ieee/large_2.f90 -O3 -g compilation failed to produce executable FAIL: gfortran.dg/ieee/large_2.f90 -Os (test for excess errors) UNRESOLVED: gfortran.dg/ieee/large_2.f90 -Os compilation failed to produce executable === gfortran Summary === # of expected passes 41294 # of unexpected failures 140 # of unexpected successes 6 # of expected failures 58 # of unresolved testcases 18 # of unsupported tests 280 /cygdrive/c/users/tim/tim/tim/src/gnu/gcc2/cyg64/gcc/testsuite/gfortran/../../gfortran version 6.0.0 20160310 (experimental) (GCC) === gcc tests === === libatomic tests === Running target unix === libatomic Summary === # of expected passes 54 === libgomp tests === Running target unix FAIL: libgomp.c/examples-4/target-1.c execution test FAIL: libgomp.c/examples-4/target-3.c execution test FAIL: libgomp.c/examples-4/target-4.c execution test FAIL: libgomp.fortran/declare-simd-1.f90 -O1 execution test FAIL: libgomp.oacc-c/../libgomp.oacc-c-c++-common/kernels-loop-nest.c -DACC_DEVICE_TYPE_host=1 -DACC_MEM_SHARED=1 execution test FAIL: libgomp.oacc-c++/../libgomp.oacc-c-c++-common/kernels-loop-nest.c -DACC_DEVICE_TYPE_host=1 -DACC_MEM_SHARED=1 execution test === libgomp Summary === # of expected passes 4841 # of unexpected failures 6 # of unsupported tests 262 === libstdc++ tests === Running target unix FAIL: 21_strings/basic_string/numeric_conversions/char/stof.cc execution test FAIL: 21_strings/basic_string/numeric_conversions/wchar_t/stof.cc execution test FAIL: 22_locale/ctype/scan/wchar_t/1.cc execution test XPASS: 23_containers/array/element_access/at_neg.cc execution test FAIL: 27_io/basic_istream/extractors_arithmetic/char/12.cc execution test FAIL: 27_io/basic_istream/extractors_arithmetic/wchar_t/12.cc execution test FAIL: 27_io/basic_ostream/inserters_arithmetic/char/hexfloat.cc execution test FAIL: 30_threads/this_thread/3.cc execution test FAIL: 30_threads/this_thread/60421.cc execution test XPASS: experimental/type_erased_allocator/1_neg.cc execution test FAIL: ext/codecvt/wchar_t.cc execution test FAIL: libstdc++-xmethods/deque.cc print q1.empty() FAIL: libstdc++-xmethods/deque.cc print q0.size() FAIL: libstdc++-xmethods/deque.cc print q3.size()==q3_size FAIL: libstdc++-xmethods/deque.cc print q1.front() FAIL: libstdc++-xmethods/deque.cc print q2.front() FAIL: libstdc++-xmethods/deque.cc print q3.front() FAIL: libstdc++-xmethods/deque.cc print q3.back()==(300+q3_size-1) FAIL: libstdc++-xmethods/deque.cc print q3[0] FAIL: libstdc++-xmethods/deque.cc print q3[q3_size-1]==(300+q3_size-1) FAIL: libstdc++-xmethods/deque.cc whatis q0.empty() FAIL: libstdc++-xmethods/deque.cc whatis q0.size() FAIL: libstdc++-xmethods/forwardlist.cc print l1.empty() FAIL: libstdc++-xmethods/forwardlist.cc print l1.front() FAIL: libstdc++-xmethods/forwardlist.cc whatis l1.empty() FAIL: libstdc++-xmethods/list.cc print l1.empty() === libstdc++ Summary === # of expected passes 10314 # of unexpected failures 24 # of unexpected successes 2 # of expected failures 65 # of unsupported tests 681 Compiler version: 6.0.0 20160310 (experimental) (GCC) Platform: x86_64-unknown-cygwin configure flags: --prefix=/usr/local/gcc6.0 --enable-languages='c c++ fortran' --enable-libgomp --enable-threads=posix --with-dwarf2 --without-libiconv-prefix --without-libintl-prefix --with-system-zlib --disable-werror --without-cloog --without-isl
Attachment:
summary3
Description: Text document
Index Nav: | [Date Index] [Subject Index] [Author Index] [Thread Index] | |
---|---|---|
Message Nav: | [Date Prev] [Date Next] | [Thread Prev] [Thread Next] |