This is the mail archive of the
gcc-testresults@gcc.gnu.org
mailing list for the GCC project.
Results for 6.0.0 20160212 (experimental) [trunk revision 233378] (GCC) testsuite on hppa1.1-hp-hpux10.20
- From: dave at hiauly1 dot hia dot nrc dot ca (John David Anglin)
- To: dave at hiauly1 dot hia dot nrc dot ca, gcc-testresults at gcc dot gnu dot org
- Date: Thu, 3 Mar 2016 20:26:52 -0500 (EST)
- Subject: Results for 6.0.0 20160212 (experimental) [trunk revision 233378] (GCC) testsuite on hppa1.1-hp-hpux10.20
- Authentication-results: sourceware.org; auth=none
Native configuration is hppa1.1-hp-hpux10.20
=== g++ tests ===
Running target unix
WARNING: Could not compile g++.dg/compat/struct-layout-1 generator
FAIL: g++.dg/cpp0x/lambda/lambda-mangle.C -std=gnu++11 scan-assembler weak[^\\n\\r]*_?_ZZ1giENKUlvE_clEv
FAIL: g++.dg/cpp0x/lambda/lambda-mangle.C -std=gnu++11 scan-assembler weak[^\\n\\r]*_?_ZZN1S1fEiiEd0_NKUlvE_clEv
FAIL: g++.dg/cpp0x/lambda/lambda-mangle.C -std=gnu++11 scan-assembler weak[^\\n\\r]*_?_ZNK1RIiE1xMUlvE_clEv
FAIL: g++.dg/cpp0x/lambda/lambda-mangle.C -std=gnu++14 scan-assembler weak[^\\n\\r]*_?_ZZ1giENKUlvE_clEv
FAIL: g++.dg/cpp0x/lambda/lambda-mangle.C -std=gnu++14 scan-assembler weak[^\\n\\r]*_?_ZZN1S1fEiiEd0_NKUlvE_clEv
FAIL: g++.dg/cpp0x/lambda/lambda-mangle.C -std=gnu++14 scan-assembler weak[^\\n\\r]*_?_ZNK1RIiE1xMUlvE_clEv
FAIL: g++.dg/cpp0x/udlit-string-literal.C -std=c++11 (test for excess errors)
FAIL: g++.dg/cpp0x/udlit-string-literal.C -std=c++14 (test for excess errors)
WARNING: program timed out.
FAIL: g++.dg/eh/cleanup1.C -std=c++98 (test for excess errors)
WARNING: program timed out.
FAIL: g++.dg/eh/cleanup1.C -std=c++11 (test for excess errors)
WARNING: program timed out.
FAIL: g++.dg/eh/cleanup1.C -std=c++14 (test for excess errors)
WARNING: program timed out.
WARNING: program timed out.
WARNING: program timed out.
FAIL: g++.dg/template/linkage1.C -std=c++98 scan-assembler (weak|glob)[^\\n]*_Z3fooIXadL_Z13external_funcvEEEvv
FAIL: g++.dg/template/linkage1.C -std=c++11 scan-assembler (weak|glob)[^\\n]*_Z3fooIXadL_Z13external_funcvEEEvv
FAIL: g++.dg/template/linkage1.C -std=c++14 scan-assembler (weak|glob)[^\\n]*_Z3fooIXadL_Z13external_funcvEEEvv
FAIL: c-c++-common/pr36282-3.c -std=c++98 (test for excess errors)
FAIL: c-c++-common/pr36282-3.c -std=c++11 (test for excess errors)
FAIL: c-c++-common/pr36282-3.c -std=c++14 (test for excess errors)
FAIL: c-c++-common/simulate-thread/bitfields-2.c -O2 -g -std=c++98 thread simulation test
FAIL: c-c++-common/simulate-thread/bitfields-2.c -O3 -g -std=c++11 thread simulation test
FAIL: c-c++-common/simulate-thread/bitfields-2.c -Os -g thread simulation test
WARNING: program timed out.
FAIL: g++.dg/torture/pr31863.C -O2 (test for excess errors)
WARNING: program timed out.
FAIL: g++.dg/torture/pr31863.C -O3 -g (test for excess errors)
WARNING: program timed out.
FAIL: g++.dg/torture/pr31863.C -Os (test for excess errors)
WARNING: program timed out.
FAIL: g++.dg/torture/pr65655.C -O0 (test for excess errors)
WARNING: program timed out.
FAIL: g++.dg/torture/pr65655.C -O1 (test for excess errors)
WARNING: program timed out.
FAIL: g++.dg/torture/pr65655.C -O2 (test for excess errors)
WARNING: program timed out.
FAIL: g++.dg/torture/pr65655.C -O3 -g (test for excess errors)
WARNING: program timed out.
FAIL: g++.dg/torture/pr65655.C -Os (test for excess errors)
=== g++ Summary ===
# of expected passes 76025
# of unexpected failures 28
# of expected failures 225
# of unsupported tests 4194
/xxx/gnu/gcc/objdir/gcc/testsuite/g++/../../xg++ version 6.0.0 20160212 (experimental) [trunk revision 233378] (GCC)
=== gcc tests ===
Running target unix
WARNING: program timed out.
FAIL: gcc.c-torture/compile/20001226-1.c -O0 (test for excess errors)
WARNING: program timed out.
FAIL: gcc.c-torture/compile/20001226-1.c -O2 (test for excess errors)
WARNING: program timed out.
FAIL: gcc.c-torture/compile/20001226-1.c -O3 -g (test for excess errors)
WARNING: program timed out.
FAIL: gcc.c-torture/compile/20001226-1.c -Os (test for excess errors)
FAIL: gcc.c-torture/compile/limits-exprparen.c -O0 (internal compiler error)
FAIL: gcc.c-torture/compile/limits-exprparen.c -O0 (test for excess errors)
FAIL: gcc.c-torture/compile/limits-exprparen.c -O1 (internal compiler error)
FAIL: gcc.c-torture/compile/limits-exprparen.c -O1 (test for excess errors)
FAIL: gcc.c-torture/compile/limits-exprparen.c -O2 (internal compiler error)
FAIL: gcc.c-torture/compile/limits-exprparen.c -O2 (test for excess errors)
FAIL: gcc.c-torture/compile/limits-exprparen.c -O3 -g (internal compiler error)
FAIL: gcc.c-torture/compile/limits-exprparen.c -O3 -g (test for excess errors)
FAIL: gcc.c-torture/compile/limits-exprparen.c -Os (internal compiler error)
FAIL: gcc.c-torture/compile/limits-exprparen.c -Os (test for excess errors)
WARNING: program timed out.
FAIL: gcc.c-torture/compile/limits-externdecl.c -O0 (test for excess errors)
WARNING: program timed out.
FAIL: gcc.c-torture/compile/limits-externdecl.c -O1 (test for excess errors)
WARNING: program timed out.
FAIL: gcc.c-torture/compile/limits-externdecl.c -O2 (test for excess errors)
WARNING: program timed out.
FAIL: gcc.c-torture/compile/limits-externdecl.c -O3 -g (test for excess errors)
WARNING: program timed out.
FAIL: gcc.c-torture/compile/limits-externdecl.c -Os (test for excess errors)
WARNING: program timed out.
FAIL: gcc.c-torture/compile/limits-fndefn.c -O1 (test for excess errors)
WARNING: program timed out.
FAIL: gcc.c-torture/compile/limits-fndefn.c -O2 (test for excess errors)
WARNING: program timed out.
FAIL: gcc.c-torture/compile/limits-fndefn.c -O3 -g (test for excess errors)
WARNING: program timed out.
FAIL: gcc.c-torture/compile/limits-fndefn.c -Os (test for excess errors)
FAIL: gcc.c-torture/compile/limits-structnest.c -O0 (test for excess errors)
FAIL: gcc.c-torture/compile/limits-structnest.c -O1 (test for excess errors)
FAIL: gcc.c-torture/compile/limits-structnest.c -O2 (test for excess errors)
FAIL: gcc.c-torture/compile/limits-structnest.c -O3 -g (test for excess errors)
FAIL: gcc.c-torture/compile/limits-structnest.c -Os (test for excess errors)
WARNING: program timed out.
FAIL: gcc.c-torture/compile/pr46534.c -O0 (test for excess errors)
WARNING: program timed out.
FAIL: gcc.c-torture/compile/pr46534.c -O1 (test for excess errors)
WARNING: program timed out.
FAIL: gcc.c-torture/compile/pr46534.c -O2 (test for excess errors)
WARNING: program timed out.
FAIL: gcc.c-torture/compile/pr46534.c -O3 -g (test for excess errors)
WARNING: program timed out.
FAIL: gcc.c-torture/compile/pr46534.c -Os (test for excess errors)
WARNING: program timed out.
FAIL: gcc.c-torture/execute/builtins/memset-chk.c compilation, -O3 -fomit-frame-pointer -funroll-loops -fpeel-loops -ftracer -finline-functions
UNRESOLVED: gcc.c-torture/execute/builtins/memset-chk.c execution, -O3 -fomit-frame-pointer -funroll-loops -fpeel-loops -ftracer -finline-functions
FAIL: gcc.c-torture/execute/pr68532.c -O0 (test for excess errors)
FAIL: gcc.c-torture/execute/pr68532.c -O1 (test for excess errors)
FAIL: gcc.c-torture/execute/pr68532.c -O2 (test for excess errors)
FAIL: gcc.c-torture/execute/pr68532.c -O3 -fomit-frame-pointer -funroll-loops -fpeel-loops -ftracer -finline-functions (test for excess errors)
FAIL: gcc.c-torture/execute/pr68532.c -O3 -g (test for excess errors)
FAIL: gcc.c-torture/execute/pr68532.c -Os (test for excess errors)
FAIL: gcc.c-torture/execute/stkalign.c -O0 execution test
FAIL: gcc.c-torture/execute/stkalign.c -O1 execution test
FAIL: gcc.c-torture/execute/stkalign.c -O2 execution test
FAIL: gcc.c-torture/execute/stkalign.c -O3 -g execution test
FAIL: gcc.c-torture/execute/stkalign.c -Os execution test
WARNING: program timed out.
FAIL: gcc.c-torture/unsorted/dump-noaddr.c, -O0 -dumpbase dump1/dump-noaddr.c -DMASK=1 -x c --param ggc-min-heapsize=1 -fdump-ipa-all -fdump-rtl-all -fdump-tree-all -fdump-noaddr
FAIL: gcc.c-torture/unsorted/dump-noaddr.c.*i.cgraph, -O0 comparison
FAIL: gcc.c-torture/unsorted/dump-noaddr.c.*t.original, -O0 comparison
FAIL: gcc.c-torture/unsorted/dump-noaddr.c.*t.gimple, -O0 comparison
FAIL: gcc.c-torture/unsorted/dump-noaddr.c.*t.omplower, -O0 comparison
FAIL: gcc.c-torture/unsorted/dump-noaddr.c.*t.lower, -O0 comparison
WARNING: Could not compile gcc.dg/compat/struct-layout-1 generator
WARNING: program timed out.
FAIL: gcc.dg/20020425-1.c (test for excess errors)
WARNING: program timed out.
FAIL: gcc.dg/binary-constants-1.c (test for excess errors)
FAIL: gcc.dg/binop-xor1.c scan-tree-dump-times optimized "\\\\^" 1
WARNING: program timed out.
FAIL: gcc.dg/c11-atomic-2.c (test for excess errors)
FAIL: gcc.dg/c11-complex-1.c execution test
WARNING: program timed out.
FAIL: gcc.dg/c99-intconst-1.c (test for excess errors)
FAIL: gcc.dg/ifcvt-4.c scan-rtl-dump ce1 "2 true changes made"
WARNING: program timed out.
FAIL: gcc.dg/long_branch.c (test for excess errors)
WARNING: gcc.dg/long_branch.c compilation failed to produce executable
FAIL: gcc.dg/loop-8.c scan-rtl-dump-times loop2_invariant "Decided" 1
FAIL: gcc.dg/loop-8.c scan-rtl-dump-not loop2_invariant "without introducing a new temporary register"
WARNING: program timed out.
FAIL: gcc.dg/pr43058.c (test for excess errors)
FAIL: gcc.dg/pr43419.c (test for excess errors)
FAIL: gcc.dg/pr46309.c scan-tree-dump-times reassoc1 "Optimizing range tests a_[0-9]*.D. -.1, 1. and -.3, 3.[\\n\\r]* into" 1
FAIL: gcc.dg/pr46309.c scan-tree-dump-times reassoc1 "Optimizing range tests a_[0-9]*.D. -.1, 1. and -.2, 2.[\\n\\r]* into" 1
FAIL: gcc.dg/pr46309.c scan-tree-dump-times reassoc1 "Optimizing range tests a_[0-9]*.D. -.0, 31. and -.64, 95.[\\n\\r]* into" 2
WARNING: program timed out.
FAIL: gcc.dg/pr48141.c (test for excess errors)
WARNING: program timed out.
FAIL: gcc.dg/pr59920-3.c (test for excess errors)
FAIL: gcc.dg/pr64434.c scan-rtl-dump-times expand "Swap operands" 1
FAIL: gcc.dg/pr67964.c (test for excess errors)
FAIL: gcc.dg/pthread-init-2.c (test for excess errors)
FAIL: c-c++-common/pr36282-3.c -Wc++-compat (test for excess errors)
FAIL: c-c++-common/pr36282-4.c -Wc++-compat (test for excess errors)
FAIL: c-c++-common/simulate-thread/bitfields-2.c -O2 -g thread simulation test
FAIL: c-c++-common/simulate-thread/bitfields-2.c -O3 -g thread simulation test
FAIL: gcc.dg/torture/builtin-complex-1.c -O0 execution test
FAIL: gcc.dg/torture/builtin-complex-1.c -O1 execution test
FAIL: gcc.dg/torture/builtin-complex-1.c -O2 execution test
FAIL: gcc.dg/torture/builtin-complex-1.c -Os execution test
FAIL: gcc.dg/torture/pr41094.c -O0 execution test
FAIL: gcc.dg/tree-ssa/ssa-dom-thread-4.c scan-tree-dump-times dom2 "Threaded" 3
FAIL: gcc.dg/tree-ssa/ssa-ifcombine-ccmp-1.c scan-tree-dump optimized "&"
FAIL: gcc.dg/tree-ssa/ssa-ifcombine-ccmp-4.c scan-tree-dump optimized "&"
FAIL: gcc.dg/tree-ssa/ssa-ifcombine-ccmp-5.c scan-tree-dump-times optimized "&" 2
FAIL: gcc.dg/tree-ssa/ssa-ifcombine-ccmp-6.c scan-tree-dump-times optimized "\\\\|" 2
FAIL: gcc.dg/tree-ssa/ssa-thread-11.c scan-tree-dump-not vrp2 "IRREDUCIBLE_LOOP"
FAIL: gcc.dg/tree-ssa/ssa-thread-11.c scan-tree-dump vrp2 "FSM"
=== gcc Summary ===
# of expected passes 62966
# of unexpected failures 87
# of expected failures 109
# of unresolved testcases 1
# of unsupported tests 1849
/xxx/gnu/gcc/objdir/gcc/xgcc version 6.0.0 20160212 (experimental) [trunk revision 233378] (GCC)
=== gfortran tests ===
Running target unix
FAIL: gfortran.dg/coarray/alloc_comp_1.f90 -fcoarray=lib -O2 -lcaf_single (test for excess errors)
FAIL: gfortran.dg/coarray/alloc_comp_1.f90 -fcoarray=lib -O2 -lcaf_single execution test
FAIL: gfortran.dg/coarray/allocate_errgmsg.f90 -fcoarray=lib -O2 -lcaf_single (test for excess errors)
FAIL: gfortran.dg/coarray/allocate_errgmsg.f90 -fcoarray=lib -O2 -lcaf_single execution test
FAIL: gfortran.dg/coarray/atomic_1.f90 -fcoarray=lib -O2 -lcaf_single (test for excess errors)
FAIL: gfortran.dg/coarray/atomic_1.f90 -fcoarray=lib -O2 -lcaf_single execution test
FAIL: gfortran.dg/coarray/atomic_2.f90 -fcoarray=single -O2 (test for excess errors)
FAIL: gfortran.dg/coarray/atomic_2.f90 -fcoarray=single -O2 execution test
FAIL: gfortran.dg/coarray/atomic_2.f90 -fcoarray=lib -O2 -lcaf_single (test for excess errors)
FAIL: gfortran.dg/coarray/atomic_2.f90 -fcoarray=lib -O2 -lcaf_single execution test
FAIL: gfortran.dg/coarray/codimension.f90 -fcoarray=lib -O2 -lcaf_single (test for excess errors)
FAIL: gfortran.dg/coarray/codimension.f90 -fcoarray=lib -O2 -lcaf_single execution test
FAIL: gfortran.dg/coarray/codimension_2.f90 -fcoarray=lib -O2 -lcaf_single (test for excess errors)
WARNING: program timed out.
FAIL: gfortran.dg/coarray/coindexed_1.f90 -fcoarray=lib -O2 -lcaf_single (test for excess errors)
WARNING: gfortran.dg/coarray/coindexed_1.f90 -fcoarray=lib -O2 -lcaf_single compilation failed to produce executable
FAIL: gfortran.dg/coarray/collectives_1.f90 -fcoarray=lib -O2 -lcaf_single (test for excess errors)
FAIL: gfortran.dg/coarray/collectives_1.f90 -fcoarray=lib -O2 -lcaf_single execution test
FAIL: gfortran.dg/coarray/collectives_2.f90 -fcoarray=lib -O2 -lcaf_single (test for excess errors)
FAIL: gfortran.dg/coarray/collectives_2.f90 -fcoarray=lib -O2 -lcaf_single execution test
FAIL: gfortran.dg/coarray/collectives_3.f90 -fcoarray=lib -O2 -lcaf_single (test for excess errors)
FAIL: gfortran.dg/coarray/collectives_3.f90 -fcoarray=lib -O2 -lcaf_single execution test
FAIL: gfortran.dg/coarray/collectives_4.f90 -fcoarray=lib -O2 -lcaf_single (test for excess errors)
FAIL: gfortran.dg/coarray/collectives_4.f90 -fcoarray=lib -O2 -lcaf_single execution test
FAIL: gfortran.dg/coarray/cosubscript_1.f90 -fcoarray=lib -O2 -lcaf_single (test for excess errors)
FAIL: gfortran.dg/coarray/cosubscript_1.f90 -fcoarray=lib -O2 -lcaf_single execution test
FAIL: gfortran.dg/coarray/dummy_1.f90 -fcoarray=lib -O2 -lcaf_single (test for excess errors)
FAIL: gfortran.dg/coarray/dummy_1.f90 -fcoarray=lib -O2 -lcaf_single execution test
FAIL: gfortran.dg/coarray/event_1.f90 -fcoarray=lib -O2 -lcaf_single (test for excess errors)
FAIL: gfortran.dg/coarray/event_1.f90 -fcoarray=lib -O2 -lcaf_single execution test
FAIL: gfortran.dg/coarray/event_2.f90 -fcoarray=lib -O2 -lcaf_single (test for excess errors)
FAIL: gfortran.dg/coarray/event_2.f90 -fcoarray=lib -O2 -lcaf_single execution test
FAIL: gfortran.dg/coarray/get_array.f90 -fcoarray=lib -O2 -lcaf_single (test for excess errors)
FAIL: gfortran.dg/coarray/get_array.f90 -fcoarray=lib -O2 -lcaf_single execution test
FAIL: gfortran.dg/coarray/image_index_1.f90 -fcoarray=lib -O2 -lcaf_single (test for excess errors)
FAIL: gfortran.dg/coarray/image_index_1.f90 -fcoarray=lib -O2 -lcaf_single execution test
FAIL: gfortran.dg/coarray/image_index_2.f90 -fcoarray=lib -O2 -lcaf_single (test for excess errors)
FAIL: gfortran.dg/coarray/image_index_2.f90 -fcoarray=lib -O2 -lcaf_single execution test
FAIL: gfortran.dg/coarray/image_index_3.f90 -fcoarray=lib -O2 -lcaf_single (test for excess errors)
FAIL: gfortran.dg/coarray/image_index_3.f90 -fcoarray=lib -O2 -lcaf_single execution test
FAIL: gfortran.dg/coarray/lib_realloc_1.f90 -fcoarray=lib -O2 -lcaf_single (test for excess errors)
FAIL: gfortran.dg/coarray/lib_realloc_1.f90 -fcoarray=lib -O2 -lcaf_single execution test
FAIL: gfortran.dg/coarray/lock_1.f90 -fcoarray=lib -O2 -lcaf_single (test for excess errors)
FAIL: gfortran.dg/coarray/lock_1.f90 -fcoarray=lib -O2 -lcaf_single execution test
FAIL: gfortran.dg/coarray/lock_2.f90 -fcoarray=lib -O2 -lcaf_single (test for excess errors)
FAIL: gfortran.dg/coarray/lock_2.f90 -fcoarray=lib -O2 -lcaf_single execution test
FAIL: gfortran.dg/coarray/move_alloc_1.f90 -fcoarray=lib -O2 -lcaf_single (test for excess errors)
FAIL: gfortran.dg/coarray/move_alloc_1.f90 -fcoarray=lib -O2 -lcaf_single execution test
FAIL: gfortran.dg/coarray/poly_run_1.f90 -fcoarray=lib -O2 -lcaf_single (test for excess errors)
FAIL: gfortran.dg/coarray/poly_run_1.f90 -fcoarray=lib -O2 -lcaf_single execution test
FAIL: gfortran.dg/coarray/poly_run_2.f90 -fcoarray=lib -O2 -lcaf_single (test for excess errors)
FAIL: gfortran.dg/coarray/poly_run_2.f90 -fcoarray=lib -O2 -lcaf_single execution test
FAIL: gfortran.dg/coarray/poly_run_3.f90 -fcoarray=lib -O2 -lcaf_single (test for excess errors)
FAIL: gfortran.dg/coarray/poly_run_3.f90 -fcoarray=lib -O2 -lcaf_single execution test
FAIL: gfortran.dg/coarray/registering_1.f90 -fcoarray=lib -O2 -lcaf_single (test for excess errors)
FAIL: gfortran.dg/coarray/registering_1.f90 -fcoarray=lib -O2 -lcaf_single execution test
FAIL: gfortran.dg/coarray/scalar_alloc_1.f90 -fcoarray=lib -O2 -lcaf_single (test for excess errors)
FAIL: gfortran.dg/coarray/scalar_alloc_1.f90 -fcoarray=lib -O2 -lcaf_single execution test
FAIL: gfortran.dg/coarray/scalar_alloc_2.f90 -fcoarray=lib -O2 -lcaf_single (test for excess errors)
FAIL: gfortran.dg/coarray/scalar_alloc_2.f90 -fcoarray=lib -O2 -lcaf_single execution test
FAIL: gfortran.dg/coarray/send_array.f90 -fcoarray=lib -O2 -lcaf_single (test for excess errors)
FAIL: gfortran.dg/coarray/send_array.f90 -fcoarray=lib -O2 -lcaf_single execution test
FAIL: gfortran.dg/coarray/sendget_array.f90 -fcoarray=lib -O2 -lcaf_single (test for excess errors)
FAIL: gfortran.dg/coarray/sendget_array.f90 -fcoarray=lib -O2 -lcaf_single execution test
FAIL: gfortran.dg/coarray/subobject_1.f90 -fcoarray=lib -O2 -lcaf_single (test for excess errors)
FAIL: gfortran.dg/coarray/subobject_1.f90 -fcoarray=lib -O2 -lcaf_single execution test
FAIL: gfortran.dg/coarray/sync_1.f90 -fcoarray=lib -O2 -lcaf_single (test for excess errors)
FAIL: gfortran.dg/coarray/sync_1.f90 -fcoarray=lib -O2 -lcaf_single execution test
FAIL: gfortran.dg/coarray/sync_3.f90 -fcoarray=lib -O2 -lcaf_single (test for excess errors)
FAIL: gfortran.dg/coarray/sync_3.f90 -fcoarray=lib -O2 -lcaf_single output pattern test, is remote_spawn failed, should match Fortran runtime error: Invalid image number -1 in SYNC IMAGES
FAIL: gfortran.dg/coarray/this_image_1.f90 -fcoarray=lib -O2 -lcaf_single (test for excess errors)
FAIL: gfortran.dg/coarray/this_image_1.f90 -fcoarray=lib -O2 -lcaf_single execution test
FAIL: gfortran.dg/coarray/this_image_2.f90 -fcoarray=lib -O2 -lcaf_single (test for excess errors)
FAIL: gfortran.dg/coarray/this_image_2.f90 -fcoarray=lib -O2 -lcaf_single execution test
FAIL: gfortran.dg/coarray_40.f90 -O0 (test for excess errors)
FAIL: gfortran.dg/coarray_40.f90 -O0 execution test
FAIL: gfortran.dg/coarray_40.f90 -O1 (test for excess errors)
FAIL: gfortran.dg/coarray_40.f90 -O1 execution test
FAIL: gfortran.dg/coarray_40.f90 -O2 (test for excess errors)
FAIL: gfortran.dg/coarray_40.f90 -O2 execution test
FAIL: gfortran.dg/coarray_40.f90 -O3 -fomit-frame-pointer -funroll-loops -fpeel-loops -ftracer -finline-functions (test for excess errors)
FAIL: gfortran.dg/coarray_40.f90 -O3 -fomit-frame-pointer -funroll-loops -fpeel-loops -ftracer -finline-functions execution test
FAIL: gfortran.dg/coarray_40.f90 -O3 -g (test for excess errors)
FAIL: gfortran.dg/coarray_40.f90 -O3 -g execution test
FAIL: gfortran.dg/coarray_40.f90 -Os (test for excess errors)
FAIL: gfortran.dg/coarray_40.f90 -Os execution test
FAIL: gfortran.dg/coarray_lib_comm_1.f90 -O0 (test for excess errors)
FAIL: gfortran.dg/coarray_lib_comm_1.f90 -O0 execution test
FAIL: gfortran.dg/coarray_lib_comm_1.f90 -O1 (test for excess errors)
FAIL: gfortran.dg/coarray_lib_comm_1.f90 -O1 execution test
FAIL: gfortran.dg/coarray_lib_comm_1.f90 -O2 (test for excess errors)
FAIL: gfortran.dg/coarray_lib_comm_1.f90 -O2 execution test
FAIL: gfortran.dg/coarray_lib_comm_1.f90 -O3 -fomit-frame-pointer -funroll-loops -fpeel-loops -ftracer -finline-functions (test for excess errors)
FAIL: gfortran.dg/coarray_lib_comm_1.f90 -O3 -fomit-frame-pointer -funroll-loops -fpeel-loops -ftracer -finline-functions execution test
FAIL: gfortran.dg/coarray_lib_comm_1.f90 -O3 -g (test for excess errors)
FAIL: gfortran.dg/coarray_lib_comm_1.f90 -O3 -g execution test
FAIL: gfortran.dg/coarray_lib_comm_1.f90 -Os (test for excess errors)
FAIL: gfortran.dg/coarray_lib_comm_1.f90 -Os execution test
FAIL: gfortran.dg/erf_2.F90 -O0 execution test
FAIL: gfortran.dg/erf_2.F90 -O1 execution test
FAIL: gfortran.dg/erf_2.F90 -O2 execution test
FAIL: gfortran.dg/erf_2.F90 -O3 -fomit-frame-pointer -funroll-loops -fpeel-loops -ftracer -finline-functions execution test
FAIL: gfortran.dg/erf_2.F90 -O3 -g execution test
FAIL: gfortran.dg/erf_2.F90 -Os execution test
FAIL: gfortran.dg/implicit_class_1.f90 -O0 (test for excess errors)
WARNING: gfortran.dg/implicit_class_1.f90 -O0 compilation failed to produce executable
FAIL: gfortran.dg/implicit_class_1.f90 -O1 (test for excess errors)
WARNING: gfortran.dg/implicit_class_1.f90 -O1 compilation failed to produce executable
FAIL: gfortran.dg/implicit_class_1.f90 -O2 (test for excess errors)
WARNING: gfortran.dg/implicit_class_1.f90 -O2 compilation failed to produce executable
FAIL: gfortran.dg/implicit_class_1.f90 -O3 -fomit-frame-pointer -funroll-loops -fpeel-loops -ftracer -finline-functions (test for excess errors)
WARNING: gfortran.dg/implicit_class_1.f90 -O3 -fomit-frame-pointer -funroll-loops -fpeel-loops -ftracer -finline-functions compilation failed to produce executable
FAIL: gfortran.dg/implicit_class_1.f90 -O3 -g (test for excess errors)
WARNING: gfortran.dg/implicit_class_1.f90 -O3 -g compilation failed to produce executable
FAIL: gfortran.dg/implicit_class_1.f90 -Os (test for excess errors)
WARNING: gfortran.dg/implicit_class_1.f90 -Os compilation failed to produce executable
WARNING: program timed out.
FAIL: gfortran.dg/initialization_21.f90 -O (test for excess errors)
FAIL: gfortran.dg/integer_exponentiation_4.f90 -O (internal compiler error)
FAIL: gfortran.dg/integer_exponentiation_4.f90 -O (test for errors, line 24)
FAIL: gfortran.dg/integer_exponentiation_4.f90 -O (test for errors, line 25)
FAIL: gfortran.dg/integer_exponentiation_4.f90 -O (test for errors, line 26)
FAIL: gfortran.dg/integer_exponentiation_4.f90 -O (test for errors, line 27)
FAIL: gfortran.dg/integer_exponentiation_4.f90 -O (test for errors, line 35)
FAIL: gfortran.dg/integer_exponentiation_4.f90 -O (test for errors, line 36)
FAIL: gfortran.dg/integer_exponentiation_4.f90 -O (test for errors, line 37)
FAIL: gfortran.dg/integer_exponentiation_4.f90 -O (test for errors, line 38)
FAIL: gfortran.dg/integer_exponentiation_4.f90 -O (test for errors, line 41)
FAIL: gfortran.dg/integer_exponentiation_4.f90 -O (test for errors, line 42)
FAIL: gfortran.dg/integer_exponentiation_4.f90 -O (test for excess errors)
WARNING: program timed out.
FAIL: gfortran.dg/minlocval_3.f90 -O1 (test for excess errors)
WARNING: gfortran.dg/minlocval_3.f90 -O1 compilation failed to produce executable
WARNING: program timed out.
FAIL: gfortran.dg/minlocval_3.f90 -O2 (test for excess errors)
WARNING: gfortran.dg/minlocval_3.f90 -O2 compilation failed to produce executable
WARNING: program timed out.
FAIL: gfortran.dg/minlocval_3.f90 -O3 -fomit-frame-pointer -funroll-loops -fpeel-loops -ftracer -finline-functions (test for excess errors)
WARNING: gfortran.dg/minlocval_3.f90 -O3 -fomit-frame-pointer -funroll-loops -fpeel-loops -ftracer -finline-functions compilation failed to produce executable
WARNING: program timed out.
FAIL: gfortran.dg/minlocval_3.f90 -O3 -g (test for excess errors)
WARNING: gfortran.dg/minlocval_3.f90 -O3 -g compilation failed to produce executable
WARNING: program timed out.
FAIL: gfortran.dg/minlocval_3.f90 -Os (test for excess errors)
WARNING: gfortran.dg/minlocval_3.f90 -Os compilation failed to produce executable
FAIL: gfortran.dg/read_dir.f90 -O0 execution test
FAIL: gfortran.dg/read_dir.f90 -O1 execution test
FAIL: gfortran.dg/read_dir.f90 -O2 execution test
FAIL: gfortran.dg/read_dir.f90 -O3 -fomit-frame-pointer -funroll-loops -fpeel-loops -ftracer -finline-functions execution test
FAIL: gfortran.dg/read_dir.f90 -O3 -g execution test
FAIL: gfortran.dg/read_dir.f90 -Os execution test
=== gfortran Summary ===
# of expected passes 38286
# of unexpected failures 132
# of expected failures 52
# of unsupported tests 409
/xxx/gnu/gcc/objdir/gcc/testsuite/gfortran/../../gfortran version 6.0.0 20160212 (experimental) [trunk revision 233378] (GCC)
=== gnat tests ===
Running target unix
WARNING: program timed out.
FAIL: gnat.dg/array3.adb (test for excess errors)
WARNING: gnat.dg/array3.adb compilation failed to produce executable
FAIL: gnat.dg/null_pointer_deref2.adb execution test
WARNING: program timed out.
FAIL: gnat.dg/opt50.adb (test for excess errors)
WARNING: gnat.dg/opt50.adb compilation failed to produce executable
FAIL: gnat.dg/stack_check1.adb execution test
FAIL: gnat.dg/stack_check2.adb execution test
FAIL: gnat.dg/test_image.adb execution test
FAIL: gnat.dg/timer_cancel.adb execution test
FAIL: gnat.dg/weak2.adb (test for excess errors)
FAIL: gnat.dg/specs/weak1.ads (test for excess errors)
=== gnat Summary ===
# of expected passes 2437
# of unexpected failures 9
# of expected failures 22
# of unsupported tests 24
/xxx/gnu/gcc/objdir/gcc/gnatmake version 6.0.0 20160212 (experimental) [trunk revision 233378]
=== obj-c++ tests ===
Running target unix
=== obj-c++ Summary ===
# of expected passes 1396
# of expected failures 2
# of unsupported tests 60
/xxx/gnu/gcc/objdir/gcc/testsuite/obj-c++/../../xg++ version 6.0.0 20160212 (experimental) [trunk revision 233378] (GCC)
=== objc tests ===
Running target unix
WARNING: Could not compile objc.dg/gnu-encoding/struct-layout-encoding-1 generator
=== objc Summary ===
# of expected passes 2628
# of unsupported tests 61
/xxx/gnu/gcc/objdir/gcc/xgcc version 6.0.0 20160212 (experimental) [trunk revision 233378] (GCC)
=== libstdc++ tests ===
Running target unix
WARNING: program timed out.
FAIL: 17_intro/headers/c++1998/all.cc (test for excess errors)
WARNING: program timed out.
FAIL: 17_intro/headers/c++1998/all_c++200x_compatibility.cc (test for excess errors)
WARNING: program timed out.
FAIL: 17_intro/headers/c++1998/all_no_exceptions.cc (test for excess errors)
WARNING: program timed out.
FAIL: 17_intro/headers/c++1998/all_no_rtti.cc (test for excess errors)
WARNING: program timed out.
FAIL: 17_intro/headers/c++1998/all_pedantic_errors.cc (test for excess errors)
WARNING: program timed out.
FAIL: 17_intro/headers/c++1998/operator_names.cc (test for excess errors)
WARNING: program timed out.
FAIL: 17_intro/headers/c++2011/67309.cc (test for excess errors)
WARNING: program timed out.
FAIL: 17_intro/headers/c++2011/all_attributes.cc (test for excess errors)
WARNING: program timed out.
FAIL: 17_intro/headers/c++2011/all_no_exceptions.cc (test for excess errors)
WARNING: program timed out.
FAIL: 17_intro/headers/c++2011/all_no_rtti.cc (test for excess errors)
WARNING: program timed out.
FAIL: 17_intro/headers/c++2011/all_pedantic_errors.cc (test for excess errors)
WARNING: program timed out.
FAIL: 17_intro/headers/c++2011/operator_names.cc (test for excess errors)
WARNING: program timed out.
FAIL: 17_intro/headers/c++2014/all_attributes.cc (test for excess errors)
WARNING: program timed out.
FAIL: 17_intro/headers/c++2014/all_no_exceptions.cc (test for excess errors)
WARNING: program timed out.
FAIL: 17_intro/headers/c++2014/all_no_rtti.cc (test for excess errors)
WARNING: program timed out.
FAIL: 17_intro/headers/c++2014/all_pedantic_errors.cc (test for excess errors)
WARNING: program timed out.
FAIL: 17_intro/headers/c++2014/operator_names.cc (test for excess errors)
WARNING: program timed out.
FAIL: 20_util/scoped_allocator/2.cc (test for excess errors)
WARNING: 20_util/scoped_allocator/2.cc compilation failed to produce executable
WARNING: program timed out.
FAIL: 20_util/tuple/creation_functions/tuple_cat.cc (test for excess errors)
WARNING: 20_util/tuple/creation_functions/tuple_cat.cc compilation failed to produce executable
WARNING: program timed out.
FAIL: 21_strings/basic_string/requirements/exception/basic.cc (test for excess errors)
WARNING: 21_strings/basic_string/requirements/exception/basic.cc compilation failed to produce executable
WARNING: program timed out.
FAIL: 21_strings/basic_string/requirements/exception/generation_prohibited.cc (test for excess errors)
WARNING: 21_strings/basic_string/requirements/exception/generation_prohibited.cc compilation failed to produce executable
WARNING: program timed out.
FAIL: 21_strings/basic_string/requirements/exception/propagation_consistent.cc (test for excess errors)
WARNING: 21_strings/basic_string/requirements/exception/propagation_consistent.cc compilation failed to produce executable
FAIL: 22_locale/conversions/buffer/1.cc (test for excess errors)
WARNING: 22_locale/conversions/buffer/1.cc compilation failed to produce executable
FAIL: 22_locale/conversions/buffer/requirements/typedefs.cc (test for excess errors)
FAIL: 22_locale/conversions/string/1.cc (test for excess errors)
FAIL: 22_locale/conversions/string/2.cc (test for excess errors)
WARNING: 22_locale/conversions/string/2.cc compilation failed to produce executable
FAIL: 22_locale/conversions/string/3.cc (test for excess errors)
WARNING: 22_locale/conversions/string/3.cc compilation failed to produce executable
FAIL: 22_locale/conversions/string/66441.cc (test for excess errors)
WARNING: 22_locale/conversions/string/66441.cc compilation failed to produce executable
FAIL: 22_locale/conversions/string/requirements/typedefs-2.cc (test for excess errors)
FAIL: 22_locale/conversions/string/requirements/typedefs.cc (test for excess errors)
FAIL: 22_locale/num_put/put/char/14220.cc execution test
WARNING: program timed out.
FAIL: 23_containers/deque/requirements/exception/basic.cc (test for excess errors)
WARNING: 23_containers/deque/requirements/exception/basic.cc compilation failed to produce executable
WARNING: program timed out.
FAIL: 23_containers/deque/requirements/exception/generation_prohibited.cc (test for excess errors)
WARNING: 23_containers/deque/requirements/exception/generation_prohibited.cc compilation failed to produce executable
WARNING: program timed out.
FAIL: 23_containers/deque/requirements/exception/propagation_consistent.cc (test for excess errors)
WARNING: 23_containers/deque/requirements/exception/propagation_consistent.cc compilation failed to produce executable
WARNING: program timed out.
FAIL: 23_containers/forward_list/requirements/exception/basic.cc (test for excess errors)
WARNING: 23_containers/forward_list/requirements/exception/basic.cc compilation failed to produce executable
WARNING: program timed out.
FAIL: 23_containers/forward_list/requirements/exception/generation_prohibited.cc (test for excess errors)
WARNING: 23_containers/forward_list/requirements/exception/generation_prohibited.cc compilation failed to produce executable
WARNING: program timed out.
FAIL: 23_containers/forward_list/requirements/exception/propagation_consistent.cc (test for excess errors)
WARNING: 23_containers/forward_list/requirements/exception/propagation_consistent.cc compilation failed to produce executable
WARNING: program timed out.
FAIL: 23_containers/list/requirements/exception/basic.cc (test for excess errors)
WARNING: 23_containers/list/requirements/exception/basic.cc compilation failed to produce executable
WARNING: program timed out.
FAIL: 23_containers/list/requirements/exception/generation_prohibited.cc (test for excess errors)
WARNING: 23_containers/list/requirements/exception/generation_prohibited.cc compilation failed to produce executable
WARNING: program timed out.
FAIL: 23_containers/list/requirements/exception/propagation_consistent.cc (test for excess errors)
WARNING: 23_containers/list/requirements/exception/propagation_consistent.cc compilation failed to produce executable
WARNING: program timed out.
FAIL: 23_containers/map/requirements/exception/basic.cc (test for excess errors)
WARNING: 23_containers/map/requirements/exception/basic.cc compilation failed to produce executable
WARNING: program timed out.
FAIL: 23_containers/map/requirements/exception/generation_prohibited.cc (test for excess errors)
WARNING: 23_containers/map/requirements/exception/generation_prohibited.cc compilation failed to produce executable
WARNING: program timed out.
FAIL: 23_containers/map/requirements/exception/propagation_consistent.cc (test for excess errors)
WARNING: 23_containers/map/requirements/exception/propagation_consistent.cc compilation failed to produce executable
WARNING: program timed out.
FAIL: 23_containers/multimap/requirements/exception/basic.cc (test for excess errors)
WARNING: 23_containers/multimap/requirements/exception/basic.cc compilation failed to produce executable
WARNING: program timed out.
FAIL: 23_containers/multimap/requirements/exception/generation_prohibited.cc (test for excess errors)
WARNING: 23_containers/multimap/requirements/exception/generation_prohibited.cc compilation failed to produce executable
WARNING: program timed out.
FAIL: 23_containers/multimap/requirements/exception/propagation_consistent.cc (test for excess errors)
WARNING: 23_containers/multimap/requirements/exception/propagation_consistent.cc compilation failed to produce executable
WARNING: program timed out.
FAIL: 23_containers/multiset/requirements/exception/basic.cc (test for excess errors)
WARNING: 23_containers/multiset/requirements/exception/basic.cc compilation failed to produce executable
WARNING: program timed out.
FAIL: 23_containers/multiset/requirements/exception/generation_prohibited.cc (test for excess errors)
WARNING: 23_containers/multiset/requirements/exception/generation_prohibited.cc compilation failed to produce executable
WARNING: program timed out.
FAIL: 23_containers/multiset/requirements/exception/propagation_consistent.cc (test for excess errors)
WARNING: 23_containers/multiset/requirements/exception/propagation_consistent.cc compilation failed to produce executable
WARNING: program timed out.
FAIL: 23_containers/set/requirements/exception/basic.cc (test for excess errors)
WARNING: 23_containers/set/requirements/exception/basic.cc compilation failed to produce executable
WARNING: program timed out.
FAIL: 23_containers/set/requirements/exception/generation_prohibited.cc (test for excess errors)
WARNING: 23_containers/set/requirements/exception/generation_prohibited.cc compilation failed to produce executable
WARNING: program timed out.
FAIL: 23_containers/set/requirements/exception/propagation_consistent.cc (test for excess errors)
WARNING: 23_containers/set/requirements/exception/propagation_consistent.cc compilation failed to produce executable
WARNING: program timed out.
FAIL: 23_containers/unordered_map/requirements/debug_container.cc (test for excess errors)
WARNING: program timed out.
FAIL: 23_containers/unordered_map/requirements/exception/basic.cc (test for excess errors)
WARNING: 23_containers/unordered_map/requirements/exception/basic.cc compilation failed to produce executable
WARNING: program timed out.
FAIL: 23_containers/unordered_map/requirements/exception/generation_prohibited.cc (test for excess errors)
WARNING: 23_containers/unordered_map/requirements/exception/generation_prohibited.cc compilation failed to produce executable
WARNING: program timed out.
FAIL: 23_containers/unordered_map/requirements/exception/propagation_consistent.cc (test for excess errors)
WARNING: 23_containers/unordered_map/requirements/exception/propagation_consistent.cc compilation failed to produce executable
WARNING: program timed out.
FAIL: 23_containers/unordered_multimap/requirements/exception/basic.cc (test for excess errors)
WARNING: 23_containers/unordered_multimap/requirements/exception/basic.cc compilation failed to produce executable
WARNING: program timed out.
FAIL: 23_containers/unordered_multimap/requirements/exception/generation_prohibited.cc (test for excess errors)
WARNING: 23_containers/unordered_multimap/requirements/exception/generation_prohibited.cc compilation failed to produce executable
WARNING: program timed out.
FAIL: 23_containers/unordered_multimap/requirements/exception/propagation_consistent.cc (test for excess errors)
WARNING: 23_containers/unordered_multimap/requirements/exception/propagation_consistent.cc compilation failed to produce executable
WARNING: program timed out.
FAIL: 23_containers/unordered_multiset/requirements/exception/basic.cc (test for excess errors)
WARNING: 23_containers/unordered_multiset/requirements/exception/basic.cc compilation failed to produce executable
WARNING: program timed out.
FAIL: 23_containers/unordered_multiset/requirements/exception/generation_prohibited.cc (test for excess errors)
WARNING: 23_containers/unordered_multiset/requirements/exception/generation_prohibited.cc compilation failed to produce executable
WARNING: program timed out.
FAIL: 23_containers/unordered_multiset/requirements/exception/propagation_consistent.cc (test for excess errors)
WARNING: 23_containers/unordered_multiset/requirements/exception/propagation_consistent.cc compilation failed to produce executable
WARNING: program timed out.
FAIL: 23_containers/unordered_set/requirements/exception/basic.cc (test for excess errors)
WARNING: 23_containers/unordered_set/requirements/exception/basic.cc compilation failed to produce executable
WARNING: program timed out.
FAIL: 23_containers/unordered_set/requirements/exception/generation_prohibited.cc (test for excess errors)
WARNING: 23_containers/unordered_set/requirements/exception/generation_prohibited.cc compilation failed to produce executable
WARNING: program timed out.
FAIL: 23_containers/unordered_set/requirements/exception/propagation_consistent.cc (test for excess errors)
WARNING: 23_containers/unordered_set/requirements/exception/propagation_consistent.cc compilation failed to produce executable
WARNING: program timed out.
FAIL: 23_containers/vector/requirements/exception/basic.cc (test for excess errors)
WARNING: 23_containers/vector/requirements/exception/basic.cc compilation failed to produce executable
WARNING: program timed out.
FAIL: 23_containers/vector/requirements/exception/generation_prohibited.cc (test for excess errors)
WARNING: 23_containers/vector/requirements/exception/generation_prohibited.cc compilation failed to produce executable
WARNING: program timed out.
FAIL: 23_containers/vector/requirements/exception/propagation_consistent.cc (test for excess errors)
WARNING: 23_containers/vector/requirements/exception/propagation_consistent.cc compilation failed to produce executable
WARNING: program timed out.
FAIL: 25_algorithms/partial_sort/random_test.cc execution test
WARNING: program timed out.
FAIL: 25_algorithms/partial_sort_copy/random_test.cc execution test
FAIL: 26_numerics/headers/cmath/14608.cc (test for excess errors)
FAIL: 26_numerics/headers/cmath/48891.cc (test for excess errors)
FAIL: 27_io/basic_istream/extractors_arithmetic/char/12.cc execution test
WARNING: program timed out.
FAIL: 27_io/basic_istream/requirements/explicit_instantiation.cc (test for excess errors)
FAIL: 27_io/basic_ostream/inserters_arithmetic/char/4402.cc execution test
WARNING: program timed out.
FAIL: 28_regex/algorithms/regex_match/awk/cstring_01.cc (test for excess errors)
WARNING: 28_regex/algorithms/regex_match/awk/cstring_01.cc compilation failed to produce executable
WARNING: program timed out.
FAIL: 28_regex/algorithms/regex_match/basic/empty_range.cc (test for excess errors)
WARNING: 28_regex/algorithms/regex_match/basic/empty_range.cc compilation failed to produce executable
WARNING: program timed out.
FAIL: 28_regex/algorithms/regex_match/basic/string_01.cc (test for excess errors)
WARNING: 28_regex/algorithms/regex_match/basic/string_01.cc compilation failed to produce executable
WARNING: program timed out.
FAIL: 28_regex/algorithms/regex_match/basic/string_range_00_03.cc (test for excess errors)
WARNING: 28_regex/algorithms/regex_match/basic/string_range_00_03.cc compilation failed to produce executable
WARNING: program timed out.
FAIL: 28_regex/algorithms/regex_match/basic/string_range_01_03.cc (test for excess errors)
WARNING: 28_regex/algorithms/regex_match/basic/string_range_01_03.cc compilation failed to produce executable
WARNING: program timed out.
FAIL: 28_regex/algorithms/regex_match/basic/string_range_02_03.cc (test for excess errors)
WARNING: 28_regex/algorithms/regex_match/basic/string_range_02_03.cc compilation failed to produce executable
WARNING: program timed out.
FAIL: 28_regex/algorithms/regex_match/cstring_bracket_01.cc (test for excess errors)
WARNING: 28_regex/algorithms/regex_match/cstring_bracket_01.cc compilation failed to produce executable
WARNING: program timed out.
FAIL: 28_regex/algorithms/regex_match/ecma/char/53622.cc (test for excess errors)
WARNING: 28_regex/algorithms/regex_match/ecma/char/53622.cc compilation failed to produce executable
WARNING: program timed out.
FAIL: 28_regex/algorithms/regex_match/ecma/char/57173.cc (test for excess errors)
WARNING: 28_regex/algorithms/regex_match/ecma/char/57173.cc compilation failed to produce executable
WARNING: program timed out.
FAIL: 28_regex/algorithms/regex_match/ecma/char/58576.cc (test for excess errors)
WARNING: 28_regex/algorithms/regex_match/ecma/char/58576.cc compilation failed to produce executable
WARNING: program timed out.
FAIL: 28_regex/algorithms/regex_match/ecma/char/61601.cc (test for excess errors)
WARNING: 28_regex/algorithms/regex_match/ecma/char/61601.cc compilation failed to produce executable
WARNING: program timed out.
FAIL: 28_regex/algorithms/regex_match/ecma/char/68863.cc (test for excess errors)
WARNING: 28_regex/algorithms/regex_match/ecma/char/68863.cc compilation failed to produce executable
WARNING: program timed out.
FAIL: 28_regex/algorithms/regex_match/ecma/char/anymatcher.cc (test for excess errors)
WARNING: 28_regex/algorithms/regex_match/ecma/char/anymatcher.cc compilation failed to produce executable
WARNING: program timed out.
FAIL: 28_regex/algorithms/regex_match/ecma/char/backref.cc (test for excess errors)
WARNING: 28_regex/algorithms/regex_match/ecma/char/backref.cc compilation failed to produce executable
WARNING: program timed out.
FAIL: 28_regex/algorithms/regex_match/ecma/char/empty_range.cc (test for excess errors)
WARNING: 28_regex/algorithms/regex_match/ecma/char/empty_range.cc compilation failed to produce executable
WARNING: program timed out.
FAIL: 28_regex/algorithms/regex_match/ecma/char/emptygroup.cc (test for excess errors)
WARNING: 28_regex/algorithms/regex_match/ecma/char/emptygroup.cc compilation failed to produce executable
WARNING: program timed out.
FAIL: 28_regex/algorithms/regex_match/ecma/char/hex.cc (test for excess errors)
WARNING: 28_regex/algorithms/regex_match/ecma/char/hex.cc compilation failed to produce executable
WARNING: program timed out.
FAIL: 28_regex/algorithms/regex_match/ecma/char/quoted_char.cc (test for excess errors)
WARNING: 28_regex/algorithms/regex_match/ecma/char/quoted_char.cc compilation failed to produce executable
WARNING: program timed out.
FAIL: 28_regex/algorithms/regex_match/ecma/char/ungreedy.cc (test for excess errors)
WARNING: 28_regex/algorithms/regex_match/ecma/char/ungreedy.cc compilation failed to produce executable
WARNING: program timed out.
FAIL: 28_regex/algorithms/regex_match/extended/cstring_plus.cc (test for excess errors)
WARNING: 28_regex/algorithms/regex_match/extended/cstring_plus.cc compilation failed to produce executable
WARNING: program timed out.
FAIL: 28_regex/algorithms/regex_match/extended/cstring_questionmark.cc (test for excess errors)
WARNING: 28_regex/algorithms/regex_match/extended/cstring_questionmark.cc compilation failed to produce executable
WARNING: program timed out.
FAIL: 28_regex/algorithms/regex_match/extended/cstring_range.cc (test for excess errors)
WARNING: 28_regex/algorithms/regex_match/extended/cstring_range.cc compilation failed to produce executable
WARNING: program timed out.
FAIL: 28_regex/algorithms/regex_match/extended/string_any.cc (test for excess errors)
WARNING: 28_regex/algorithms/regex_match/extended/string_any.cc compilation failed to produce executable
WARNING: program timed out.
FAIL: 28_regex/algorithms/regex_match/extended/string_range_00_03.cc (test for excess errors)
WARNING: 28_regex/algorithms/regex_match/extended/string_range_00_03.cc compilation failed to produce executable
WARNING: program timed out.
FAIL: 28_regex/algorithms/regex_match/extended/string_range_01_03.cc (test for excess errors)
WARNING: 28_regex/algorithms/regex_match/extended/string_range_01_03.cc compilation failed to produce executable
WARNING: program timed out.
FAIL: 28_regex/algorithms/regex_match/extended/string_range_02_03.cc (test for excess errors)
WARNING: 28_regex/algorithms/regex_match/extended/string_range_02_03.cc compilation failed to produce executable
WARNING: program timed out.
FAIL: 28_regex/algorithms/regex_replace/char/51711.cc (test for excess errors)
WARNING: program timed out.
FAIL: 28_regex/algorithms/regex_replace/char/basic_replace.cc (test for excess errors)
WARNING: 28_regex/algorithms/regex_replace/char/basic_replace.cc compilation failed to produce executable
WARNING: program timed out.
FAIL: 28_regex/algorithms/regex_replace/char/dr2213.cc (test for excess errors)
WARNING: 28_regex/algorithms/regex_replace/char/dr2213.cc compilation failed to produce executable
WARNING: program timed out.
FAIL: 28_regex/algorithms/regex_search/61424.cc (test for excess errors)
WARNING: 28_regex/algorithms/regex_search/61424.cc compilation failed to produce executable
WARNING: program timed out.
FAIL: 28_regex/algorithms/regex_search/61720.cc (test for excess errors)
WARNING: 28_regex/algorithms/regex_search/61720.cc compilation failed to produce executable
WARNING: program timed out.
FAIL: 28_regex/algorithms/regex_search/basic/string_01.cc (test for excess errors)
WARNING: 28_regex/algorithms/regex_search/basic/string_01.cc compilation failed to produce executable
WARNING: program timed out.
FAIL: 28_regex/algorithms/regex_search/ecma/assertion.cc (test for excess errors)
WARNING: 28_regex/algorithms/regex_search/ecma/assertion.cc compilation failed to produce executable
WARNING: program timed out.
FAIL: 28_regex/algorithms/regex_search/ecma/flags.cc (test for excess errors)
WARNING: 28_regex/algorithms/regex_search/ecma/flags.cc compilation failed to produce executable
WARNING: program timed out.
FAIL: 28_regex/algorithms/regex_search/ecma/greedy.cc (test for excess errors)
WARNING: 28_regex/algorithms/regex_search/ecma/greedy.cc compilation failed to produce executable
WARNING: program timed out.
FAIL: 28_regex/algorithms/regex_search/ecma/string_01.cc (test for excess errors)
WARNING: 28_regex/algorithms/regex_search/ecma/string_01.cc compilation failed to produce executable
WARNING: program timed out.
FAIL: 28_regex/basic_regex/assign/char/cstring.cc (test for excess errors)
WARNING: 28_regex/basic_regex/assign/char/cstring.cc compilation failed to produce executable
WARNING: program timed out.
FAIL: 28_regex/basic_regex/assign/char/cstring_op.cc (test for excess errors)
WARNING: program timed out.
FAIL: 28_regex/basic_regex/assign/char/moveable.cc (test for excess errors)
WARNING: 28_regex/basic_regex/assign/char/moveable.cc compilation failed to produce executable
WARNING: program timed out.
FAIL: 28_regex/basic_regex/assign/char/pstring.cc (test for excess errors)
WARNING: program timed out.
FAIL: 28_regex/basic_regex/assign/char/range.cc (test for excess errors)
WARNING: program timed out.
FAIL: 28_regex/basic_regex/assign/char/string.cc (test for excess errors)
WARNING: 28_regex/basic_regex/assign/char/string.cc compilation failed to produce executable
WARNING: program timed out.
FAIL: 28_regex/basic_regex/assign/char/string_op.cc (test for excess errors)
WARNING: program timed out.
FAIL: 28_regex/basic_regex/ctors/47724.cc (test for excess errors)
WARNING: 28_regex/basic_regex/ctors/47724.cc compilation failed to produce executable
WARNING: program timed out.
FAIL: 28_regex/basic_regex/ctors/basic/cstring.cc (test for excess errors)
WARNING: program timed out.
FAIL: 28_regex/basic_regex/ctors/basic/pstring_char.cc (test for excess errors)
WARNING: 28_regex/basic_regex/ctors/basic/pstring_char.cc compilation failed to produce executable
WARNING: program timed out.
FAIL: 28_regex/basic_regex/ctors/basic/raw_string.cc (test for excess errors)
WARNING: 28_regex/basic_regex/ctors/basic/raw_string.cc compilation failed to produce executable
WARNING: program timed out.
FAIL: 28_regex/basic_regex/ctors/basic/string_range_01_02_03.cc (test for excess errors)
WARNING: 28_regex/basic_regex/ctors/basic/string_range_01_02_03.cc compilation failed to produce executable
WARNING: program timed out.
FAIL: 28_regex/basic_regex/ctors/char/cstring.cc (test for excess errors)
WARNING: program timed out.
FAIL: 28_regex/basic_regex/ctors/char/cstring_awk.cc (test for excess errors)
WARNING: program timed out.
FAIL: 28_regex/basic_regex/ctors/char/cstring_ecma.cc (test for excess errors)
WARNING: program timed out.
FAIL: 28_regex/basic_regex/ctors/char/cstring_egrep.cc (test for excess errors)
WARNING: program timed out.
FAIL: 28_regex/basic_regex/ctors/char/cstring_grep.cc (test for excess errors)
WARNING: program timed out.
FAIL: 28_regex/basic_regex/ctors/char/range.cc (test for excess errors)
WARNING: program timed out.
FAIL: 28_regex/basic_regex/ctors/copy_char.cc (test for excess errors)
WARNING: 28_regex/basic_regex/ctors/copy_char.cc compilation failed to produce executable
WARNING: program timed out.
FAIL: 28_regex/basic_regex/ctors/extended/cstring.cc (test for excess errors)
WARNING: 28_regex/basic_regex/ctors/extended/cstring.cc compilation failed to produce executable
WARNING: program timed out.
FAIL: 28_regex/basic_regex/ctors/extended/string_range_01_02_03.cc (test for excess errors)
WARNING: 28_regex/basic_regex/ctors/extended/string_range_01_02_03.cc compilation failed to produce executable
WARNING: program timed out.
FAIL: 28_regex/basic_regex/ctors/move_char.cc (test for excess errors)
WARNING: 28_regex/basic_regex/ctors/move_char.cc compilation failed to produce executable
WARNING: program timed out.
FAIL: 28_regex/basic_regex/ctors/string_char.cc (test for excess errors)
WARNING: program timed out.
FAIL: 28_regex/basic_regex/imbue/string.cc (test for excess errors)
WARNING: 28_regex/basic_regex/imbue/string.cc compilation failed to produce executable
WARNING: program timed out.
FAIL: 28_regex/basic_regex/multiple_quantifiers.cc (test for excess errors)
WARNING: 28_regex/basic_regex/multiple_quantifiers.cc compilation failed to produce executable
WARNING: program timed out.
FAIL: 28_regex/constants/syntax_option_type.cc (test for excess errors)
WARNING: 28_regex/constants/syntax_option_type.cc compilation failed to produce executable
WARNING: program timed out.
FAIL: 28_regex/init-list.cc (test for excess errors)
WARNING: 28_regex/init-list.cc compilation failed to produce executable
WARNING: program timed out.
FAIL: 28_regex/iterators/regex_iterator/char/64140.cc (test for excess errors)
WARNING: 28_regex/iterators/regex_iterator/char/64140.cc compilation failed to produce executable
WARNING: program timed out.
FAIL: 28_regex/iterators/regex_iterator/char/string_01.cc (test for excess errors)
WARNING: 28_regex/iterators/regex_iterator/char/string_01.cc compilation failed to produce executable
WARNING: program timed out.
FAIL: 28_regex/iterators/regex_iterator/char/string_position_01.cc (test for excess errors)
WARNING: 28_regex/iterators/regex_iterator/char/string_position_01.cc compilation failed to produce executable
WARNING: program timed out.
FAIL: 28_regex/iterators/regex_token_iterator/64303.cc (test for excess errors)
WARNING: 28_regex/iterators/regex_token_iterator/64303.cc compilation failed to produce executable
WARNING: program timed out.
FAIL: 28_regex/iterators/regex_token_iterator/char/string_01.cc (test for excess errors)
WARNING: 28_regex/iterators/regex_token_iterator/char/string_01.cc compilation failed to produce executable
WARNING: program timed out.
FAIL: 28_regex/match_results/format.cc (test for excess errors)
WARNING: 28_regex/match_results/format.cc compilation failed to produce executable
WARNING: program timed out.
FAIL: 28_regex/match_results/out_of_range_submatches.cc (test for excess errors)
WARNING: 28_regex/match_results/out_of_range_submatches.cc compilation failed to produce executable
WARNING: program timed out.
FAIL: 28_regex/match_results/swap.cc (test for excess errors)
WARNING: 28_regex/match_results/swap.cc compilation failed to produce executable
WARNING: program timed out.
FAIL: 28_regex/regression.cc (test for excess errors)
WARNING: 28_regex/regression.cc compilation failed to produce executable
WARNING: program timed out.
FAIL: 28_regex/traits/char/user_defined.cc (test for excess errors)
WARNING: 28_regex/traits/char/user_defined.cc compilation failed to produce executable
FAIL: experimental/type_erased_allocator/1.cc (test for excess errors)
FAIL: experimental/type_erased_allocator/1.cc execution test
WARNING: program timed out.
FAIL: ext/vstring/requirements/exception/basic.cc (test for excess errors)
WARNING: ext/vstring/requirements/exception/basic.cc compilation failed to produce executable
WARNING: program timed out.
FAIL: ext/vstring/requirements/exception/generation_prohibited.cc (test for excess errors)
WARNING: ext/vstring/requirements/exception/generation_prohibited.cc compilation failed to produce executable
WARNING: program timed out.
FAIL: ext/vstring/requirements/exception/propagation_consistent.cc (test for excess errors)
WARNING: ext/vstring/requirements/exception/propagation_consistent.cc compilation failed to produce executable
FAIL: special_functions/20_sph_legendre/check_value.cc execution test
FAIL: tr1/8_c_compatibility/complex/50880.cc (test for excess errors)
WARNING: tr1/8_c_compatibility/complex/50880.cc compilation failed to produce executable
FAIL: tr1/8_c_compatibility/complex/functions.cc (test for excess errors)
=== libstdc++ Summary ===
# of expected passes 7709
# of unexpected failures 156
# of expected failures 66
# of unsupported tests 651
Compiler version: 6.0.0 20160212 (experimental) [trunk revision 233378] (GCC)
Platform: hppa1.1-hp-hpux10.20
configure flags:Test Run By dave on Sun Feb 21 21:45:45 EST 2016