This is the mail archive of the
gcc-testresults@gcc.gnu.org
mailing list for the GCC project.
Results for 6.0.0 20160301 (experimental) [trunk revision 233851] (GCC) testsuite on i686-pc-linux-gnu
- From: ia32corei7 at gnu-34 dot sc dot intel dot com (H.J. Lu (ia32 Core i7))
- To: gcc-testresults at gcc dot gnu dot org
- Date: Tue, 01 Mar 2016 07:13:08 -0800
- Subject: Results for 6.0.0 20160301 (experimental) [trunk revision 233851] (GCC) testsuite on i686-pc-linux-gnu
- Authentication-results: sourceware.org; auth=none
Native configuration is i686-pc-linux-gnu
=== gcc tests ===
Running target unix
FAIL: gcc.dg/graphite/id-pr45230-1.c (internal compiler error)
FAIL: gcc.dg/graphite/id-pr45230-1.c (test for excess errors)
FAIL: gcc.dg/graphite/scop-sor.c scan-tree-dump-times graphite "number of SCoPs: 1" 1
XPASS: gcc.dg/guality/example.c -O0 execution test
XPASS: gcc.dg/guality/example.c -O1 execution test
XPASS: gcc.dg/guality/guality.c -O0 execution test
XPASS: gcc.dg/guality/guality.c -O1 execution test
XPASS: gcc.dg/guality/guality.c -O2 execution test
XPASS: gcc.dg/guality/guality.c -O2 -flto -fno-use-linker-plugin -flto-partition=none execution test
XPASS: gcc.dg/guality/guality.c -O2 -flto -fuse-linker-plugin -fno-fat-lto-objects execution test
XPASS: gcc.dg/guality/guality.c -O3 -g execution test
XPASS: gcc.dg/guality/guality.c -Os execution test
XPASS: gcc.dg/guality/inline-params.c -O2 execution test
XPASS: gcc.dg/guality/inline-params.c -O2 -flto -fno-use-linker-plugin -flto-partition=none execution test
XPASS: gcc.dg/guality/inline-params.c -O3 -g execution test
XPASS: gcc.dg/guality/inline-params.c -Os execution test
XPASS: gcc.dg/guality/pr41353-1.c -O0 line 28 j == 28 + 37
XPASS: gcc.dg/guality/pr41353-1.c -O1 line 28 j == 28 + 37
XPASS: gcc.dg/guality/pr41353-1.c -O2 line 28 j == 28 + 37
XPASS: gcc.dg/guality/pr41353-1.c -O2 -flto -fno-use-linker-plugin -flto-partition=none line 28 j == 28 + 37
XPASS: gcc.dg/guality/pr41353-1.c -O2 -flto -fuse-linker-plugin -fno-fat-lto-objects line 28 j == 28 + 37
XPASS: gcc.dg/guality/pr41353-1.c -O3 -g line 28 j == 28 + 37
XPASS: gcc.dg/guality/pr41353-1.c -Os line 28 j == 28 + 37
FAIL: gcc.dg/guality/pr41447-1.c -O2 execution test
FAIL: gcc.dg/guality/pr41447-1.c -O2 -flto -fno-use-linker-plugin -flto-partition=none execution test
FAIL: gcc.dg/guality/pr41447-1.c -O3 -g execution test
FAIL: gcc.dg/guality/pr41616-1.c -O2 -flto -fuse-linker-plugin -fno-fat-lto-objects execution test
FAIL: gcc.dg/guality/pr45882.c -O2 -flto -fuse-linker-plugin -fno-fat-lto-objects line 16 d == 112
FAIL: gcc.dg/guality/pr45882.c -O2 -flto -fuse-linker-plugin -fno-fat-lto-objects line 16 e == 142
FAIL: gcc.dg/guality/pr54519-1.c -O2 -flto -fno-use-linker-plugin -flto-partition=none line 20 y == 25
FAIL: gcc.dg/guality/pr54519-1.c -O2 -flto -fno-use-linker-plugin -flto-partition=none line 20 z == 6
FAIL: gcc.dg/guality/pr54519-1.c -O2 -flto -fno-use-linker-plugin -flto-partition=none line 23 y == 117
FAIL: gcc.dg/guality/pr54519-1.c -O2 -flto -fno-use-linker-plugin -flto-partition=none line 23 z == 8
FAIL: gcc.dg/guality/pr54519-2.c -O2 -flto -fno-use-linker-plugin -flto-partition=none line 17 y == 25
FAIL: gcc.dg/guality/pr54519-2.c -O2 -flto -fuse-linker-plugin -fno-fat-lto-objects line 17 y == 25
FAIL: gcc.dg/guality/pr54519-3.c -O2 -flto -fno-use-linker-plugin -flto-partition=none line 20 y == 25
FAIL: gcc.dg/guality/pr54519-3.c -O2 -flto -fno-use-linker-plugin -flto-partition=none line 20 z == 6
FAIL: gcc.dg/guality/pr54519-3.c -O2 -flto -fno-use-linker-plugin -flto-partition=none line 23 y == 117
FAIL: gcc.dg/guality/pr54519-3.c -O2 -flto -fno-use-linker-plugin -flto-partition=none line 23 z == 8
FAIL: gcc.dg/guality/pr54519-3.c -O2 -flto -fuse-linker-plugin -fno-fat-lto-objects line 20 y == 25
FAIL: gcc.dg/guality/pr54519-3.c -O2 -flto -fuse-linker-plugin -fno-fat-lto-objects line 20 z == 6
FAIL: gcc.dg/guality/pr54519-3.c -O2 -flto -fuse-linker-plugin -fno-fat-lto-objects line 23 y == 117
FAIL: gcc.dg/guality/pr54519-3.c -O2 -flto -fuse-linker-plugin -fno-fat-lto-objects line 23 z == 8
FAIL: gcc.dg/guality/pr54519-4.c -O2 -flto -fno-use-linker-plugin -flto-partition=none line 17 y == 25
FAIL: gcc.dg/guality/pr54519-4.c -O2 -flto -fuse-linker-plugin -fno-fat-lto-objects line 17 y == 25
FAIL: gcc.dg/guality/pr54519-5.c -O2 -flto -fno-use-linker-plugin -flto-partition=none line 17 y == 25
FAIL: gcc.dg/guality/pr54519-5.c -O2 -flto -fuse-linker-plugin -fno-fat-lto-objects line 17 y == 25
FAIL: gcc.dg/guality/pr68860-1.c -O2 -flto -fno-use-linker-plugin -flto-partition=none line 14 arg1 == 1
FAIL: gcc.dg/guality/pr68860-1.c -O2 -flto -fno-use-linker-plugin -flto-partition=none line 14 arg2 == 2
FAIL: gcc.dg/guality/pr68860-1.c -O2 -flto -fno-use-linker-plugin -flto-partition=none line 14 arg3 == 3
FAIL: gcc.dg/guality/pr68860-1.c -O2 -flto -fno-use-linker-plugin -flto-partition=none line 14 arg4 == 4
FAIL: gcc.dg/guality/pr68860-1.c -O2 -flto -fno-use-linker-plugin -flto-partition=none line 14 arg5 == 5
FAIL: gcc.dg/guality/pr68860-1.c -O2 -flto -fno-use-linker-plugin -flto-partition=none line 14 arg6 == 6
FAIL: gcc.dg/guality/pr68860-1.c -O2 -flto -fno-use-linker-plugin -flto-partition=none line 16 arg1 == 1
FAIL: gcc.dg/guality/pr68860-1.c -O2 -flto -fno-use-linker-plugin -flto-partition=none line 16 arg2 == 2
FAIL: gcc.dg/guality/pr68860-1.c -O2 -flto -fno-use-linker-plugin -flto-partition=none line 16 arg3 == 3
FAIL: gcc.dg/guality/pr68860-1.c -O2 -flto -fno-use-linker-plugin -flto-partition=none line 16 arg4 == 4
FAIL: gcc.dg/guality/pr68860-1.c -O2 -flto -fno-use-linker-plugin -flto-partition=none line 16 arg5 == 5
FAIL: gcc.dg/guality/pr68860-1.c -O2 -flto -fno-use-linker-plugin -flto-partition=none line 16 arg6 == 6
FAIL: gcc.dg/guality/pr68860-1.c -O2 -flto -fuse-linker-plugin -fno-fat-lto-objects line 14 arg1 == 1
FAIL: gcc.dg/guality/pr68860-1.c -O2 -flto -fuse-linker-plugin -fno-fat-lto-objects line 14 arg2 == 2
FAIL: gcc.dg/guality/pr68860-1.c -O2 -flto -fuse-linker-plugin -fno-fat-lto-objects line 14 arg3 == 3
FAIL: gcc.dg/guality/pr68860-1.c -O2 -flto -fuse-linker-plugin -fno-fat-lto-objects line 14 arg4 == 4
FAIL: gcc.dg/guality/pr68860-1.c -O2 -flto -fuse-linker-plugin -fno-fat-lto-objects line 14 arg5 == 5
FAIL: gcc.dg/guality/pr68860-1.c -O2 -flto -fuse-linker-plugin -fno-fat-lto-objects line 14 arg6 == 6
FAIL: gcc.dg/guality/pr68860-1.c -O2 -flto -fuse-linker-plugin -fno-fat-lto-objects line 16 arg1 == 1
FAIL: gcc.dg/guality/pr68860-1.c -O2 -flto -fuse-linker-plugin -fno-fat-lto-objects line 16 arg2 == 2
FAIL: gcc.dg/guality/pr68860-1.c -O2 -flto -fuse-linker-plugin -fno-fat-lto-objects line 16 arg3 == 3
FAIL: gcc.dg/guality/pr68860-1.c -O2 -flto -fuse-linker-plugin -fno-fat-lto-objects line 16 arg4 == 4
FAIL: gcc.dg/guality/pr68860-1.c -O2 -flto -fuse-linker-plugin -fno-fat-lto-objects line 16 arg5 == 5
FAIL: gcc.dg/guality/pr68860-1.c -O2 -flto -fuse-linker-plugin -fno-fat-lto-objects line 16 arg6 == 6
FAIL: gcc.dg/guality/vla-1.c -O1 line 17 sizeof (a) == 6
FAIL: gcc.dg/guality/vla-1.c -O2 line 17 sizeof (a) == 6
FAIL: gcc.dg/guality/vla-1.c -O2 -flto -fno-use-linker-plugin -flto-partition=none line 17 sizeof (a) == 6
FAIL: gcc.dg/guality/vla-1.c -O2 -flto -fuse-linker-plugin -fno-fat-lto-objects line 17 sizeof (a) == 6
FAIL: gcc.dg/guality/vla-1.c -O3 -g line 17 sizeof (a) == 6
FAIL: gcc.dg/guality/vla-1.c -Os line 17 sizeof (a) == 6
FAIL: gcc.dg/tree-ssa/ssa-dom-cse-2.c scan-tree-dump optimized "return 28;"
FAIL: gcc.dg/vect/costmodel/i386/costmodel-fast-math-vect-pr29925.c scan-tree-dump-times vect "vectorized 1 loops" 1
FAIL: gcc.dg/vect/O3-pr36098.c scan-tree-dump-times vect "vectorizing stmts using SLP" 0
FAIL: gcc.target/i386/avx-1.c (internal compiler error)
FAIL: gcc.target/i386/avx-1.c (test for excess errors)
FAIL: gcc.target/i386/avx-2.c (internal compiler error)
FAIL: gcc.target/i386/avx-2.c (test for excess errors)
FAIL: gcc.target/i386/avx512f-vfixupimmpd-1.c (internal compiler error)
FAIL: gcc.target/i386/avx512f-vfixupimmpd-1.c (test for excess errors)
UNRESOLVED: gcc.target/i386/avx512f-vfixupimmpd-1.c scan-assembler-times vfixupimmpd[ \\\\t]+[^{\\n]*%zmm[0-9]+(?:\\n|[ \\\\t]+#) 1
UNRESOLVED: gcc.target/i386/avx512f-vfixupimmpd-1.c scan-assembler-times vfixupimmpd[ \\\\t]+[^{\\n]*%zmm[0-9]+{%k[1-7]}(?:\\n|[ \\\\t]+#) 1
UNRESOLVED: gcc.target/i386/avx512f-vfixupimmpd-1.c scan-assembler-times vfixupimmpd[ \\\\t]+[^{\\n]*%zmm[0-9]+{%k[1-7]}{z}(?:\\n|[ \\\\t]+#) 1
UNRESOLVED: gcc.target/i386/avx512f-vfixupimmpd-1.c scan-assembler-times vfixupimmpd[ \\\\t]+[^{\\n]*{sae}[^\\n]*%zmm[0-9]+(?:\\n|[ \\\\t]+#) 1
UNRESOLVED: gcc.target/i386/avx512f-vfixupimmpd-1.c scan-assembler-times vfixupimmpd[ \\\\t]+[^{\\n]*{sae}[^\\n]*%zmm[0-9]+{%k[1-7]}(?:\\n|[ \\\\t]+#) 1
UNRESOLVED: gcc.target/i386/avx512f-vfixupimmpd-1.c scan-assembler-times vfixupimmpd[ \\\\t]+[^{\\n]*{sae}[^\\n]*%zmm[0-9]+{%k[1-7]}{z}(?:\\n|[ \\\\t]+#) 1
FAIL: gcc.target/i386/avx512f-vfixupimmpd-2.c (internal compiler error)
FAIL: gcc.target/i386/avx512f-vfixupimmpd-2.c (test for excess errors)
UNRESOLVED: gcc.target/i386/avx512f-vfixupimmpd-2.c compilation failed to produce executable
FAIL: gcc.target/i386/avx512f-vfixupimmps-1.c (internal compiler error)
FAIL: gcc.target/i386/avx512f-vfixupimmps-1.c (test for excess errors)
UNRESOLVED: gcc.target/i386/avx512f-vfixupimmps-1.c scan-assembler-times vfixupimmps[ \\\\t]+[^{\\n]*%zmm[0-9]+(?:\\n|[ \\\\t]+#) 1
UNRESOLVED: gcc.target/i386/avx512f-vfixupimmps-1.c scan-assembler-times vfixupimmps[ \\\\t]+[^{\\n]*%zmm[0-9]+{%k[1-7]}(?:\\n|[ \\\\t]+#) 1
UNRESOLVED: gcc.target/i386/avx512f-vfixupimmps-1.c scan-assembler-times vfixupimmps[ \\\\t]+[^{\\n]*%zmm[0-9]+{%k[1-7]}{z}(?:\\n|[ \\\\t]+#) 1
UNRESOLVED: gcc.target/i386/avx512f-vfixupimmps-1.c scan-assembler-times vfixupimmps[ \\\\t]+[^{\\n]*{sae}[^\\n]*%zmm[0-9]+(?:\\n|[ \\\\t]+#) 1
UNRESOLVED: gcc.target/i386/avx512f-vfixupimmps-1.c scan-assembler-times vfixupimmps[ \\\\t]+[^{\\n]*{sae}[^\\n]*%zmm[0-9]+{%k[1-7]}(?:\\n|[ \\\\t]+#) 1
UNRESOLVED: gcc.target/i386/avx512f-vfixupimmps-1.c scan-assembler-times vfixupimmps[ \\\\t]+[^{\\n]*{sae}[^\\n]*%zmm[0-9]+{%k[1-7]}{z}(?:\\n|[ \\\\t]+#) 1
FAIL: gcc.target/i386/avx512f-vfixupimmps-2.c (internal compiler error)
FAIL: gcc.target/i386/avx512f-vfixupimmps-2.c (test for excess errors)
UNRESOLVED: gcc.target/i386/avx512f-vfixupimmps-2.c compilation failed to produce executable
FAIL: gcc.target/i386/avx512f-vfixupimmsd-1.c (internal compiler error)
FAIL: gcc.target/i386/avx512f-vfixupimmsd-1.c (test for excess errors)
UNRESOLVED: gcc.target/i386/avx512f-vfixupimmsd-1.c scan-assembler-times vfixupimmsd[ \\\\t]+[^{\\n]*%xmm[0-9]+(?:\\n|[ \\\\t]+#) 1
UNRESOLVED: gcc.target/i386/avx512f-vfixupimmsd-1.c scan-assembler-times vfixupimmsd[ \\\\t]+[^{\\n]*%xmm[0-9]+{%k[1-7]}(?:\\n|[ \\\\t]+#) 1
UNRESOLVED: gcc.target/i386/avx512f-vfixupimmsd-1.c scan-assembler-times vfixupimmsd[ \\\\t]+[^{\\n]*%xmm[0-9]+{%k[1-7]}{z}(?:\\n|[ \\\\t]+#) 1
UNRESOLVED: gcc.target/i386/avx512f-vfixupimmsd-1.c scan-assembler-times vfixupimmsd[ \\\\t]+[^{\\n]*{sae}[^\\n]*%xmm[0-9]+(?:\\n|[ \\\\t]+#) 1
UNRESOLVED: gcc.target/i386/avx512f-vfixupimmsd-1.c scan-assembler-times vfixupimmsd[ \\\\t]+[^{\\n]*{sae}[^\\n]*%xmm[0-9]+{%k[1-7]}(?:\\n|[ \\\\t]+#) 1
UNRESOLVED: gcc.target/i386/avx512f-vfixupimmsd-1.c scan-assembler-times vfixupimmsd[ \\\\t]+[^{\\n]*{sae}[^\\n]*%xmm[0-9]+{%k[1-7]}{z}(?:\\n|[ \\\\t]+#) 1
FAIL: gcc.target/i386/avx512f-vfixupimmsd-2.c (internal compiler error)
FAIL: gcc.target/i386/avx512f-vfixupimmsd-2.c (test for excess errors)
UNRESOLVED: gcc.target/i386/avx512f-vfixupimmsd-2.c compilation failed to produce executable
FAIL: gcc.target/i386/avx512f-vfixupimmss-1.c (internal compiler error)
FAIL: gcc.target/i386/avx512f-vfixupimmss-1.c (test for excess errors)
UNRESOLVED: gcc.target/i386/avx512f-vfixupimmss-1.c scan-assembler-times vfixupimmss[ \\\\t]+[^{\\n]*%xmm[0-9]+(?:\\n|[ \\\\t]+#) 1
UNRESOLVED: gcc.target/i386/avx512f-vfixupimmss-1.c scan-assembler-times vfixupimmss[ \\\\t]+[^{\\n]*%xmm[0-9]+{%k[1-7]}(?:\\n|[ \\\\t]+#) 1
UNRESOLVED: gcc.target/i386/avx512f-vfixupimmss-1.c scan-assembler-times vfixupimmss[ \\\\t]+[^{\\n]*%xmm[0-9]+{%k[1-7]}{z}(?:\\n|[ \\\\t]+#) 1
UNRESOLVED: gcc.target/i386/avx512f-vfixupimmss-1.c scan-assembler-times vfixupimmss[ \\\\t]+[^{\\n]*{sae}[^\\n]*%xmm[0-9]+(?:\\n|[ \\\\t]+#) 1
UNRESOLVED: gcc.target/i386/avx512f-vfixupimmss-1.c scan-assembler-times vfixupimmss[ \\\\t]+[^{\\n]*{sae}[^\\n]*%xmm[0-9]+{%k[1-7]}(?:\\n|[ \\\\t]+#) 1
UNRESOLVED: gcc.target/i386/avx512f-vfixupimmss-1.c scan-assembler-times vfixupimmss[ \\\\t]+[^{\\n]*{sae}[^\\n]*%xmm[0-9]+{%k[1-7]}{z}(?:\\n|[ \\\\t]+#) 1
FAIL: gcc.target/i386/avx512f-vfixupimmss-2.c (internal compiler error)
FAIL: gcc.target/i386/avx512f-vfixupimmss-2.c (test for excess errors)
UNRESOLVED: gcc.target/i386/avx512f-vfixupimmss-2.c compilation failed to produce executable
FAIL: gcc.target/i386/avx512f-vfmaddXXXpd-1.c (internal compiler error)
FAIL: gcc.target/i386/avx512f-vfmaddXXXpd-1.c (test for excess errors)
UNRESOLVED: gcc.target/i386/avx512f-vfmaddXXXpd-1.c scan-assembler-times vfmadd...pd[ \\\\t]+[^\\n]*{rd-sae}[^{\\n]*%zmm[0-9]+{%k[1-7]}(?:\\n|[ \\\\t]+#) 1
UNRESOLVED: gcc.target/i386/avx512f-vfmaddXXXpd-1.c scan-assembler-times vfmadd...pd[ \\\\t]+[^\\n]*{rn-sae}[^{\\n]*%zmm[0-9]+(?:\\n|[ \\\\t]+#) 1
UNRESOLVED: gcc.target/i386/avx512f-vfmaddXXXpd-1.c scan-assembler-times vfmadd...pd[ \\\\t]+[^\\n]*{rz-sae}[^{\\n]*%zmm[0-9]+{%k[1-7]}{z}(?:\\n|[ \\\\t]+#) 1
UNRESOLVED: gcc.target/i386/avx512f-vfmaddXXXpd-1.c scan-assembler-times vfmadd...pd[ \\\\t]+[^{\\n]*%zmm[0-9]+(?:\\n|[ \\\\t]+#) 1
UNRESOLVED: gcc.target/i386/avx512f-vfmaddXXXpd-1.c scan-assembler-times vfmadd...pd[ \\\\t]+[^{\\n]*%zmm[0-9]+{%k[1-7]}(?:\\n|[ \\\\t]+#) 2
UNRESOLVED: gcc.target/i386/avx512f-vfmaddXXXpd-1.c scan-assembler-times vfmadd...pd[ \\\\t]+[^{\\n]*%zmm[0-9]+{%k[1-7]}{z}(?:\\n|[ \\\\t]+#) 1
UNRESOLVED: gcc.target/i386/avx512f-vfmaddXXXpd-1.c scan-assembler-times vfmadd231pd[ \\\\t]+[^\\n]*{ru-sae}[^{\\n]*%zmm[0-9]+{%k[1-7]}(?:\\n|[ \\\\t]+#) 1
UNRESOLVED: gcc.target/i386/avx512f-vfmaddXXXpd-1.c scan-assembler-times vfmadd231pd[ \\\\t]+[^{\\n]*%zmm[0-9]+{%k[1-7]}(?:\\n|[ \\\\t]+#) 1
FAIL: gcc.target/i386/avx512f-vfmaddXXXpd-2.c (internal compiler error)
FAIL: gcc.target/i386/avx512f-vfmaddXXXpd-2.c (test for excess errors)
UNRESOLVED: gcc.target/i386/avx512f-vfmaddXXXpd-2.c compilation failed to produce executable
FAIL: gcc.target/i386/avx512f-vfmaddXXXps-1.c (internal compiler error)
FAIL: gcc.target/i386/avx512f-vfmaddXXXps-1.c (test for excess errors)
UNRESOLVED: gcc.target/i386/avx512f-vfmaddXXXps-1.c scan-assembler-times vfmadd...ps[ \\\\t]+[^\\n]*{rd-sae}[^{\\n]*%zmm[0-9]+{%k[1-7]}(?:\\n|[ \\\\t]+#) 1
UNRESOLVED: gcc.target/i386/avx512f-vfmaddXXXps-1.c scan-assembler-times vfmadd...ps[ \\\\t]+[^\\n]*{rn-sae}[^{\\n]*%zmm[0-9]+(?:\\n|[ \\\\t]+#) 1
UNRESOLVED: gcc.target/i386/avx512f-vfmaddXXXps-1.c scan-assembler-times vfmadd...ps[ \\\\t]+[^\\n]*{rz-sae}[^{\\n]*%zmm[0-9]+{%k[1-7]}{z}(?:\\n|[ \\\\t]+#) 1
UNRESOLVED: gcc.target/i386/avx512f-vfmaddXXXps-1.c scan-assembler-times vfmadd...ps[ \\\\t]+[^{\\n]*%zmm[0-9]+(?:\\n|[ \\\\t]+#) 1
UNRESOLVED: gcc.target/i386/avx512f-vfmaddXXXps-1.c scan-assembler-times vfmadd...ps[ \\\\t]+[^{\\n]*%zmm[0-9]+{%k[1-7]}(?:\\n|[ \\\\t]+#) 2
UNRESOLVED: gcc.target/i386/avx512f-vfmaddXXXps-1.c scan-assembler-times vfmadd...ps[ \\\\t]+[^{\\n]*%zmm[0-9]+{%k[1-7]}{z}(?:\\n|[ \\\\t]+#) 1
UNRESOLVED: gcc.target/i386/avx512f-vfmaddXXXps-1.c scan-assembler-times vfmadd231ps[ \\\\t]+[^\\n]*{ru-sae}[^{\\n]*%zmm[0-9]+{%k[1-7]}(?:\\n|[ \\\\t]+#) 1
UNRESOLVED: gcc.target/i386/avx512f-vfmaddXXXps-1.c scan-assembler-times vfmadd231ps[ \\\\t]+[^{\\n]*%zmm[0-9]+{%k[1-7]}(?:\\n|[ \\\\t]+#) 1
FAIL: gcc.target/i386/avx512f-vfmaddXXXps-2.c (internal compiler error)
FAIL: gcc.target/i386/avx512f-vfmaddXXXps-2.c (test for excess errors)
UNRESOLVED: gcc.target/i386/avx512f-vfmaddXXXps-2.c compilation failed to produce executable
FAIL: gcc.target/i386/avx512f-vfmaddsubXXXpd-1.c (internal compiler error)
FAIL: gcc.target/i386/avx512f-vfmaddsubXXXpd-1.c (test for excess errors)
UNRESOLVED: gcc.target/i386/avx512f-vfmaddsubXXXpd-1.c scan-assembler-times vfmaddsub...pd[ \\\\t]+[^\\n]*{rd-sae}[^{\\n]*%zmm[0-9]+{%k[1-7]}(?:\\n|[ \\\\t]+#) 1
UNRESOLVED: gcc.target/i386/avx512f-vfmaddsubXXXpd-1.c scan-assembler-times vfmaddsub...pd[ \\\\t]+[^\\n]*{rn-sae}[^{\\n]*%zmm[0-9]+(?:\\n|[ \\\\t]+#) 1
UNRESOLVED: gcc.target/i386/avx512f-vfmaddsubXXXpd-1.c scan-assembler-times vfmaddsub...pd[ \\\\t]+[^\\n]*{rz-sae}[^{\\n]*%zmm[0-9]+{%k[1-7]}{z}(?:\\n|[ \\\\t]+#) 1
UNRESOLVED: gcc.target/i386/avx512f-vfmaddsubXXXpd-1.c scan-assembler-times vfmaddsub...pd[ \\\\t]+[^{\\n]*%zmm[0-9]+(?:\\n|[ \\\\t]+#) 1
UNRESOLVED: gcc.target/i386/avx512f-vfmaddsubXXXpd-1.c scan-assembler-times vfmaddsub...pd[ \\\\t]+[^{\\n]*%zmm[0-9]+{%k[1-7]}(?:\\n|[ \\\\t]+#) 2
UNRESOLVED: gcc.target/i386/avx512f-vfmaddsubXXXpd-1.c scan-assembler-times vfmaddsub...pd[ \\\\t]+[^{\\n]*%zmm[0-9]+{%k[1-7]}{z}(?:\\n|[ \\\\t]+#) 1
UNRESOLVED: gcc.target/i386/avx512f-vfmaddsubXXXpd-1.c scan-assembler-times vfmaddsub231pd[ \\\\t]+[^\\n]*{ru-sae}[^{\\n]*%zmm[0-9]+{%k[1-7]}(?:\\n|[ \\\\t]+#) 1
UNRESOLVED: gcc.target/i386/avx512f-vfmaddsubXXXpd-1.c scan-assembler-times vfmaddsub231pd[ \\\\t]+[^{\\n]*%zmm[0-9]+{%k[1-7]}(?:\\n|[ \\\\t]+#) 1
FAIL: gcc.target/i386/avx512f-vfmaddsubXXXpd-2.c (internal compiler error)
FAIL: gcc.target/i386/avx512f-vfmaddsubXXXpd-2.c (test for excess errors)
UNRESOLVED: gcc.target/i386/avx512f-vfmaddsubXXXpd-2.c compilation failed to produce executable
FAIL: gcc.target/i386/avx512f-vfmaddsubXXXps-1.c (internal compiler error)
FAIL: gcc.target/i386/avx512f-vfmaddsubXXXps-1.c (test for excess errors)
UNRESOLVED: gcc.target/i386/avx512f-vfmaddsubXXXps-1.c scan-assembler-times vfmaddsub...ps[ \\\\t]+[^\\n]*{rd-sae}[^{\\n]*%zmm[0-9]+{%k[1-7]}(?:\\n|[ \\\\t]+#) 1
UNRESOLVED: gcc.target/i386/avx512f-vfmaddsubXXXps-1.c scan-assembler-times vfmaddsub...ps[ \\\\t]+[^\\n]*{rn-sae}[^{\\n]*%zmm[0-9]+(?:\\n|[ \\\\t]+#) 1
UNRESOLVED: gcc.target/i386/avx512f-vfmaddsubXXXps-1.c scan-assembler-times vfmaddsub...ps[ \\\\t]+[^\\n]*{rz-sae}[^{\\n]*%zmm[0-9]+{%k[1-7]}{z}(?:\\n|[ \\\\t]+#) 1
UNRESOLVED: gcc.target/i386/avx512f-vfmaddsubXXXps-1.c scan-assembler-times vfmaddsub...ps[ \\\\t]+[^{\\n]*%zmm[0-9]+(?:\\n|[ \\\\t]+#) 1
UNRESOLVED: gcc.target/i386/avx512f-vfmaddsubXXXps-1.c scan-assembler-times vfmaddsub...ps[ \\\\t]+[^{\\n]*%zmm[0-9]+{%k[1-7]}(?:\\n|[ \\\\t]+#) 2
UNRESOLVED: gcc.target/i386/avx512f-vfmaddsubXXXps-1.c scan-assembler-times vfmaddsub...ps[ \\\\t]+[^{\\n]*%zmm[0-9]+{%k[1-7]}{z}(?:\\n|[ \\\\t]+#) 1
UNRESOLVED: gcc.target/i386/avx512f-vfmaddsubXXXps-1.c scan-assembler-times vfmaddsub231ps[ \\\\t]+[^\\n]*{ru-sae}[^{\\n]*%zmm[0-9]+{%k[1-7]}(?:\\n|[ \\\\t]+#) 1
UNRESOLVED: gcc.target/i386/avx512f-vfmaddsubXXXps-1.c scan-assembler-times vfmaddsub231ps[ \\\\t]+[^{\\n]*%zmm[0-9]+{%k[1-7]}(?:\\n|[ \\\\t]+#) 1
FAIL: gcc.target/i386/avx512f-vfmaddsubXXXps-2.c (internal compiler error)
FAIL: gcc.target/i386/avx512f-vfmaddsubXXXps-2.c (test for excess errors)
UNRESOLVED: gcc.target/i386/avx512f-vfmaddsubXXXps-2.c compilation failed to produce executable
FAIL: gcc.target/i386/avx512f-vfmsubXXXpd-1.c (internal compiler error)
FAIL: gcc.target/i386/avx512f-vfmsubXXXpd-1.c (test for excess errors)
UNRESOLVED: gcc.target/i386/avx512f-vfmsubXXXpd-1.c scan-assembler-times vfmsub...pd[ \\\\t]+[^\\n]*{rd-sae}[^{\\n]*%zmm[0-9]+{%k[1-7]}(?:\\n|[ \\\\t]+#) 1
UNRESOLVED: gcc.target/i386/avx512f-vfmsubXXXpd-1.c scan-assembler-times vfmsub...pd[ \\\\t]+[^\\n]*{rn-sae}[^{\\n]*%zmm[0-9]+(?:\\n|[ \\\\t]+#) 1
UNRESOLVED: gcc.target/i386/avx512f-vfmsubXXXpd-1.c scan-assembler-times vfmsub...pd[ \\\\t]+[^\\n]*{rz-sae}[^{\\n]*%zmm[0-9]+{%k[1-7]}{z}(?:\\n|[ \\\\t]+#) 1
UNRESOLVED: gcc.target/i386/avx512f-vfmsubXXXpd-1.c scan-assembler-times vfmsub...pd[ \\\\t]+[^{\\n]*%zmm[0-9]+(?:\\n|[ \\\\t]+#) 1
UNRESOLVED: gcc.target/i386/avx512f-vfmsubXXXpd-1.c scan-assembler-times vfmsub...pd[ \\\\t]+[^{\\n]*%zmm[0-9]+{%k[1-7]}(?:\\n|[ \\\\t]+#) 2
UNRESOLVED: gcc.target/i386/avx512f-vfmsubXXXpd-1.c scan-assembler-times vfmsub...pd[ \\\\t]+[^{\\n]*%zmm[0-9]+{%k[1-7]}{z}(?:\\n|[ \\\\t]+#) 1
UNRESOLVED: gcc.target/i386/avx512f-vfmsubXXXpd-1.c scan-assembler-times vfmsub231pd[ \\\\t]+[^\\n]*{ru-sae}[^{\\n]*%zmm[0-9]+{%k[1-7]}(?:\\n|[ \\\\t]+#) 1
UNRESOLVED: gcc.target/i386/avx512f-vfmsubXXXpd-1.c scan-assembler-times vfmsub231pd[ \\\\t]+[^{\\n]*%zmm[0-9]+{%k[1-7]}(?:\\n|[ \\\\t]+#) 1
FAIL: gcc.target/i386/avx512f-vfmsubXXXpd-2.c (internal compiler error)
FAIL: gcc.target/i386/avx512f-vfmsubXXXpd-2.c (test for excess errors)
UNRESOLVED: gcc.target/i386/avx512f-vfmsubXXXpd-2.c compilation failed to produce executable
FAIL: gcc.target/i386/avx512f-vfmsubXXXps-1.c (internal compiler error)
FAIL: gcc.target/i386/avx512f-vfmsubXXXps-1.c (test for excess errors)
UNRESOLVED: gcc.target/i386/avx512f-vfmsubXXXps-1.c scan-assembler-times vfmsub...ps[ \\\\t]+[^\\n]*{rd-sae}[^{\\n]*%zmm[0-9]+{%k[1-7]}(?:\\n|[ \\\\t]+#) 1
UNRESOLVED: gcc.target/i386/avx512f-vfmsubXXXps-1.c scan-assembler-times vfmsub...ps[ \\\\t]+[^\\n]*{rn-sae}[^{\\n]*%zmm[0-9]+(?:\\n|[ \\\\t]+#) 1
UNRESOLVED: gcc.target/i386/avx512f-vfmsubXXXps-1.c scan-assembler-times vfmsub...ps[ \\\\t]+[^\\n]*{rz-sae}[^{\\n]*%zmm[0-9]+{%k[1-7]}{z}(?:\\n|[ \\\\t]+#) 1
UNRESOLVED: gcc.target/i386/avx512f-vfmsubXXXps-1.c scan-assembler-times vfmsub...ps[ \\\\t]+[^{\\n]*%zmm[0-9]+(?:\\n|[ \\\\t]+#) 1
UNRESOLVED: gcc.target/i386/avx512f-vfmsubXXXps-1.c scan-assembler-times vfmsub...ps[ \\\\t]+[^{\\n]*%zmm[0-9]+{%k[1-7]}(?:\\n|[ \\\\t]+#) 2
UNRESOLVED: gcc.target/i386/avx512f-vfmsubXXXps-1.c scan-assembler-times vfmsub...ps[ \\\\t]+[^{\\n]*%zmm[0-9]+{%k[1-7]}{z}(?:\\n|[ \\\\t]+#) 1
UNRESOLVED: gcc.target/i386/avx512f-vfmsubXXXps-1.c scan-assembler-times vfmsub231ps[ \\\\t]+[^\\n]*{ru-sae}[^{\\n]*%zmm[0-9]+{%k[1-7]}(?:\\n|[ \\\\t]+#) 1
UNRESOLVED: gcc.target/i386/avx512f-vfmsubXXXps-1.c scan-assembler-times vfmsub231ps[ \\\\t]+[^{\\n]*%zmm[0-9]+{%k[1-7]}(?:\\n|[ \\\\t]+#) 1
FAIL: gcc.target/i386/avx512f-vfmsubXXXps-2.c (internal compiler error)
FAIL: gcc.target/i386/avx512f-vfmsubXXXps-2.c (test for excess errors)
UNRESOLVED: gcc.target/i386/avx512f-vfmsubXXXps-2.c compilation failed to produce executable
FAIL: gcc.target/i386/avx512f-vfmsubaddXXXpd-1.c (internal compiler error)
FAIL: gcc.target/i386/avx512f-vfmsubaddXXXpd-1.c (test for excess errors)
UNRESOLVED: gcc.target/i386/avx512f-vfmsubaddXXXpd-1.c scan-assembler-times vfmsubadd...pd[ \\\\t]+[^\\n]*{rd-sae}[^{\\n]*%zmm[0-9]+{%k[1-7]}(?:\\n|[ \\\\t]+#) 1
UNRESOLVED: gcc.target/i386/avx512f-vfmsubaddXXXpd-1.c scan-assembler-times vfmsubadd...pd[ \\\\t]+[^\\n]*{rn-sae}[^{\\n]*%zmm[0-9]+(?:\\n|[ \\\\t]+#) 1
UNRESOLVED: gcc.target/i386/avx512f-vfmsubaddXXXpd-1.c scan-assembler-times vfmsubadd...pd[ \\\\t]+[^\\n]*{rz-sae}[^{\\n]*%zmm[0-9]+{%k[1-7]}{z}(?:\\n|[ \\\\t]+#) 1
UNRESOLVED: gcc.target/i386/avx512f-vfmsubaddXXXpd-1.c scan-assembler-times vfmsubadd...pd[ \\\\t]+[^{\\n]*%zmm[0-9]+(?:\\n|[ \\\\t]+#) 1
UNRESOLVED: gcc.target/i386/avx512f-vfmsubaddXXXpd-1.c scan-assembler-times vfmsubadd...pd[ \\\\t]+[^{\\n]*%zmm[0-9]+{%k[1-7]}(?:\\n|[ \\\\t]+#) 2
UNRESOLVED: gcc.target/i386/avx512f-vfmsubaddXXXpd-1.c scan-assembler-times vfmsubadd...pd[ \\\\t]+[^{\\n]*%zmm[0-9]+{%k[1-7]}{z}(?:\\n|[ \\\\t]+#) 1
UNRESOLVED: gcc.target/i386/avx512f-vfmsubaddXXXpd-1.c scan-assembler-times vfmsubadd231pd[ \\\\t]+[^\\n]*{ru-sae}[^{\\n]*%zmm[0-9]+{%k[1-7]}(?:\\n|[ \\\\t]+#) 1
UNRESOLVED: gcc.target/i386/avx512f-vfmsubaddXXXpd-1.c scan-assembler-times vfmsubadd231pd[ \\\\t]+[^{\\n]*%zmm[0-9]+{%k[1-7]}(?:\\n|[ \\\\t]+#) 1
FAIL: gcc.target/i386/avx512f-vfmsubaddXXXpd-2.c (internal compiler error)
FAIL: gcc.target/i386/avx512f-vfmsubaddXXXpd-2.c (test for excess errors)
UNRESOLVED: gcc.target/i386/avx512f-vfmsubaddXXXpd-2.c compilation failed to produce executable
FAIL: gcc.target/i386/avx512f-vfmsubaddXXXps-1.c (internal compiler error)
FAIL: gcc.target/i386/avx512f-vfmsubaddXXXps-1.c (test for excess errors)
UNRESOLVED: gcc.target/i386/avx512f-vfmsubaddXXXps-1.c scan-assembler-times vfmsubadd...ps[ \\\\t]+[^\\n]*{rd-sae}[^{\\n]*%zmm[0-9]+{%k[1-7]}(?:\\n|[ \\\\t]+#) 1
UNRESOLVED: gcc.target/i386/avx512f-vfmsubaddXXXps-1.c scan-assembler-times vfmsubadd...ps[ \\\\t]+[^\\n]*{rn-sae}[^{\\n]*%zmm[0-9]+(?:\\n|[ \\\\t]+#) 1
UNRESOLVED: gcc.target/i386/avx512f-vfmsubaddXXXps-1.c scan-assembler-times vfmsubadd...ps[ \\\\t]+[^\\n]*{rz-sae}[^{\\n]*%zmm[0-9]+{%k[1-7]}{z}(?:\\n|[ \\\\t]+#) 1
UNRESOLVED: gcc.target/i386/avx512f-vfmsubaddXXXps-1.c scan-assembler-times vfmsubadd...ps[ \\\\t]+[^{\\n]*%zmm[0-9]+(?:\\n|[ \\\\t]+#) 1
UNRESOLVED: gcc.target/i386/avx512f-vfmsubaddXXXps-1.c scan-assembler-times vfmsubadd...ps[ \\\\t]+[^{\\n]*%zmm[0-9]+{%k[1-7]}(?:\\n|[ \\\\t]+#) 2
UNRESOLVED: gcc.target/i386/avx512f-vfmsubaddXXXps-1.c scan-assembler-times vfmsubadd...ps[ \\\\t]+[^{\\n]*%zmm[0-9]+{%k[1-7]}{z}(?:\\n|[ \\\\t]+#) 1
UNRESOLVED: gcc.target/i386/avx512f-vfmsubaddXXXps-1.c scan-assembler-times vfmsubadd231ps[ \\\\t]+[^\\n]*{ru-sae}[^{\\n]*%zmm[0-9]+{%k[1-7]}(?:\\n|[ \\\\t]+#) 1
UNRESOLVED: gcc.target/i386/avx512f-vfmsubaddXXXps-1.c scan-assembler-times vfmsubadd231ps[ \\\\t]+[^{\\n]*%zmm[0-9]+{%k[1-7]}(?:\\n|[ \\\\t]+#) 1
FAIL: gcc.target/i386/avx512f-vfmsubaddXXXps-2.c (internal compiler error)
FAIL: gcc.target/i386/avx512f-vfmsubaddXXXps-2.c (test for excess errors)
UNRESOLVED: gcc.target/i386/avx512f-vfmsubaddXXXps-2.c compilation failed to produce executable
FAIL: gcc.target/i386/avx512f-vfnmaddXXXpd-1.c (internal compiler error)
FAIL: gcc.target/i386/avx512f-vfnmaddXXXpd-1.c (test for excess errors)
UNRESOLVED: gcc.target/i386/avx512f-vfnmaddXXXpd-1.c scan-assembler-times vfnmadd...pd[ \\\\t]+[^\\n]*{rd-sae}[^{\\n]*%zmm[0-9]+{%k[1-7]}(?:\\n|[ \\\\t]+#) 1
UNRESOLVED: gcc.target/i386/avx512f-vfnmaddXXXpd-1.c scan-assembler-times vfnmadd...pd[ \\\\t]+[^\\n]*{rn-sae}[^{\\n]*%zmm[0-9]+(?:\\n|[ \\\\t]+#) 1
UNRESOLVED: gcc.target/i386/avx512f-vfnmaddXXXpd-1.c scan-assembler-times vfnmadd...pd[ \\\\t]+[^\\n]*{rz-sae}[^{\\n]*%zmm[0-9]+{%k[1-7]}{z}(?:\\n|[ \\\\t]+#) 1
UNRESOLVED: gcc.target/i386/avx512f-vfnmaddXXXpd-1.c scan-assembler-times vfnmadd...pd[ \\\\t]+[^{\\n]*%zmm[0-9]+(?:\\n|[ \\\\t]+#) 1
UNRESOLVED: gcc.target/i386/avx512f-vfnmaddXXXpd-1.c scan-assembler-times vfnmadd...pd[ \\\\t]+[^{\\n]*%zmm[0-9]+{%k[1-7]}(?:\\n|[ \\\\t]+#) 2
UNRESOLVED: gcc.target/i386/avx512f-vfnmaddXXXpd-1.c scan-assembler-times vfnmadd...pd[ \\\\t]+[^{\\n]*%zmm[0-9]+{%k[1-7]}{z}(?:\\n|[ \\\\t]+#) 1
UNRESOLVED: gcc.target/i386/avx512f-vfnmaddXXXpd-1.c scan-assembler-times vfnmadd231pd[ \\\\t]+[^\\n]*{ru-sae}[^{\\n]*%zmm[0-9]+{%k[1-7]}(?:\\n|[ \\\\t]+#) 1
UNRESOLVED: gcc.target/i386/avx512f-vfnmaddXXXpd-1.c scan-assembler-times vfnmadd231pd[ \\\\t]+[^{\\n]*%zmm[0-9]+{%k[1-7]}(?:\\n|[ \\\\t]+#) 1
FAIL: gcc.target/i386/avx512f-vfnmaddXXXpd-2.c (internal compiler error)
FAIL: gcc.target/i386/avx512f-vfnmaddXXXpd-2.c (test for excess errors)
UNRESOLVED: gcc.target/i386/avx512f-vfnmaddXXXpd-2.c compilation failed to produce executable
FAIL: gcc.target/i386/avx512f-vfnmaddXXXps-1.c (internal compiler error)
FAIL: gcc.target/i386/avx512f-vfnmaddXXXps-1.c (test for excess errors)
UNRESOLVED: gcc.target/i386/avx512f-vfnmaddXXXps-1.c scan-assembler-times vfnmadd...ps[ \\\\t]+[^\\n]*{rd-sae}[^{\\n]*%zmm[0-9]+{%k[1-7]}(?:\\n|[ \\\\t]+#) 1
UNRESOLVED: gcc.target/i386/avx512f-vfnmaddXXXps-1.c scan-assembler-times vfnmadd...ps[ \\\\t]+[^\\n]*{rn-sae}[^{\\n]*%zmm[0-9]+(?:\\n|[ \\\\t]+#) 1
UNRESOLVED: gcc.target/i386/avx512f-vfnmaddXXXps-1.c scan-assembler-times vfnmadd...ps[ \\\\t]+[^\\n]*{rz-sae}[^{\\n]*%zmm[0-9]+{%k[1-7]}{z}(?:\\n|[ \\\\t]+#) 1
UNRESOLVED: gcc.target/i386/avx512f-vfnmaddXXXps-1.c scan-assembler-times vfnmadd...ps[ \\\\t]+[^{\\n]*%zmm[0-9]+(?:\\n|[ \\\\t]+#) 1
UNRESOLVED: gcc.target/i386/avx512f-vfnmaddXXXps-1.c scan-assembler-times vfnmadd...ps[ \\\\t]+[^{\\n]*%zmm[0-9]+{%k[1-7]}(?:\\n|[ \\\\t]+#) 2
UNRESOLVED: gcc.target/i386/avx512f-vfnmaddXXXps-1.c scan-assembler-times vfnmadd...ps[ \\\\t]+[^{\\n]*%zmm[0-9]+{%k[1-7]}{z}(?:\\n|[ \\\\t]+#) 1
UNRESOLVED: gcc.target/i386/avx512f-vfnmaddXXXps-1.c scan-assembler-times vfnmadd231ps[ \\\\t]+[^\\n]*{ru-sae}[^{\\n]*%zmm[0-9]+{%k[1-7]}(?:\\n|[ \\\\t]+#) 1
UNRESOLVED: gcc.target/i386/avx512f-vfnmaddXXXps-1.c scan-assembler-times vfnmadd231ps[ \\\\t]+[^{\\n]*%zmm[0-9]+{%k[1-7]}(?:\\n|[ \\\\t]+#) 1
FAIL: gcc.target/i386/avx512f-vfnmaddXXXps-2.c (internal compiler error)
FAIL: gcc.target/i386/avx512f-vfnmaddXXXps-2.c (test for excess errors)
UNRESOLVED: gcc.target/i386/avx512f-vfnmaddXXXps-2.c compilation failed to produce executable
FAIL: gcc.target/i386/avx512f-vfnmsubXXXpd-1.c (internal compiler error)
FAIL: gcc.target/i386/avx512f-vfnmsubXXXpd-1.c (test for excess errors)
UNRESOLVED: gcc.target/i386/avx512f-vfnmsubXXXpd-1.c scan-assembler-times vfnmsub...pd[ \\\\t]+[^\\n]*{rd-sae}[^{\\n]*%zmm[0-9]+{%k[1-7]}(?:\\n|[ \\\\t]+#) 1
UNRESOLVED: gcc.target/i386/avx512f-vfnmsubXXXpd-1.c scan-assembler-times vfnmsub...pd[ \\\\t]+[^\\n]*{rn-sae}[^{\\n]*%zmm[0-9]+(?:\\n|[ \\\\t]+#) 1
UNRESOLVED: gcc.target/i386/avx512f-vfnmsubXXXpd-1.c scan-assembler-times vfnmsub...pd[ \\\\t]+[^\\n]*{rz-sae}[^{\\n]*%zmm[0-9]+{%k[1-7]}{z}(?:\\n|[ \\\\t]+#) 1
UNRESOLVED: gcc.target/i386/avx512f-vfnmsubXXXpd-1.c scan-assembler-times vfnmsub...pd[ \\\\t]+[^{\\n]*%zmm[0-9]+(?:\\n|[ \\\\t]+#) 1
UNRESOLVED: gcc.target/i386/avx512f-vfnmsubXXXpd-1.c scan-assembler-times vfnmsub...pd[ \\\\t]+[^{\\n]*%zmm[0-9]+{%k[1-7]}(?:\\n|[ \\\\t]+#) 2
UNRESOLVED: gcc.target/i386/avx512f-vfnmsubXXXpd-1.c scan-assembler-times vfnmsub...pd[ \\\\t]+[^{\\n]*%zmm[0-9]+{%k[1-7]}{z}(?:\\n|[ \\\\t]+#) 1
UNRESOLVED: gcc.target/i386/avx512f-vfnmsubXXXpd-1.c scan-assembler-times vfnmsub231pd[ \\\\t]+[^\\n]*{ru-sae}[^{\\n]*%zmm[0-9]+{%k[1-7]}(?:\\n|[ \\\\t]+#) 1
UNRESOLVED: gcc.target/i386/avx512f-vfnmsubXXXpd-1.c scan-assembler-times vfnmsub231pd[ \\\\t]+[^{\\n]*%zmm[0-9]+{%k[1-7]}(?:\\n|[ \\\\t]+#) 1
FAIL: gcc.target/i386/avx512f-vfnmsubXXXpd-2.c (internal compiler error)
FAIL: gcc.target/i386/avx512f-vfnmsubXXXpd-2.c (test for excess errors)
UNRESOLVED: gcc.target/i386/avx512f-vfnmsubXXXpd-2.c compilation failed to produce executable
FAIL: gcc.target/i386/avx512f-vfnmsubXXXps-1.c (internal compiler error)
FAIL: gcc.target/i386/avx512f-vfnmsubXXXps-1.c (test for excess errors)
UNRESOLVED: gcc.target/i386/avx512f-vfnmsubXXXps-1.c scan-assembler-times vfnmsub...ps[ \\\\t]+[^\\n]*{rd-sae}[^{\\n]*%zmm[0-9]+{%k[1-7]}(?:\\n|[ \\\\t]+#) 1
UNRESOLVED: gcc.target/i386/avx512f-vfnmsubXXXps-1.c scan-assembler-times vfnmsub...ps[ \\\\t]+[^\\n]*{rn-sae}[^{\\n]*%zmm[0-9]+(?:\\n|[ \\\\t]+#) 1
UNRESOLVED: gcc.target/i386/avx512f-vfnmsubXXXps-1.c scan-assembler-times vfnmsub...ps[ \\\\t]+[^\\n]*{rz-sae}[^{\\n]*%zmm[0-9]+{%k[1-7]}{z}(?:\\n|[ \\\\t]+#) 1
UNRESOLVED: gcc.target/i386/avx512f-vfnmsubXXXps-1.c scan-assembler-times vfnmsub...ps[ \\\\t]+[^{\\n]*%zmm[0-9]+(?:\\n|[ \\\\t]+#) 1
UNRESOLVED: gcc.target/i386/avx512f-vfnmsubXXXps-1.c scan-assembler-times vfnmsub...ps[ \\\\t]+[^{\\n]*%zmm[0-9]+{%k[1-7]}(?:\\n|[ \\\\t]+#) 2
UNRESOLVED: gcc.target/i386/avx512f-vfnmsubXXXps-1.c scan-assembler-times vfnmsub...ps[ \\\\t]+[^{\\n]*%zmm[0-9]+{%k[1-7]}{z}(?:\\n|[ \\\\t]+#) 1
UNRESOLVED: gcc.target/i386/avx512f-vfnmsubXXXps-1.c scan-assembler-times vfnmsub231ps[ \\\\t]+[^\\n]*{ru-sae}[^{\\n]*%zmm[0-9]+{%k[1-7]}(?:\\n|[ \\\\t]+#) 1
UNRESOLVED: gcc.target/i386/avx512f-vfnmsubXXXps-1.c scan-assembler-times vfnmsub231ps[ \\\\t]+[^{\\n]*%zmm[0-9]+{%k[1-7]}(?:\\n|[ \\\\t]+#) 1
FAIL: gcc.target/i386/avx512f-vfnmsubXXXps-2.c (internal compiler error)
FAIL: gcc.target/i386/avx512f-vfnmsubXXXps-2.c (test for excess errors)
UNRESOLVED: gcc.target/i386/avx512f-vfnmsubXXXps-2.c compilation failed to produce executable
FAIL: gcc.target/i386/avx512vl-vshufpd-1.c (internal compiler error)
FAIL: gcc.target/i386/avx512vl-vshufpd-1.c (test for excess errors)
UNRESOLVED: gcc.target/i386/avx512vl-vshufpd-1.c scan-assembler-times vshufpd[ \\\\t]+[^{\\n]*%xmm[0-9]+{%k[1-7]}(?:\\n|[ \\\\t]+#) 1
UNRESOLVED: gcc.target/i386/avx512vl-vshufpd-1.c scan-assembler-times vshufpd[ \\\\t]+[^{\\n]*%xmm[0-9]+{%k[1-7]}{z}(?:\\n|[ \\\\t]+#) 1
UNRESOLVED: gcc.target/i386/avx512vl-vshufpd-1.c scan-assembler-times vshufpd[ \\\\t]+[^{\\n]*%ymm[0-9]+{%k[1-7]}(?:\\n|[ \\\\t]+#) 1
UNRESOLVED: gcc.target/i386/avx512vl-vshufpd-1.c scan-assembler-times vshufpd[ \\\\t]+[^{\\n]*%ymm[0-9]+{%k[1-7]}{z}(?:\\n|[ \\\\t]+#) 1
FAIL: gcc.target/i386/avx512vl-vshufpd-2.c (internal compiler error)
FAIL: gcc.target/i386/avx512vl-vshufpd-2.c (test for excess errors)
UNRESOLVED: gcc.target/i386/avx512vl-vshufpd-2.c compilation failed to produce executable
FAIL: gcc.target/i386/avx512vl-vshufps-1.c (internal compiler error)
FAIL: gcc.target/i386/avx512vl-vshufps-1.c (test for excess errors)
UNRESOLVED: gcc.target/i386/avx512vl-vshufps-1.c scan-assembler-times vshufps[ \\\\t]+[^{\\n]*%xmm[0-9]+{%k[1-7]}(?:\\n|[ \\\\t]+#) 1
UNRESOLVED: gcc.target/i386/avx512vl-vshufps-1.c scan-assembler-times vshufps[ \\\\t]+[^{\\n]*%xmm[0-9]+{%k[1-7]}{z}(?:\\n|[ \\\\t]+#) 1
UNRESOLVED: gcc.target/i386/avx512vl-vshufps-1.c scan-assembler-times vshufps[ \\\\t]+[^{\\n]*%ymm[0-9]+{%k[1-7]}(?:\\n|[ \\\\t]+#) 1
UNRESOLVED: gcc.target/i386/avx512vl-vshufps-1.c scan-assembler-times vshufps[ \\\\t]+[^{\\n]*%ymm[0-9]+{%k[1-7]}{z}(?:\\n|[ \\\\t]+#) 1
FAIL: gcc.target/i386/avx512vl-vshufps-2.c (internal compiler error)
FAIL: gcc.target/i386/avx512vl-vshufps-2.c (test for excess errors)
UNRESOLVED: gcc.target/i386/avx512vl-vshufps-2.c compilation failed to produce executable
FAIL: gcc.target/i386/sse-13.c (internal compiler error)
FAIL: gcc.target/i386/sse-13.c (test for excess errors)
FAIL: gcc.target/i386/sse-14.c (internal compiler error)
FAIL: gcc.target/i386/sse-14.c (test for excess errors)
FAIL: gcc.target/i386/sse-22.c (internal compiler error)
FAIL: gcc.target/i386/sse-22.c (test for excess errors)
FAIL: gcc.target/i386/sse-22a.c (internal compiler error)
FAIL: gcc.target/i386/sse-22a.c (test for excess errors)
FAIL: gcc.target/i386/sse-23.c (internal compiler error)
FAIL: gcc.target/i386/sse-23.c (test for excess errors)
FAIL: gcc.target/i386/sse-24.c (internal compiler error)
FAIL: gcc.target/i386/sse-24.c (test for excess errors)
FAIL: gcc.target/i386/sse-25.c (internal compiler error)
FAIL: gcc.target/i386/sse-25.c (test for excess errors)
FAIL: gcc.target/i386/testimm-10.c (test for errors, line 100)
FAIL: gcc.target/i386/testimm-10.c (test for errors, line 101)
FAIL: gcc.target/i386/testimm-10.c (test for errors, line 102)
FAIL: gcc.target/i386/testimm-10.c (test for errors, line 104)
FAIL: gcc.target/i386/testimm-10.c (test for errors, line 105)
FAIL: gcc.target/i386/testimm-10.c (test for errors, line 106)
FAIL: gcc.target/i386/testimm-10.c (test for errors, line 108)
FAIL: gcc.target/i386/testimm-10.c (test for errors, line 109)
FAIL: gcc.target/i386/testimm-10.c (test for errors, line 110)
FAIL: gcc.target/i386/testimm-10.c (test for errors, line 112)
FAIL: gcc.target/i386/testimm-10.c (test for errors, line 113)
FAIL: gcc.target/i386/testimm-10.c (test for errors, line 114)
FAIL: gcc.target/i386/testimm-10.c (test for errors, line 116)
FAIL: gcc.target/i386/testimm-10.c (test for errors, line 117)
FAIL: gcc.target/i386/testimm-10.c (test for errors, line 119)
FAIL: gcc.target/i386/testimm-10.c (test for errors, line 120)
FAIL: gcc.target/i386/testimm-10.c (test for errors, line 121)
FAIL: gcc.target/i386/testimm-10.c (test for errors, line 122)
FAIL: gcc.target/i386/testimm-10.c (test for errors, line 123)
FAIL: gcc.target/i386/testimm-10.c (test for errors, line 124)
FAIL: gcc.target/i386/testimm-10.c (test for errors, line 126)
FAIL: gcc.target/i386/testimm-10.c (test for errors, line 127)
FAIL: gcc.target/i386/testimm-10.c (test for errors, line 128)
FAIL: gcc.target/i386/testimm-10.c (test for errors, line 129)
FAIL: gcc.target/i386/testimm-10.c (test for errors, line 130)
FAIL: gcc.target/i386/testimm-10.c (test for errors, line 131)
FAIL: gcc.target/i386/testimm-10.c (test for errors, line 132)
FAIL: gcc.target/i386/testimm-10.c (test for errors, line 133)
FAIL: gcc.target/i386/testimm-10.c (test for errors, line 134)
FAIL: gcc.target/i386/testimm-10.c (test for errors, line 135)
FAIL: gcc.target/i386/testimm-10.c (test for errors, line 136)
FAIL: gcc.target/i386/testimm-10.c (test for errors, line 137)
FAIL: gcc.target/i386/testimm-10.c (test for errors, line 138)
FAIL: gcc.target/i386/testimm-10.c (test for errors, line 139)
FAIL: gcc.target/i386/testimm-10.c (test for errors, line 140)
FAIL: gcc.target/i386/testimm-10.c (test for errors, line 141)
FAIL: gcc.target/i386/testimm-10.c (test for errors, line 147)
FAIL: gcc.target/i386/testimm-10.c (test for errors, line 148)
FAIL: gcc.target/i386/testimm-10.c (test for errors, line 149)
FAIL: gcc.target/i386/testimm-10.c (test for errors, line 151)
FAIL: gcc.target/i386/testimm-10.c (test for errors, line 152)
FAIL: gcc.target/i386/testimm-10.c (test for errors, line 153)
FAIL: gcc.target/i386/testimm-10.c (test for errors, line 155)
FAIL: gcc.target/i386/testimm-10.c (test for errors, line 156)
FAIL: gcc.target/i386/testimm-10.c (test for errors, line 157)
FAIL: gcc.target/i386/testimm-10.c (test for errors, line 159)
FAIL: gcc.target/i386/testimm-10.c (test for errors, line 160)
FAIL: gcc.target/i386/testimm-10.c (test for errors, line 161)
FAIL: gcc.target/i386/testimm-10.c (test for errors, line 166)
FAIL: gcc.target/i386/testimm-10.c (test for errors, line 167)
FAIL: gcc.target/i386/testimm-10.c (test for errors, line 168)
FAIL: gcc.target/i386/testimm-10.c (test for errors, line 170)
FAIL: gcc.target/i386/testimm-10.c (test for errors, line 171)
FAIL: gcc.target/i386/testimm-10.c (test for errors, line 172)
FAIL: gcc.target/i386/testimm-10.c (test for errors, line 174)
FAIL: gcc.target/i386/testimm-10.c (test for errors, line 175)
FAIL: gcc.target/i386/testimm-10.c (test for errors, line 176)
FAIL: gcc.target/i386/testimm-10.c (test for errors, line 178)
FAIL: gcc.target/i386/testimm-10.c (test for errors, line 179)
FAIL: gcc.target/i386/testimm-10.c (test for errors, line 180)
FAIL: gcc.target/i386/testimm-10.c (test for errors, line 185)
FAIL: gcc.target/i386/testimm-10.c (test for errors, line 186)
FAIL: gcc.target/i386/testimm-10.c (test for errors, line 187)
FAIL: gcc.target/i386/testimm-10.c (test for errors, line 189)
FAIL: gcc.target/i386/testimm-10.c (test for errors, line 190)
FAIL: gcc.target/i386/testimm-10.c (test for errors, line 191)
FAIL: gcc.target/i386/testimm-10.c (test for errors, line 193)
FAIL: gcc.target/i386/testimm-10.c (test for errors, line 194)
FAIL: gcc.target/i386/testimm-10.c (test for errors, line 74)
FAIL: gcc.target/i386/testimm-10.c (test for errors, line 76)
FAIL: gcc.target/i386/testimm-10.c (test for errors, line 77)
FAIL: gcc.target/i386/testimm-10.c (test for errors, line 78)
FAIL: gcc.target/i386/testimm-10.c (test for errors, line 80)
FAIL: gcc.target/i386/testimm-10.c (test for errors, line 81)
FAIL: gcc.target/i386/testimm-10.c (test for errors, line 82)
FAIL: gcc.target/i386/testimm-10.c (test for errors, line 84)
FAIL: gcc.target/i386/testimm-10.c (test for errors, line 85)
FAIL: gcc.target/i386/testimm-10.c (test for errors, line 86)
FAIL: gcc.target/i386/testimm-10.c (test for errors, line 88)
FAIL: gcc.target/i386/testimm-10.c (test for errors, line 89)
FAIL: gcc.target/i386/testimm-10.c (test for errors, line 90)
FAIL: gcc.target/i386/testimm-10.c (test for errors, line 92)
FAIL: gcc.target/i386/testimm-10.c (test for errors, line 93)
FAIL: gcc.target/i386/testimm-10.c (test for errors, line 94)
FAIL: gcc.target/i386/testimm-10.c (test for errors, line 96)
FAIL: gcc.target/i386/testimm-10.c (test for errors, line 97)
FAIL: gcc.target/i386/testimm-10.c (test for errors, line 98)
FAIL: gcc.target/i386/testimm-10.c (internal compiler error)
FAIL: gcc.target/i386/testimm-10.c (test for excess errors)
FAIL: gcc.target/i386/testround-1.c (test for errors, line 100)
FAIL: gcc.target/i386/testround-1.c (test for errors, line 101)
FAIL: gcc.target/i386/testround-1.c (test for errors, line 102)
FAIL: gcc.target/i386/testround-1.c (test for errors, line 103)
FAIL: gcc.target/i386/testround-1.c (test for errors, line 104)
FAIL: gcc.target/i386/testround-1.c (test for errors, line 105)
FAIL: gcc.target/i386/testround-1.c (test for errors, line 106)
FAIL: gcc.target/i386/testround-1.c (test for errors, line 107)
FAIL: gcc.target/i386/testround-1.c (test for errors, line 108)
FAIL: gcc.target/i386/testround-1.c (test for errors, line 109)
FAIL: gcc.target/i386/testround-1.c (test for errors, line 110)
FAIL: gcc.target/i386/testround-1.c (test for errors, line 111)
FAIL: gcc.target/i386/testround-1.c (test for errors, line 112)
FAIL: gcc.target/i386/testround-1.c (test for errors, line 113)
FAIL: gcc.target/i386/testround-1.c (test for errors, line 114)
FAIL: gcc.target/i386/testround-1.c (test for errors, line 115)
FAIL: gcc.target/i386/testround-1.c (test for errors, line 116)
FAIL: gcc.target/i386/testround-1.c (test for errors, line 117)
FAIL: gcc.target/i386/testround-1.c (test for errors, line 118)
FAIL: gcc.target/i386/testround-1.c (test for errors, line 119)
FAIL: gcc.target/i386/testround-1.c (test for errors, line 120)
FAIL: gcc.target/i386/testround-1.c (test for errors, line 121)
FAIL: gcc.target/i386/testround-1.c (test for errors, line 122)
FAIL: gcc.target/i386/testround-1.c (test for errors, line 124)
FAIL: gcc.target/i386/testround-1.c (test for errors, line 125)
FAIL: gcc.target/i386/testround-1.c (test for errors, line 126)
FAIL: gcc.target/i386/testround-1.c (test for errors, line 127)
FAIL: gcc.target/i386/testround-1.c (test for errors, line 128)
FAIL: gcc.target/i386/testround-1.c (test for errors, line 129)
FAIL: gcc.target/i386/testround-1.c (test for errors, line 131)
FAIL: gcc.target/i386/testround-1.c (test for errors, line 132)
FAIL: gcc.target/i386/testround-1.c (test for errors, line 133)
FAIL: gcc.target/i386/testround-1.c (test for errors, line 134)
FAIL: gcc.target/i386/testround-1.c (test for errors, line 135)
FAIL: gcc.target/i386/testround-1.c (test for errors, line 136)
FAIL: gcc.target/i386/testround-1.c (test for errors, line 138)
FAIL: gcc.target/i386/testround-1.c (test for errors, line 139)
FAIL: gcc.target/i386/testround-1.c (test for errors, line 141)
FAIL: gcc.target/i386/testround-1.c (test for errors, line 142)
FAIL: gcc.target/i386/testround-1.c (test for errors, line 143)
FAIL: gcc.target/i386/testround-1.c (test for errors, line 144)
FAIL: gcc.target/i386/testround-1.c (test for errors, line 145)
FAIL: gcc.target/i386/testround-1.c (test for errors, line 146)
FAIL: gcc.target/i386/testround-1.c (test for errors, line 148)
FAIL: gcc.target/i386/testround-1.c (test for errors, line 149)
FAIL: gcc.target/i386/testround-1.c (test for errors, line 151)
FAIL: gcc.target/i386/testround-1.c (test for errors, line 152)
FAIL: gcc.target/i386/testround-1.c (test for errors, line 154)
FAIL: gcc.target/i386/testround-1.c (test for errors, line 155)
FAIL: gcc.target/i386/testround-1.c (test for errors, line 156)
FAIL: gcc.target/i386/testround-1.c (test for errors, line 157)
FAIL: gcc.target/i386/testround-1.c (test for errors, line 159)
FAIL: gcc.target/i386/testround-1.c (test for errors, line 160)
FAIL: gcc.target/i386/testround-1.c (test for errors, line 161)
FAIL: gcc.target/i386/testround-1.c (test for errors, line 162)
FAIL: gcc.target/i386/testround-1.c (test for errors, line 163)
FAIL: gcc.target/i386/testround-1.c (test for errors, line 164)
FAIL: gcc.target/i386/testround-1.c (test for errors, line 165)
FAIL: gcc.target/i386/testround-1.c (test for errors, line 166)
FAIL: gcc.target/i386/testround-1.c (test for errors, line 168)
FAIL: gcc.target/i386/testround-1.c (test for errors, line 169)
FAIL: gcc.target/i386/testround-1.c (test for errors, line 170)
FAIL: gcc.target/i386/testround-1.c (test for errors, line 171)
FAIL: gcc.target/i386/testround-1.c (test for errors, line 172)
FAIL: gcc.target/i386/testround-1.c (test for errors, line 173)
FAIL: gcc.target/i386/testround-1.c (test for errors, line 174)
FAIL: gcc.target/i386/testround-1.c (test for errors, line 175)
FAIL: gcc.target/i386/testround-1.c (test for errors, line 176)
FAIL: gcc.target/i386/testround-1.c (test for errors, line 177)
FAIL: gcc.target/i386/testround-1.c (test for errors, line 178)
FAIL: gcc.target/i386/testround-1.c (test for errors, line 179)
FAIL: gcc.target/i386/testround-1.c (test for errors, line 181)
FAIL: gcc.target/i386/testround-1.c (test for errors, line 182)
FAIL: gcc.target/i386/testround-1.c (test for errors, line 183)
FAIL: gcc.target/i386/testround-1.c (test for errors, line 184)
FAIL: gcc.target/i386/testround-1.c (test for errors, line 185)
FAIL: gcc.target/i386/testround-1.c (test for errors, line 186)
FAIL: gcc.target/i386/testround-1.c (test for errors, line 188)
FAIL: gcc.target/i386/testround-1.c (test for errors, line 189)
FAIL: gcc.target/i386/testround-1.c (test for errors, line 190)
FAIL: gcc.target/i386/testround-1.c (test for errors, line 191)
FAIL: gcc.target/i386/testround-1.c (test for errors, line 192)
FAIL: gcc.target/i386/testround-1.c (test for errors, line 193)
FAIL: gcc.target/i386/testround-1.c (test for errors, line 195)
FAIL: gcc.target/i386/testround-1.c (test for errors, line 196)
FAIL: gcc.target/i386/testround-1.c (test for errors, line 197)
FAIL: gcc.target/i386/testround-1.c (test for errors, line 198)
FAIL: gcc.target/i386/testround-1.c (test for errors, line 199)
FAIL: gcc.target/i386/testround-1.c (test for errors, line 200)
FAIL: gcc.target/i386/testround-1.c (test for errors, line 201)
FAIL: gcc.target/i386/testround-1.c (test for errors, line 202)
FAIL: gcc.target/i386/testround-1.c (test for errors, line 203)
FAIL: gcc.target/i386/testround-1.c (test for errors, line 204)
FAIL: gcc.target/i386/testround-1.c (test for errors, line 205)
FAIL: gcc.target/i386/testround-1.c (test for errors, line 206)
FAIL: gcc.target/i386/testround-1.c (test for errors, line 208)
FAIL: gcc.target/i386/testround-1.c (test for errors, line 209)
FAIL: gcc.target/i386/testround-1.c (test for errors, line 211)
FAIL: gcc.target/i386/testround-1.c (test for errors, line 212)
FAIL: gcc.target/i386/testround-1.c (test for errors, line 214)
FAIL: gcc.target/i386/testround-1.c (test for errors, line 215)
FAIL: gcc.target/i386/testround-1.c (test for errors, line 216)
FAIL: gcc.target/i386/testround-1.c (test for errors, line 217)
FAIL: gcc.target/i386/testround-1.c (test for errors, line 218)
FAIL: gcc.target/i386/testround-1.c (test for errors, line 219)
FAIL: gcc.target/i386/testround-1.c (test for errors, line 221)
FAIL: gcc.target/i386/testround-1.c (test for errors, line 223)
FAIL: gcc.target/i386/testround-1.c (test for errors, line 224)
FAIL: gcc.target/i386/testround-1.c (test for errors, line 225)
FAIL: gcc.target/i386/testround-1.c (test for errors, line 226)
FAIL: gcc.target/i386/testround-1.c (test for errors, line 227)
FAIL: gcc.target/i386/testround-1.c (test for errors, line 228)
FAIL: gcc.target/i386/testround-1.c (test for errors, line 229)
FAIL: gcc.target/i386/testround-1.c (test for errors, line 230)
FAIL: gcc.target/i386/testround-1.c (test for errors, line 231)
FAIL: gcc.target/i386/testround-1.c (test for errors, line 232)
FAIL: gcc.target/i386/testround-1.c (test for errors, line 233)
FAIL: gcc.target/i386/testround-1.c (test for errors, line 234)
FAIL: gcc.target/i386/testround-1.c (test for errors, line 235)
FAIL: gcc.target/i386/testround-1.c (test for errors, line 236)
FAIL: gcc.target/i386/testround-1.c (test for errors, line 237)
FAIL: gcc.target/i386/testround-1.c (test for errors, line 238)
FAIL: gcc.target/i386/testround-1.c (test for errors, line 240)
FAIL: gcc.target/i386/testround-1.c (test for errors, line 241)
FAIL: gcc.target/i386/testround-1.c (test for errors, line 242)
FAIL: gcc.target/i386/testround-1.c (test for errors, line 243)
FAIL: gcc.target/i386/testround-1.c (test for errors, line 244)
FAIL: gcc.target/i386/testround-1.c (test for errors, line 245)
FAIL: gcc.target/i386/testround-1.c (test for errors, line 246)
FAIL: gcc.target/i386/testround-1.c (test for errors, line 247)
FAIL: gcc.target/i386/testround-1.c (test for errors, line 249)
FAIL: gcc.target/i386/testround-1.c (test for errors, line 250)
FAIL: gcc.target/i386/testround-1.c (test for errors, line 251)
FAIL: gcc.target/i386/testround-1.c (test for errors, line 252)
FAIL: gcc.target/i386/testround-1.c (test for errors, line 253)
FAIL: gcc.target/i386/testround-1.c (test for errors, line 254)
FAIL: gcc.target/i386/testround-1.c (test for errors, line 255)
FAIL: gcc.target/i386/testround-1.c (test for errors, line 256)
FAIL: gcc.target/i386/testround-1.c (test for errors, line 258)
FAIL: gcc.target/i386/testround-1.c (test for errors, line 259)
FAIL: gcc.target/i386/testround-1.c (test for errors, line 265)
FAIL: gcc.target/i386/testround-1.c (test for errors, line 266)
FAIL: gcc.target/i386/testround-1.c (test for errors, line 267)
FAIL: gcc.target/i386/testround-1.c (test for errors, line 268)
FAIL: gcc.target/i386/testround-1.c (test for errors, line 270)
FAIL: gcc.target/i386/testround-1.c (test for errors, line 271)
FAIL: gcc.target/i386/testround-1.c (test for errors, line 272)
FAIL: gcc.target/i386/testround-1.c (test for errors, line 273)
FAIL: gcc.target/i386/testround-1.c (test for errors, line 274)
FAIL: gcc.target/i386/testround-1.c (test for errors, line 275)
FAIL: gcc.target/i386/testround-1.c (test for errors, line 276)
FAIL: gcc.target/i386/testround-1.c (test for errors, line 277)
FAIL: gcc.target/i386/testround-1.c (test for errors, line 279)
FAIL: gcc.target/i386/testround-1.c (test for errors, line 280)
FAIL: gcc.target/i386/testround-1.c (test for errors, line 281)
FAIL: gcc.target/i386/testround-1.c (test for errors, line 282)
FAIL: gcc.target/i386/testround-1.c (test for errors, line 283)
FAIL: gcc.target/i386/testround-1.c (test for errors, line 284)
FAIL: gcc.target/i386/testround-1.c (test for errors, line 285)
FAIL: gcc.target/i386/testround-1.c (test for errors, line 286)
FAIL: gcc.target/i386/testround-1.c (test for errors, line 287)
FAIL: gcc.target/i386/testround-1.c (test for errors, line 288)
FAIL: gcc.target/i386/testround-1.c (test for errors, line 289)
FAIL: gcc.target/i386/testround-1.c (test for errors, line 290)
FAIL: gcc.target/i386/testround-1.c (test for errors, line 292)
FAIL: gcc.target/i386/testround-1.c (test for errors, line 293)
FAIL: gcc.target/i386/testround-1.c (test for errors, line 294)
FAIL: gcc.target/i386/testround-1.c (test for errors, line 295)
FAIL: gcc.target/i386/testround-1.c (test for errors, line 296)
FAIL: gcc.target/i386/testround-1.c (test for errors, line 297)
FAIL: gcc.target/i386/testround-1.c (test for errors, line 298)
FAIL: gcc.target/i386/testround-1.c (test for errors, line 299)
FAIL: gcc.target/i386/testround-1.c (test for errors, line 300)
FAIL: gcc.target/i386/testround-1.c (test for errors, line 301)
FAIL: gcc.target/i386/testround-1.c (test for errors, line 302)
FAIL: gcc.target/i386/testround-1.c (test for errors, line 303)
FAIL: gcc.target/i386/testround-1.c (test for errors, line 304)
FAIL: gcc.target/i386/testround-1.c (test for errors, line 305)
FAIL: gcc.target/i386/testround-1.c (test for errors, line 306)
FAIL: gcc.target/i386/testround-1.c (test for errors, line 307)
FAIL: gcc.target/i386/testround-1.c (test for errors, line 309)
FAIL: gcc.target/i386/testround-1.c (test for errors, line 310)
FAIL: gcc.target/i386/testround-1.c (test for errors, line 311)
FAIL: gcc.target/i386/testround-1.c (test for errors, line 312)
FAIL: gcc.target/i386/testround-1.c (test for errors, line 313)
FAIL: gcc.target/i386/testround-1.c (test for errors, line 314)
FAIL: gcc.target/i386/testround-1.c (test for errors, line 315)
FAIL: gcc.target/i386/testround-1.c (test for errors, line 316)
FAIL: gcc.target/i386/testround-1.c (test for errors, line 318)
FAIL: gcc.target/i386/testround-1.c (test for errors, line 319)
FAIL: gcc.target/i386/testround-1.c (test for errors, line 320)
FAIL: gcc.target/i386/testround-1.c (test for errors, line 321)
FAIL: gcc.target/i386/testround-1.c (test for errors, line 322)
FAIL: gcc.target/i386/testround-1.c (test for errors, line 323)
FAIL: gcc.target/i386/testround-1.c (test for errors, line 324)
FAIL: gcc.target/i386/testround-1.c (test for errors, line 325)
FAIL: gcc.target/i386/testround-1.c (test for errors, line 326)
FAIL: gcc.target/i386/testround-1.c (test for errors, line 327)
FAIL: gcc.target/i386/testround-1.c (test for errors, line 328)
FAIL: gcc.target/i386/testround-1.c (test for errors, line 329)
FAIL: gcc.target/i386/testround-1.c (test for errors, line 330)
FAIL: gcc.target/i386/testround-1.c (test for errors, line 331)
FAIL: gcc.target/i386/testround-1.c (test for errors, line 332)
FAIL: gcc.target/i386/testround-1.c (test for errors, line 333)
FAIL: gcc.target/i386/testround-1.c (test for errors, line 334)
FAIL: gcc.target/i386/testround-1.c (test for errors, line 335)
FAIL: gcc.target/i386/testround-1.c (test for errors, line 336)
FAIL: gcc.target/i386/testround-1.c (test for errors, line 337)
FAIL: gcc.target/i386/testround-1.c (test for errors, line 338)
FAIL: gcc.target/i386/testround-1.c (test for errors, line 339)
FAIL: gcc.target/i386/testround-1.c (test for errors, line 340)
FAIL: gcc.target/i386/testround-1.c (test for errors, line 341)
FAIL: gcc.target/i386/testround-1.c (test for errors, line 342)
FAIL: gcc.target/i386/testround-1.c (test for errors, line 343)
FAIL: gcc.target/i386/testround-1.c (test for errors, line 344)
FAIL: gcc.target/i386/testround-1.c (test for errors, line 345)
FAIL: gcc.target/i386/testround-1.c (test for errors, line 346)
FAIL: gcc.target/i386/testround-1.c (test for errors, line 347)
FAIL: gcc.target/i386/testround-1.c (test for errors, line 348)
FAIL: gcc.target/i386/testround-1.c (test for errors, line 349)
FAIL: gcc.target/i386/testround-1.c (test for errors, line 350)
FAIL: gcc.target/i386/testround-1.c (test for errors, line 351)
FAIL: gcc.target/i386/testround-1.c (test for errors, line 352)
FAIL: gcc.target/i386/testround-1.c (test for errors, line 353)
FAIL: gcc.target/i386/testround-1.c (test for errors, line 354)
FAIL: gcc.target/i386/testround-1.c (test for errors, line 355)
FAIL: gcc.target/i386/testround-1.c (test for errors, line 356)
FAIL: gcc.target/i386/testround-1.c (test for errors, line 357)
FAIL: gcc.target/i386/testround-1.c (test for errors, line 358)
FAIL: gcc.target/i386/testround-1.c (test for errors, line 359)
FAIL: gcc.target/i386/testround-1.c (test for errors, line 360)
FAIL: gcc.target/i386/testround-1.c (test for errors, line 361)
FAIL: gcc.target/i386/testround-1.c (test for errors, line 362)
FAIL: gcc.target/i386/testround-1.c (test for errors, line 363)
FAIL: gcc.target/i386/testround-1.c (test for errors, line 364)
FAIL: gcc.target/i386/testround-1.c (test for errors, line 365)
FAIL: gcc.target/i386/testround-1.c (test for errors, line 367)
FAIL: gcc.target/i386/testround-1.c (test for errors, line 368)
FAIL: gcc.target/i386/testround-1.c (test for errors, line 369)
FAIL: gcc.target/i386/testround-1.c (test for errors, line 370)
FAIL: gcc.target/i386/testround-1.c (test for errors, line 371)
FAIL: gcc.target/i386/testround-1.c (test for errors, line 372)
FAIL: gcc.target/i386/testround-1.c (test for errors, line 374)
FAIL: gcc.target/i386/testround-1.c (test for errors, line 375)
FAIL: gcc.target/i386/testround-1.c (test for errors, line 376)
FAIL: gcc.target/i386/testround-1.c (test for errors, line 377)
FAIL: gcc.target/i386/testround-1.c (test for errors, line 378)
FAIL: gcc.target/i386/testround-1.c (test for errors, line 379)
FAIL: gcc.target/i386/testround-1.c (test for errors, line 381)
FAIL: gcc.target/i386/testround-1.c (test for errors, line 382)
FAIL: gcc.target/i386/testround-1.c (test for errors, line 384)
FAIL: gcc.target/i386/testround-1.c (test for errors, line 385)
FAIL: gcc.target/i386/testround-1.c (test for errors, line 386)
FAIL: gcc.target/i386/testround-1.c (test for errors, line 387)
FAIL: gcc.target/i386/testround-1.c (test for errors, line 388)
FAIL: gcc.target/i386/testround-1.c (test for errors, line 389)
FAIL: gcc.target/i386/testround-1.c (test for errors, line 391)
FAIL: gcc.target/i386/testround-1.c (test for errors, line 392)
FAIL: gcc.target/i386/testround-1.c (test for errors, line 394)
FAIL: gcc.target/i386/testround-1.c (test for errors, line 395)
FAIL: gcc.target/i386/testround-1.c (test for errors, line 397)
FAIL: gcc.target/i386/testround-1.c (test for errors, line 398)
FAIL: gcc.target/i386/testround-1.c (test for errors, line 399)
FAIL: gcc.target/i386/testround-1.c (test for errors, line 400)
FAIL: gcc.target/i386/testround-1.c (test for errors, line 402)
FAIL: gcc.target/i386/testround-1.c (test for errors, line 403)
FAIL: gcc.target/i386/testround-1.c (test for errors, line 404)
FAIL: gcc.target/i386/testround-1.c (test for errors, line 405)
FAIL: gcc.target/i386/testround-1.c (test for errors, line 406)
FAIL: gcc.target/i386/testround-1.c (test for errors, line 407)
FAIL: gcc.target/i386/testround-1.c (test for errors, line 408)
FAIL: gcc.target/i386/testround-1.c (test for errors, line 409)
FAIL: gcc.target/i386/testround-1.c (test for errors, line 415)
FAIL: gcc.target/i386/testround-1.c (test for errors, line 416)
FAIL: gcc.target/i386/testround-1.c (test for errors, line 417)
FAIL: gcc.target/i386/testround-1.c (test for errors, line 418)
FAIL: gcc.target/i386/testround-1.c (test for errors, line 419)
FAIL: gcc.target/i386/testround-1.c (test for errors, line 420)
FAIL: gcc.target/i386/testround-1.c (test for errors, line 421)
FAIL: gcc.target/i386/testround-1.c (test for errors, line 422)
FAIL: gcc.target/i386/testround-1.c (test for errors, line 423)
FAIL: gcc.target/i386/testround-1.c (test for errors, line 424)
FAIL: gcc.target/i386/testround-1.c (test for errors, line 425)
FAIL: gcc.target/i386/testround-1.c (test for errors, line 426)
FAIL: gcc.target/i386/testround-1.c (test for errors, line 428)
FAIL: gcc.target/i386/testround-1.c (test for errors, line 429)
FAIL: gcc.target/i386/testround-1.c (test for errors, line 430)
FAIL: gcc.target/i386/testround-1.c (test for errors, line 431)
FAIL: gcc.target/i386/testround-1.c (test for errors, line 432)
FAIL: gcc.target/i386/testround-1.c (test for errors, line 433)
FAIL: gcc.target/i386/testround-1.c (test for errors, line 435)
FAIL: gcc.target/i386/testround-1.c (test for errors, line 436)
FAIL: gcc.target/i386/testround-1.c (test for errors, line 437)
FAIL: gcc.target/i386/testround-1.c (test for errors, line 438)
FAIL: gcc.target/i386/testround-1.c (test for errors, line 439)
FAIL: gcc.target/i386/testround-1.c (test for errors, line 440)
FAIL: gcc.target/i386/testround-1.c (test for errors, line 442)
FAIL: gcc.target/i386/testround-1.c (test for errors, line 443)
FAIL: gcc.target/i386/testround-1.c (test for errors, line 444)
FAIL: gcc.target/i386/testround-1.c (test for errors, line 445)
FAIL: gcc.target/i386/testround-1.c (test for errors, line 446)
FAIL: gcc.target/i386/testround-1.c (test for errors, line 447)
FAIL: gcc.target/i386/testround-1.c (test for errors, line 448)
FAIL: gcc.target/i386/testround-1.c (test for errors, line 449)
FAIL: gcc.target/i386/testround-1.c (test for errors, line 450)
FAIL: gcc.target/i386/testround-1.c (test for errors, line 451)
FAIL: gcc.target/i386/testround-1.c (test for errors, line 452)
FAIL: gcc.target/i386/testround-1.c (test for errors, line 453)
FAIL: gcc.target/i386/testround-1.c (test for errors, line 455)
FAIL: gcc.target/i386/testround-1.c (test for errors, line 456)
FAIL: gcc.target/i386/testround-1.c (test for errors, line 458)
FAIL: gcc.target/i386/testround-1.c (test for errors, line 459)
FAIL: gcc.target/i386/testround-1.c (test for errors, line 461)
FAIL: gcc.target/i386/testround-1.c (test for errors, line 462)
FAIL: gcc.target/i386/testround-1.c (test for errors, line 463)
FAIL: gcc.target/i386/testround-1.c (test for errors, line 464)
FAIL: gcc.target/i386/testround-1.c (test for errors, line 465)
FAIL: gcc.target/i386/testround-1.c (test for errors, line 466)
FAIL: gcc.target/i386/testround-1.c (test for errors, line 468)
FAIL: gcc.target/i386/testround-1.c (test for errors, line 470)
FAIL: gcc.target/i386/testround-1.c (test for errors, line 471)
FAIL: gcc.target/i386/testround-1.c (test for errors, line 472)
FAIL: gcc.target/i386/testround-1.c (test for errors, line 473)
FAIL: gcc.target/i386/testround-1.c (test for errors, line 474)
FAIL: gcc.target/i386/testround-1.c (test for errors, line 475)
FAIL: gcc.target/i386/testround-1.c (test for errors, line 476)
FAIL: gcc.target/i386/testround-1.c (test for errors, line 477)
FAIL: gcc.target/i386/testround-1.c (test for errors, line 478)
FAIL: gcc.target/i386/testround-1.c (test for errors, line 479)
FAIL: gcc.target/i386/testround-1.c (test for errors, line 480)
FAIL: gcc.target/i386/testround-1.c (test for errors, line 481)
FAIL: gcc.target/i386/testround-1.c (test for errors, line 482)
FAIL: gcc.target/i386/testround-1.c (test for errors, line 483)
FAIL: gcc.target/i386/testround-1.c (test for errors, line 484)
FAIL: gcc.target/i386/testround-1.c (test for errors, line 485)
FAIL: gcc.target/i386/testround-1.c (test for errors, line 487)
FAIL: gcc.target/i386/testround-1.c (test for errors, line 488)
FAIL: gcc.target/i386/testround-1.c (test for errors, line 489)
FAIL: gcc.target/i386/testround-1.c (test for errors, line 490)
FAIL: gcc.target/i386/testround-1.c (test for errors, line 491)
FAIL: gcc.target/i386/testround-1.c (test for errors, line 492)
FAIL: gcc.target/i386/testround-1.c (test for errors, line 493)
FAIL: gcc.target/i386/testround-1.c (test for errors, line 494)
FAIL: gcc.target/i386/testround-1.c (test for errors, line 496)
FAIL: gcc.target/i386/testround-1.c (test for errors, line 497)
FAIL: gcc.target/i386/testround-1.c (test for errors, line 498)
FAIL: gcc.target/i386/testround-1.c (test for errors, line 499)
FAIL: gcc.target/i386/testround-1.c (test for errors, line 500)
FAIL: gcc.target/i386/testround-1.c (test for errors, line 501)
FAIL: gcc.target/i386/testround-1.c (test for errors, line 502)
FAIL: gcc.target/i386/testround-1.c (test for errors, line 503)
FAIL: gcc.target/i386/testround-1.c (test for errors, line 505)
FAIL: gcc.target/i386/testround-1.c (test for errors, line 506)
FAIL: gcc.target/i386/testround-1.c (test for errors, line 78)
FAIL: gcc.target/i386/testround-1.c (test for errors, line 79)
FAIL: gcc.target/i386/testround-1.c (test for errors, line 80)
FAIL: gcc.target/i386/testround-1.c (test for errors, line 81)
FAIL: gcc.target/i386/testround-1.c (test for errors, line 82)
FAIL: gcc.target/i386/testround-1.c (test for errors, line 83)
FAIL: gcc.target/i386/testround-1.c (test for errors, line 84)
FAIL: gcc.target/i386/testround-1.c (test for errors, line 85)
FAIL: gcc.target/i386/testround-1.c (test for errors, line 86)
FAIL: gcc.target/i386/testround-1.c (test for errors, line 87)
FAIL: gcc.target/i386/testround-1.c (test for errors, line 88)
FAIL: gcc.target/i386/testround-1.c (test for errors, line 89)
FAIL: gcc.target/i386/testround-1.c (test for errors, line 90)
FAIL: gcc.target/i386/testround-1.c (test for errors, line 91)
FAIL: gcc.target/i386/testround-1.c (test for errors, line 92)
FAIL: gcc.target/i386/testround-1.c (test for errors, line 93)
FAIL: gcc.target/i386/testround-1.c (test for errors, line 94)
FAIL: gcc.target/i386/testround-1.c (test for errors, line 95)
FAIL: gcc.target/i386/testround-1.c (test for errors, line 96)
FAIL: gcc.target/i386/testround-1.c (test for errors, line 97)
FAIL: gcc.target/i386/testround-1.c (test for errors, line 98)
FAIL: gcc.target/i386/testround-1.c (test for errors, line 99)
FAIL: gcc.target/i386/testround-1.c (internal compiler error)
FAIL: gcc.target/i386/testround-1.c (test for excess errors)
=== gcc Summary ===
# of expected passes 117641
# of unexpected failures 616
# of unexpected successes 20
# of expected failures 325
# of unresolved testcases 146
# of unsupported tests 1667
/export/gnu/import/git/gcc-test-ia32corei7/bld/gcc/xgcc version 6.0.0 20160301 (experimental) [trunk revision 233851] (GCC)
=== gfortran tests ===
Running target unix
FAIL: gfortran.dg/bessel_6.f90 -O0 execution test
FAIL: gfortran.dg/bessel_6.f90 -O1 execution test
FAIL: gfortran.dg/bessel_6.f90 -O2 execution test
FAIL: gfortran.dg/bessel_6.f90 -O3 -fomit-frame-pointer -funroll-loops -fpeel-loops -ftracer -finline-functions execution test
FAIL: gfortran.dg/bessel_6.f90 -O3 -g execution test
FAIL: gfortran.dg/bessel_6.f90 -Os execution test
=== gfortran Summary ===
# of expected passes 41746
# of unexpected failures 6
# of expected failures 71
# of unsupported tests 167
/export/gnu/import/git/gcc-test-ia32corei7/bld/gcc/testsuite/gfortran/../../gfortran version 6.0.0 20160301 (experimental) [trunk revision 233851] (GCC)
=== g++ tests ===
Running target unix
FAIL: g++.dg/guality/pr55665.C -O2 line 23 p == 40
FAIL: g++.dg/guality/pr55665.C -O3 -g line 23 p == 40
XPASS: g++.dg/tls/thread_local-order2.C -std=c++11 execution test
XPASS: g++.dg/tls/thread_local-order2.C -std=c++14 execution test
=== g++ Summary ===
# of expected passes 101752
# of unexpected failures 2
# of unexpected successes 2
# of expected failures 291
# of unsupported tests 3365
/export/gnu/import/git/gcc-test-ia32corei7/bld/gcc/testsuite/g++/../../xg++ version 6.0.0 20160301 (experimental) [trunk revision 233851] (GCC)
=== objc tests ===
Running target unix
=== objc Summary ===
# of expected passes 2783
# of expected failures 6
# of unsupported tests 68
/export/gnu/import/git/gcc-test-ia32corei7/bld/gcc/xgcc version 6.0.0 20160301 (experimental) [trunk revision 233851] (GCC)
=== boehm-gc tests ===
Running target unix
=== boehm-gc Summary ===
# of expected passes 12
# of unsupported tests 1
=== libatomic tests ===
Running target unix
=== libatomic Summary ===
# of expected passes 44
# of unsupported tests 5
=== libffi tests ===
Running target unix
=== libffi Summary ===
# of expected passes 2439
# of unsupported tests 30
=== libgomp tests ===
Running target unix
=== libgomp Summary ===
# of expected passes 4811
# of unsupported tests 259
=== libitm tests ===
Running target unix
=== libitm Summary ===
# of expected passes 42
# of expected failures 3
# of unsupported tests 1
=== libjava tests ===
Running target unix
=== libjava Summary ===
# of expected passes 2582
# of expected failures 4
=== libstdc++ tests ===
Running target unix
=== libstdc++ Summary ===
# of expected passes 11255
# of expected failures 67
# of unsupported tests 230
Compiler version: 6.0.0 20160301 (experimental) [trunk revision 233851] (GCC)
Platform: i686-pc-linux-gnu
configure flags: --with-arch=corei7 --with-cpu=intel --prefix=/usr/6.0.0 --enable-clocale=gnu --with-system-zlib --enable-shared --with-demangler-in-ld --enable-libmpx i686-linux --with-fpmath=sse --enable-languages=c,c++,fortran,java,lto,objc