This is the mail archive of the
gcc-testresults@gcc.gnu.org
mailing list for the GCC project.
Results for 6.0.0 20160205 (experimental) [trunk revision 233172] (GCC) testsuite on sparc-sun-solaris2.12
- From: Rainer Orth <ro at CeBiTec dot Uni-Bielefeld dot DE>
- To: gcc-testresults at gcc dot gnu dot org
- Date: Sat, 6 Feb 2016 09:46:36 +0100 (CET)
- Subject: Results for 6.0.0 20160205 (experimental) [trunk revision 233172] (GCC) testsuite on sparc-sun-solaris2.12
- Authentication-results: sourceware.org; auth=none
LAST_UPDATED: Fri Feb 5 10:50:52 UTC 2016 (revision 233172)
=== acats tests ===
=== acats Summary ===
# of expected passes 2320
# of unexpected failures 0
Native configuration is sparc-sun-solaris2.12
=== g++ tests ===
Running target unix
=== g++ Summary for unix ===
# of expected passes 90312
# of expected failures 266
# of unsupported tests 3737
Running target unix/-m64
=== g++ Summary for unix/-m64 ===
# of expected passes 92184
# of expected failures 266
# of unsupported tests 3714
=== g++ Summary ===
# of expected passes 182496
# of expected failures 532
# of unsupported tests 7451
/var/gcc/regression/trunk/12-gcc/build/gcc/testsuite/g++/../../xg++ version 6.0.0 20160205 (experimental) [trunk revision 233172] (GCC)
=== gcc tests ===
Running target unix
FAIL: gcc.dg/debug/dwarf2/prod-options.c scan-assembler DW_AT_producer: "GNU C
FAIL: gcc.dg/graphite/id-pr45230-1.c (internal compiler error)
FAIL: gcc.dg/graphite/id-pr45230-1.c (test for excess errors)
FAIL: gcc.dg/sancov/asan.c -O0 scan-tree-dump-times optimized "__builtin___asan_report_load4 \\\\(" 1
FAIL: gcc.dg/sancov/asan.c -O0 scan-tree-dump-times optimized "__builtin___asan_report_store4 \\\\(" 1
FAIL: gcc.dg/sancov/asan.c -O0 scan-tree-dump-times optimized "__builtin___sanitizer_cov_trace_pc \\\\(\\\\)" 4
FAIL: gcc.dg/sancov/asan.c -O0 (test for excess errors)
FAIL: gcc.dg/sancov/asan.c -O0 -g scan-tree-dump-times optimized "__builtin___asan_report_load4 \\\\(" 1
FAIL: gcc.dg/sancov/asan.c -O0 -g scan-tree-dump-times optimized "__builtin___asan_report_store4 \\\\(" 1
FAIL: gcc.dg/sancov/asan.c -O0 -g scan-tree-dump-times optimized "__builtin___sanitizer_cov_trace_pc \\\\(\\\\)" 4
FAIL: gcc.dg/sancov/asan.c -O0 -g (test for excess errors)
FAIL: gcc.dg/sancov/asan.c -O1 scan-tree-dump-times optimized "__builtin___asan_report_load4 \\\\(" 1
FAIL: gcc.dg/sancov/asan.c -O1 scan-tree-dump-times optimized "__builtin___asan_report_store4 \\\\(" 1
FAIL: gcc.dg/sancov/asan.c -O1 scan-tree-dump-times optimized "__builtin___sanitizer_cov_trace_pc \\\\(\\\\)" 4
FAIL: gcc.dg/sancov/asan.c -O1 (test for excess errors)
FAIL: gcc.dg/sancov/asan.c -O1 -g scan-tree-dump-times optimized "__builtin___asan_report_load4 \\\\(" 1
FAIL: gcc.dg/sancov/asan.c -O1 -g scan-tree-dump-times optimized "__builtin___asan_report_store4 \\\\(" 1
FAIL: gcc.dg/sancov/asan.c -O1 -g scan-tree-dump-times optimized "__builtin___sanitizer_cov_trace_pc \\\\(\\\\)" 4
FAIL: gcc.dg/sancov/asan.c -O1 -g (test for excess errors)
FAIL: gcc.dg/sancov/asan.c -O2 scan-tree-dump-times optimized "__builtin___asan_report_load4 \\\\(" 1
FAIL: gcc.dg/sancov/asan.c -O2 scan-tree-dump-times optimized "__builtin___asan_report_store4 \\\\(" 1
FAIL: gcc.dg/sancov/asan.c -O2 scan-tree-dump-times optimized "__builtin___sanitizer_cov_trace_pc \\\\(\\\\)" 4
FAIL: gcc.dg/sancov/asan.c -O2 (test for excess errors)
FAIL: gcc.dg/sancov/asan.c -O2 -g scan-tree-dump-times optimized "__builtin___asan_report_load4 \\\\(" 1
FAIL: gcc.dg/sancov/asan.c -O2 -g scan-tree-dump-times optimized "__builtin___asan_report_store4 \\\\(" 1
FAIL: gcc.dg/sancov/asan.c -O2 -g scan-tree-dump-times optimized "__builtin___sanitizer_cov_trace_pc \\\\(\\\\)" 4
FAIL: gcc.dg/sancov/asan.c -O2 -g (test for excess errors)
FAIL: gcc.dg/sancov/asan.c -O3 scan-tree-dump-times optimized "__builtin___asan_report_load4 \\\\(" 1
FAIL: gcc.dg/sancov/asan.c -O3 scan-tree-dump-times optimized "__builtin___asan_report_store4 \\\\(" 1
FAIL: gcc.dg/sancov/asan.c -O3 scan-tree-dump-times optimized "__builtin___sanitizer_cov_trace_pc \\\\(\\\\)" 4
FAIL: gcc.dg/sancov/asan.c -O3 (test for excess errors)
FAIL: gcc.dg/sancov/asan.c -O3 -g scan-tree-dump-times optimized "__builtin___asan_report_load4 \\\\(" 1
FAIL: gcc.dg/sancov/asan.c -O3 -g scan-tree-dump-times optimized "__builtin___asan_report_store4 \\\\(" 1
FAIL: gcc.dg/sancov/asan.c -O3 -g scan-tree-dump-times optimized "__builtin___sanitizer_cov_trace_pc \\\\(\\\\)" 4
FAIL: gcc.dg/sancov/asan.c -O3 -g (test for excess errors)
FAIL: gcc.dg/simulate-thread/atomic-other-int.c -O2 -g thread simulation test
FAIL: gcc.dg/simulate-thread/atomic-other-int.c -O3 -g thread simulation test
FAIL: gcc.dg/simulate-thread/speculative-store-4.c -O0 -g thread simulation test
FAIL: gcc.dg/simulate-thread/speculative-store-4.c -O2 -g thread simulation test
FAIL: gcc.dg/simulate-thread/speculative-store-4.c -O3 -g thread simulation test
FAIL: gcc.dg/simulate-thread/speculative-store.c -O0 -g thread simulation test
FAIL: gcc.dg/vect/pr46032.c -flto -ffat-lto-objects scan-tree-dump-times vect "note: vectorized 1 loop" 1
FAIL: gcc.dg/vect/pr46032.c scan-tree-dump-times vect "note: vectorized 1 loop" 1
UNRESOLVED: gcc.dg/vect/vect-mask-store-move-1.c -flto -ffat-lto-objects scan-tree-dump-times vect "Move stmt to created bb" 6
UNRESOLVED: gcc.dg/vect/vect-mask-store-move-1.c scan-tree-dump-times vect "Move stmt to created bb" 6
=== gcc Summary for unix ===
# of expected passes 86809
# of unexpected failures 43
# of expected failures 337
# of unresolved testcases 2
# of unsupported tests 2078
Running target unix/-m64
FAIL: gcc.dg/debug/dwarf2/prod-options.c scan-assembler DW_AT_producer: "GNU C
FAIL: gcc.dg/ifcvt-4.c scan-rtl-dump ce1 "2 true changes made"
FAIL: gcc.dg/ifcvt-5.c scan-rtl-dump ce1 "0 true changes made"
FAIL: gcc.dg/sancov/asan.c -O0 scan-tree-dump-times optimized "__builtin___asan_report_load4 \\\\(" 1
FAIL: gcc.dg/sancov/asan.c -O0 scan-tree-dump-times optimized "__builtin___asan_report_store4 \\\\(" 1
FAIL: gcc.dg/sancov/asan.c -O0 scan-tree-dump-times optimized "__builtin___sanitizer_cov_trace_pc \\\\(\\\\)" 4
FAIL: gcc.dg/sancov/asan.c -O0 (test for excess errors)
FAIL: gcc.dg/sancov/asan.c -O0 -g scan-tree-dump-times optimized "__builtin___asan_report_load4 \\\\(" 1
FAIL: gcc.dg/sancov/asan.c -O0 -g scan-tree-dump-times optimized "__builtin___asan_report_store4 \\\\(" 1
FAIL: gcc.dg/sancov/asan.c -O0 -g scan-tree-dump-times optimized "__builtin___sanitizer_cov_trace_pc \\\\(\\\\)" 4
FAIL: gcc.dg/sancov/asan.c -O0 -g (test for excess errors)
FAIL: gcc.dg/sancov/asan.c -O1 scan-tree-dump-times optimized "__builtin___asan_report_load4 \\\\(" 1
FAIL: gcc.dg/sancov/asan.c -O1 scan-tree-dump-times optimized "__builtin___asan_report_store4 \\\\(" 1
FAIL: gcc.dg/sancov/asan.c -O1 scan-tree-dump-times optimized "__builtin___sanitizer_cov_trace_pc \\\\(\\\\)" 4
FAIL: gcc.dg/sancov/asan.c -O1 (test for excess errors)
FAIL: gcc.dg/sancov/asan.c -O1 -g scan-tree-dump-times optimized "__builtin___asan_report_load4 \\\\(" 1
FAIL: gcc.dg/sancov/asan.c -O1 -g scan-tree-dump-times optimized "__builtin___asan_report_store4 \\\\(" 1
FAIL: gcc.dg/sancov/asan.c -O1 -g scan-tree-dump-times optimized "__builtin___sanitizer_cov_trace_pc \\\\(\\\\)" 4
FAIL: gcc.dg/sancov/asan.c -O1 -g (test for excess errors)
FAIL: gcc.dg/sancov/asan.c -O2 scan-tree-dump-times optimized "__builtin___asan_report_load4 \\\\(" 1
FAIL: gcc.dg/sancov/asan.c -O2 scan-tree-dump-times optimized "__builtin___asan_report_store4 \\\\(" 1
FAIL: gcc.dg/sancov/asan.c -O2 scan-tree-dump-times optimized "__builtin___sanitizer_cov_trace_pc \\\\(\\\\)" 4
FAIL: gcc.dg/sancov/asan.c -O2 (test for excess errors)
FAIL: gcc.dg/sancov/asan.c -O2 -g scan-tree-dump-times optimized "__builtin___asan_report_load4 \\\\(" 1
FAIL: gcc.dg/sancov/asan.c -O2 -g scan-tree-dump-times optimized "__builtin___asan_report_store4 \\\\(" 1
FAIL: gcc.dg/sancov/asan.c -O2 -g scan-tree-dump-times optimized "__builtin___sanitizer_cov_trace_pc \\\\(\\\\)" 4
FAIL: gcc.dg/sancov/asan.c -O2 -g (test for excess errors)
FAIL: gcc.dg/sancov/asan.c -O3 scan-tree-dump-times optimized "__builtin___asan_report_load4 \\\\(" 1
FAIL: gcc.dg/sancov/asan.c -O3 scan-tree-dump-times optimized "__builtin___asan_report_store4 \\\\(" 1
FAIL: gcc.dg/sancov/asan.c -O3 scan-tree-dump-times optimized "__builtin___sanitizer_cov_trace_pc \\\\(\\\\)" 4
FAIL: gcc.dg/sancov/asan.c -O3 (test for excess errors)
FAIL: gcc.dg/sancov/asan.c -O3 -g scan-tree-dump-times optimized "__builtin___asan_report_load4 \\\\(" 1
FAIL: gcc.dg/sancov/asan.c -O3 -g scan-tree-dump-times optimized "__builtin___asan_report_store4 \\\\(" 1
FAIL: gcc.dg/sancov/asan.c -O3 -g scan-tree-dump-times optimized "__builtin___sanitizer_cov_trace_pc \\\\(\\\\)" 4
FAIL: gcc.dg/sancov/asan.c -O3 -g (test for excess errors)
FAIL: gcc.dg/vect/pr46032.c -flto -ffat-lto-objects scan-tree-dump-times vect "note: vectorized 1 loop" 1
FAIL: gcc.dg/vect/pr46032.c scan-tree-dump-times vect "note: vectorized 1 loop" 1
UNRESOLVED: gcc.dg/vect/vect-mask-store-move-1.c -flto -ffat-lto-objects scan-tree-dump-times vect "Move stmt to created bb" 6
UNRESOLVED: gcc.dg/vect/vect-mask-store-move-1.c scan-tree-dump-times vect "Move stmt to created bb" 6
=== gcc Summary for unix/-m64 ===
# of expected passes 87662
# of unexpected failures 37
# of expected failures 332
# of unresolved testcases 2
# of unsupported tests 1975
=== gcc Summary ===
# of expected passes 174471
# of unexpected failures 80
# of expected failures 669
# of unresolved testcases 4
# of unsupported tests 4053
/var/gcc/regression/trunk/12-gcc/build/gcc/xgcc version 6.0.0 20160205 (experimental) [trunk revision 233172] (GCC)
=== gfortran tests ===
Running target unix
FAIL: gfortran.dg/coarray/event_1.f90 -fcoarray=lib -O2 -lcaf_single -latomic execution test
FAIL: gfortran.dg/coarray/event_2.f90 -fcoarray=lib -O2 -lcaf_single -latomic execution test
FAIL: gfortran.dg/coarray_allocate_3.f08 -O1 execution test
FAIL: gfortran.dg/coarray_allocate_3.f08 -O2 execution test
FAIL: gfortran.dg/coarray_allocate_3.f08 -O3 -fomit-frame-pointer -funroll-loops -fpeel-loops -ftracer -finline-functions execution test
FAIL: gfortran.dg/coarray_allocate_3.f08 -O3 -g execution test
FAIL: gfortran.dg/coarray_allocate_3.f08 -Os execution test
=== gfortran Summary for unix ===
# of expected passes 41408
# of unexpected failures 7
# of expected failures 73
# of unsupported tests 227
Running target unix/-m64
FAIL: gfortran.dg/coarray/event_1.f90 -fcoarray=lib -O2 -lcaf_single -latomic execution test
FAIL: gfortran.dg/coarray/event_2.f90 -fcoarray=lib -O2 -lcaf_single -latomic execution test
FAIL: gfortran.dg/coarray_allocate_3.f08 -O1 execution test
FAIL: gfortran.dg/coarray_allocate_3.f08 -O2 execution test
FAIL: gfortran.dg/coarray_allocate_3.f08 -O3 -fomit-frame-pointer -funroll-loops -fpeel-loops -ftracer -finline-functions execution test
FAIL: gfortran.dg/coarray_allocate_3.f08 -O3 -g execution test
FAIL: gfortran.dg/coarray_allocate_3.f08 -Os execution test
=== gfortran Summary for unix/-m64 ===
# of expected passes 41655
# of unexpected failures 7
# of expected failures 73
# of unsupported tests 106
=== gfortran Summary ===
# of expected passes 83063
# of unexpected failures 14
# of expected failures 146
# of unsupported tests 333
/var/gcc/regression/trunk/12-gcc/build/gcc/testsuite/gfortran/../../gfortran version 6.0.0 20160205 (experimental) [trunk revision 233172] (GCC)
=== gnat tests ===
Running target unix
=== gnat Summary for unix ===
# of expected passes 2452
# of expected failures 22
# of unsupported tests 21
Running target unix/-m64
=== gnat Summary for unix/-m64 ===
# of expected passes 2452
# of expected failures 22
# of unsupported tests 21
=== gnat Summary ===
# of expected passes 4904
# of expected failures 44
# of unsupported tests 42
/var/gcc/regression/trunk/12-gcc/build/gcc/gnatmake version 6.0.0 20160205 (experimental) [trunk revision 233172]
=== go tests ===
Running target unix
FAIL: ./bug449-out.go compilation, -O0 -g -fno-var-tracking-assignments
WARNING: program timed out.
=== go Summary for unix ===
# of expected passes 7361
# of unexpected failures 1
# of expected failures 1
# of untested testcases 12
# of unsupported tests 3
Running target unix/-m64
FAIL: ./bug449-out.go compilation, -O0 -g -fno-var-tracking-assignments
WARNING: program timed out.
=== go Summary for unix/-m64 ===
# of expected passes 7241
# of unexpected failures 1
# of expected failures 1
# of untested testcases 12
# of unsupported tests 3
=== go Summary ===
# of expected passes 14602
# of unexpected failures 2
# of expected failures 2
# of untested testcases 24
# of unsupported tests 6
=== obj-c++ tests ===
Running target unix
=== obj-c++ Summary for unix ===
# of expected passes 1454
# of expected failures 2
# of unsupported tests 77
Running target unix/-m64
=== obj-c++ Summary for unix/-m64 ===
# of expected passes 1446
# of expected failures 10
# of unsupported tests 77
=== obj-c++ Summary ===
# of expected passes 2900
# of expected failures 12
# of unsupported tests 154
/var/gcc/regression/trunk/12-gcc/build/gcc/testsuite/obj-c++/../../xg++ version 6.0.0 20160205 (experimental) [trunk revision 233172] (GCC)
=== objc tests ===
Running target unix
=== objc Summary for unix ===
# of expected passes 2788
# of unsupported tests 68
Running target unix/-m64
=== objc Summary for unix/-m64 ===
# of expected passes 2788
# of unsupported tests 68
=== objc Summary ===
# of expected passes 5576
# of unsupported tests 136
/var/gcc/regression/trunk/12-gcc/build/gcc/xgcc version 6.0.0 20160205 (experimental) [trunk revision 233172] (GCC)
=== boehm-gc tests ===
Running target unix
=== boehm-gc Summary for unix ===
# of expected passes 12
# of unsupported tests 1
Running target unix/-m64
=== boehm-gc Summary for unix/-m64 ===
# of expected passes 12
# of unsupported tests 1
=== boehm-gc Summary ===
# of expected passes 24
# of unsupported tests 2
=== libatomic tests ===
Running target unix
=== libatomic Summary for unix ===
# of expected passes 44
# of unsupported tests 5
Running target unix/-m64
=== libatomic Summary for unix/-m64 ===
# of expected passes 54
=== libatomic Summary ===
# of expected passes 98
# of unsupported tests 5
=== libffi tests ===
Running target unix
=== libffi Summary for unix ===
# of expected passes 1914
# of unsupported tests 30
Running target unix/-m64
=== libffi Summary for unix/-m64 ===
# of expected passes 1914
# of unsupported tests 30
=== libffi Summary ===
# of expected passes 3828
# of unsupported tests 60
=== libgo tests ===
Running target unix
FAIL: reflect
FAIL: go/build
FAIL: net/http
FAIL: runtime/pprof
=== libgo Summary for unix ===
# of expected passes 130
# of unexpected failures 4
Running target unix/-m64
FAIL: go/build
FAIL: net/http
=== libgo Summary for unix/-m64 ===
# of expected passes 132
# of unexpected failures 2
=== libgo Summary ===
# of expected passes 262
# of unexpected failures 6
/var/gcc/regression/trunk/12-gcc/build/./gcc/gccgo version 6.0.0 20160205 (experimental) [trunk revision 233172] (GCC)
=== libgomp tests ===
Running target unix
WARNING: program timed out.
FAIL: libgomp.c++/for-11.C (test for excess errors)
WARNING: libgomp.c++/for-11.C compilation failed to produce executable
=== libgomp Summary for unix ===
# of expected passes 4688
# of unexpected failures 1
# of unsupported tests 304
Running target unix/-m64
=== libgomp Summary for unix/-m64 ===
# of expected passes 4690
# of unsupported tests 304
=== libgomp Summary ===
# of expected passes 9378
# of unexpected failures 1
# of unsupported tests 608
=== libitm tests ===
Running target unix
=== libitm Summary for unix ===
# of expected passes 42
# of expected failures 3
# of unsupported tests 1
Running target unix/-m64
=== libitm Summary for unix/-m64 ===
# of expected passes 42
# of expected failures 3
# of unsupported tests 1
=== libitm Summary ===
# of expected passes 84
# of expected failures 6
# of unsupported tests 2
=== libjava tests ===
Running target unix
=== libjava Summary for unix ===
# of expected passes 2582
# of expected failures 4
Running target unix/-m64
=== libjava Summary for unix/-m64 ===
# of expected passes 2582
# of expected failures 4
=== libjava Summary ===
# of expected passes 5164
# of expected failures 8
=== libstdc++ tests ===
Running target unix
FAIL: 27_io/basic_stringstream/rdbuf/wchar_t/2832.cc (test for excess errors)
WARNING: 27_io/basic_stringstream/rdbuf/wchar_t/2832.cc compilation failed to produce executable
FAIL: 28_regex/algorithms/regex_match/ecma/wchar_t/63199.cc (test for excess errors)
WARNING: 28_regex/algorithms/regex_match/ecma/wchar_t/63199.cc compilation failed to produce executable
FAIL: ext/pb_ds/regression/tree_set_rand.cc (test for excess errors)
WARNING: ext/pb_ds/regression/tree_set_rand.cc compilation failed to produce executable
WARNING: program timed out.
WARNING: program timed out.
WARNING: program timed out.
=== libstdc++ Summary for unix ===
# of expected passes 9835
# of unexpected failures 3
# of expected failures 68
# of unsupported tests 694
Running target unix/-m64
FAIL: 28_regex/algorithms/regex_match/ecma/char/empty_range.cc (test for excess errors)
WARNING: 28_regex/algorithms/regex_match/ecma/char/empty_range.cc compilation failed to produce executable
FAIL: 28_regex/algorithms/regex_match/ecma/wchar_t/63199.cc (test for excess errors)
WARNING: 28_regex/algorithms/regex_match/ecma/wchar_t/63199.cc compilation failed to produce executable
FAIL: experimental/filesystem/path/decompose/stem.cc (test for excess errors)
WARNING: experimental/filesystem/path/decompose/stem.cc compilation failed to produce executable
FAIL: ext/pb_ds/regression/tree_set_rand.cc (test for excess errors)
WARNING: ext/pb_ds/regression/tree_set_rand.cc compilation failed to produce executable
WARNING: program timed out.
WARNING: program timed out.
WARNING: program timed out.
WARNING: program timed out.
=== libstdc++ Summary for unix/-m64 ===
# of expected passes 9833
# of unexpected failures 4
# of expected failures 68
# of unsupported tests 694
=== libstdc++ Summary ===
# of expected passes 19668
# of unexpected failures 7
# of expected failures 136
# of unsupported tests 1388
Compiler version: 6.0.0 20160205 (experimental) [trunk revision 233172] (GCC)
Platform: sparc-sun-solaris2.12
configure flags: --prefix=/vol/gcc --target=sparc-sun-solaris2.12 --enable-objc-gc --with-as=/usr/ccs/bin/as --without-gnu-as --with-gmp-include=/vol/gcc/include --with-gmp-lib=/vol/gcc/lib --with-mpfr-include=/vol/gcc/include --with-mpfr-lib=/vol/gcc/lib --with-mpc-include=/vol/gcc/include --with-mpc-lib=/vol/gcc/lib --enable-languages=all,ada,obj-c++,go --with-isl-include=/vol/gcc/include --with-isl-lib=/vol/gcc/lib
BOOT_CFLAGS=-g -O2