This is the mail archive of the
gcc-testresults@gcc.gnu.org
mailing list for the GCC project.
Results for 6.0.0 20160129 (experimental) [trunk revision 232976] (GCC) testsuite on sparc-sun-solaris2.11
- From: Rainer Orth <ro at CeBiTec dot Uni-Bielefeld dot DE>
- To: gcc-testresults at gcc dot gnu dot org
- Date: Tue, 2 Feb 2016 02:54:17 +0100 (CET)
- Subject: Results for 6.0.0 20160129 (experimental) [trunk revision 232976] (GCC) testsuite on sparc-sun-solaris2.11
- Authentication-results: sourceware.org; auth=none
LAST_UPDATED: Fri Jan 29 12:04:32 UTC 2016 (revision 232976)
=== acats tests ===
=== acats Summary ===
# of expected passes 2320
# of unexpected failures 0
Native configuration is sparc-sun-solaris2.11
=== g++ tests ===
Running target unix
FAIL: g++.dg/ext/attr-constructor1.C -std=c++11 (test for errors, line 5)
FAIL: g++.dg/ext/attr-constructor1.C -std=c++11 (test for excess errors)
FAIL: g++.dg/ext/attr-constructor1.C -std=c++14 (test for errors, line 5)
FAIL: g++.dg/ext/attr-constructor1.C -std=c++14 (test for excess errors)
=== g++ Summary for unix ===
# of expected passes 90107
# of unexpected failures 4
# of expected failures 269
# of unsupported tests 3765
Running target unix/-m64
FAIL: g++.dg/ext/attr-constructor1.C -std=c++11 (test for errors, line 5)
FAIL: g++.dg/ext/attr-constructor1.C -std=c++11 (test for excess errors)
FAIL: g++.dg/ext/attr-constructor1.C -std=c++14 (test for errors, line 5)
FAIL: g++.dg/ext/attr-constructor1.C -std=c++14 (test for excess errors)
=== g++ Summary for unix/-m64 ===
# of expected passes 91979
# of unexpected failures 4
# of expected failures 269
# of unsupported tests 3742
=== g++ Summary ===
# of expected passes 182086
# of unexpected failures 8
# of expected failures 538
# of unsupported tests 7507
/var/gcc/regression/trunk/11-gcc/build/gcc/testsuite/g++/../../xg++ version 6.0.0 20160129 (experimental) [trunk revision 232976] (GCC)
=== gcc tests ===
Running target unix
FAIL: gcc.dg/debug/dwarf2/prod-options.c scan-assembler DW_AT_producer: "GNU C
FAIL: gcc.dg/unroll-2.c (test for warnings, line 28)
FAIL: gcc.dg/visibility-22.c execution test
FAIL: gcc.dg/graphite/id-pr45230-1.c (internal compiler error)
FAIL: gcc.dg/graphite/id-pr45230-1.c (test for excess errors)
FAIL: gcc.dg/simulate-thread/atomic-other-int.c -O2 -g thread simulation test
FAIL: gcc.dg/simulate-thread/atomic-other-int.c -O3 -g thread simulation test
FAIL: gcc.dg/simulate-thread/speculative-store-4.c -O0 -g thread simulation test
FAIL: gcc.dg/simulate-thread/speculative-store-4.c -O2 -g thread simulation test
FAIL: gcc.dg/simulate-thread/speculative-store-4.c -O3 -g thread simulation test
FAIL: gcc.dg/simulate-thread/speculative-store.c -O0 -g thread simulation test
FAIL: gcc.dg/vect/pr46032.c -flto -ffat-lto-objects scan-tree-dump-times vect "note: vectorized 1 loop" 1
FAIL: gcc.dg/vect/pr46032.c scan-tree-dump-times vect "note: vectorized 1 loop" 1
=== gcc Summary for unix ===
# of expected passes 86554
# of unexpected failures 13
# of expected failures 338
# of unsupported tests 2078
Running target unix/-m64
FAIL: gcc.dg/debug/dwarf2/prod-options.c scan-assembler DW_AT_producer: "GNU C
FAIL: gcc.dg/ifcvt-4.c scan-rtl-dump ce1 "2 true changes made"
FAIL: gcc.dg/ifcvt-5.c scan-rtl-dump ce1 "0 true changes made"
FAIL: gcc.dg/unroll-2.c (test for warnings, line 28)
FAIL: gcc.dg/visibility-22.c execution test
FAIL: gcc.dg/vect/pr46032.c -flto -ffat-lto-objects scan-tree-dump-times vect "note: vectorized 1 loop" 1
FAIL: gcc.dg/vect/pr46032.c scan-tree-dump-times vect "note: vectorized 1 loop" 1
=== gcc Summary for unix/-m64 ===
# of expected passes 87377
# of unexpected failures 7
# of expected failures 333
# of unsupported tests 1990
=== gcc Summary ===
# of expected passes 173931
# of unexpected failures 20
# of expected failures 671
# of unsupported tests 4068
/var/gcc/regression/trunk/11-gcc/build/gcc/xgcc version 6.0.0 20160129 (experimental) [trunk revision 232976] (GCC)
=== gfortran tests ===
Running target unix
FAIL: gfortran.dg/coarray/event_1.f90 -fcoarray=lib -O2 -lcaf_single -latomic execution test
FAIL: gfortran.dg/coarray/event_2.f90 -fcoarray=lib -O2 -lcaf_single -latomic execution test
FAIL: gfortran.dg/do_iterator.f90 -O changing do-iterator 3 (test for errors, line 10)
FAIL: gfortran.dg/do_iterator.f90 -O changing do-iterator 3 (test for errors, line 9)
FAIL: gfortran.dg/goacc/declare-2.f95 -O (test for errors, line 33)
FAIL: gfortran.dg/goacc/declare-2.f95 -O (test for errors, line 34)
FAIL: gfortran.dg/goacc/declare-2.f95 -O (test for errors, line 36)
FAIL: gfortran.dg/goacc/declare-2.f95 -O (test for errors, line 46)
FAIL: gfortran.dg/goacc/declare-2.f95 -O (test for errors, line 47)
FAIL: gfortran.dg/goacc/declare-2.f95 -O (test for errors, line 54)
FAIL: gfortran.dg/goacc/declare-2.f95 -O (test for errors, line 62)
FAIL: gfortran.dg/goacc/declare-2.f95 -O (test for errors, line 69)
=== gfortran Summary for unix ===
# of expected passes 41363
# of unexpected failures 12
# of expected failures 73
# of unsupported tests 227
Running target unix/-m64
FAIL: gfortran.dg/coarray/event_1.f90 -fcoarray=lib -O2 -lcaf_single -latomic execution test
FAIL: gfortran.dg/coarray/event_2.f90 -fcoarray=lib -O2 -lcaf_single -latomic execution test
FAIL: gfortran.dg/do_iterator.f90 -O changing do-iterator 3 (test for errors, line 10)
FAIL: gfortran.dg/do_iterator.f90 -O changing do-iterator 3 (test for errors, line 9)
FAIL: gfortran.dg/goacc/declare-2.f95 -O (test for errors, line 33)
FAIL: gfortran.dg/goacc/declare-2.f95 -O (test for errors, line 34)
FAIL: gfortran.dg/goacc/declare-2.f95 -O (test for errors, line 36)
FAIL: gfortran.dg/goacc/declare-2.f95 -O (test for errors, line 46)
FAIL: gfortran.dg/goacc/declare-2.f95 -O (test for errors, line 47)
FAIL: gfortran.dg/goacc/declare-2.f95 -O (test for errors, line 54)
FAIL: gfortran.dg/goacc/declare-2.f95 -O (test for errors, line 62)
FAIL: gfortran.dg/goacc/declare-2.f95 -O (test for errors, line 69)
=== gfortran Summary for unix/-m64 ===
# of expected passes 41610
# of unexpected failures 12
# of expected failures 73
# of unsupported tests 106
=== gfortran Summary ===
# of expected passes 82973
# of unexpected failures 24
# of expected failures 146
# of unsupported tests 333
/var/gcc/regression/trunk/11-gcc/build/gcc/testsuite/gfortran/../../gfortran version 6.0.0 20160129 (experimental) [trunk revision 232976] (GCC)
=== gnat tests ===
Running target unix
=== gnat Summary for unix ===
# of expected passes 2452
# of expected failures 22
# of unsupported tests 21
Running target unix/-m64
=== gnat Summary for unix/-m64 ===
# of expected passes 2452
# of expected failures 22
# of unsupported tests 21
=== gnat Summary ===
# of expected passes 4904
# of expected failures 44
# of unsupported tests 42
/var/gcc/regression/trunk/11-gcc/build/gcc/gnatmake version 6.0.0 20160129 (experimental) [trunk revision 232976]
=== go tests ===
Running target unix
=== go Summary for unix ===
# of expected passes 7363
# of expected failures 1
# of untested testcases 11
# of unsupported tests 3
Running target unix/-m64
=== go Summary for unix/-m64 ===
# of expected passes 7243
# of expected failures 1
# of untested testcases 11
# of unsupported tests 3
=== go Summary ===
# of expected passes 14606
# of expected failures 2
# of untested testcases 22
# of unsupported tests 6
=== obj-c++ tests ===
Running target unix
=== obj-c++ Summary for unix ===
# of expected passes 1454
# of expected failures 2
# of unsupported tests 77
Running target unix/-m64
=== obj-c++ Summary for unix/-m64 ===
# of expected passes 1446
# of expected failures 10
# of unsupported tests 77
=== obj-c++ Summary ===
# of expected passes 2900
# of expected failures 12
# of unsupported tests 154
/var/gcc/regression/trunk/11-gcc/build/gcc/testsuite/obj-c++/../../xg++ version 6.0.0 20160129 (experimental) [trunk revision 232976] (GCC)
=== objc tests ===
Running target unix
=== objc Summary for unix ===
# of expected passes 2788
# of unsupported tests 68
Running target unix/-m64
=== objc Summary for unix/-m64 ===
# of expected passes 2788
# of unsupported tests 68
=== objc Summary ===
# of expected passes 5576
# of unsupported tests 136
/var/gcc/regression/trunk/11-gcc/build/gcc/xgcc version 6.0.0 20160129 (experimental) [trunk revision 232976] (GCC)
=== boehm-gc tests ===
Running target unix
=== boehm-gc Summary for unix ===
# of expected passes 12
# of unsupported tests 1
Running target unix/-m64
=== boehm-gc Summary for unix/-m64 ===
# of expected passes 12
# of unsupported tests 1
=== boehm-gc Summary ===
# of expected passes 24
# of unsupported tests 2
=== libatomic tests ===
Running target unix
=== libatomic Summary for unix ===
# of expected passes 44
# of unsupported tests 5
Running target unix/-m64
=== libatomic Summary for unix/-m64 ===
# of expected passes 54
=== libatomic Summary ===
# of expected passes 98
# of unsupported tests 5
=== libffi tests ===
Running target unix
=== libffi Summary for unix ===
# of expected passes 1914
# of unsupported tests 30
Running target unix/-m64
=== libffi Summary for unix/-m64 ===
# of expected passes 1914
# of unsupported tests 30
=== libffi Summary ===
# of expected passes 3828
# of unsupported tests 60
=== libgo tests ===
Running target unix
FAIL: reflect
FAIL: go/build
FAIL: net/http
=== libgo Summary for unix ===
# of expected passes 130
# of unexpected failures 3
Running target unix/-m64
FAIL: encoding/json
FAIL: go/build
=== libgo Summary for unix/-m64 ===
# of expected passes 131
# of unexpected failures 2
=== libgo Summary ===
# of expected passes 261
# of unexpected failures 5
/var/gcc/regression/trunk/11-gcc/build/./gcc/gccgo version 6.0.0 20160129 (experimental) [trunk revision 232976] (GCC)
=== libgomp tests ===
Running target unix
=== libgomp Summary for unix ===
# of expected passes 4686
# of unsupported tests 304
Running target unix/-m64
=== libgomp Summary for unix/-m64 ===
# of expected passes 4686
# of unsupported tests 304
=== libgomp Summary ===
# of expected passes 9372
# of unsupported tests 608
=== libitm tests ===
Running target unix
=== libitm Summary for unix ===
# of expected passes 42
# of expected failures 3
# of unsupported tests 1
Running target unix/-m64
=== libitm Summary for unix/-m64 ===
# of expected passes 42
# of expected failures 3
# of unsupported tests 1
=== libitm Summary ===
# of expected passes 84
# of expected failures 6
# of unsupported tests 2
=== libjava tests ===
Running target unix
=== libjava Summary for unix ===
# of expected passes 2582
# of expected failures 4
Running target unix/-m64
=== libjava Summary for unix/-m64 ===
# of expected passes 2582
# of expected failures 4
=== libjava Summary ===
# of expected passes 5164
# of expected failures 8
=== libstdc++ tests ===
Running target unix
=== libstdc++ Summary for unix ===
# of expected passes 10037
# of expected failures 68
# of unsupported tests 622
Running target unix/-m64
=== libstdc++ Summary for unix/-m64 ===
# of expected passes 10037
# of expected failures 68
# of unsupported tests 622
=== libstdc++ Summary ===
# of expected passes 20074
# of expected failures 136
# of unsupported tests 1244
Compiler version: 6.0.0 20160129 (experimental) [trunk revision 232976] (GCC)
Platform: sparc-sun-solaris2.11
configure flags: --prefix=/vol/gcc --target=sparc-sun-solaris2.11 --enable-objc-gc --enable-libmudflap --with-as=/usr/ccs/bin/as --without-gnu-as --with-gmp-include=/vol/gcc/include --with-gmp-lib=/vol/gcc/lib --with-mpfr-include=/vol/gcc/include --with-mpfr-lib=/vol/gcc/lib --with-mpc-include=/vol/gcc/include --with-mpc-lib=/vol/gcc/lib --enable-languages=all,ada,obj-c++,go --with-isl-include=/vol/gcc/include --with-isl-lib=/vol/gcc/lib
BOOT_CFLAGS=-g -O2