This is the mail archive of the
gcc-testresults@gcc.gnu.org
mailing list for the GCC project.
Results for 6.0.0 20160129 (experimental) [trunk revision 232976] (GCC) testsuite on sparcv9-sun-solaris2.12
- From: Rainer Orth <ro at CeBiTec dot Uni-Bielefeld dot DE>
- To: gcc-testresults at gcc dot gnu dot org
- Date: Mon, 1 Feb 2016 10:38:27 +0100 (CET)
- Subject: Results for 6.0.0 20160129 (experimental) [trunk revision 232976] (GCC) testsuite on sparcv9-sun-solaris2.12
- Authentication-results: sourceware.org; auth=none
LAST_UPDATED: Fri Jan 29 12:04:32 UTC 2016 (revision 232976)
=== acats tests ===
=== acats Summary ===
# of expected passes 2320
# of unexpected failures 0
Native configuration is sparcv9-sun-solaris2.12
=== g++ tests ===
Running target unix
=== g++ Summary for unix ===
# of expected passes 92059
# of expected failures 263
# of unsupported tests 3708
Running target unix/-m32
=== g++ Summary for unix/-m32 ===
# of expected passes 90187
# of expected failures 263
# of unsupported tests 3731
=== g++ Summary ===
# of expected passes 182246
# of expected failures 526
# of unsupported tests 7439
/var/gcc/regression/trunk/12-gcc-gas-64/build/gcc/testsuite/g++/../../xg++ version 6.0.0 20160129 (experimental) [trunk revision 232976] (GCC)
=== gcc tests ===
Running target unix
FAIL: gcc.dg/ifcvt-4.c scan-rtl-dump ce1 "2 true changes made"
FAIL: gcc.dg/ifcvt-5.c scan-rtl-dump ce1 "0 true changes made"
FAIL: gcc.dg/vect/pr46032.c -flto -ffat-lto-objects scan-tree-dump-times vect "note: vectorized 1 loop" 1
FAIL: gcc.dg/vect/pr46032.c scan-tree-dump-times vect "note: vectorized 1 loop" 1
=== gcc Summary for unix ===
# of expected passes 87577
# of unexpected failures 4
# of expected failures 332
# of unsupported tests 1976
Running target unix/-m32
FAIL: gcc.dg/atomic/c11-atomic-exec-2.c -O2 -flto (test for excess errors)
FAIL: gcc.dg/atomic/c11-atomic-exec-2.c -O2 -flto -flto-partition=none (test for excess errors)
FAIL: gcc.dg/atomic/c11-atomic-exec-2.c -O3 -g (test for excess errors)
WARNING: gcc.dg/atomic/c11-atomic-exec-2.c -O3 -g compilation failed to produce executable
WARNING: program timed out.
WARNING: program timed out.
WARNING: program timed out.
FAIL: gcc.dg/c11-atomic-2.c (test for excess errors)
WARNING: program timed out.
FAIL: gcc.dg/graphite/id-pr45230-1.c (internal compiler error)
FAIL: gcc.dg/graphite/id-pr45230-1.c (test for excess errors)
FAIL: gcc.dg/simulate-thread/atomic-other-int.c -O2 -g thread simulation test
FAIL: gcc.dg/simulate-thread/atomic-other-int.c -O3 -g thread simulation test
FAIL: gcc.dg/simulate-thread/atomic-other-short.c -O0 -g thread simulation test
FAIL: gcc.dg/simulate-thread/speculative-store-4.c -O0 -g thread simulation test
FAIL: gcc.dg/simulate-thread/speculative-store-4.c -O2 -g thread simulation test
FAIL: gcc.dg/simulate-thread/speculative-store-4.c -O3 -g thread simulation test
FAIL: gcc.dg/simulate-thread/speculative-store.c -O0 -g thread simulation test
FAIL: gcc.dg/vect/pr46032.c -flto -ffat-lto-objects scan-tree-dump-times vect "note: vectorized 1 loop" 1
FAIL: gcc.dg/vect/pr46032.c scan-tree-dump-times vect "note: vectorized 1 loop" 1
=== gcc Summary for unix/-m32 ===
# of expected passes 86748
# of unexpected failures 15
# of expected failures 337
# of unsupported tests 2064
=== gcc Summary ===
# of expected passes 174325
# of unexpected failures 19
# of expected failures 669
# of unsupported tests 4040
/var/gcc/regression/trunk/12-gcc-gas-64/build/gcc/xgcc version 6.0.0 20160129 (experimental) [trunk revision 232976] (GCC)
=== gfortran tests ===
Running target unix
FAIL: gfortran.dg/coarray/event_1.f90 -fcoarray=lib -O2 -lcaf_single -latomic execution test
FAIL: gfortran.dg/coarray/event_2.f90 -fcoarray=lib -O2 -lcaf_single -latomic execution test
FAIL: gfortran.dg/large_real_kind_2.F90 -O0 execution test
FAIL: gfortran.dg/norm2_3.f90 -O0 execution test
FAIL: gfortran.dg/norm2_3.f90 -O1 execution test
FAIL: gfortran.dg/norm2_3.f90 -O2 execution test
FAIL: gfortran.dg/norm2_3.f90 -O3 -fomit-frame-pointer -funroll-loops -fpeel-loops -ftracer -finline-functions execution test
FAIL: gfortran.dg/norm2_3.f90 -O3 -g execution test
FAIL: gfortran.dg/norm2_3.f90 -Os execution test
=== gfortran Summary for unix ===
# of expected passes 41613
# of unexpected failures 9
# of expected failures 73
# of unsupported tests 106
Running target unix/-m32
FAIL: gfortran.dg/coarray/event_1.f90 -fcoarray=lib -O2 -lcaf_single -latomic execution test
FAIL: gfortran.dg/coarray/event_2.f90 -fcoarray=lib -O2 -lcaf_single -latomic execution test
FAIL: gfortran.dg/minlocval_3.f90 -O3 -fomit-frame-pointer -funroll-loops -fpeel-loops -ftracer -finline-functions (test for excess errors)
WARNING: gfortran.dg/minlocval_3.f90 -O3 -fomit-frame-pointer -funroll-loops -fpeel-loops -ftracer -finline-functions compilation failed to produce executable
FAIL: gfortran.dg/minlocval_3.f90 -O3 -g (test for excess errors)
WARNING: gfortran.dg/minlocval_3.f90 -O3 -g compilation failed to produce executable
WARNING: program timed out.
WARNING: program timed out.
=== gfortran Summary for unix/-m32 ===
# of expected passes 41369
# of unexpected failures 4
# of expected failures 73
# of unsupported tests 227
=== gfortran Summary ===
# of expected passes 82982
# of unexpected failures 13
# of expected failures 146
# of unsupported tests 333
/var/gcc/regression/trunk/12-gcc-gas-64/build/gcc/testsuite/gfortran/../../gfortran version 6.0.0 20160129 (experimental) [trunk revision 232976] (GCC)
=== gnat tests ===
Running target unix/-m32
=== gnat Summary for unix/-m32 ===
# of expected passes 2452
# of expected failures 22
# of unsupported tests 21
Running target unix
=== gnat Summary for unix ===
# of expected passes 2452
# of expected failures 22
# of unsupported tests 21
=== gnat Summary ===
# of expected passes 4904
# of expected failures 44
# of unsupported tests 42
/var/gcc/regression/trunk/12-gcc-gas-64/build/gcc/gnatmake version 6.0.0 20160129 (experimental) [trunk revision 232976]
=== go tests ===
Running target unix
=== go Summary for unix ===
# of expected passes 7243
# of expected failures 1
# of untested testcases 11
# of unsupported tests 3
Running target unix/-m32
FAIL: ./64bit-out.go compilation, -O0 -g -fno-var-tracking-assignments
FAIL: ./index0-out.go compilation, -O0 -g -fno-var-tracking-assignments
FAIL: ./issue5162-out.go compilation, -O0 -g -fno-var-tracking-assignments
FAIL: ./slice3-out.go compilation, -O0 -g -fno-var-tracking-assignments
FAIL: go.test/test/append.go compilation, -O2 -g
FAIL: go.test/test/cmplxdivide.go
WARNING: program timed out.
WARNING: program timed out.
WARNING: program timed out.
WARNING: program timed out.
WARNING: program timed out.
WARNING: program timed out.
=== go Summary for unix/-m32 ===
# of expected passes 7352
# of unexpected failures 6
# of expected failures 1
# of untested testcases 16
# of unsupported tests 3
=== go Summary ===
# of expected passes 14595
# of unexpected failures 6
# of expected failures 2
# of untested testcases 27
# of unsupported tests 6
=== obj-c++ tests ===
Running target unix/-m32
=== obj-c++ Summary for unix/-m32 ===
# of expected passes 1454
# of expected failures 2
# of unsupported tests 77
Running target unix
=== obj-c++ Summary for unix ===
# of expected passes 1446
# of expected failures 10
# of unsupported tests 77
=== obj-c++ Summary ===
# of expected passes 2900
# of expected failures 12
# of unsupported tests 154
/var/gcc/regression/trunk/12-gcc-gas-64/build/gcc/testsuite/obj-c++/../../xg++ version 6.0.0 20160129 (experimental) [trunk revision 232976] (GCC)
=== objc tests ===
Running target unix
=== objc Summary for unix ===
# of expected passes 2788
# of unsupported tests 68
Running target unix/-m32
=== objc Summary for unix/-m32 ===
# of expected passes 2788
# of unsupported tests 68
=== objc Summary ===
# of expected passes 5576
# of unsupported tests 136
/var/gcc/regression/trunk/12-gcc-gas-64/build/gcc/xgcc version 6.0.0 20160129 (experimental) [trunk revision 232976] (GCC)
=== boehm-gc tests ===
Running target unix/-m32
=== boehm-gc Summary for unix/-m32 ===
# of expected passes 12
# of unsupported tests 1
Running target unix
=== boehm-gc Summary for unix ===
# of expected passes 12
# of unsupported tests 1
=== boehm-gc Summary ===
# of expected passes 24
# of unsupported tests 2
=== libatomic tests ===
Running target unix/-m32
=== libatomic Summary for unix/-m32 ===
# of expected passes 44
# of unsupported tests 5
Running target unix
=== libatomic Summary for unix ===
# of expected passes 54
=== libatomic Summary ===
# of expected passes 98
# of unsupported tests 5
=== libffi tests ===
Running target unix/-m32
=== libffi Summary for unix/-m32 ===
# of expected passes 1914
# of unsupported tests 30
Running target unix
=== libffi Summary for unix ===
# of expected passes 1914
# of unsupported tests 30
=== libffi Summary ===
# of expected passes 3828
# of unsupported tests 60
=== libgo tests ===
Running target unix
FAIL: go/build
FAIL: runtime/pprof
=== libgo Summary for unix ===
# of expected passes 131
# of unexpected failures 2
Running target unix/-m32
FAIL: reflect
FAIL: go/build
FAIL: net/http
FAIL: runtime/pprof
=== libgo Summary for unix/-m32 ===
# of expected passes 129
# of unexpected failures 4
=== libgo Summary ===
# of expected passes 260
# of unexpected failures 6
/var/gcc/regression/trunk/12-gcc-gas-64/build/./gcc/gccgo version 6.0.0 20160129 (experimental) [trunk revision 232976] (GCC)
=== libgomp tests ===
Running target unix/-m32
WARNING: program timed out.
FAIL: libgomp.c/for-3.c (test for excess errors)
WARNING: libgomp.c/for-3.c compilation failed to produce executable
WARNING: program timed out.
FAIL: libgomp.c/for-5.c (test for excess errors)
WARNING: libgomp.c/for-5.c compilation failed to produce executable
WARNING: program timed out.
FAIL: libgomp.c/for-6.c (test for excess errors)
WARNING: libgomp.c/for-6.c compilation failed to produce executable
WARNING: program timed out.
FAIL: libgomp.c++/for-11.C (test for excess errors)
WARNING: libgomp.c++/for-11.C compilation failed to produce executable
WARNING: program timed out.
FAIL: libgomp.c++/for-13.C (test for excess errors)
WARNING: libgomp.c++/for-13.C compilation failed to produce executable
WARNING: program timed out.
FAIL: libgomp.c++/for-14.C (test for excess errors)
WARNING: libgomp.c++/for-14.C compilation failed to produce executable
=== libgomp Summary for unix/-m32 ===
# of expected passes 4674
# of unexpected failures 6
# of unsupported tests 304
Running target unix
=== libgomp Summary for unix ===
# of expected passes 4686
# of unsupported tests 304
=== libgomp Summary ===
# of expected passes 9360
# of unexpected failures 6
# of unsupported tests 608
=== libitm tests ===
Running target unix/-m32
=== libitm Summary for unix/-m32 ===
# of expected passes 42
# of expected failures 3
# of unsupported tests 1
Running target unix
=== libitm Summary for unix ===
# of expected passes 42
# of expected failures 3
# of unsupported tests 1
=== libitm Summary ===
# of expected passes 84
# of expected failures 6
# of unsupported tests 2
=== libjava tests ===
Running target unix/-m32
=== libjava Summary for unix/-m32 ===
# of expected passes 2582
# of expected failures 4
Running target unix
=== libjava Summary for unix ===
# of expected passes 2582
# of expected failures 4
=== libjava Summary ===
# of expected passes 5164
# of expected failures 8
=== libstdc++ tests ===
Running target unix
FAIL: 23_containers/unordered_set/max_load_factor/robustness.cc (test for excess errors)
WARNING: 23_containers/unordered_set/max_load_factor/robustness.cc compilation failed to produce executable
FAIL: 23_containers/vector/requirements/exception/propagation_consistent.cc (test for excess errors)
WARNING: 23_containers/vector/requirements/exception/propagation_consistent.cc compilation failed to produce executable
FAIL: 28_regex/basic_regex/imbue/string.cc (test for excess errors)
WARNING: 28_regex/basic_regex/imbue/string.cc compilation failed to produce executable
FAIL: 28_regex/init-list.cc (test for excess errors)
WARNING: 28_regex/init-list.cc compilation failed to produce executable
FAIL: 28_regex/match_results/format.cc (test for excess errors)
WARNING: 28_regex/match_results/format.cc compilation failed to produce executable
FAIL: 29_atomics/atomic_integral/cons/default.cc (test for excess errors)
WARNING: 29_atomics/atomic_integral/cons/default.cc compilation failed to produce executable
FAIL: 30_threads/promise/60966.cc (test for excess errors)
WARNING: 30_threads/promise/60966.cc compilation failed to produce executable
FAIL: ext/pb_ds/regression/tree_set_rand.cc (test for excess errors)
WARNING: ext/pb_ds/regression/tree_set_rand.cc compilation failed to produce executable
WARNING: program timed out.
WARNING: program timed out.
WARNING: program timed out.
WARNING: program timed out.
WARNING: program timed out.
WARNING: program timed out.
WARNING: program timed out.
WARNING: program timed out.
=== libstdc++ Summary for unix ===
# of expected passes 10033
# of unexpected failures 8
# of expected failures 68
# of unsupported tests 616
Running target unix/-m32
FAIL: 23_containers/multimap/requirements/exception/basic.cc (test for excess errors)
WARNING: 23_containers/multimap/requirements/exception/basic.cc compilation failed to produce executable
FAIL: 25_algorithms/stable_sort/check_compare_by_value.cc (test for excess errors)
WARNING: 25_algorithms/stable_sort/check_compare_by_value.cc compilation failed to produce executable
FAIL: 28_regex/algorithms/regex_match/extended/string_range_01_03.cc (test for excess errors)
WARNING: 28_regex/algorithms/regex_match/extended/string_range_01_03.cc compilation failed to produce executable
FAIL: 28_regex/algorithms/regex_search/basic/string_01.cc (test for excess errors)
WARNING: 28_regex/algorithms/regex_search/basic/string_01.cc compilation failed to produce executable
FAIL: 30_threads/packaged_task/49668.cc (test for excess errors)
WARNING: 30_threads/packaged_task/49668.cc compilation failed to produce executable
FAIL: ext/pb_ds/regression/tree_set_rand.cc (test for excess errors)
WARNING: program timed out.
WARNING: program timed out.
WARNING: program timed out.
WARNING: program timed out.
WARNING: program timed out.
WARNING: program timed out.
=== libstdc++ Summary for unix/-m32 ===
# of expected passes 10038
# of unexpected failures 6
# of expected failures 68
# of unsupported tests 616
=== libstdc++ Summary ===
# of expected passes 20071
# of unexpected failures 14
# of expected failures 136
# of unsupported tests 1232
Compiler version: 6.0.0 20160129 (experimental) [trunk revision 232976] (GCC)
Platform: sparcv9-sun-solaris2.12
configure flags: --prefix=/vol/gcc --target=sparcv9-sun-solaris2.12 --enable-objc-gc --with-as=/vol/gcc/bin/sparcv9/gas-2.26 --with-gnu-as --with-gmp-include=/vol/gcc/include --with-gmp-lib=/vol/gcc/lib/sparcv9 --with-mpfr-include=/vol/gcc/include --with-mpfr-lib=/vol/gcc/lib/sparcv9 --with-mpc-include=/vol/gcc/include --with-mpc-lib=/vol/gcc/lib/sparcv9 --enable-languages=all,ada,obj-c++,go --with-isl-include=/vol/gcc/include --with-isl-lib=/vol/gcc/lib/sparcv9 --build=sparcv9-sun-solaris2.12 --host=sparcv9-sun-solaris2.12
BOOT_CFLAGS=-g -O2