This is the mail archive of the
gcc-testresults@gcc.gnu.org
mailing list for the GCC project.
Results for 6.0.0 20160125 (experimental) [trunk revision 232800] (GCC) testsuite on hppa2.0w-hp-hpux11.11
- From: John David Anglin <dave at hiauly3 dot hia dot nrc dot ca>
- To: dave at hiauly3 dot hia dot nrc dot ca, gcc-testresults at gcc dot gnu dot org
- Date: Wed, 27 Jan 2016 19:20:43 -0500 (EST)
- Subject: Results for 6.0.0 20160125 (experimental) [trunk revision 232800] (GCC) testsuite on hppa2.0w-hp-hpux11.11
- Authentication-results: sourceware.org; auth=none
=== acats tests ===
FAIL: c974013
FAIL: c9a011b
=== acats Summary ===
# of expected passes 2318
# of unexpected failures 2
Native configuration is hppa2.0w-hp-hpux11.11
=== g++ tests ===
Running target unix
FAIL: c-c++-common/gomp/clauses-2.c -std=c++98 (test for errors, line 51)
FAIL: c-c++-common/gomp/clauses-2.c -std=c++98 (test for excess errors)
FAIL: c-c++-common/gomp/clauses-2.c -std=c++11 (test for errors, line 51)
FAIL: c-c++-common/gomp/clauses-2.c -std=c++11 (test for excess errors)
FAIL: c-c++-common/gomp/clauses-2.c -std=c++14 (test for errors, line 51)
FAIL: c-c++-common/gomp/clauses-2.c -std=c++14 (test for excess errors)
WARNING: program timed out.
=== g++ Summary ===
# of expected passes 83494
# of unexpected failures 6
# of expected failures 252
# of unsupported tests 4121
/test/gnu/gcc/objdir/gcc/testsuite/g++/../../xg++ version 6.0.0 20160125 (experimental) [trunk revision 232800] (GCC)
=== gcc tests ===
Running target unix
FAIL: gcc.c-torture/compile/limits-exprparen.c -O0 (internal compiler error)
FAIL: gcc.c-torture/compile/limits-exprparen.c -O0 (test for excess errors)
FAIL: gcc.c-torture/compile/limits-exprparen.c -O1 (internal compiler error)
FAIL: gcc.c-torture/compile/limits-exprparen.c -O1 (test for excess errors)
FAIL: gcc.c-torture/compile/limits-exprparen.c -O2 (internal compiler error)
FAIL: gcc.c-torture/compile/limits-exprparen.c -O2 (test for excess errors)
FAIL: gcc.c-torture/compile/limits-exprparen.c -O3 -g (internal compiler error)
FAIL: gcc.c-torture/compile/limits-exprparen.c -O3 -g (test for excess errors)
FAIL: gcc.c-torture/compile/limits-exprparen.c -Os (internal compiler error)
FAIL: gcc.c-torture/compile/limits-exprparen.c -Os (test for excess errors)
FAIL: gcc.c-torture/execute/stkalign.c -O0 execution test
FAIL: gcc.c-torture/execute/stkalign.c -O1 execution test
FAIL: gcc.c-torture/execute/stkalign.c -O2 execution test
FAIL: gcc.c-torture/execute/stkalign.c -O3 -g execution test
FAIL: gcc.c-torture/execute/stkalign.c -Os execution test
FAIL: gcc.dg/atomic/c11-atomic-exec-5.c -O0 execution test
FAIL: gcc.dg/atomic/c11-atomic-exec-5.c -O1 execution test
FAIL: gcc.dg/atomic/c11-atomic-exec-5.c -O2 execution test
FAIL: gcc.dg/atomic/c11-atomic-exec-5.c -O3 -fomit-frame-pointer -funroll-loops -fpeel-loops -ftracer -finline-functions execution test
FAIL: gcc.dg/atomic/c11-atomic-exec-5.c -O3 -g execution test
FAIL: gcc.dg/atomic/c11-atomic-exec-5.c -Os execution test
FAIL: gcc.dg/loop-8.c scan-rtl-dump-times loop2_invariant "Decided" 1
FAIL: gcc.dg/loop-8.c scan-rtl-dump-not loop2_invariant "without introducing a new temporary register"
FAIL: gcc.dg/pr64434.c scan-rtl-dump-times expand "Swap operands" 1
FAIL: gcc.dg/pr67964.c (test for excess errors)
FAIL: c-c++-common/gomp/clauses-2.c (test for errors, line 51)
FAIL: c-c++-common/gomp/clauses-2.c (test for excess errors)
WARNING: program timed out.
FAIL: gcc.dg/tree-ssa/ivopts-lt-2.c scan-tree-dump-times ivopts "PHI <p_" 1
FAIL: gcc.dg/tree-ssa/ivopts-lt-2.c scan-tree-dump-times ivopts "p_[0-9]* <" 1
FAIL: gcc.dg/tree-ssa/sra-17.c scan-tree-dump-times esra "Removing load: a = \\\\*.LC0;" 1
FAIL: gcc.dg/tree-ssa/sra-17.c scan-tree-dump-times esra "SR.[0-9_]+ = \\\\*.LC0\\\\[" 4
FAIL: gcc.dg/tree-ssa/sra-18.c scan-tree-dump-times esra "Removing load: a = \\\\*.LC0;" 1
FAIL: gcc.dg/tree-ssa/sra-18.c scan-tree-dump-times esra "SR.[0-9_]+ = \\\\*.LC0\\\\.b\\\\[0\\\\]\\\\.f\\\\[0\\\\]\\\\.x" 1
FAIL: gcc.dg/tree-ssa/sra-18.c scan-tree-dump-times esra "SR.[0-9_]+ = \\\\*.LC0\\\\.b\\\\[0\\\\]\\\\.f\\\\[1\\\\]\\\\.x" 1
FAIL: gcc.dg/tree-ssa/sra-18.c scan-tree-dump-times esra "SR.[0-9_]+ = \\\\*.LC0\\\\.b\\\\[1\\\\]\\\\.f\\\\[0\\\\]\\\\.x" 1
FAIL: gcc.dg/tree-ssa/sra-18.c scan-tree-dump-times esra "SR.[0-9_]+ = \\\\*.LC0\\\\.b\\\\[1\\\\]\\\\.f\\\\[1\\\\]\\\\.x" 1
FAIL: gcc.dg/tree-ssa/vector-5.c (test for excess errors)
=== gcc Summary ===
# of expected passes 66038
# of unexpected failures 37
# of expected failures 139
# of unsupported tests 1767
/test/gnu/gcc/objdir/gcc/xgcc version 6.0.0 20160125 (experimental) [trunk revision 232800] (GCC)
=== gfortran tests ===
Running target unix
FAIL: gfortran.dg/coarray/event_2.f90 -fcoarray=lib -O2 -lcaf_single -latomic execution test
FAIL: gfortran.dg/read_dir.f90 -O0 execution test
FAIL: gfortran.dg/read_dir.f90 -O1 execution test
FAIL: gfortran.dg/read_dir.f90 -O2 execution test
FAIL: gfortran.dg/read_dir.f90 -O3 -fomit-frame-pointer -funroll-loops -fpeel-loops -ftracer -finline-functions execution test
FAIL: gfortran.dg/read_dir.f90 -O3 -g execution test
FAIL: gfortran.dg/read_dir.f90 -Os execution test
=== gfortran Summary ===
# of expected passes 39703
# of unexpected failures 7
# of expected failures 65
# of unsupported tests 415
/test/gnu/gcc/objdir/gcc/testsuite/gfortran/../../gfortran version 6.0.0 20160125 (experimental) [trunk revision 232800] (GCC)
=== gnat tests ===
Running target unix
=== gnat Summary ===
# of expected passes 2448
# of expected failures 22
# of unsupported tests 24
/test/gnu/gcc/objdir/gcc/gnatmake version 6.0.0 20160125 (experimental) [trunk revision 232800]
=== obj-c++ tests ===
Running target unix
=== obj-c++ Summary ===
# of expected passes 1396
# of expected failures 2
# of unsupported tests 60
/test/gnu/gcc/objdir/gcc/testsuite/obj-c++/../../xg++ version 6.0.0 20160125 (experimental) [trunk revision 232800] (GCC)
=== objc tests ===
Running target unix
=== objc Summary ===
# of expected passes 2690
# of unsupported tests 61
/test/gnu/gcc/objdir/gcc/xgcc version 6.0.0 20160125 (experimental) [trunk revision 232800] (GCC)
=== boehm-gc tests ===
Running target unix
=== boehm-gc Summary ===
# of expected passes 12
# of unsupported tests 1
=== libatomic tests ===
Running target unix
=== libatomic Summary ===
# of expected passes 44
# of unsupported tests 5
=== libffi tests ===
Running target unix
=== libffi Summary ===
# of expected passes 1904
# of unsupported tests 35
=== libgomp tests ===
Running target unix
FAIL: libgomp.c/target-29.c (internal compiler error)
FAIL: libgomp.c/target-29.c (test for excess errors)
UNRESOLVED: libgomp.c/target-29.c compilation failed to produce executable
FAIL: libgomp.c++/member-5.C execution test
FAIL: libgomp.c++/target-15.C (internal compiler error)
FAIL: libgomp.c++/target-15.C (test for excess errors)
UNRESOLVED: libgomp.c++/target-15.C compilation failed to produce executable
FAIL: libgomp.c++/target-16.C (internal compiler error)
FAIL: libgomp.c++/target-16.C (test for excess errors)
UNRESOLVED: libgomp.c++/target-16.C compilation failed to produce executable
FAIL: libgomp.c++/target-17.C (internal compiler error)
FAIL: libgomp.c++/target-17.C (test for excess errors)
UNRESOLVED: libgomp.c++/target-17.C compilation failed to produce executable
FAIL: libgomp.c++/target-19.C (internal compiler error)
FAIL: libgomp.c++/target-19.C (test for excess errors)
UNRESOLVED: libgomp.c++/target-19.C compilation failed to produce executable
FAIL: libgomp.oacc-c/../libgomp.oacc-c-c++-common/atomic_update-1.c -DACC_DEVICE_TYPE_host=1 -DACC_MEM_SHARED=1 execution test
FAIL: libgomp.oacc-c++/../libgomp.oacc-c-c++-common/atomic_update-1.c -DACC_DEVICE_TYPE_host=1 -DACC_MEM_SHARED=1 execution test
=== libgomp Summary ===
# of expected passes 4597
# of unexpected failures 13
# of unresolved testcases 5
# of unsupported tests 318
=== libjava tests ===
Running target unix
FAIL: LargeFile execution - source compiled test
FAIL: LargeFile -findirect-dispatch execution - source compiled test
FAIL: LargeFile -O3 execution - source compiled test
FAIL: LargeFile -O3 -findirect-dispatch execution - source compiled test
XPASS: sourcelocation output - source compiled test
XPASS: sourcelocation -findirect-dispatch output - source compiled test
XPASS: sourcelocation -O3 output - source compiled test
XPASS: sourcelocation -O3 -findirect-dispatch output - source compiled test
=== libjava Summary ===
# of expected passes 2574
# of unexpected failures 4
# of unexpected successes 4
# of untested testcases 4
=== libstdc++ tests ===
Running target unix
FAIL: 22_locale/num_put/put/char/14220.cc execution test
FAIL: 22_locale/num_put/put/wchar_t/14220.cc execution test
FAIL: 27_io/basic_ostream/inserters_arithmetic/char/4402.cc execution test
FAIL: 27_io/basic_ostream/inserters_arithmetic/wchar_t/4402.cc execution test
FAIL: 30_threads/call_once/constexpr.cc (test for excess errors)
FAIL: 30_threads/mutex/cons/constexpr.cc (test for excess errors)
FAIL: 30_threads/once_flag/cons/constexpr.cc (test for excess errors)
FAIL: experimental/type_erased_allocator/1.cc (test for excess errors)
FAIL: experimental/type_erased_allocator/1.cc execution test
FAIL: tr1/8_c_compatibility/complex/50880.cc (test for excess errors)
UNRESOLVED: tr1/8_c_compatibility/complex/50880.cc compilation failed to produce executable
FAIL: tr1/8_c_compatibility/complex/functions.cc (test for excess errors)
FAIL: tr1/8_c_compatibility/cstdio/functions.cc (test for excess errors)
UNRESOLVED: libstdc++-prettyprinters/whatis.cc compilation failed to produce executable
=== libstdc++ Summary ===
# of expected passes 9162
# of unexpected failures 12
# of expected failures 67
# of unresolved testcases 2
# of unsupported tests 1048
Compiler version: 6.0.0 20160125 (experimental) [trunk revision 232800] (GCC)
Platform: hppa2.0w-hp-hpux11.11
configure flags:Test Run By dave on Tue Jan 26 11:15:40 EST 2016