This is the mail archive of the
gcc-testresults@gcc.gnu.org
mailing list for the GCC project.
Results for 4.8.5 (GCC) testsuite on s390x-ibm-linux-gnu z196
- From: Andreas Krebbel <krebbel at linux dot vnet dot ibm dot com>
- To: gcc-testresults at gcc dot gnu dot org
- Date: Sun, 17 Jan 2016 11:50:45 +0100
- Subject: Results for 4.8.5 (GCC) testsuite on s390x-ibm-linux-gnu z196
- Authentication-results: sourceware.org; auth=none
LAST_UPDATED: Sun Jan 17 01:26:23 UTC 2016 (revision 232480)
=== acats tests ===
FAIL: c52103x
FAIL: c52104x
FAIL: c52104y
FAIL: cb1010a
=== acats Summary ===
# of expected passes 2316
# of unexpected failures 4
Native configuration is s390x-ibm-linux-gnu z196
=== g++ tests ===
Running target unix-m64
=== g++ Summary ===
Running target unix-m64
ERROR: couldn't load description file for unix-m64
=== gcc tests ===
Running target unix-m64
=== gcc Summary ===
Running target unix-m64
ERROR: couldn't load description file for unix-m64
=== gfortran tests ===
Running target unix-m64
=== gfortran Summary ===
Running target unix-m64
ERROR: couldn't load description file for unix-m64
=== gnat tests ===
Running target unix-m64
ERROR: couldn't load description file for unix-m64
=== go tests ===
Running target unix-m64
=== go Summary ===
Running target unix-m64
ERROR: couldn't load description file for unix-m64
=== obj-c++ tests ===
Running target unix-m64
ERROR: couldn't load description file for unix-m64
=== objc tests ===
Running target unix-m64
=== objc Summary ===
Running target unix-m64
ERROR: couldn't load description file for unix-m64
=== boehm-gc tests ===
Running target unix-m64
ERROR: couldn't load description file for unix-m64
=== libatomic tests ===
Running target unix-m64
ERROR: couldn't load description file for unix-m64
=== libffi tests ===
Running target unix-m64
ERROR: couldn't load description file for unix-m64
=== libgo tests ===
Running target unix
FAIL: math
FAIL: sync/atomic
FAIL: testing/quick
=== libgo Summary for unix ===
# of expected passes 119
# of unexpected failures 3
Running target unix/-m31
FAIL: bufio
FAIL: fmt
FAIL: math
FAIL: reflect
FAIL: runtime
FAIL: sync
FAIL: time
FAIL: crypto/cipher
FAIL: encoding/gob
FAIL: encoding/json
FAIL: html/template
FAIL: math/big
FAIL: net/http
FAIL: net/rpc
FAIL: old/regexp
FAIL: old/template
FAIL: sync/atomic
FAIL: text/template
FAIL: text/template/parse
=== libgo Summary for unix/-m31 ===
# of expected passes 103
# of unexpected failures 19
=== libgo Summary ===
# of expected passes 222
# of unexpected failures 22
-z196/./gcc/gccgo version 4.8.5 (GCC)
=== libgomp tests ===
Running target unix-m64
ERROR: couldn't load description file for unix-m64
=== libitm tests ===
Running target unix-m64
ERROR: couldn't load description file for unix-m64
=== libjava tests ===
Running target unix-m64
ERROR: couldn't load description file for unix-m64
=== libmudflap tests ===
Running target unix-m64
ERROR: couldn't load description file for unix-m64
=== libstdc++ tests ===
Running target unix-m64
=== libstdc++ Summary ===
Running target unix-m64
ERROR: couldn't load description file for unix-m64
Version: 4.8.5 (GCC)
Platform: s390x-ibm-linux-gnu z196
configure flags: --enable-shared --with-system-zlib --enable-threads=posix --enable-__cxa_atexit --enable-checking --prefix=/bigdisk/build-system/arena/20160116/gcc-4.8/install-s390x-z196 --enable-languages=c,c++,objc,obj-c++,fortran,java,ada,go --with-mode=zarch --with-arch=z196
GCC version: