This is the mail archive of the
gcc-testresults@gcc.gnu.org
mailing list for the GCC project.
Results for 5.3.1 20160108 [gcc-5-branch revision 232157] (GCC) testsuite on i386-pc-solaris2.12
- From: Rainer Orth <ro at CeBiTec dot Uni-Bielefeld dot DE>
- To: gcc-testresults at gcc dot gnu dot org
- Date: Sat, 9 Jan 2016 13:58:40 +0100 (CET)
- Subject: Results for 5.3.1 20160108 [gcc-5-branch revision 232157] (GCC) testsuite on i386-pc-solaris2.12
- Authentication-results: sourceware.org; auth=none
LAST_UPDATED: Fri Jan 8 12:34:49 UTC 2016 (revision 232157)
=== acats tests ===
=== acats Summary ===
# of expected passes 2320
# of unexpected failures 0
Native configuration is i386-pc-solaris2.12
=== g++ tests ===
Running target unix
FAIL: g++.dg/cilk-plus/CK/catch_exc.cc -O1 -fcilkplus execution test
FAIL: g++.dg/cilk-plus/CK/catch_exc.cc -O3 -fcilkplus execution test
FAIL: g++.dg/cilk-plus/CK/catch_exc.cc -g -O2 -fcilkplus execution test
FAIL: g++.dg/cilk-plus/CK/catch_exc.cc -g -fcilkplus execution test
FAIL: g++.dg/ipa/pr66616.C -std=gnu++11 execution test
FAIL: g++.dg/ipa/pr66616.C -std=gnu++14 execution test
FAIL: g++.dg/ipa/pr66616.C -std=gnu++98 execution test
=== g++ Summary for unix ===
# of expected passes 85236
# of unexpected failures 7
# of expected failures 288
# of unsupported tests 3372
Running target unix/-m64
=== g++ Summary for unix/-m64 ===
# of expected passes 86564
# of expected failures 288
# of unsupported tests 3643
=== g++ Summary ===
# of expected passes 171800
# of unexpected failures 7
# of expected failures 576
# of unsupported tests 7015
/var/gcc/regression/gcc-5-branch/12-gcc-gas/build/gcc/testsuite/g++/../../xg++ version 5.3.1 20160108 [gcc-5-branch revision 232157] (GCC)
=== gcc tests ===
Running target unix
=== gcc Summary for unix ===
# of expected passes 108951
# of expected failures 274
# of unsupported tests 1526
Running target unix/-m64
=== gcc Summary for unix/-m64 ===
# of expected passes 109909
# of expected failures 273
# of unsupported tests 1734
=== gcc Summary ===
# of expected passes 218860
# of expected failures 547
# of unsupported tests 3260
/var/gcc/regression/gcc-5-branch/12-gcc-gas/build/gcc/xgcc version 5.3.1 20160108 [gcc-5-branch revision 232157] (GCC)
=== gfortran tests ===
Running target unix
=== gfortran Summary for unix ===
# of expected passes 48738
# of expected failures 79
# of unsupported tests 217
Running target unix/-m64
=== gfortran Summary for unix/-m64 ===
# of expected passes 49025
# of expected failures 79
# of unsupported tests 79
=== gfortran Summary ===
# of expected passes 97763
# of expected failures 158
# of unsupported tests 296
/var/gcc/regression/gcc-5-branch/12-gcc-gas/build/gcc/testsuite/gfortran/../../gfortran version 5.3.1 20160108 [gcc-5-branch revision 232157] (GCC)
=== gnat tests ===
Running target unix
=== gnat Summary for unix ===
# of expected passes 1330
# of expected failures 20
# of unsupported tests 7
Running target unix/-m64
=== gnat Summary for unix/-m64 ===
# of expected passes 1330
# of expected failures 20
# of unsupported tests 7
=== gnat Summary ===
# of expected passes 2660
# of expected failures 40
# of unsupported tests 14
/var/gcc/regression/gcc-5-branch/12-gcc-gas/build/gcc/gnatmake version 5.3.1 20160108 [gcc-5-branch revision 232157]
=== go tests ===
Running target unix
=== go Summary for unix ===
# of expected passes 7363
# of expected failures 1
# of untested testcases 10
# of unsupported tests 2
Running target unix/-m64
=== go Summary for unix/-m64 ===
# of expected passes 7244
# of expected failures 1
# of untested testcases 10
# of unsupported tests 1
=== go Summary ===
# of expected passes 14607
# of expected failures 2
# of untested testcases 20
# of unsupported tests 3
=== obj-c++ tests ===
Running target unix
=== obj-c++ Summary for unix ===
# of expected passes 1453
# of expected failures 2
# of unsupported tests 86
Running target unix/-m64
=== obj-c++ Summary for unix/-m64 ===
# of expected passes 1445
# of expected failures 10
# of unsupported tests 86
=== obj-c++ Summary ===
# of expected passes 2898
# of expected failures 12
# of unsupported tests 172
/var/gcc/regression/gcc-5-branch/12-gcc-gas/build/gcc/testsuite/obj-c++/../../xg++ version 5.3.1 20160108 [gcc-5-branch revision 232157] (GCC)
=== objc tests ===
Running target unix
=== objc Summary for unix ===
# of expected passes 3010
# of expected failures 6
# of unsupported tests 74
Running target unix/-m64
=== objc Summary for unix/-m64 ===
# of expected passes 3010
# of expected failures 6
# of unsupported tests 74
=== objc Summary ===
# of expected passes 6020
# of expected failures 12
# of unsupported tests 148
/var/gcc/regression/gcc-5-branch/12-gcc-gas/build/gcc/xgcc version 5.3.1 20160108 [gcc-5-branch revision 232157] (GCC)
=== boehm-gc tests ===
Running target unix
=== boehm-gc Summary for unix ===
# of expected passes 12
# of unsupported tests 1
Running target unix/-m64
=== boehm-gc Summary for unix/-m64 ===
# of expected passes 12
# of unsupported tests 1
=== boehm-gc Summary ===
# of expected passes 24
# of unsupported tests 2
=== libatomic tests ===
Running target unix
=== libatomic Summary for unix ===
# of expected passes 44
# of unsupported tests 5
Running target unix/-m64
=== libatomic Summary for unix/-m64 ===
# of expected passes 54
=== libatomic Summary ===
# of expected passes 98
# of unsupported tests 5
=== libffi tests ===
Running target unix
=== libffi Summary for unix ===
# of expected passes 2439
# of unsupported tests 30
Running target unix/-m64
=== libffi Summary for unix/-m64 ===
# of expected passes 1914
# of unsupported tests 30
=== libffi Summary ===
# of expected passes 4353
# of unsupported tests 60
=== libgo tests ===
Running target unix
=== libgo Summary for unix ===
# of expected passes 124
Running target unix/-m64
FAIL: runtime
=== libgo Summary for unix/-m64 ===
# of expected passes 123
# of unexpected failures 1
=== libgo Summary ===
# of expected passes 247
# of unexpected failures 1
=== libgomp tests ===
Running target unix
=== libgomp Summary for unix ===
# of expected passes 5869
# of unsupported tests 257
Running target unix/-m64
=== libgomp Summary for unix/-m64 ===
# of expected passes 5869
# of unsupported tests 257
=== libgomp Summary ===
# of expected passes 11738
# of unsupported tests 514
=== libitm tests ===
Running target unix
=== libitm Summary for unix ===
# of expected passes 26
# of expected failures 3
# of unsupported tests 1
Running target unix/-m64
=== libitm Summary for unix/-m64 ===
# of expected passes 26
# of expected failures 3
# of unsupported tests 1
=== libitm Summary ===
# of expected passes 52
# of expected failures 6
# of unsupported tests 2
=== libjava tests ===
Running target unix
=== libjava Summary for unix ===
# of expected passes 2582
# of expected failures 4
Running target unix/-m64
=== libjava Summary for unix/-m64 ===
# of expected passes 2582
# of expected failures 4
=== libjava Summary ===
# of expected passes 5164
# of expected failures 8
=== libstdc++ tests ===
Running target unix
=== libstdc++ Summary for unix ===
# of expected passes 9533
# of expected failures 66
# of unsupported tests 603
Running target unix/-m64
=== libstdc++ Summary for unix/-m64 ===
# of expected passes 9533
# of expected failures 66
# of unsupported tests 603
=== libstdc++ Summary ===
# of expected passes 19066
# of expected failures 132
# of unsupported tests 1206
Compiler version: 5.3.1 20160108 [gcc-5-branch revision 232157] (GCC)
Platform: i386-pc-solaris2.12
configure flags: --prefix=/vol/gcc --target=i386-pc-solaris2.12 --enable-objc-gc --with-as=/vol/gcc/bin/gas-2.25 --with-gnu-as --with-gmp-include=/vol/gcc/include --with-gmp-lib=/vol/gcc/lib --with-mpfr-include=/vol/gcc/include --with-mpfr-lib=/vol/gcc/lib --with-mpc-include=/vol/gcc/include --with-mpc-lib=/vol/gcc/lib --enable-languages=all,ada,obj-c++,go --with-isl-include=/vol/gcc/include --with-isl-lib=/vol/gcc/lib
BOOT_CFLAGS=-g -O2