This is the mail archive of the
gcc-testresults@gcc.gnu.org
mailing list for the GCC project.
Results for 6.0.0 20160108 (experimental) [trunk revision 232158] (GCC) testsuite on sparc-sun-solaris2.11
- From: Rainer Orth <ro at CeBiTec dot Uni-Bielefeld dot DE>
- To: gcc-testresults at gcc dot gnu dot org
- Date: Sat, 9 Jan 2016 03:37:49 +0100 (CET)
- Subject: Results for 6.0.0 20160108 (experimental) [trunk revision 232158] (GCC) testsuite on sparc-sun-solaris2.11
- Authentication-results: sourceware.org; auth=none
LAST_UPDATED: Fri Jan 8 12:31:09 UTC 2016 (revision 232158)
=== acats tests ===
=== acats Summary ===
# of expected passes 2320
# of unexpected failures 0
Native configuration is sparc-sun-solaris2.11
=== g++ tests ===
Running target unix
FAIL: g++.dg/cpp0x/constexpr-reinterpret1.C -std=c++11 (test for errors, line 21)
FAIL: g++.dg/cpp0x/constexpr-reinterpret1.C -std=c++11 (test for excess errors)
FAIL: g++.dg/cpp0x/constexpr-reinterpret1.C -std=c++14 (test for errors, line 21)
FAIL: g++.dg/cpp0x/constexpr-reinterpret1.C -std=c++14 (test for excess errors)
=== g++ Summary for unix ===
# of expected passes 89618
# of unexpected failures 4
# of expected failures 269
# of unsupported tests 3738
Running target unix/-m64
=== g++ Summary for unix/-m64 ===
# of expected passes 91494
# of expected failures 269
# of unsupported tests 3715
=== g++ Summary ===
# of expected passes 181112
# of unexpected failures 4
# of expected failures 538
# of unsupported tests 7453
/var/gcc/regression/trunk/11-gcc/build/gcc/testsuite/g++/../../xg++ version 6.0.0 20160108 (experimental) [trunk revision 232158] (GCC)
=== gcc tests ===
Running target unix
FAIL: gcc.c-torture/execute/builtins/memops-asm.c execution, -O2 -flto
FAIL: gcc.dg/debug/dwarf2/prod-options.c scan-assembler DW_AT_producer: "GNU C
FAIL: gcc.dg/debug/dwarf2/stacked-qualified-types-3.c scan-assembler-times DIE \\\\([^\\n]*\\\\) DW_TAG_(?:const|volatile|atomic|restrict)_type 8
FAIL: gcc.dg/unroll-2.c (test for warnings, line 24)
FAIL: gcc.dg/visibility-22.c execution test
FAIL: gcc.dg/graphite/id-pr45230-1.c (internal compiler error)
FAIL: gcc.dg/graphite/id-pr45230-1.c (test for excess errors)
UNRESOLVED: gcc.dg/lto/pr61886 c_lto_pr61886_0.o-c_lto_pr61886_0.o execute -flto -O2 -Werror
FAIL: gcc.dg/lto/pr61886 c_lto_pr61886_0.o-c_lto_pr61886_0.o link, -flto -O2 -Werror
FAIL: gcc.dg/simulate-thread/atomic-other-int.c -O2 -g thread simulation test
FAIL: gcc.dg/simulate-thread/atomic-other-int.c -O3 -g thread simulation test
FAIL: gcc.dg/simulate-thread/speculative-store-4.c -O0 -g thread simulation test
FAIL: gcc.dg/simulate-thread/speculative-store-4.c -O2 -g thread simulation test
FAIL: gcc.dg/simulate-thread/speculative-store-4.c -O3 -g thread simulation test
FAIL: gcc.dg/simulate-thread/speculative-store.c -O0 -g thread simulation test
FAIL: gcc.dg/vect/bb-slp-pr68892.c -flto -ffat-lto-objects scan-tree-dump slp2 "not profitable"
FAIL: gcc.dg/vect/bb-slp-pr68892.c scan-tree-dump slp2 "not profitable"
FAIL: gcc.dg/vect/pr46032.c -flto -ffat-lto-objects scan-tree-dump-times vect "note: vectorized 1 loop" 1
FAIL: gcc.dg/vect/pr46032.c scan-tree-dump-times vect "note: vectorized 1 loop" 1
=== gcc Summary for unix ===
# of expected passes 85962
# of unexpected failures 18
# of expected failures 339
# of unresolved testcases 1
# of unsupported tests 2059
Running target unix/-m64
FAIL: gcc.c-torture/execute/builtins/memops-asm.c execution, -O2 -flto
FAIL: gcc.c-torture/execute/stkalign.c -O0 execution test
FAIL: gcc.c-torture/execute/stkalign.c -O1 execution test
FAIL: gcc.c-torture/execute/stkalign.c -O2 execution test
FAIL: gcc.c-torture/execute/stkalign.c -O2 -flto execution test
FAIL: gcc.c-torture/execute/stkalign.c -O2 -flto -flto-partition=none execution test
FAIL: gcc.c-torture/execute/stkalign.c -O3 -g execution test
FAIL: gcc.c-torture/execute/stkalign.c -Os execution test
FAIL: gcc.dg/debug/dwarf2/prod-options.c scan-assembler DW_AT_producer: "GNU C
FAIL: gcc.dg/debug/dwarf2/stacked-qualified-types-3.c scan-assembler-times DIE \\\\([^\\n]*\\\\) DW_TAG_(?:const|volatile|atomic|restrict)_type 8
FAIL: gcc.dg/ifcvt-4.c scan-rtl-dump ce1 "2 true changes made"
FAIL: gcc.dg/unroll-2.c (test for warnings, line 24)
FAIL: gcc.dg/visibility-22.c execution test
UNRESOLVED: gcc.dg/lto/pr61886 c_lto_pr61886_0.o-c_lto_pr61886_0.o execute -flto -O2 -Werror
FAIL: gcc.dg/lto/pr61886 c_lto_pr61886_0.o-c_lto_pr61886_0.o link, -flto -O2 -Werror
FAIL: gcc.dg/vect/bb-slp-pr68892.c -flto -ffat-lto-objects scan-tree-dump slp2 "not profitable"
FAIL: gcc.dg/vect/bb-slp-pr68892.c scan-tree-dump slp2 "not profitable"
FAIL: gcc.dg/vect/pr46032.c -flto -ffat-lto-objects scan-tree-dump-times vect "note: vectorized 1 loop" 1
FAIL: gcc.dg/vect/pr46032.c scan-tree-dump-times vect "note: vectorized 1 loop" 1
=== gcc Summary for unix/-m64 ===
# of expected passes 86759
# of unexpected failures 18
# of expected failures 326
# of unresolved testcases 1
# of unsupported tests 1985
=== gcc Summary ===
# of expected passes 172721
# of unexpected failures 36
# of expected failures 665
# of unresolved testcases 2
# of unsupported tests 4044
/var/gcc/regression/trunk/11-gcc/build/gcc/xgcc version 6.0.0 20160108 (experimental) [trunk revision 232158] (GCC)
=== gfortran tests ===
Running target unix
FAIL: gfortran.dg/coarray/event_1.f90 -fcoarray=lib -O2 -lcaf_single -latomic execution test
FAIL: gfortran.dg/coarray/event_2.f90 -fcoarray=lib -O2 -lcaf_single -latomic execution test
FAIL: gfortran.dg/do_iterator.f90 -O changing do-iterator 3 (test for errors, line 10)
FAIL: gfortran.dg/do_iterator.f90 -O changing do-iterator 3 (test for errors, line 9)
FAIL: gfortran.dg/goacc/declare-2.f95 -O (test for errors, line 33)
FAIL: gfortran.dg/goacc/declare-2.f95 -O (test for errors, line 34)
FAIL: gfortran.dg/goacc/declare-2.f95 -O (test for errors, line 36)
FAIL: gfortran.dg/goacc/declare-2.f95 -O (test for errors, line 46)
FAIL: gfortran.dg/goacc/declare-2.f95 -O (test for errors, line 47)
FAIL: gfortran.dg/goacc/declare-2.f95 -O (test for errors, line 54)
FAIL: gfortran.dg/goacc/declare-2.f95 -O (test for errors, line 62)
FAIL: gfortran.dg/goacc/declare-2.f95 -O (test for errors, line 69)
=== gfortran Summary for unix ===
# of expected passes 41135
# of unexpected failures 12
# of expected failures 73
# of unsupported tests 227
Running target unix/-m64
FAIL: gfortran.dg/coarray/event_1.f90 -fcoarray=lib -O2 -lcaf_single -latomic execution test
FAIL: gfortran.dg/coarray/event_2.f90 -fcoarray=lib -O2 -lcaf_single -latomic execution test
FAIL: gfortran.dg/do_iterator.f90 -O changing do-iterator 3 (test for errors, line 10)
FAIL: gfortran.dg/do_iterator.f90 -O changing do-iterator 3 (test for errors, line 9)
FAIL: gfortran.dg/goacc/declare-2.f95 -O (test for errors, line 33)
FAIL: gfortran.dg/goacc/declare-2.f95 -O (test for errors, line 34)
FAIL: gfortran.dg/goacc/declare-2.f95 -O (test for errors, line 36)
FAIL: gfortran.dg/goacc/declare-2.f95 -O (test for errors, line 46)
FAIL: gfortran.dg/goacc/declare-2.f95 -O (test for errors, line 47)
FAIL: gfortran.dg/goacc/declare-2.f95 -O (test for errors, line 54)
FAIL: gfortran.dg/goacc/declare-2.f95 -O (test for errors, line 62)
FAIL: gfortran.dg/goacc/declare-2.f95 -O (test for errors, line 69)
=== gfortran Summary for unix/-m64 ===
# of expected passes 41382
# of unexpected failures 12
# of expected failures 73
# of unsupported tests 106
=== gfortran Summary ===
# of expected passes 82517
# of unexpected failures 24
# of expected failures 146
# of unsupported tests 333
/var/gcc/regression/trunk/11-gcc/build/gcc/testsuite/gfortran/../../gfortran version 6.0.0 20160108 (experimental) [trunk revision 232158] (GCC)
=== gnat tests ===
Running target unix
=== gnat Summary for unix ===
# of expected passes 2451
# of expected failures 22
# of unsupported tests 21
Running target unix/-m64
=== gnat Summary for unix/-m64 ===
# of expected passes 2451
# of expected failures 22
# of unsupported tests 21
=== gnat Summary ===
# of expected passes 4902
# of expected failures 44
# of unsupported tests 42
/var/gcc/regression/trunk/11-gcc/build/gcc/gnatmake version 6.0.0 20160108 (experimental) [trunk revision 232158]
=== go tests ===
Running target unix
=== go Summary for unix ===
# of expected passes 7363
# of expected failures 1
# of untested testcases 11
# of unsupported tests 3
Running target unix/-m64
=== go Summary for unix/-m64 ===
# of expected passes 7243
# of expected failures 1
# of untested testcases 11
# of unsupported tests 3
=== go Summary ===
# of expected passes 14606
# of expected failures 2
# of untested testcases 22
# of unsupported tests 6
=== obj-c++ tests ===
Running target unix
FAIL: obj-c++.dg/property/dotsyntax-11.mm -fgnu-runtime (test for errors, line 51)
FAIL: obj-c++.dg/property/dotsyntax-11.mm -fgnu-runtime (test for errors, line 56)
FAIL: obj-c++.dg/property/dotsyntax-11.mm -fgnu-runtime (test for errors, line 59)
=== obj-c++ Summary for unix ===
# of expected passes 1451
# of unexpected failures 3
# of expected failures 2
# of unsupported tests 77
Running target unix/-m64
FAIL: obj-c++.dg/property/dotsyntax-11.mm -fgnu-runtime (test for errors, line 51)
FAIL: obj-c++.dg/property/dotsyntax-11.mm -fgnu-runtime (test for errors, line 56)
FAIL: obj-c++.dg/property/dotsyntax-11.mm -fgnu-runtime (test for errors, line 59)
=== obj-c++ Summary for unix/-m64 ===
# of expected passes 1443
# of unexpected failures 3
# of expected failures 10
# of unsupported tests 77
=== obj-c++ Summary ===
# of expected passes 2894
# of unexpected failures 6
# of expected failures 12
# of unsupported tests 154
/var/gcc/regression/trunk/11-gcc/build/gcc/testsuite/obj-c++/../../xg++ version 6.0.0 20160108 (experimental) [trunk revision 232158] (GCC)
=== objc tests ===
Running target unix
=== objc Summary for unix ===
# of expected passes 2788
# of unsupported tests 68
Running target unix/-m64
=== objc Summary for unix/-m64 ===
# of expected passes 2788
# of unsupported tests 68
=== objc Summary ===
# of expected passes 5576
# of unsupported tests 136
/var/gcc/regression/trunk/11-gcc/build/gcc/xgcc version 6.0.0 20160108 (experimental) [trunk revision 232158] (GCC)
=== boehm-gc tests ===
Running target unix
=== boehm-gc Summary for unix ===
# of expected passes 12
# of unsupported tests 1
Running target unix/-m64
=== boehm-gc Summary for unix/-m64 ===
# of expected passes 12
# of unsupported tests 1
=== boehm-gc Summary ===
# of expected passes 24
# of unsupported tests 2
=== libatomic tests ===
Running target unix
=== libatomic Summary for unix ===
# of expected passes 44
# of unsupported tests 5
Running target unix/-m64
=== libatomic Summary for unix/-m64 ===
# of expected passes 54
=== libatomic Summary ===
# of expected passes 98
# of unsupported tests 5
=== libffi tests ===
Running target unix
=== libffi Summary for unix ===
# of expected passes 1914
# of unsupported tests 30
Running target unix/-m64
=== libffi Summary for unix/-m64 ===
# of expected passes 1914
# of unsupported tests 30
=== libffi Summary ===
# of expected passes 3828
# of unsupported tests 60
=== libgo tests ===
Running target unix
FAIL: reflect
FAIL: go/build
FAIL: net/http
=== libgo Summary for unix ===
# of expected passes 130
# of unexpected failures 3
Running target unix/-m64
FAIL: runtime
FAIL: go/build
=== libgo Summary for unix/-m64 ===
# of expected passes 131
# of unexpected failures 2
=== libgo Summary ===
# of expected passes 261
# of unexpected failures 5
/var/gcc/regression/trunk/11-gcc/build/./gcc/gccgo version 6.0.0 20160108 (experimental) [trunk revision 232158] (GCC)
=== libgomp tests ===
Running target unix
=== libgomp Summary for unix ===
# of expected passes 4610
# of unsupported tests 304
Running target unix/-m64
=== libgomp Summary for unix/-m64 ===
# of expected passes 4610
# of unsupported tests 304
=== libgomp Summary ===
# of expected passes 9220
# of unsupported tests 608
=== libitm tests ===
Running target unix
=== libitm Summary for unix ===
# of expected passes 38
# of expected failures 3
# of unsupported tests 1
Running target unix/-m64
=== libitm Summary for unix/-m64 ===
# of expected passes 38
# of expected failures 3
# of unsupported tests 1
=== libitm Summary ===
# of expected passes 76
# of expected failures 6
# of unsupported tests 2
=== libjava tests ===
Running target unix
=== libjava Summary for unix ===
# of expected passes 2582
# of expected failures 4
Running target unix/-m64
=== libjava Summary for unix/-m64 ===
# of expected passes 2582
# of expected failures 4
=== libjava Summary ===
# of expected passes 5164
# of expected failures 8
=== libstdc++ tests ===
Running target unix
=== libstdc++ Summary for unix ===
# of expected passes 9877
# of expected failures 69
# of unsupported tests 621
Running target unix/-m64
=== libstdc++ Summary for unix/-m64 ===
# of expected passes 9877
# of expected failures 69
# of unsupported tests 621
=== libstdc++ Summary ===
# of expected passes 19754
# of expected failures 138
# of unsupported tests 1242
Compiler version: 6.0.0 20160108 (experimental) [trunk revision 232158] (GCC)
Platform: sparc-sun-solaris2.11
configure flags: --prefix=/vol/gcc --target=sparc-sun-solaris2.11 --enable-objc-gc --enable-libmudflap --with-as=/usr/ccs/bin/as --without-gnu-as --with-gmp-include=/vol/gcc/include --with-gmp-lib=/vol/gcc/lib --with-mpfr-include=/vol/gcc/include --with-mpfr-lib=/vol/gcc/lib --with-mpc-include=/vol/gcc/include --with-mpc-lib=/vol/gcc/lib --enable-languages=all,ada,obj-c++,go --with-isl-include=/vol/gcc/include --with-isl-lib=/vol/gcc/lib
BOOT_CFLAGS=-g -O2