This is the mail archive of the
gcc-testresults@gcc.gnu.org
mailing list for the GCC project.
Results for 6.0.0 20151211 (experimental) [trunk revision 231562] (GCC) testsuite on sparcv9-sun-solaris2.12
- From: Rainer Orth <ro at CeBiTec dot Uni-Bielefeld dot DE>
- To: gcc-testresults at gcc dot gnu dot org
- Date: Sun, 13 Dec 2015 22:24:42 +0100 (CET)
- Subject: Results for 6.0.0 20151211 (experimental) [trunk revision 231562] (GCC) testsuite on sparcv9-sun-solaris2.12
- Authentication-results: sourceware.org; auth=none
LAST_UPDATED: Fri Dec 11 12:45:50 UTC 2015 (revision 231562)
=== acats tests ===
=== acats Summary ===
# of expected passes 2320
# of unexpected failures 0
Native configuration is sparcv9-sun-solaris2.12
=== g++ tests ===
Running target unix
=== g++ Summary for unix ===
# of expected passes 90771
# of expected failures 269
# of unsupported tests 3658
Running target unix/-m32
FAIL: c-c++-common/opaque-vector.c -std=c++11 (internal compiler error)
FAIL: c-c++-common/opaque-vector.c -std=c++11 (test for excess errors)
FAIL: c-c++-common/opaque-vector.c -std=c++14 (internal compiler error)
FAIL: c-c++-common/opaque-vector.c -std=c++14 (test for excess errors)
FAIL: c-c++-common/opaque-vector.c -std=c++98 (internal compiler error)
FAIL: c-c++-common/opaque-vector.c -std=c++98 (test for excess errors)
FAIL: g++.dg/cpp0x/constexpr-reinterpret1.C -std=c++11 (test for errors, line 21)
FAIL: g++.dg/cpp0x/constexpr-reinterpret1.C -std=c++11 (test for excess errors)
FAIL: g++.dg/cpp0x/constexpr-reinterpret1.C -std=c++14 (test for errors, line 21)
FAIL: g++.dg/cpp0x/constexpr-reinterpret1.C -std=c++14 (test for excess errors)
=== g++ Summary for unix/-m32 ===
# of expected passes 88892
# of unexpected failures 10
# of expected failures 269
# of unsupported tests 3681
=== g++ Summary ===
# of expected passes 179663
# of unexpected failures 10
# of expected failures 538
# of unsupported tests 7339
/var/gcc/regression/trunk/12-gcc-64/build/gcc/testsuite/g++/../../xg++ version 6.0.0 20151211 (experimental) [trunk revision 231562] (GCC)
=== gcc tests ===
Running target unix
FAIL: gcc.c-torture/execute/builtins/memops-asm.c execution, -O2 -flto
FAIL: gcc.dg/debug/dwarf2/stacked-qualified-types-3.c scan-assembler-times DIE \\\\([^\\n]*\\\\) DW_TAG_(?:const|volatile|atomic|restrict)_type 8
FAIL: gcc.dg/ifcvt-4.c scan-rtl-dump ce1 "2 true changes made"
UNRESOLVED: gcc.dg/lto/pr61886 c_lto_pr61886_0.o-c_lto_pr61886_0.o execute -flto -O2 -Werror
FAIL: gcc.dg/lto/pr61886 c_lto_pr61886_0.o-c_lto_pr61886_0.o link, -flto -O2 -Werror
FAIL: gcc.dg/torture/pr68264.c -O0 execution test
FAIL: gcc.dg/torture/pr68264.c -O1 execution test
FAIL: gcc.dg/torture/pr68264.c -O2 execution test
FAIL: gcc.dg/torture/pr68264.c -O2 -flto execution test
FAIL: gcc.dg/torture/pr68264.c -O2 -flto -flto-partition=none execution test
FAIL: gcc.dg/torture/pr68264.c -O3 -g execution test
FAIL: gcc.dg/torture/pr68264.c -Os execution test
FAIL: gcc.dg/vect/pr45752.c -flto -ffat-lto-objects scan-tree-dump-times vect "gaps requires scalar epilogue loop" 0
FAIL: gcc.dg/vect/pr45752.c -flto -ffat-lto-objects scan-tree-dump-times vect "vectorized 1 loops" 1
FAIL: gcc.dg/vect/pr45752.c scan-tree-dump-times vect "gaps requires scalar epilogue loop" 0
FAIL: gcc.dg/vect/pr45752.c scan-tree-dump-times vect "vectorized 1 loops" 1
FAIL: gcc.dg/vect/pr46032.c -flto -ffat-lto-objects scan-tree-dump-times vect "note: vectorized 1 loop" 1
FAIL: gcc.dg/vect/pr46032.c scan-tree-dump-times vect "note: vectorized 1 loop" 1
FAIL: gcc.dg/vect/slp-perm-4.c -flto -ffat-lto-objects scan-tree-dump-times vect "gaps requires scalar epilogue loop" 0
FAIL: gcc.dg/vect/slp-perm-4.c -flto -ffat-lto-objects scan-tree-dump-times vect "vectorized 1 loops" 1
FAIL: gcc.dg/vect/slp-perm-4.c scan-tree-dump-times vect "gaps requires scalar epilogue loop" 0
FAIL: gcc.dg/vect/slp-perm-4.c scan-tree-dump-times vect "vectorized 1 loops" 1
=== gcc Summary for unix ===
# of expected passes 86592
# of unexpected failures 21
# of expected failures 325
# of unresolved testcases 1
# of unsupported tests 1973
Running target unix/-m32
FAIL: gcc.c-torture/execute/builtins/memops-asm.c execution, -O2 -flto
FAIL: gcc.dg/atomic/c11-atomic-exec-2.c -O2 -flto (test for excess errors)
FAIL: gcc.dg/atomic/c11-atomic-exec-2.c -O2 -flto -flto-partition=none (test for excess errors)
FAIL: gcc.dg/atomic/c11-atomic-exec-2.c -O3 -g (test for excess errors)
WARNING: gcc.dg/atomic/c11-atomic-exec-2.c -O3 -g compilation failed to produce executable
FAIL: gcc.dg/atomic/c11-atomic-exec-3.c -O3 -g (test for excess errors)
WARNING: gcc.dg/atomic/c11-atomic-exec-3.c -O3 -g compilation failed to produce executable
WARNING: program timed out.
WARNING: program timed out.
WARNING: program timed out.
WARNING: program timed out.
FAIL: gcc.dg/debug/dwarf2/stacked-qualified-types-3.c scan-assembler-times DIE \\\\([^\\n]*\\\\) DW_TAG_(?:const|volatile|atomic|restrict)_type 8
FAIL: gcc.dg/c11-atomic-2.c (test for excess errors)
WARNING: program timed out.
FAIL: gcc.dg/graphite/id-pr45230-1.c (internal compiler error)
FAIL: gcc.dg/graphite/id-pr45230-1.c (test for excess errors)
UNRESOLVED: gcc.dg/lto/pr61886 c_lto_pr61886_0.o-c_lto_pr61886_0.o execute -flto -O2 -Werror
FAIL: gcc.dg/lto/pr61886 c_lto_pr61886_0.o-c_lto_pr61886_0.o link, -flto -O2 -Werror
FAIL: gcc.dg/simulate-thread/atomic-other-int.c -O2 -g thread simulation test
FAIL: gcc.dg/simulate-thread/atomic-other-int.c -O3 -g thread simulation test
FAIL: gcc.dg/simulate-thread/atomic-other-short.c -O0 -g thread simulation test
FAIL: gcc.dg/simulate-thread/speculative-store-4.c -O0 -g thread simulation test
FAIL: gcc.dg/simulate-thread/speculative-store-4.c -O2 -g thread simulation test
FAIL: gcc.dg/simulate-thread/speculative-store-4.c -O3 -g thread simulation test
FAIL: gcc.dg/simulate-thread/speculative-store.c -O0 -g thread simulation test
FAIL: gcc.dg/torture/pr68264.c -O0 execution test
FAIL: gcc.dg/torture/pr68264.c -O1 execution test
FAIL: gcc.dg/torture/pr68264.c -O2 execution test
FAIL: gcc.dg/torture/pr68264.c -O2 -flto execution test
FAIL: gcc.dg/torture/pr68264.c -O2 -flto -flto-partition=none execution test
FAIL: gcc.dg/torture/pr68264.c -O3 -g execution test
FAIL: gcc.dg/torture/pr68264.c -Os execution test
FAIL: gcc.dg/vect/pr45752.c -flto -ffat-lto-objects scan-tree-dump-times vect "gaps requires scalar epilogue loop" 0
FAIL: gcc.dg/vect/pr45752.c -flto -ffat-lto-objects scan-tree-dump-times vect "vectorized 1 loops" 1
FAIL: gcc.dg/vect/pr45752.c scan-tree-dump-times vect "gaps requires scalar epilogue loop" 0
FAIL: gcc.dg/vect/pr45752.c scan-tree-dump-times vect "vectorized 1 loops" 1
FAIL: gcc.dg/vect/pr46032.c -flto -ffat-lto-objects scan-tree-dump-times vect "note: vectorized 1 loop" 1
FAIL: gcc.dg/vect/pr46032.c scan-tree-dump-times vect "note: vectorized 1 loop" 1
FAIL: gcc.dg/vect/slp-perm-4.c -flto -ffat-lto-objects scan-tree-dump-times vect "gaps requires scalar epilogue loop" 0
FAIL: gcc.dg/vect/slp-perm-4.c -flto -ffat-lto-objects scan-tree-dump-times vect "vectorized 1 loops" 1
FAIL: gcc.dg/vect/slp-perm-4.c scan-tree-dump-times vect "gaps requires scalar epilogue loop" 0
FAIL: gcc.dg/vect/slp-perm-4.c scan-tree-dump-times vect "vectorized 1 loops" 1
=== gcc Summary for unix/-m32 ===
# of expected passes 85781
# of unexpected failures 34
# of expected failures 338
# of unresolved testcases 1
# of unsupported tests 2046
=== gcc Summary ===
# of expected passes 172373
# of unexpected failures 55
# of expected failures 663
# of unresolved testcases 2
# of unsupported tests 4019
/var/gcc/regression/trunk/12-gcc-64/build/gcc/xgcc version 6.0.0 20151211 (experimental) [trunk revision 231562] (GCC)
=== gfortran tests ===
Running target unix
FAIL: gfortran.dg/coarray/event_1.f90 -fcoarray=lib -O2 -lcaf_single -latomic execution test
FAIL: gfortran.dg/coarray/event_2.f90 -fcoarray=lib -O2 -lcaf_single -latomic execution test
FAIL: gfortran.dg/large_real_kind_2.F90 -O0 execution test
FAIL: gfortran.dg/norm2_3.f90 -O0 execution test
FAIL: gfortran.dg/norm2_3.f90 -O1 execution test
FAIL: gfortran.dg/norm2_3.f90 -O2 execution test
FAIL: gfortran.dg/norm2_3.f90 -O3 -fomit-frame-pointer -funroll-loops -fpeel-loops -ftracer -finline-functions execution test
FAIL: gfortran.dg/norm2_3.f90 -O3 -g execution test
FAIL: gfortran.dg/norm2_3.f90 -Os execution test
=== gfortran Summary for unix ===
# of expected passes 41340
# of unexpected failures 9
# of expected failures 72
# of unsupported tests 106
Running target unix/-m32
FAIL: gfortran.dg/coarray/event_1.f90 -fcoarray=lib -O2 -lcaf_single -latomic execution test
FAIL: gfortran.dg/coarray/event_2.f90 -fcoarray=lib -O2 -lcaf_single -latomic execution test
FAIL: gfortran.dg/minlocval_3.f90 -O3 -fomit-frame-pointer -funroll-loops -fpeel-loops -ftracer -finline-functions (test for excess errors)
WARNING: gfortran.dg/minlocval_3.f90 -O3 -fomit-frame-pointer -funroll-loops -fpeel-loops -ftracer -finline-functions compilation failed to produce executable
FAIL: gfortran.dg/minlocval_3.f90 -O3 -g (test for excess errors)
WARNING: gfortran.dg/minlocval_3.f90 -O3 -g compilation failed to produce executable
WARNING: program timed out.
WARNING: program timed out.
=== gfortran Summary for unix/-m32 ===
# of expected passes 41096
# of unexpected failures 4
# of expected failures 72
# of unsupported tests 227
=== gfortran Summary ===
# of expected passes 82436
# of unexpected failures 13
# of expected failures 144
# of unsupported tests 333
/var/gcc/regression/trunk/12-gcc-64/build/gcc/testsuite/gfortran/../../gfortran version 6.0.0 20151211 (experimental) [trunk revision 231562] (GCC)
=== gnat tests ===
Running target unix/-m32
WARNING: program timed out.
FAIL: gnat.dg/sso/r6.adb -O3 -finline-functions (test for excess errors)
WARNING: gnat.dg/sso/r6.adb -O3 -finline-functions compilation failed to produce executable
=== gnat Summary for unix/-m32 ===
# of expected passes 2447
# of unexpected failures 1
# of expected failures 22
# of unsupported tests 22
Running target unix
=== gnat Summary for unix ===
# of expected passes 2450
# of expected failures 22
# of unsupported tests 22
=== gnat Summary ===
# of expected passes 4897
# of unexpected failures 1
# of expected failures 44
# of unsupported tests 44
/var/gcc/regression/trunk/12-gcc-64/build/gcc/gnatmake version 6.0.0 20151211 (experimental) [trunk revision 231562]
=== go tests ===
Running target unix
FAIL: ./bug449-out.go compilation, -O0 -g -fno-var-tracking-assignments
WARNING: program timed out.
=== go Summary for unix ===
# of expected passes 7241
# of unexpected failures 1
# of expected failures 1
# of untested testcases 12
# of unsupported tests 3
Running target unix/-m32
FAIL: ./64bit-out.go compilation, -O0 -g -fno-var-tracking-assignments
FAIL: ./bug449-out.go compilation, -O0 -g -fno-var-tracking-assignments
FAIL: ./index0-out.go compilation, -O0 -g -fno-var-tracking-assignments
FAIL: ./slice3-out.go compilation, -O0 -g -fno-var-tracking-assignments
FAIL: go.test/test/append.go compilation, -O2 -g
FAIL: go.test/test/cmplxdivide.go
WARNING: program timed out.
WARNING: program timed out.
WARNING: program timed out.
WARNING: program timed out.
WARNING: program timed out.
WARNING: program timed out.
=== go Summary for unix/-m32 ===
# of expected passes 7352
# of unexpected failures 6
# of expected failures 1
# of untested testcases 16
# of unsupported tests 3
=== go Summary ===
# of expected passes 14593
# of unexpected failures 7
# of expected failures 2
# of untested testcases 28
# of unsupported tests 6
=== obj-c++ tests ===
Running target unix/-m32
FAIL: obj-c++.dg/property/dotsyntax-11.mm -fgnu-runtime (test for errors, line 51)
FAIL: obj-c++.dg/property/dotsyntax-11.mm -fgnu-runtime (test for errors, line 56)
FAIL: obj-c++.dg/property/dotsyntax-11.mm -fgnu-runtime (test for errors, line 59)
=== obj-c++ Summary for unix/-m32 ===
# of expected passes 1452
# of unexpected failures 3
# of expected failures 2
# of unsupported tests 77
Running target unix
FAIL: obj-c++.dg/property/dotsyntax-11.mm -fgnu-runtime (test for errors, line 51)
FAIL: obj-c++.dg/property/dotsyntax-11.mm -fgnu-runtime (test for errors, line 56)
FAIL: obj-c++.dg/property/dotsyntax-11.mm -fgnu-runtime (test for errors, line 59)
=== obj-c++ Summary for unix ===
# of expected passes 1444
# of unexpected failures 3
# of expected failures 10
# of unsupported tests 77
=== obj-c++ Summary ===
# of expected passes 2896
# of unexpected failures 6
# of expected failures 12
# of unsupported tests 154
/var/gcc/regression/trunk/12-gcc-64/build/gcc/testsuite/obj-c++/../../xg++ version 6.0.0 20151211 (experimental) [trunk revision 231562] (GCC)
=== objc tests ===
Running target unix
=== objc Summary for unix ===
# of expected passes 2788
# of unsupported tests 68
Running target unix/-m32
=== objc Summary for unix/-m32 ===
# of expected passes 2788
# of unsupported tests 68
=== objc Summary ===
# of expected passes 5576
# of unsupported tests 136
/var/gcc/regression/trunk/12-gcc-64/build/gcc/xgcc version 6.0.0 20151211 (experimental) [trunk revision 231562] (GCC)
=== boehm-gc tests ===
Running target unix/-m32
=== boehm-gc Summary for unix/-m32 ===
# of expected passes 12
# of unsupported tests 1
Running target unix
=== boehm-gc Summary for unix ===
# of expected passes 12
# of unsupported tests 1
=== boehm-gc Summary ===
# of expected passes 24
# of unsupported tests 2
=== libatomic tests ===
Running target unix/-m32
=== libatomic Summary for unix/-m32 ===
# of expected passes 44
# of unsupported tests 5
Running target unix
=== libatomic Summary for unix ===
# of expected passes 54
=== libatomic Summary ===
# of expected passes 98
# of unsupported tests 5
=== libffi tests ===
Running target unix/-m32
=== libffi Summary for unix/-m32 ===
# of expected passes 1914
# of unsupported tests 30
Running target unix
=== libffi Summary for unix ===
# of expected passes 1914
# of unsupported tests 30
=== libffi Summary ===
# of expected passes 3828
# of unsupported tests 60
=== libgo tests ===
Running target unix
FAIL: go/build
FAIL: runtime/pprof
=== libgo Summary for unix ===
# of expected passes 131
# of unexpected failures 2
Running target unix/-m32
FAIL: reflect
FAIL: go/build
FAIL: net/http
FAIL: runtime/pprof
=== libgo Summary for unix/-m32 ===
# of expected passes 129
# of unexpected failures 4
=== libgo Summary ===
# of expected passes 260
# of unexpected failures 6
/var/gcc/regression/trunk/12-gcc-64/build/./gcc/gccgo version 6.0.0 20151211 (experimental) [trunk revision 231562] (GCC)
=== libgomp tests ===
Running target unix/-m32
WARNING: program timed out.
FAIL: libgomp.c/for-3.c (test for excess errors)
WARNING: libgomp.c/for-3.c compilation failed to produce executable
WARNING: program timed out.
FAIL: libgomp.c/for-5.c (test for excess errors)
WARNING: libgomp.c/for-5.c compilation failed to produce executable
WARNING: program timed out.
FAIL: libgomp.c/for-6.c (test for excess errors)
WARNING: libgomp.c/for-6.c compilation failed to produce executable
WARNING: program timed out.
FAIL: libgomp.c++/for-11.C (test for excess errors)
WARNING: libgomp.c++/for-11.C compilation failed to produce executable
WARNING: program timed out.
FAIL: libgomp.c++/for-13.C (test for excess errors)
WARNING: libgomp.c++/for-13.C compilation failed to produce executable
WARNING: program timed out.
FAIL: libgomp.c++/for-14.C (test for excess errors)
WARNING: libgomp.c++/for-14.C compilation failed to produce executable
=== libgomp Summary for unix/-m32 ===
# of expected passes 4578
# of unexpected failures 6
# of unsupported tests 304
Running target unix
=== libgomp Summary for unix ===
# of expected passes 4590
# of unsupported tests 304
=== libgomp Summary ===
# of expected passes 9168
# of unexpected failures 6
# of unsupported tests 608
=== libitm tests ===
Running target unix/-m32
=== libitm Summary for unix/-m32 ===
# of expected passes 38
# of expected failures 3
# of unsupported tests 1
Running target unix
=== libitm Summary for unix ===
# of expected passes 38
# of expected failures 3
# of unsupported tests 1
=== libitm Summary ===
# of expected passes 76
# of expected failures 6
# of unsupported tests 2
=== libjava tests ===
Running target unix/-m32
=== libjava Summary for unix/-m32 ===
# of expected passes 2582
# of expected failures 4
Running target unix
=== libjava Summary for unix ===
# of expected passes 2582
# of expected failures 4
=== libjava Summary ===
# of expected passes 5164
# of expected failures 8
=== libstdc++ tests ===
Running target unix
FAIL: libstdc++-abi/abi_check
FAIL: 20_util/scoped_allocator/2.cc (test for excess errors)
WARNING: 20_util/scoped_allocator/2.cc compilation failed to produce executable
FAIL: 20_util/tuple/48476.cc (test for excess errors)
WARNING: 20_util/tuple/48476.cc compilation failed to produce executable
FAIL: 27_io/basic_stringstream/assign/1.cc (test for excess errors)
WARNING: 27_io/basic_stringstream/assign/1.cc compilation failed to produce executable
FAIL: 28_regex/algorithms/regex_match/basic/string_01.cc (test for excess errors)
FAIL: 28_regex/algorithms/regex_match/ecma/wchar_t/63199.cc (test for excess errors)
WARNING: 28_regex/algorithms/regex_match/ecma/wchar_t/63199.cc compilation failed to produce executable
FAIL: 28_regex/algorithms/regex_match/ecma/wchar_t/cjk_match.cc (test for excess errors)
WARNING: 28_regex/algorithms/regex_match/ecma/wchar_t/cjk_match.cc compilation failed to produce executable
FAIL: 28_regex/algorithms/regex_match/ecma/wchar_t/hex.cc (test for excess errors)
FAIL: 28_regex/algorithms/regex_match/extended/cstring_range.cc (test for excess errors)
WARNING: 28_regex/algorithms/regex_match/extended/cstring_range.cc compilation failed to produce executable
FAIL: 28_regex/algorithms/regex_match/extended/string_any.cc (test for excess errors)
WARNING: 28_regex/algorithms/regex_match/extended/string_any.cc compilation failed to produce executable
FAIL: 28_regex/algorithms/regex_search/61424.cc (test for excess errors)
WARNING: 28_regex/algorithms/regex_search/61424.cc compilation failed to produce executable
FAIL: 28_regex/algorithms/regex_search/basic/string_01.cc (test for excess errors)
FAIL: 28_regex/basic_regex/assign/char/moveable.cc (test for excess errors)
WARNING: 28_regex/basic_regex/assign/char/moveable.cc compilation failed to produce executable
FAIL: 28_regex/basic_regex/multiple_quantifiers.cc (test for excess errors)
WARNING: 28_regex/basic_regex/multiple_quantifiers.cc compilation failed to produce executable
FAIL: 28_regex/init-list.cc (test for excess errors)
WARNING: 28_regex/init-list.cc compilation failed to produce executable
FAIL: 30_threads/async/except.cc (test for excess errors)
WARNING: 30_threads/async/except.cc compilation failed to produce executable
FAIL: 30_threads/thread/native_handle/cancel.cc (test for excess errors)
FAIL: ext/pb_ds/regression/tree_map_rand.cc (test for excess errors)
WARNING: ext/pb_ds/regression/tree_map_rand.cc compilation failed to produce executable
FAIL: ext/pb_ds/regression/tree_set_rand.cc (test for excess errors)
WARNING: ext/pb_ds/regression/tree_set_rand.cc compilation failed to produce executable
WARNING: program timed out.
WARNING: program timed out.
WARNING: program timed out.
WARNING: program timed out.
WARNING: program timed out.
WARNING: program timed out.
WARNING: program timed out.
WARNING: program timed out.
WARNING: program timed out.
WARNING: program timed out.
WARNING: program timed out.
WARNING: program timed out.
WARNING: program timed out.
WARNING: program timed out.
WARNING: program timed out.
WARNING: program timed out.
WARNING: program timed out.
WARNING: program timed out.
=== libstdc++ Summary for unix ===
# of expected passes 9854
# of unexpected failures 19
# of expected failures 67
# of unsupported tests 615
Running target unix/-m32
FAIL: libstdc++-abi/abi_check
FAIL: 28_regex/algorithms/regex_match/ecma/char/quoted_char.cc (test for excess errors)
WARNING: 28_regex/algorithms/regex_match/ecma/char/quoted_char.cc compilation failed to produce executable
FAIL: 28_regex/algorithms/regex_match/ecma/wchar_t/63199.cc (test for excess errors)
WARNING: 28_regex/algorithms/regex_match/ecma/wchar_t/63199.cc compilation failed to produce executable
FAIL: 28_regex/algorithms/regex_match/ecma/wchar_t/cjk_match.cc (test for excess errors)
WARNING: 28_regex/algorithms/regex_match/ecma/wchar_t/cjk_match.cc compilation failed to produce executable
FAIL: 28_regex/algorithms/regex_match/ecma/wchar_t/hex.cc (test for excess errors)
WARNING: 28_regex/algorithms/regex_match/ecma/wchar_t/hex.cc compilation failed to produce executable
FAIL: 28_regex/algorithms/regex_match/extended/cstring_plus.cc (test for excess errors)
WARNING: 28_regex/algorithms/regex_match/extended/cstring_plus.cc compilation failed to produce executable
FAIL: 28_regex/match_results/out_of_range_submatches.cc (test for excess errors)
WARNING: 28_regex/match_results/out_of_range_submatches.cc compilation failed to produce executable
FAIL: ext/pb_ds/regression/tree_set_rand.cc (test for excess errors)
WARNING: ext/pb_ds/regression/tree_set_rand.cc compilation failed to produce executable
WARNING: program timed out.
WARNING: program timed out.
WARNING: program timed out.
WARNING: program timed out.
WARNING: program timed out.
WARNING: program timed out.
WARNING: program timed out.
=== libstdc++ Summary for unix/-m32 ===
# of expected passes 9872
# of unexpected failures 8
# of expected failures 67
# of unsupported tests 615
=== libstdc++ Summary ===
# of expected passes 19726
# of unexpected failures 27
# of expected failures 134
# of unsupported tests 1230
Compiler version: 6.0.0 20151211 (experimental) [trunk revision 231562] (GCC)
Platform: sparcv9-sun-solaris2.12
configure flags: --prefix=/vol/gcc --target=sparcv9-sun-solaris2.12 --enable-objc-gc --with-as=/usr/ccs/bin/as --without-gnu-as --with-gmp-include=/vol/gcc/include --with-gmp-lib=/vol/gcc/lib/sparcv9 --with-mpfr-include=/vol/gcc/include --with-mpfr-lib=/vol/gcc/lib/sparcv9 --with-mpc-include=/vol/gcc/include --with-mpc-lib=/vol/gcc/lib/sparcv9 --enable-languages=all,ada,obj-c++,go --with-isl-include=/vol/gcc/include --with-isl-lib=/vol/gcc/lib/sparcv9 --build=sparcv9-sun-solaris2.12 --host=sparcv9-sun-solaris2.12
BOOT_CFLAGS=-g -O2